136.243.228.194 - - [01/Sep/2026:22:29:05 -0500] "GET /pagina-ejemplo/ HTTP/1.1" 200 74402 "-" "Mozilla/5.0 (compatible; DataForSeoBot/1.0; +https://dataforseo.com/dataforseo-bot)"
136.243.228.194 - - [01/Sep/2026:22:29:09 -0500] "GET /victorious-living-sermon-series-seminars/ HTTP/1.1" 200 657084 "-" "Mozilla/5.0 (compatible; DataForSeoBot/1.0; +https://dataforseo.com/dataforseo-bot)"
136.243.228.194 - - [01/Sep/2026:22:29:14 -0500] "GET /victorious-living-international-missions/ HTTP/1.1" 200 567132 "-" "Mozilla/5.0 (compatible; DataForSeoBot/1.0; +https://dataforseo.com/dataforseo-bot)"
136.243.228.194 - - [01/Sep/2026:22:29:17 -0500] "GET /church-work/ HTTP/1.1" 200 490334 "-" "Mozilla/5.0 (compatible; DataForSeoBot/1.0; +https://dataforseo.com/dataforseo-bot)"
136.243.228.194 - - [01/Sep/2026:22:29:21 -0500] "GET /about-me/ HTTP/1.1" 200 499731 "-" "Mozilla/5.0 (compatible; DataForSeoBot/1.0; +https://dataforseo.com/dataforseo-bot)"
136.243.228.194 - - [01/Sep/2026:22:29:25 -0500] "GET /category/sin-categoria/ HTTP/1.1" 200 93168 "-" "Mozilla/5.0 (compatible; DataForSeoBot/1.0; +https://dataforseo.com/dataforseo-bot)"
136.243.228.194 - - [01/Sep/2026:22:29:30 -0500] "GET /my-blog/ HTTP/1.1" 200 374439 "-" "Mozilla/5.0 (compatible; DataForSeoBot/1.0; +https://dataforseo.com/dataforseo-bot)"
136.243.228.194 - - [01/Sep/2026:22:29:33 -0500] "GET /about-me/ HTTP/1.1" 200 499900 "-" "Mozilla/5.0 (compatible; DataForSeoBot/1.0; +https://dataforseo.com/dataforseo-bot)"
136.243.228.194 - - [01/Sep/2026:22:29:37 -0500] "GET /pagina-ejemplo/ HTTP/1.1" 200 74393 "-" "Mozilla/5.0 (compatible; DataForSeoBot/1.0; +https://dataforseo.com/dataforseo-bot)"
136.243.228.194 - - [01/Sep/2026:22:29:41 -0500] "GET /contact/ HTTP/1.1" 200 328766 "-" "Mozilla/5.0 (compatible; DataForSeoBot/1.0; +https://dataforseo.com/dataforseo-bot)"
136.243.228.194 - - [01/Sep/2026:22:29:45 -0500] "GET /my-dog/ HTTP/1.1" 200 362740 "-" "Mozilla/5.0 (compatible; DataForSeoBot/1.0; +https://dataforseo.com/dataforseo-bot)"
136.243.228.194 - - [01/Sep/2026:22:29:49 -0500] "GET /short-films/ HTTP/1.1" 200 496049 "-" "Mozilla/5.0 (compatible; DataForSeoBot/1.0; +https://dataforseo.com/dataforseo-bot)"
136.243.228.194 - - [01/Sep/2026:22:29:53 -0500] "GET /author/pastorfischer/ HTTP/1.1" 200 93839 "-" "Mozilla/5.0 (compatible; DataForSeoBot/1.0; +https://dataforseo.com/dataforseo-bot)"
136.243.228.194 - - [01/Sep/2026:22:29:57 -0500] "GET /church-work/ HTTP/1.1" 200 490545 "-" "Mozilla/5.0 (compatible; DataForSeoBot/1.0; +https://dataforseo.com/dataforseo-bot)"
136.243.228.194 - - [01/Sep/2026:22:30:01 -0500] "GET /wp-content/uploads/2025/10/Sermon-Series-1.webp HTTP/1.1" 200 51214 "-" "Mozilla/5.0 (compatible; DataForSeoBot/1.0; +https://dataforseo.com/dataforseo-bot)"
136.243.228.194 - - [01/Sep/2026:22:30:06 -0500] "GET /wp-content/uploads/2025/10/Sermon-Series-3.webp HTTP/1.1" 200 24210 "-" "Mozilla/5.0 (compatible; DataForSeoBot/1.0; +https://dataforseo.com/dataforseo-bot)"
136.243.228.194 - - [01/Sep/2026:22:30:09 -0500] "GET /wp-content/uploads/2025/10/Sermon-Series-2.webp HTTP/1.1" 200 27470 "-" "Mozilla/5.0 (compatible; DataForSeoBot/1.0; +https://dataforseo.com/dataforseo-bot)"
136.243.228.194 - - [01/Sep/2026:22:30:13 -0500] "GET /wp-content/uploads/2025/10/IMG_9801.webp HTTP/1.1" 200 80336 "-" "Mozilla/5.0 (compatible; DataForSeoBot/1.0; +https://dataforseo.com/dataforseo-bot)"
136.243.228.194 - - [01/Sep/2026:22:30:18 -0500] "GET /wp-content/uploads/2025/10/Missions-3-2.webp HTTP/1.1" 200 166416 "-" "Mozilla/5.0 (compatible; DataForSeoBot/1.0; +https://dataforseo.com/dataforseo-bot)"
136.243.228.194 - - [01/Sep/2026:22:30:21 -0500] "GET /wp-content/uploads/2025/10/Missions-2.webp HTTP/1.1" 200 95754 "-" "Mozilla/5.0 (compatible; DataForSeoBot/1.0; +https://dataforseo.com/dataforseo-bot)"
136.243.228.194 - - [01/Sep/2026:22:30:25 -0500] "GET /author/pastorfischer/ HTTP/1.1" 200 93687 "-" "Mozilla/5.0 (compatible; DataForSeoBot/1.0; +https://dataforseo.com/dataforseo-bot)"
136.243.228.194 - - [01/Sep/2026:22:30:46 -0500] "GET /wp-content/uploads/2025/10/Sermon-Series-1.webp HTTP/1.1" 200 51214 "-" "Mozilla/5.0 (compatible; DataForSeoBot/1.0; +https://dataforseo.com/dataforseo-bot)"
17.166.20.26 - - [01/Sep/2026:22:30:47 -0500] "GET /wp-content/themes/blocksy/static/bundle/page-title.min.css?ver=2.1.55 HTTP/1.1" 200 1254 "https://pastorfischer.com/victorious-living-international-missions/" "Mozilla/5.0 (Macintosh; Intel Mac OS X 10_15_7) AppleWebKit/605.1.15 (KHTML, like Gecko) Version/17.4 Safari/605.1.15 (Applebot/0.1; +http://www.apple.com/go/applebot)"
17.166.20.26 - - [01/Sep/2026:22:30:47 -0500] "GET /wp-content/themes/blocksy/static/bundle/brizy.min.css?ver=2.1.55 HTTP/1.1" 200 1425 "https://pastorfischer.com/victorious-living-international-missions/" "Mozilla/5.0 (Macintosh; Intel Mac OS X 10_15_7) AppleWebKit/605.1.15 (KHTML, like Gecko) Version/17.4 Safari/605.1.15 (Applebot/0.1; +http://www.apple.com/go/applebot)"
17.166.20.26 - - [01/Sep/2026:22:30:48 -0500] "GET /wp-includes/js/jquery/jquery.min.js?ver=3.7.1 HTTP/1.1" 200 87553 "https://pastorfischer.com/victorious-living-international-missions/" "Mozilla/5.0 (Macintosh; Intel Mac OS X 10_15_7) AppleWebKit/605.1.15 (KHTML, like Gecko) Version/17.4 Safari/605.1.15 (Applebot/0.1; +http://www.apple.com/go/applebot)"
17.166.20.26 - - [01/Sep/2026:22:30:49 -0500] "GET /wp-content/plugins/brizy/public/editor-build/prod/editor/css/main.base.min.css?ver=375-wp HTTP/1.1" 200 129584 "https://pastorfischer.com/victorious-living-international-missions/" "Mozilla/5.0 (Macintosh; Intel Mac OS X 10_15_7) AppleWebKit/605.1.15 (KHTML, like Gecko) Version/17.4 Safari/605.1.15 (Applebot/0.1; +http://www.apple.com/go/applebot)"
136.243.228.194 - - [01/Sep/2026:22:30:49 -0500] "GET /wp-content/uploads/2025/10/Sermon-Series-2.webp HTTP/1.1" 200 27470 "-" "Mozilla/5.0 (compatible; DataForSeoBot/1.0; +https://dataforseo.com/dataforseo-bot)"
17.166.20.26 - - [01/Sep/2026:22:30:50 -0500] "GET /wp-content/themes/blocksy/static/bundle/main.min.css?ver=2.1.55 HTTP/1.1" 200 94385 "https://pastorfischer.com/victorious-living-international-missions/" "Mozilla/5.0 (Macintosh; Intel Mac OS X 10_15_7) AppleWebKit/605.1.15 (KHTML, like Gecko) Version/17.4 Safari/605.1.15 (Applebot/0.1; +http://www.apple.com/go/applebot)"
17.166.20.26 - - [01/Sep/2026:22:30:51 -0500] "GET /wp-includes/js/jquery/jquery-migrate.min.js?ver=3.4.1 HTTP/1.1" 200 13577 "https://pastorfischer.com/victorious-living-international-missions/" "Mozilla/5.0 (Macintosh; Intel Mac OS X 10_15_7) AppleWebKit/605.1.15 (KHTML, like Gecko) Version/17.4 Safari/605.1.15 (Applebot/0.1; +http://www.apple.com/go/applebot)"
17.166.20.26 - - [01/Sep/2026:22:30:52 -0500] "GET /wp-content/themes/blocksy/static/bundle/main.js?ver=2.1.55 HTTP/1.1" 200 29750 "https://pastorfischer.com/victorious-living-international-missions/" "Mozilla/5.0 (Macintosh; Intel Mac OS X 10_15_7) AppleWebKit/605.1.15 (KHTML, like Gecko) Version/17.4 Safari/605.1.15 (Applebot/0.1; +http://www.apple.com/go/applebot)"
136.243.228.194 - - [01/Sep/2026:22:30:53 -0500] "GET /wp-content/uploads/2025/10/Sermon-Series-3.webp HTTP/1.1" 200 24210 "-" "Mozilla/5.0 (compatible; DataForSeoBot/1.0; +https://dataforseo.com/dataforseo-bot)"
17.166.20.26 - - [01/Sep/2026:22:30:53 -0500] "GET /wp-content/plugins/brizy/public/editor-build/prod/editor/js/group-all.min.js?ver=375-wp HTTP/1.1" 200 387929 "https://pastorfischer.com/victorious-living-international-missions/" "Mozilla/5.0 (Macintosh; Intel Mac OS X 10_15_7) AppleWebKit/605.1.15 (KHTML, like Gecko) Version/17.4 Safari/605.1.15 (Applebot/0.1; +http://www.apple.com/go/applebot)"
17.166.20.26 - - [01/Sep/2026:22:30:54 -0500] "GET /wp-content/plugins/brizy-pro/public/editor-build/prod/js/group-1_2.pro.min.js?ver=244-wp HTTP/1.1" 200 132297 "https://pastorfischer.com/victorious-living-international-missions/" "Mozilla/5.0 (Macintosh; Intel Mac OS X 10_15_7) AppleWebKit/605.1.15 (KHTML, like Gecko) Version/17.4 Safari/605.1.15 (Applebot/0.1; +http://www.apple.com/go/applebot)"
17.166.20.26 - - [01/Sep/2026:22:30:55 -0500] "GET /wp-content/plugins/brizy/public/editor-build/prod/editor/js/preview.min.js?ver=375-wp HTTP/1.1" 200 8234 "https://pastorfischer.com/victorious-living-international-missions/" "Mozilla/5.0 (Macintosh; Intel Mac OS X 10_15_7) AppleWebKit/605.1.15 (KHTML, like Gecko) Version/17.4 Safari/605.1.15 (Applebot/0.1; +http://www.apple.com/go/applebot)"
17.166.20.26 - - [01/Sep/2026:22:30:56 -0500] "GET /wp-content/plugins/brizy-pro/public/editor-build/prod/js/preview.pro.min.js?ver=244-wp HTTP/1.1" 200 6373 "https://pastorfischer.com/victorious-living-international-missions/" "Mozilla/5.0 (Macintosh; Intel Mac OS X 10_15_7) AppleWebKit/605.1.15 (KHTML, like Gecko) Version/17.4 Safari/605.1.15 (Applebot/0.1; +http://www.apple.com/go/applebot)"
17.166.20.26 - - [01/Sep/2026:22:30:57 -0500] "GET /wp-content/plugins/brizy/public/editor-build/prod/editor/css/group-all.min.css?ver=375-wp HTTP/1.1" 200 130423 "https://pastorfischer.com/victorious-living-international-missions/" "Mozilla/5.0 (Macintosh; Intel Mac OS X 10_15_7) AppleWebKit/605.1.15 (KHTML, like Gecko) Version/17.4 Safari/605.1.15 (Applebot/0.1; +http://www.apple.com/go/applebot)"
136.243.228.194 - - [01/Sep/2026:22:30:58 -0500] "GET /wp-content/uploads/2025/10/IMG_9801.webp HTTP/1.1" 200 80336 "-" "Mozilla/5.0 (compatible; DataForSeoBot/1.0; +https://dataforseo.com/dataforseo-bot)"
17.166.20.26 - - [01/Sep/2026:22:30:58 -0500] "GET /wp-content/plugins/brizy-pro/public/editor-build/prod/css/group-1_2-pro.min.css?ver=244-wp HTTP/1.1" 200 61286 "https://pastorfischer.com/victorious-living-international-missions/" "Mozilla/5.0 (Macintosh; Intel Mac OS X 10_15_7) AppleWebKit/605.1.15 (KHTML, like Gecko) Version/17.4 Safari/605.1.15 (Applebot/0.1; +http://www.apple.com/go/applebot)"
17.166.20.26 - - [01/Sep/2026:22:30:59 -0500] "GET /wp-content/plugins/brizy-pro/public/editor-build/prod/js/preview.pro.844.ad870115.js HTTP/1.1" 200 8677 "https://pastorfischer.com/victorious-living-international-missions/" "Mozilla/5.0 (Macintosh; Intel Mac OS X 10_15_7) AppleWebKit/605.1.15 (KHTML, like Gecko) Version/17.4 Safari/605.1.15 (Applebot/0.1; +http://www.apple.com/go/applebot)"
17.166.20.26 - - [01/Sep/2026:22:31:00 -0500] "GET /wp-content/plugins/brizy-pro/public/editor-build/prod/js/preview.pro.434.021069a0.js HTTP/1.1" 200 60406 "https://pastorfischer.com/victorious-living-international-missions/" "Mozilla/5.0 (Macintosh; Intel Mac OS X 10_15_7) AppleWebKit/605.1.15 (KHTML, like Gecko) Version/17.4 Safari/605.1.15 (Applebot/0.1; +http://www.apple.com/go/applebot)"
136.243.228.194 - - [01/Sep/2026:22:31:01 -0500] "GET /wp-content/uploads/2025/10/Missions-2.webp HTTP/1.1" 200 95754 "-" "Mozilla/5.0 (compatible; DataForSeoBot/1.0; +https://dataforseo.com/dataforseo-bot)"
17.166.20.26 - - [01/Sep/2026:22:31:01 -0500] "GET /wp-content/plugins/brizy-pro/public/editor-build/prod/js/preview.pro.323.782815be.js HTTP/1.1" 200 65806 "https://pastorfischer.com/victorious-living-international-missions/" "Mozilla/5.0 (Macintosh; Intel Mac OS X 10_15_7) AppleWebKit/605.1.15 (KHTML, like Gecko) Version/17.4 Safari/605.1.15 (Applebot/0.1; +http://www.apple.com/go/applebot)"
17.166.20.26 - - [01/Sep/2026:22:31:02 -0500] "GET /wp-content/plugins/brizy-pro/public/editor-build/prod/js/preview.pro.415.55fcebb4.js HTTP/1.1" 200 1403 "https://pastorfischer.com/victorious-living-international-missions/" "Mozilla/5.0 (Macintosh; Intel Mac OS X 10_15_7) AppleWebKit/605.1.15 (KHTML, like Gecko) Version/17.4 Safari/605.1.15 (Applebot/0.1; +http://www.apple.com/go/applebot)"
17.166.20.26 - - [01/Sep/2026:22:31:03 -0500] "GET /wp-content/plugins/brizy-pro/public/editor-build/prod/js/preview.pro.680.e35a659e.js HTTP/1.1" 200 1912 "https://pastorfischer.com/victorious-living-international-missions/" "Mozilla/5.0 (Macintosh; Intel Mac OS X 10_15_7) AppleWebKit/605.1.15 (KHTML, like Gecko) Version/17.4 Safari/605.1.15 (Applebot/0.1; +http://www.apple.com/go/applebot)"
17.166.20.26 - - [01/Sep/2026:22:31:04 -0500] "GET /wp-content/plugins/brizy/public/editor-build/prod/editor/js/preview.139.b8ad6975.js HTTP/1.1" 200 1946 "https://pastorfischer.com/victorious-living-international-missions/" "Mozilla/5.0 (Macintosh; Intel Mac OS X 10_15_7) AppleWebKit/605.1.15 (KHTML, like Gecko) Version/17.4 Safari/605.1.15 (Applebot/0.1; +http://www.apple.com/go/applebot)"
17.166.20.26 - - [01/Sep/2026:22:31:05 -0500] "GET /wp-content/plugins/brizy/public/editor-build/prod/editor/js/preview.455.90346628.js HTTP/1.1" 200 74517 "https://pastorfischer.com/victorious-living-international-missions/" "Mozilla/5.0 (Macintosh; Intel Mac OS X 10_15_7) AppleWebKit/605.1.15 (KHTML, like Gecko) Version/17.4 Safari/605.1.15 (Applebot/0.1; +http://www.apple.com/go/applebot)"
136.243.228.194 - - [01/Sep/2026:22:31:06 -0500] "GET /wp-content/uploads/2025/10/Missions-3-2.webp HTTP/1.1" 200 166416 "-" "Mozilla/5.0 (compatible; DataForSeoBot/1.0; +https://dataforseo.com/dataforseo-bot)"
17.166.20.26 - - [01/Sep/2026:22:31:06 -0500] "GET /wp-content/plugins/brizy/public/editor-build/prod/editor/js/preview.680.48122cb7.js HTTP/1.1" 200 1914 "https://pastorfischer.com/victorious-living-international-missions/" "Mozilla/5.0 (Macintosh; Intel Mac OS X 10_15_7) AppleWebKit/605.1.15 (KHTML, like Gecko) Version/17.4 Safari/605.1.15 (Applebot/0.1; +http://www.apple.com/go/applebot)"
17.166.20.26 - - [01/Sep/2026:22:31:07 -0500] "GET /wp-content/plugins/brizy-pro/public/editor-build/prod/css/main.base.pro.min.css?ver=244-wp HTTP/1.1" 200 36973 "https://pastorfischer.com/victorious-living-international-missions/" "Mozilla/5.0 (Macintosh; Intel Mac OS X 10_15_7) AppleWebKit/605.1.15 (KHTML, like Gecko) Version/17.4 Safari/605.1.15 (Applebot/0.1; +http://www.apple.com/go/applebot)"
136.243.228.194 - - [01/Sep/2026:22:31:10 -0500] "GET /wp-content/uploads/2026/02/foto-2.webp HTTP/1.1" 200 147598 "-" "Mozilla/5.0 (compatible; DataForSeoBot/1.0; +https://dataforseo.com/dataforseo-bot)"
136.243.228.194 - - [01/Sep/2026:22:31:13 -0500] "GET /wp-content/uploads/2026/02/foto-2.webp HTTP/1.1" 200 147598 "-" "Mozilla/5.0 (compatible; DataForSeoBot/1.0; +https://dataforseo.com/dataforseo-bot)"
136.243.228.194 - - [01/Sep/2026:22:31:17 -0500] "GET /who-am-i-and-where-do-i-go/ HTTP/1.1" 200 81625 "-" "Mozilla/5.0 (compatible; DataForSeoBot/1.0; +https://dataforseo.com/dataforseo-bot)"
136.243.228.194 - - [01/Sep/2026:22:31:21 -0500] "GET /perception-and-reality/ HTTP/1.1" 200 83885 "-" "Mozilla/5.0 (compatible; DataForSeoBot/1.0; +https://dataforseo.com/dataforseo-bot)"
136.243.228.194 - - [01/Sep/2026:22:31:25 -0500] "GET /my-own-prison/ HTTP/1.1" 200 83224 "-" "Mozilla/5.0 (compatible; DataForSeoBot/1.0; +https://dataforseo.com/dataforseo-bot)"
136.243.228.194 - - [01/Sep/2026:22:31:29 -0500] "GET /truth-today/ HTTP/1.1" 200 82649 "-" "Mozilla/5.0 (compatible; DataForSeoBot/1.0; +https://dataforseo.com/dataforseo-bot)"
136.243.228.194 - - [01/Sep/2026:22:31:33 -0500] "GET /opinion-rules/ HTTP/1.1" 200 81525 "-" "Mozilla/5.0 (compatible; DataForSeoBot/1.0; +https://dataforseo.com/dataforseo-bot)"
136.243.228.194 - - [01/Sep/2026:22:31:37 -0500] "GET /are-you-what-you-consume/ HTTP/1.1" 200 82417 "-" "Mozilla/5.0 (compatible; DataForSeoBot/1.0; +https://dataforseo.com/dataforseo-bot)"
136.243.228.194 - - [01/Sep/2026:22:31:42 -0500] "GET /warning-smica-is-now-active/ HTTP/1.1" 200 82671 "-" "Mozilla/5.0 (compatible; DataForSeoBot/1.0; +https://dataforseo.com/dataforseo-bot)"
136.243.228.194 - - [01/Sep/2026:22:31:45 -0500] "GET /what-is-the-purpose-of-life/ HTTP/1.1" 200 82041 "-" "Mozilla/5.0 (compatible; DataForSeoBot/1.0; +https://dataforseo.com/dataforseo-bot)"
136.243.228.194 - - [01/Sep/2026:22:31:49 -0500] "GET /division-or-unity-what-is-your-choice/ HTTP/1.1" 200 82780 "-" "Mozilla/5.0 (compatible; DataForSeoBot/1.0; +https://dataforseo.com/dataforseo-bot)"
136.243.228.194 - - [01/Sep/2026:22:32:06 -0500] "GET /category/sin-categoria/ HTTP/1.1" 200 93402 "-" "Mozilla/5.0 (compatible; DataForSeoBot/1.0; +https://dataforseo.com/dataforseo-bot)"
185.209.229.109 - - [01/Sep/2026:22:32:32 -0500] "GET /robots.txt HTTP/1.1" 200 118 "-" "umi/1.0 (+https://umi.dev/bot)"
136.243.228.181 - - [01/Sep/2026:22:33:31 -0500] "GET /robots.txt HTTP/1.1" 301 - "-" "Mozilla/5.0 (compatible; DataForSeoBot/1.0; +https://dataforseo.com/dataforseo-bot)"
136.243.228.194 - - [01/Sep/2026:22:33:33 -0500] "GET /robots.txt HTTP/1.1" 200 117 "-" "Mozilla/5.0 (compatible; DataForSeoBot/1.0; +https://dataforseo.com/dataforseo-bot)"
136.243.228.181 - - [01/Sep/2026:22:33:34 -0500] "GET /robots.txt HTTP/1.1" 301 - "-" "Mozilla/5.0 (compatible; DataForSeoBot/1.0; +https://dataforseo.com/dataforseo-bot)"
136.243.228.181 - - [01/Sep/2026:22:33:34 -0500] "GET / HTTP/1.1" 301 - "-" "Mozilla/5.0 (compatible; DataForSeoBot/1.0; +https://dataforseo.com/dataforseo-bot)"
136.243.228.194 - - [01/Sep/2026:22:33:35 -0500] "GET /robots.txt HTTP/1.1" 200 117 "-" "Mozilla/5.0 (compatible; DataForSeoBot/1.0; +https://dataforseo.com/dataforseo-bot)"
44.247.116.113 - - [01/Sep/2026:22:38:50 -0500] "GET / HTTP/1.1" 301 - "-" "MerchantSecurityScanner/1.0 (+https://stri.pe/go/merchant-security-scanner)"
54.190.2.122 - - [01/Sep/2026:22:38:53 -0500] "GET / HTTP/1.1" 200 440911 "https://www.pastorfischer.com" "MerchantSecurityScanner/1.0 (+https://stri.pe/go/merchant-security-scanner)"
44.247.116.113 - - [01/Sep/2026:22:38:54 -0500] "GET /core/install.php HTTP/1.1" 301 - "-" "MerchantSecurityScanner/1.0 (+https://stri.pe/go/merchant-security-scanner)"
54.190.2.122 - - [01/Sep/2026:22:38:56 -0500] "GET /core/install.php HTTP/1.1" 404 72328 "https://www.pastorfischer.com/core/install.php" "MerchantSecurityScanner/1.0 (+https://stri.pe/go/merchant-security-scanner)"
44.247.116.113 - - [01/Sep/2026:22:38:58 -0500] "GET /administrator/manifests/files/joomla.xml HTTP/1.1" 301 - "-" "MerchantSecurityScanner/1.0 (+https://stri.pe/go/merchant-security-scanner)"
54.190.2.122 - - [01/Sep/2026:22:39:00 -0500] "GET /administrator/manifests/files/joomla.xml HTTP/1.1" 404 72328 "https://www.pastorfischer.com/administrator/manifests/files/joomla.xml" "MerchantSecurityScanner/1.0 (+https://stri.pe/go/merchant-security-scanner)"
44.247.116.113 - - [01/Sep/2026:22:39:02 -0500] "GET /magento_version HTTP/1.1" 301 - "-" "MerchantSecurityScanner/1.0 (+https://stri.pe/go/merchant-security-scanner)"
34.193.2.57 - - [01/Sep/2026:22:39:42 -0500] "GET /wp-content/uploads/2024/05/film_bild1.jpg HTTP/1.1" 200 135815 "-" "Mozilla/5.0 AppleWebKit/537.36 (KHTML, like Gecko; compatible; Amazonbot/0.1; +https://developer.amazon.com/support/amazonbot) Chrome/119.0.6045.214 Safari/537.36"
5.175.206.202 - - [01/Sep/2026:22:39:58 -0500] "GET /wp-login.php HTTP/1.1" 200 6831 "-" "Mozilla/5.0 (Windows NT 10.0; Win64; x64) AppleWebKit/537.36 (KHTML, like Gecko) Chrome/121.0.0.0 Safari/537.36"
5.175.206.202 - - [01/Sep/2026:22:40:00 -0500] "GET /?author=1 HTTP/1.1" 404 72835 "-" "Mozilla/5.0 (X11; Ubuntu; Linux x86_64) AppleWebKit/537.36 (KHTML, like Gecko) Chrome/120.0.0.0 Safari/537.36"
5.175.206.202 - - [01/Sep/2026:22:40:03 -0500] "GET /?author=2 HTTP/1.1" 404 72835 "https://www.google.com/search?q=wordpress" "Mozilla/5.0 (Windows NT 10.0; Win64; x64; rv:119.0) Gecko/20100101 Firefox/119.0"
5.175.206.202 - - [01/Sep/2026:22:40:05 -0500] "GET /?author=3 HTTP/1.1" 404 72835 "-" "Mozilla/5.0 (Macintosh; Intel Mac OS X 13_6_1; rv:118.0) Gecko/20100101 Firefox/118.0"
5.175.206.202 - - [01/Sep/2026:22:40:06 -0500] "GET /?author=4 HTTP/1.1" 404 72835 "https://www.bing.com/" "Mozilla/5.0 (X11; Linux x86_64) AppleWebKit/537.36 (KHTML, like Gecko) Chrome/120.0.0.0 Safari/537.36"
5.175.206.202 - - [01/Sep/2026:22:40:11 -0500] "GET /?author=4 HTTP/1.1" 404 72835 "https://www.bing.com/" "Mozilla/5.0 (X11; Linux x86_64) AppleWebKit/537.36 (KHTML, like Gecko) Chrome/120.0.0.0 Safari/537.36"
5.175.206.202 - - [01/Sep/2026:22:40:12 -0500] "GET /?author=5 HTTP/1.1" 404 72835 "https://www.bing.com/" "Mozilla/5.0 (Windows NT 10.0; Win64; x64) AppleWebKit/537.36 (KHTML, like Gecko) Chrome/121.0.0.0 Safari/537.36"
5.175.206.202 - - [01/Sep/2026:22:40:15 -0500] "GET /wp-json/wp/v2/users HTTP/1.1" 401 108 "https://www.google.com/search?q=wordpress" "Mozilla/5.0 (Windows NT 10.0; Win64; x64; rv:118.0) Gecko/20100101 Firefox/118.0"
5.175.206.202 - - [01/Sep/2026:22:40:16 -0500] "POST /wp-login.php HTTP/1.1" 503 18946 "https://pastorfischer.com/wp-login.php" "Mozilla/5.0 (Windows NT 10.0; Win64; x64) AppleWebKit/537.36 (KHTML, like Gecko) Chrome/120.0.0.0 Safari/537.36"
5.175.206.202 - - [01/Sep/2026:22:40:18 -0500] "GET /wp-admin/index.php HTTP/1.1" 503 18946 "https://pastorfischer.com/wp-login.php" "Mozilla/5.0 (Windows NT 11.0; Win64; x64) AppleWebKit/537.36 (KHTML, like Gecko) Chrome/119.0.0.0 Safari/537.36"
52.204.174.139 - - [01/Sep/2026:22:40:34 -0500] "GET /wp-content/uploads/2024/05/film_bild4.jpg HTTP/1.1" 200 144775 "-" "Mozilla/5.0 AppleWebKit/537.36 (KHTML, like Gecko; compatible; Amazonbot/0.1; +https://developer.amazon.com/support/amazonbot) Chrome/119.0.6045.214 Safari/537.36"
154.202.10.197 - - [01/Sep/2026:22:40:38 -0500] "GET /feed HTTP/1.1" 301 - "https://pastorfischer.com/" "Mozilla/5.0 (Windows NT 6.3; Win64; x64) AppleWebKit/537.36 (KHTML, like Gecko) Chrome/62.0.3848.25 Safari/537.36"
154.202.10.197 - - [01/Sep/2026:22:40:39 -0500] "GET /feed/ HTTP/1.1" 200 74908 "https://pastorfischer.com/" "Mozilla/5.0 (Windows NT 6.3; Win64; x64) AppleWebKit/537.36 (KHTML, like Gecko) Chrome/62.0.3848.25 Safari/537.36"
114.119.133.191 - - [01/Sep/2026:22:42:50 -0500] "GET /church-work/ HTTP/1.1" 200 490545 "https://pastorfischer.com/who-am-i-and-where-do-i-go/" "Mozilla/5.0 (Linux; Android 7.0;) AppleWebKit/537.36 (HTML, like Gecko) Mobile Safari/537.36 (compatible; PetalBot;+https://webmaster.petalsearch.com/site/petalbot)"
5.175.206.202 - - [01/Sep/2026:22:50:18 -0500] "GET /wp-admin/index.php HTTP/1.1" 302 - "https://pastorfischer.com/wp-login.php" "Mozilla/5.0 (Windows NT 11.0; Win64; x64) AppleWebKit/537.36 (KHTML, like Gecko) Chrome/119.0.0.0 Safari/537.36"
5.175.206.202 - - [01/Sep/2026:22:50:19 -0500] "GET /wp-login.php?redirect_to=https%3A%2F%2Fpastorfischer.com%2Fwp-admin%2Findex.php&reauth=1 HTTP/1.1" 200 6947 "https://pastorfischer.com/wp-login.php" "Mozilla/5.0 (Windows NT 11.0; Win64; x64) AppleWebKit/537.36 (KHTML, like Gecko) Chrome/119.0.0.0 Safari/537.36"
5.175.206.202 - - [01/Sep/2026:22:50:20 -0500] "POST /wp-login.php HTTP/1.1" 503 18946 "https://pastorfischer.com/wp-login.php" "Mozilla/5.0 (Windows NT 11.0; Win64; x64) AppleWebKit/537.36 (KHTML, like Gecko) Chrome/120.0.0.0 Safari/537.36"
5.175.206.202 - - [01/Sep/2026:22:50:22 -0500] "GET /wp-admin/index.php HTTP/1.1" 503 18946 "https://pastorfischer.com/wp-login.php" "Mozilla/5.0 (Windows NT 11.0; Win64; x64) AppleWebKit/537.36 (KHTML, like Gecko) Chrome/119.0.0.0 Safari/537.36"
43.167.241.46 - - [01/Sep/2026:22:51:10 -0500] "GET / HTTP/1.1" 301 - "-" "Mozilla/5.0 (iPhone; CPU iPhone OS 13_2_3 like Mac OS X) AppleWebKit/605.1.15 (KHTML, like Gecko) Version/13.0.3 Mobile/15E148 Safari/604.1"
43.167.241.46 - - [01/Sep/2026:22:51:12 -0500] "GET / HTTP/1.1" 200 440763 "http://www.pastorfischer.com" "Mozilla/5.0 (iPhone; CPU iPhone OS 13_2_3 like Mac OS X) AppleWebKit/605.1.15 (KHTML, like Gecko) Version/13.0.3 Mobile/15E148 Safari/604.1"
205.185.121.17 - - [01/Sep/2026:22:53:07 -0500] "GET /wp-login.php HTTP/1.1" 200 6811 "-" "Mozilla/5.0 (iPad; CPU OS 17_1 like Mac OS X) AppleWebKit/605.1.15 (KHTML, like Gecko) Version/17.1 Mobile/15E148 Safari/604.1"
205.185.121.17 - - [01/Sep/2026:22:53:09 -0500] "POST /wp-login.php HTTP/1.1" 503 18945 "-" "Mozilla/5.0 (iPad; CPU OS 17_1 like Mac OS X) AppleWebKit/605.1.15 (KHTML, like Gecko) Version/17.1 Mobile/15E148 Safari/604.1"
205.185.121.17 - - [01/Sep/2026:22:53:11 -0500] "GET /wp-admin/themes.php HTTP/1.1" 503 18945 "-" "python-requests/2.34.2"
205.185.121.17 - - [01/Sep/2026:22:53:13 -0500] "GET /wp-admin/plugin-install.php?tab=upload HTTP/1.1" 503 18945 "-" "python-requests/2.34.2"
138.199.140.203 - - [01/Sep/2026:22:53:47 -0500] "GET / HTTP/1.1" 200 440911 "-" "Mozilla/5.0 (Macintosh; Intel Mac OS X 10_12_0) AppleWebKit/537.36 (KHTML, like Gecko) Chrome/39.0.5925.1141 Safari/537.36"
138.199.140.203 - - [01/Sep/2026:22:53:47 -0500] "GET /wp-includes/js/jquery/jquery.min.js?ver=3.7.1 HTTP/1.1" 200 87553 "https://pastorfischer.com/" "Mozilla/5.0 (Macintosh; Intel Mac OS X 10_12_0) AppleWebKit/537.36 (KHTML, like Gecko) Chrome/39.0.5925.1141 Safari/537.36"
138.199.140.203 - - [01/Sep/2026:22:53:47 -0500] "GET /wp-includes/js/jquery/jquery-migrate.min.js?ver=3.4.1 HTTP/1.1" 200 13577 "https://pastorfischer.com/" "Mozilla/5.0 (Macintosh; Intel Mac OS X 10_12_0) AppleWebKit/537.36 (KHTML, like Gecko) Chrome/39.0.5925.1141 Safari/537.36"
138.199.140.203 - - [01/Sep/2026:22:53:47 -0500] "GET /wp-content/themes/blocksy/static/bundle/main.js?ver=2.1.55 HTTP/1.1" 200 29750 "https://pastorfischer.com/" "Mozilla/5.0 (Macintosh; Intel Mac OS X 10_12_0) AppleWebKit/537.36 (KHTML, like Gecko) Chrome/39.0.5925.1141 Safari/537.36"
138.199.140.203 - - [01/Sep/2026:22:53:47 -0500] "GET /robots.txt HTTP/1.1" 200 118 "-" "Mozilla/5.0 (Macintosh; Intel Mac OS X 10_12_0) AppleWebKit/537.36 (KHTML, like Gecko) Chrome/39.0.5925.1141 Safari/537.36"
138.199.140.203 - - [01/Sep/2026:22:53:48 -0500] "GET /wp-content/plugins/brizy/public/editor-build/prod/editor/js/preview.min.js?ver=375-wp HTTP/1.1" 200 8234 "https://pastorfischer.com/" "Mozilla/5.0 (Macintosh; Intel Mac OS X 10_12_0) AppleWebKit/537.36 (KHTML, like Gecko) Chrome/39.0.5925.1141 Safari/537.36"
138.199.140.203 - - [01/Sep/2026:22:53:48 -0500] "GET /wp-content/plugins/brizy-pro/public/editor-build/prod/js/preview.pro.min.js?ver=244-wp HTTP/1.1" 200 6373 "https://pastorfischer.com/" "Mozilla/5.0 (Macintosh; Intel Mac OS X 10_12_0) AppleWebKit/537.36 (KHTML, like Gecko) Chrome/39.0.5925.1141 Safari/537.36"
138.199.140.203 - - [01/Sep/2026:22:53:48 -0500] "GET /wp-content/plugins/brizy-pro/public/editor-build/prod/js/group-1_2.pro.min.js?ver=244-wp HTTP/1.1" 200 132297 "https://pastorfischer.com/" "Mozilla/5.0 (Macintosh; Intel Mac OS X 10_12_0) AppleWebKit/537.36 (KHTML, like Gecko) Chrome/39.0.5925.1141 Safari/537.36"
138.199.140.203 - - [01/Sep/2026:22:53:48 -0500] "GET /wp-content/plugins/brizy/public/editor-build/prod/editor/js/group-1_2.min.js?ver=375-wp HTTP/1.1" 200 199977 "https://pastorfischer.com/" "Mozilla/5.0 (Macintosh; Intel Mac OS X 10_12_0) AppleWebKit/537.36 (KHTML, like Gecko) Chrome/39.0.5925.1141 Safari/537.36"
138.199.140.203 - - [01/Sep/2026:22:53:50 -0500] "GET /wp-content/plugins/brizy-pro/public/editor-build/prod/js/preview.pro.415.55fcebb4.js HTTP/1.1" 200 1403 "https://pastorfischer.com/" "Mozilla/5.0 (Macintosh; Intel Mac OS X 10_12_0) AppleWebKit/537.36 (KHTML, like Gecko) Chrome/39.0.5925.1141 Safari/537.36"
138.199.140.203 - - [01/Sep/2026:22:53:50 -0500] "GET /wp-content/plugins/brizy-pro/public/editor-build/prod/js/preview.pro.680.e35a659e.js HTTP/1.1" 200 1912 "https://pastorfischer.com/" "Mozilla/5.0 (Macintosh; Intel Mac OS X 10_12_0) AppleWebKit/537.36 (KHTML, like Gecko) Chrome/39.0.5925.1141 Safari/537.36"
138.199.140.203 - - [01/Sep/2026:22:53:50 -0500] "GET /wp-content/plugins/brizy-pro/public/editor-build/prod/js/preview.pro.844.ad870115.js HTTP/1.1" 200 8677 "https://pastorfischer.com/" "Mozilla/5.0 (Macintosh; Intel Mac OS X 10_12_0) AppleWebKit/537.36 (KHTML, like Gecko) Chrome/39.0.5925.1141 Safari/537.36"
138.199.140.203 - - [01/Sep/2026:22:53:50 -0500] "GET /wp-content/plugins/brizy-pro/public/editor-build/prod/js/preview.pro.323.782815be.js HTTP/1.1" 200 65806 "https://pastorfischer.com/" "Mozilla/5.0 (Macintosh; Intel Mac OS X 10_12_0) AppleWebKit/537.36 (KHTML, like Gecko) Chrome/39.0.5925.1141 Safari/537.36"
138.199.140.203 - - [01/Sep/2026:22:53:50 -0500] "GET /wp-content/plugins/brizy/public/editor-build/prod/editor/js/preview.680.48122cb7.js HTTP/1.1" 200 1914 "https://pastorfischer.com/" "Mozilla/5.0 (Macintosh; Intel Mac OS X 10_12_0) AppleWebKit/537.36 (KHTML, like Gecko) Chrome/39.0.5925.1141 Safari/537.36"
138.199.140.203 - - [01/Sep/2026:22:53:50 -0500] "GET /wp-content/plugins/brizy/public/editor-build/prod/editor/js/preview.326.857bedb2.js HTTP/1.1" 200 61914 "https://pastorfischer.com/" "Mozilla/5.0 (Macintosh; Intel Mac OS X 10_12_0) AppleWebKit/537.36 (KHTML, like Gecko) Chrome/39.0.5925.1141 Safari/537.36"
138.199.140.203 - - [01/Sep/2026:22:53:50 -0500] "GET /wp-content/plugins/brizy/public/editor-build/prod/editor/js/preview.37.e925b318.js HTTP/1.1" 200 78720 "https://pastorfischer.com/" "Mozilla/5.0 (Macintosh; Intel Mac OS X 10_12_0) AppleWebKit/537.36 (KHTML, like Gecko) Chrome/39.0.5925.1141 Safari/537.36"
3.210.223.61 - - [01/Sep/2026:22:54:13 -0500] "GET /wp-content/uploads/brizy/imgs/eatng-king-table-1332x1634x6x0x1318x1634x1755552347.webp HTTP/1.1" 200 32518 "-" "Mozilla/5.0 AppleWebKit/537.36 (KHTML, like Gecko; compatible; Amazonbot/0.1; +https://developer.amazon.com/support/amazonbot) Chrome/119.0.6045.214 Safari/537.36"
44.247.116.113 - - [01/Sep/2026:22:55:15 -0500] "GET / HTTP/1.1" 301 - "-" "MerchantSecurityScanner/1.0 (+https://stri.pe/go/merchant-security-scanner)"
44.247.116.113 - - [01/Sep/2026:22:55:18 -0500] "GET / HTTP/1.1" 200 440911 "https://www.pastorfischer.com" "MerchantSecurityScanner/1.0 (+https://stri.pe/go/merchant-security-scanner)"
44.247.116.113 - - [01/Sep/2026:22:55:19 -0500] "GET /core/install.php HTTP/1.1" 301 - "-" "MerchantSecurityScanner/1.0 (+https://stri.pe/go/merchant-security-scanner)"
44.247.116.113 - - [01/Sep/2026:22:55:21 -0500] "GET /core/install.php HTTP/1.1" 404 72328 "https://www.pastorfischer.com/core/install.php" "MerchantSecurityScanner/1.0 (+https://stri.pe/go/merchant-security-scanner)"
44.247.116.113 - - [01/Sep/2026:22:55:23 -0500] "GET /administrator/manifests/files/joomla.xml HTTP/1.1" 301 - "-" "MerchantSecurityScanner/1.0 (+https://stri.pe/go/merchant-security-scanner)"
44.247.116.113 - - [01/Sep/2026:22:55:25 -0500] "GET /administrator/manifests/files/joomla.xml HTTP/1.1" 404 72328 "https://www.pastorfischer.com/administrator/manifests/files/joomla.xml" "MerchantSecurityScanner/1.0 (+https://stri.pe/go/merchant-security-scanner)"
44.247.116.113 - - [01/Sep/2026:22:55:27 -0500] "GET /magento_version HTTP/1.1" 301 - "-" "MerchantSecurityScanner/1.0 (+https://stri.pe/go/merchant-security-scanner)"
44.247.116.113 - - [01/Sep/2026:22:55:29 -0500] "GET /magento_version HTTP/1.1" 404 72328 "https://www.pastorfischer.com/magento_version" "MerchantSecurityScanner/1.0 (+https://stri.pe/go/merchant-security-scanner)"
3.221.50.71 - - [01/Sep/2026:22:56:42 -0500] "GET /wp-content/uploads/2025/10/Prayer-Vigil.001.webp HTTP/1.1" 200 29462 "-" "Mozilla/5.0 AppleWebKit/537.36 (KHTML, like Gecko; compatible; Amazonbot/0.1; +https://developer.amazon.com/support/amazonbot) Chrome/119.0.6045.214 Safari/537.36"
34.231.118.144 - - [01/Sep/2026:22:58:26 -0500] "GET /wp-content/uploads/brizy/imgs/Who-Front-cover-239x354x0x0x239x354x1756169272.webp HTTP/1.1" 200 10738 "-" "Mozilla/5.0 AppleWebKit/537.36 (KHTML, like Gecko; compatible; Amazonbot/0.1; +https://developer.amazon.com/support/amazonbot) Chrome/119.0.6045.214 Safari/537.36"
5.175.206.202 - - [01/Sep/2026:23:00:23 -0500] "GET /wp-admin/index.php HTTP/1.1" 302 - "https://pastorfischer.com/wp-login.php" "Mozilla/5.0 (Windows NT 11.0; Win64; x64) AppleWebKit/537.36 (KHTML, like Gecko) Chrome/119.0.0.0 Safari/537.36"
5.175.206.202 - - [01/Sep/2026:23:00:25 -0500] "GET /wp-login.php?redirect_to=https%3A%2F%2Fpastorfischer.com%2Fwp-admin%2Findex.php&reauth=1 HTTP/1.1" 200 6947 "https://pastorfischer.com/wp-login.php" "Mozilla/5.0 (Windows NT 11.0; Win64; x64) AppleWebKit/537.36 (KHTML, like Gecko) Chrome/119.0.0.0 Safari/537.36"
5.175.206.202 - - [01/Sep/2026:23:00:27 -0500] "POST /wp-login.php HTTP/1.1" 503 18946 "https://pastorfischer.com/wp-login.php" "Mozilla/5.0 (Macintosh; Intel Mac OS X 10_15_7) AppleWebKit/605.1.15 (KHTML, like Gecko) Version/17.0 Safari/605.1.15"
5.175.206.202 - - [01/Sep/2026:23:00:30 -0500] "GET /wp-admin/index.php HTTP/1.1" 503 18946 "https://pastorfischer.com/wp-login.php" "Mozilla/5.0 (Windows NT 10.0; Win64; x64; rv:120.0) Gecko/20100101 Firefox/120.0"
54.204.12.115 - - [01/Sep/2026:23:01:18 -0500] "GET /wp-content/uploads/brizy/imgs/entrevistas-1532x856x0x4x1532x848x1716092962.jpg HTTP/1.1" 200 87064 "-" "Mozilla/5.0 AppleWebKit/537.36 (KHTML, like Gecko; compatible; Amazonbot/0.1; +https://developer.amazon.com/support/amazonbot) Chrome/119.0.6045.214 Safari/537.36"
44.215.235.20 - - [01/Sep/2026:23:01:26 -0500] "GET /wp-content/uploads/brizy/imgs/entrevistas-610x342x0x2x610x338x1716092962.jpg HTTP/1.1" 200 77748 "-" "Mozilla/5.0 AppleWebKit/537.36 (KHTML, like Gecko; compatible; Amazonbot/0.1; +https://developer.amazon.com/support/amazonbot) Chrome/119.0.6045.214 Safari/537.36"
66.249.70.67 - - [01/Sep/2026:23:02:41 -0500] "GET /short-films/sitemap.xml HTTP/1.1" 404 72328 "-" "Mozilla/5.0 (compatible; Googlebot/2.1; +http://www.google.com/bot.html)"
17.166.237.213 - - [01/Sep/2026:23:05:43 -0500] "GET /pagina-ejemplo/feed HTTP/1.1" 301 - "-" "Mozilla/5.0 (Macintosh; Intel Mac OS X 10_15_7) AppleWebKit/605.1.15 (KHTML, like Gecko) Version/17.4 Safari/605.1.15 (Applebot/0.1; +http://www.apple.com/go/applebot)"
17.166.237.213 - - [01/Sep/2026:23:05:44 -0500] "GET /pagina-ejemplo/feed/ HTTP/1.1" 200 745 "-" "Mozilla/5.0 (Macintosh; Intel Mac OS X 10_15_7) AppleWebKit/605.1.15 (KHTML, like Gecko) Version/17.4 Safari/605.1.15 (Applebot/0.1; +http://www.apple.com/go/applebot)"
83.97.20.147 - - [01/Sep/2026:23:05:44 -0500] "GET /api/v1/applications HTTP/1.1" 404 72328 "-" "Mozilla/5.0 zgrab/0.x"
38.74.237.73 - - [01/Sep/2026:23:13:27 -0500] "GET /scripture-over-scroll-reclaiming-your-faith-in-a-digital-age HTTP/1.1" 301 - "https://pastorfischer.com/" "Mozilla/5.0 (Windows NT 10.0; Win64; x64) AppleWebKit/537.36 (KHTML, like Gecko) Chrome/67.0.3129.137 Safari/537.36"
38.74.237.73 - - [01/Sep/2026:23:13:29 -0500] "GET /scripture-over-scroll-reclaiming-your-faith-in-a-digital-age/ HTTP/1.1" 200 81273 "https://pastorfischer.com/" "Mozilla/5.0 (Windows NT 10.0; Win64; x64) AppleWebKit/537.36 (KHTML, like Gecko) Chrome/67.0.3129.137 Safari/537.36"
5.175.206.202 - - [01/Sep/2026:23:22:39 -0500] "GET /wp-login.php HTTP/1.1" 200 6831 "" "Mozilla/5.0 (Windows NT 10.0; Win64; x64; rv:119.0) Gecko/20100101 Firefox/119.0"
5.175.206.202 - - [01/Sep/2026:23:22:41 -0500] "GET /?author=1 HTTP/1.1" 404 72835 "https://www.bing.com/" "Mozilla/5.0 (X11; Linux x86_64) AppleWebKit/537.36 (KHTML, like Gecko) Chrome/119.0.0.0 Safari/537.36"
5.175.206.202 - - [01/Sep/2026:23:22:42 -0500] "GET /?author=2 HTTP/1.1" 404 72835 "https://www.google.com/" "Mozilla/5.0 (Macintosh; Intel Mac OS X 10_15_7) AppleWebKit/537.36 (KHTML, like Gecko) Chrome/119.0.0.0 Safari/537.36"
5.175.206.202 - - [01/Sep/2026:23:22:44 -0500] "GET /?author=3 HTTP/1.1" 404 72835 "https://duckduckgo.com/" "Mozilla/5.0 (Macintosh; Intel Mac OS X 10_15_7; rv:120.0) Gecko/20100101 Firefox/120.0"
5.175.206.202 - - [01/Sep/2026:23:22:46 -0500] "GET /?author=4 HTTP/1.1" 404 72835 "-" "Mozilla/5.0 (Macintosh; Intel Mac OS X 10_15_7; rv:119.0) Gecko/20100101 Firefox/119.0"
5.175.206.202 - - [01/Sep/2026:23:22:50 -0500] "GET /?author=5 HTTP/1.1" 404 72835 "" "Mozilla/5.0 (Windows NT 11.0; Win64; x64; rv:120.0) Gecko/20100101 Firefox/120.0"
5.175.206.202 - - [01/Sep/2026:23:22:54 -0500] "GET /wp-json/wp/v2/users HTTP/1.1" 401 108 "https://wordpress.org/" "Mozilla/5.0 (Macintosh; Intel Mac OS X 13_6_1) AppleWebKit/605.1.15 (KHTML, like Gecko) Version/16.6 Safari/605.1.15"
5.175.206.202 - - [01/Sep/2026:23:22:55 -0500] "POST /wp-login.php HTTP/1.1" 503 18946 "https://pastorfischer.com/wp-login.php" "Mozilla/5.0 (X11; Linux x86_64) AppleWebKit/537.36 (KHTML, like Gecko) Chrome/118.0.0.0 Safari/537.36"
5.175.206.202 - - [01/Sep/2026:23:22:56 -0500] "GET /wp-admin/index.php HTTP/1.1" 503 18946 "https://pastorfischer.com/wp-login.php" "Mozilla/5.0 (Macintosh; Intel Mac OS X 13_6_1) AppleWebKit/605.1.15 (KHTML, like Gecko) Version/17.0 Safari/605.1.15"
216.73.217.103 - - [01/Sep/2026:23:26:55 -0500] "GET /robots.txt HTTP/1.1" 200 118 "-" "Mozilla/5.0 AppleWebKit/537.36 (KHTML, like Gecko; compatible; ClaudeBot/1.0; +claudebot@anthropic.com)"
216.73.217.103 - - [01/Sep/2026:23:26:57 -0500] "GET / HTTP/1.1" 200 440828 "-" "Mozilla/5.0 AppleWebKit/537.36 (KHTML, like Gecko; compatible; ClaudeBot/1.0; +claudebot@anthropic.com)"
217.64.148.152 - - [01/Sep/2026:23:27:21 -0500] "GET /wp-content/plugins/ameliabooking/languages/de_DE/wpamelia-de_DE.po HTTP/1.1" 404 72328 "-" "Mozilla/5.0 (Windows NT 10.0; Win64; x64) AppleWebKit/537.36 (KHTML, like Gecko) Chrome/126.0.0.0 Safari/537.36"
217.64.148.152 - - [01/Sep/2026:23:27:22 -0500] "GET /wp-content/plugins/ameliabooking/languages/de_DE/wpamelia-de_DE.po HTTP/1.1" 404 72264 "-" "Mozilla/5.0 (Windows NT 10.0; Win64; x64) AppleWebKit/537.36 (KHTML, like Gecko) Chrome/126.0.0.0 Safari/537.36"
52.0.218.219 - - [01/Sep/2026:23:29:14 -0500] "GET /wp-content/uploads/brizy/imgs/film_bild6-273x182x46x0x182x182x1716092326.jpeg HTTP/1.1" 200 11841 "-" "Mozilla/5.0 AppleWebKit/537.36 (KHTML, like Gecko; compatible; Amazonbot/0.1; +https://developer.amazon.com/support/amazonbot) Chrome/119.0.6045.214 Safari/537.36"
18.205.213.231 - - [01/Sep/2026:23:29:58 -0500] "GET /wp-content/uploads/brizy/imgs/film_bild3-584x438x0x0x584x438x1716091943.jpg HTTP/1.1" 200 91087 "-" "Mozilla/5.0 AppleWebKit/537.36 (KHTML, like Gecko; compatible; Amazonbot/0.1; +https://developer.amazon.com/support/amazonbot) Chrome/119.0.6045.214 Safari/537.36"
5.175.206.202 - - [01/Sep/2026:23:32:56 -0500] "GET /wp-admin/index.php HTTP/1.1" 302 - "https://pastorfischer.com/wp-login.php" "Mozilla/5.0 (Macintosh; Intel Mac OS X 13_6_1) AppleWebKit/605.1.15 (KHTML, like Gecko) Version/17.0 Safari/605.1.15"
5.175.206.202 - - [01/Sep/2026:23:32:57 -0500] "GET /wp-login.php?redirect_to=https%3A%2F%2Fpastorfischer.com%2Fwp-admin%2Findex.php&reauth=1 HTTP/1.1" 200 6947 "https://pastorfischer.com/wp-login.php" "Mozilla/5.0 (Macintosh; Intel Mac OS X 13_6_1) AppleWebKit/605.1.15 (KHTML, like Gecko) Version/17.0 Safari/605.1.15"
5.175.206.202 - - [01/Sep/2026:23:32:58 -0500] "POST /wp-login.php HTTP/1.1" 503 18946 "https://pastorfischer.com/wp-login.php" "Mozilla/5.0 (Windows NT 10.0; Win64; x64) AppleWebKit/537.36 (KHTML, like Gecko) Chrome/120.0.0.0 Safari/537.36"
5.175.206.202 - - [01/Sep/2026:23:33:00 -0500] "GET /wp-admin/index.php HTTP/1.1" 503 18946 "https://pastorfischer.com/wp-login.php" "Mozilla/5.0 (Macintosh; Intel Mac OS X 10_15_7) AppleWebKit/605.1.15 (KHTML, like Gecko) Version/16.6 Safari/605.1.15"
209.141.55.190 - - [01/Sep/2026:23:34:58 -0500] "GET /wp-login.php HTTP/1.1" 200 6831 "-" "Mozilla/5.0 (X11; Linux x86_64)"
209.141.55.190 - - [01/Sep/2026:23:35:13 -0500] "POST /wp-login.php HTTP/1.1" 503 18946 "-" "Mozilla/5.0 (X11; Linux x86_64)"
209.141.55.190 - - [01/Sep/2026:23:35:16 -0500] "GET /wp-admin/themes.php HTTP/1.1" 503 18946 "-" "python-requests/2.34.2"
209.141.55.190 - - [01/Sep/2026:23:35:17 -0500] "GET /wp-admin/plugin-install.php?tab=upload HTTP/1.1" 503 18946 "-" "python-requests/2.34.2"
85.208.96.198 - - [01/Sep/2026:23:37:53 -0500] "GET /robots.txt HTTP/1.1" 200 117 "-" "Mozilla/5.0 (compatible; SemrushBot/7~bl; +http://www.semrush.com/bot.html)"
85.208.96.207 - - [01/Sep/2026:23:37:54 -0500] "GET /victorious-living-international-missions/ HTTP/1.1" 200 567132 "-" "Mozilla/5.0 (compatible; SemrushBot/7~bl; +http://www.semrush.com/bot.html)"
143.105.147.35 - - [01/Sep/2026:23:39:38 -0500] "GET / HTTP/1.1" 200 440911 "-" "Mozilla/5.0 (Macintosh; U; PPC Mac OS X; fr-fr) AppleWebKit/312.5.2 (KHTML, like Gecko) Safari/312.3.3"
17.166.237.219 - - [01/Sep/2026:23:40:27 -0500] "GET /apigacor88resmi/ HTTP/1.1" 404 72328 "-" "Mozilla/5.0 (Macintosh; Intel Mac OS X 10_15_7) AppleWebKit/605.1.15 (KHTML, like Gecko) Version/17.4 Safari/605.1.15 (Applebot/0.1; +http://www.apple.com/go/applebot)"
54.86.59.155 - - [01/Sep/2026:23:41:38 -0500] "GET /wp-content/uploads/brizy/imgs/Who-Front-cover-353x522x0x0x350x522x1756169272.webp HTTP/1.1" 200 16064 "-" "Mozilla/5.0 AppleWebKit/537.36 (KHTML, like Gecko; compatible; Amazonbot/0.1; +https://developer.amazon.com/support/amazonbot) Chrome/119.0.6045.214 Safari/537.36"
5.175.206.202 - - [01/Sep/2026:23:43:00 -0500] "GET /wp-admin/index.php HTTP/1.1" 302 - "https://pastorfischer.com/wp-login.php" "Mozilla/5.0 (Macintosh; Intel Mac OS X 10_15_7) AppleWebKit/605.1.15 (KHTML, like Gecko) Version/16.6 Safari/605.1.15"
5.175.206.202 - - [01/Sep/2026:23:43:01 -0500] "GET /wp-login.php?redirect_to=https%3A%2F%2Fpastorfischer.com%2Fwp-admin%2Findex.php&reauth=1 HTTP/1.1" 200 6947 "https://pastorfischer.com/wp-login.php" "Mozilla/5.0 (Macintosh; Intel Mac OS X 10_15_7) AppleWebKit/605.1.15 (KHTML, like Gecko) Version/16.6 Safari/605.1.15"
5.175.206.202 - - [01/Sep/2026:23:43:02 -0500] "POST /wp-login.php HTTP/1.1" 503 18946 "https://pastorfischer.com/wp-login.php" "Mozilla/5.0 (Macintosh; Intel Mac OS X 10_15_7; rv:119.0) Gecko/20100101 Firefox/119.0"
5.175.206.202 - - [01/Sep/2026:23:43:04 -0500] "GET /wp-admin/index.php HTTP/1.1" 503 18946 "https://pastorfischer.com/wp-login.php" "Mozilla/5.0 (Windows NT 10.0; Win64; x64; rv:120.0) Gecko/20100101 Firefox/120.0"
5.175.206.202 - - [01/Sep/2026:23:44:00 -0500] "GET /wp-login.php HTTP/1.1" 503 18033 "https://duckduckgo.com/" "Mozilla/5.0 (Macintosh; Intel Mac OS X 10_15_7) AppleWebKit/537.36 (KHTML, like Gecko) Chrome/121.0.0.0 Safari/537.36"
17.166.235.5 - - [01/Sep/2026:23:44:26 -0500] "GET /wp-content/themes/blocksy/static/bundle/main.js?ver=2.1.55 HTTP/1.1" 200 29750 "https://pastorfischer.com/apigacor88resmi/" "Mozilla/5.0 (Macintosh; Intel Mac OS X 10_15_7) AppleWebKit/605.1.15 (KHTML, like Gecko) Version/17.4 Safari/605.1.15 (Applebot/0.1; +http://www.apple.com/go/applebot)"
17.166.235.5 - - [01/Sep/2026:23:44:28 -0500] "GET /wp-includes/js/jquery/jquery-migrate.min.js?ver=3.4.1 HTTP/1.1" 200 13577 "https://pastorfischer.com/apigacor88resmi/" "Mozilla/5.0 (Macintosh; Intel Mac OS X 10_15_7) AppleWebKit/605.1.15 (KHTML, like Gecko) Version/17.4 Safari/605.1.15 (Applebot/0.1; +http://www.apple.com/go/applebot)"
17.166.235.5 - - [01/Sep/2026:23:44:30 -0500] "GET /wp-content/themes/blocksy/static/bundle/page-title.min.css?ver=2.1.55 HTTP/1.1" 200 1254 "https://pastorfischer.com/apigacor88resmi/" "Mozilla/5.0 (Macintosh; Intel Mac OS X 10_15_7) AppleWebKit/605.1.15 (KHTML, like Gecko) Version/17.4 Safari/605.1.15 (Applebot/0.1; +http://www.apple.com/go/applebot)"
17.166.235.5 - - [01/Sep/2026:23:44:32 -0500] "GET /wp-content/themes/blocksy/static/bundle/main.min.css?ver=2.1.55 HTTP/1.1" 200 94385 "https://pastorfischer.com/apigacor88resmi/" "Mozilla/5.0 (Macintosh; Intel Mac OS X 10_15_7) AppleWebKit/605.1.15 (KHTML, like Gecko) Version/17.4 Safari/605.1.15 (Applebot/0.1; +http://www.apple.com/go/applebot)"
17.166.235.5 - - [01/Sep/2026:23:44:34 -0500] "GET /wp-content/themes/blocksy/static/bundle/brizy.min.css?ver=2.1.55 HTTP/1.1" 200 1425 "https://pastorfischer.com/apigacor88resmi/" "Mozilla/5.0 (Macintosh; Intel Mac OS X 10_15_7) AppleWebKit/605.1.15 (KHTML, like Gecko) Version/17.4 Safari/605.1.15 (Applebot/0.1; +http://www.apple.com/go/applebot)"
17.166.235.5 - - [01/Sep/2026:23:44:35 -0500] "GET /wp-includes/js/jquery/jquery.min.js?ver=3.7.1 HTTP/1.1" 200 87553 "https://pastorfischer.com/apigacor88resmi/" "Mozilla/5.0 (Macintosh; Intel Mac OS X 10_15_7) AppleWebKit/605.1.15 (KHTML, like Gecko) Version/17.4 Safari/605.1.15 (Applebot/0.1; +http://www.apple.com/go/applebot)"
17.166.235.5 - - [01/Sep/2026:23:44:37 -0500] "GET /wp-content/themes/blocksy/static/bundle/892.cf42bb50f1cc29d3f54a.js HTTP/1.1" 200 7382 "https://pastorfischer.com/apigacor88resmi/" "Mozilla/5.0 (Macintosh; Intel Mac OS X 10_15_7) AppleWebKit/605.1.15 (KHTML, like Gecko) Version/17.4 Safari/605.1.15 (Applebot/0.1; +http://www.apple.com/go/applebot)"
17.166.235.5 - - [01/Sep/2026:23:44:39 -0500] "GET /wp-content/themes/blocksy/static/bundle/907.1ddadcf80aca9cb11200.js HTTP/1.1" 200 6481 "https://pastorfischer.com/apigacor88resmi/" "Mozilla/5.0 (Macintosh; Intel Mac OS X 10_15_7) AppleWebKit/605.1.15 (KHTML, like Gecko) Version/17.4 Safari/605.1.15 (Applebot/0.1; +http://www.apple.com/go/applebot)"
157.90.185.123 - - [01/Sep/2026:23:44:57 -0500] "POST /?wordfence_syncAttackData=1788324297.6198 HTTP/1.1" 200 - "-" "WordPress/7.1; https://pastorfischer.com"
136.112.210.90 - - [01/Sep/2026:23:44:56 -0500] "GET /magnets HTTP/1.1" 404 72328 "-" "Mozilla/5.0 (compatible; Reflectionbot/1.0; +https://reflection.ai/bot)"
216.73.217.103 - - [01/Sep/2026:23:45:17 -0500] "GET /wp-sitemap.xml HTTP/1.1" 200 469 "-" "Mozilla/5.0 AppleWebKit/537.36 (KHTML, like Gecko; compatible; ClaudeBot/1.0; +claudebot@anthropic.com)"
114.119.146.94 - - [01/Sep/2026:23:46:12 -0500] "GET /victorious-living-sermon-series-seminars/ HTTP/1.1" 200 657352 "https://pastorfischer.com/who-am-i-and-where-do-i-go/" "Mozilla/5.0 (Linux; Android 7.0;) AppleWebKit/537.36 (HTML, like Gecko) Mobile Safari/537.36 (compatible; PetalBot;+https://webmaster.petalsearch.com/site/petalbot)"
34.121.197.174 - - [01/Sep/2026:23:46:59 -0500] "GET /users/sign_in HTTP/1.1" 404 72328 "-" "Mozilla/5.0 (compatible; Reflectionbot/1.0; +https://reflection.ai/bot)"
54.156.55.147 - - [01/Sep/2026:23:47:18 -0500] "GET /wp-content/uploads/brizy/imgs/DebtSlavery-Front-904x1355x0x14x904x1342x1755551390.webp HTTP/1.1" 200 196352 "-" "Mozilla/5.0 AppleWebKit/537.36 (KHTML, like Gecko; compatible; Amazonbot/0.1; +https://developer.amazon.com/support/amazonbot) Chrome/119.0.6045.214 Safari/537.36"
209.141.57.84 - - [01/Sep/2026:23:54:09 -0500] "GET /wp-login.php HTTP/1.1" 200 6831 "-" "Mozilla/5.0 (Windows NT 10.0; Win64; x64; rv:109.0) Gecko/20100101 Firefox/115.0"
209.141.57.84 - - [01/Sep/2026:23:54:32 -0500] "POST /wp-login.php HTTP/1.1" 503 18946 "-" "Mozilla/5.0 (Windows NT 10.0; Win64; x64; rv:109.0) Gecko/20100101 Firefox/115.0"
209.141.57.84 - - [01/Sep/2026:23:54:35 -0500] "GET /wp-admin/themes.php HTTP/1.1" 503 18946 "-" "python-requests/2.34.2"
209.141.57.84 - - [01/Sep/2026:23:54:36 -0500] "GET /wp-admin/plugin-install.php?tab=upload HTTP/1.1" 503 18946 "-" "python-requests/2.34.2"
54.234.245.138 - - [02/Sep/2026:00:01:54 -0500] "GET / HTTP/1.1" 200 440911 "-" "Mozilla/5.0 (Windows NT 10.0; Win64; x64) AppleWebKit/537.36 (KHTML, like Gecko) Chrome/144.0.0.0 Safari/537.36"
136.144.35.59 - - [02/Sep/2026:00:04:11 -0500] "GET /wp-login.php HTTP/1.1" 200 6811 "-" "Mozilla/5.0"
136.144.35.59 - - [02/Sep/2026:00:04:13 -0500] "GET /?author=1 HTTP/1.1" 404 72771 "-" "Mozilla/5.0"
136.144.35.48 - - [02/Sep/2026:00:04:15 -0500] "GET /?feed=rss2 HTTP/1.1" 301 - "-" "Mozilla/5.0"
136.144.35.48 - - [02/Sep/2026:00:04:16 -0500] "GET /feed/ HTTP/1.1" 200 74908 "-" "Mozilla/5.0"
209.141.48.118 - - [02/Sep/2026:00:05:12 -0500] "GET /wp-login.php HTTP/1.1" 200 6831 "-" "Mozilla/5.0 (Windows NT 10.0; Win64; x64) AppleWebKit/537.36 (KHTML, like Gecko) Chrome/144.0.0.0 Safari/537.36"
5.175.206.202 - - [02/Sep/2026:00:05:18 -0500] "GET /wp-login.php HTTP/1.1" 200 6831 "-" "Mozilla/5.0 (Windows NT 11.0; Win64; x64; rv:119.0) Gecko/20100101 Firefox/119.0"
5.175.206.202 - - [02/Sep/2026:00:05:20 -0500] "GET /?author=1 HTTP/1.1" 404 72835 "https://t.co/" "Mozilla/5.0 (Macintosh; Intel Mac OS X 10_15_7; rv:120.0) Gecko/20100101 Firefox/120.0"
5.175.206.202 - - [02/Sep/2026:00:05:21 -0500] "GET /?author=2 HTTP/1.1" 404 72835 "-" "Mozilla/5.0 (Macintosh; Intel Mac OS X 13_6_1) AppleWebKit/537.36 (KHTML, like Gecko) Chrome/121.0.0.0 Safari/537.36"
5.175.206.202 - - [02/Sep/2026:00:05:23 -0500] "GET /?author=3 HTTP/1.1" 404 72835 "https://duckduckgo.com/" "Mozilla/5.0 (X11; Linux x86_64) AppleWebKit/537.36 (KHTML, like Gecko) Chrome/119.0.0.0 Safari/537.36"
209.141.48.118 - - [02/Sep/2026:00:05:26 -0500] "POST /wp-login.php HTTP/1.1" 503 18946 "-" "Mozilla/5.0 (Windows NT 10.0; Win64; x64) AppleWebKit/537.36 (KHTML, like Gecko) Chrome/144.0.0.0 Safari/537.36"
5.175.206.202 - - [02/Sep/2026:00:05:27 -0500] "GET /?author=4 HTTP/1.1" 404 72835 "https://t.co/" "Mozilla/5.0 (Windows NT 10.0; Win64; x64) AppleWebKit/537.36 (KHTML, like Gecko) Chrome/119.0.0.0 Safari/537.36"
209.141.48.118 - - [02/Sep/2026:00:05:29 -0500] "GET /wp-admin/themes.php HTTP/1.1" 503 18946 "-" "python-requests/2.34.2"
5.175.206.202 - - [02/Sep/2026:00:05:30 -0500] "GET /?author=5 HTTP/1.1" 404 72835 "-" "Mozilla/5.0 (Macintosh; Intel Mac OS X 10_15_7) AppleWebKit/537.36 (KHTML, like Gecko) Chrome/121.0.0.0 Safari/537.36"
209.141.48.118 - - [02/Sep/2026:00:05:30 -0500] "GET /wp-admin/plugin-install.php?tab=upload HTTP/1.1" 503 18946 "-" "python-requests/2.34.2"
5.175.206.202 - - [02/Sep/2026:00:05:34 -0500] "GET /wp-json/wp/v2/users HTTP/1.1" 401 108 "-" "Mozilla/5.0 (Windows NT 10.0; Win64; x64) AppleWebKit/537.36 (KHTML, like Gecko) Chrome/120.0.0.0 Safari/537.36"
5.175.206.202 - - [02/Sep/2026:00:05:35 -0500] "POST /wp-login.php HTTP/1.1" 503 18946 "https://pastorfischer.com/wp-login.php" "Mozilla/5.0 (Macintosh; Intel Mac OS X 10_15_7) AppleWebKit/537.36 (KHTML, like Gecko) Chrome/121.0.0.0 Safari/537.36"
5.175.206.202 - - [02/Sep/2026:00:05:39 -0500] "GET /wp-admin/index.php HTTP/1.1" 503 18946 "https://pastorfischer.com/wp-login.php" "Mozilla/5.0 (X11; Ubuntu; Linux x86_64) AppleWebKit/537.36 (KHTML, like Gecko) Chrome/121.0.0.0 Safari/537.36"
209.141.33.142 - - [02/Sep/2026:00:05:55 -0500] "GET /wp-login.php HTTP/1.1" 200 6831 "-" "Mozilla/5.0 (Macintosh; Intel Mac OS X 10_9_4) AppleWebKit/537.78.2 (KHTML, like Gecko) Version/7.0.6 Safari/537.78.2"
