23.234.82.46 - - [01/Sep/2026:07:42:03 -0500] "POST /wp-login.php HTTP/1.1" 503 18035 "https://pastorfischer.com/wp-login.php" "Mozilla/5.0 (X11; Linux x86_64) AppleWebKit/537.36 (KHTML, like Gecko) Chrome/118.0.0.0 Safari/537.36"
23.234.82.46 - - [01/Sep/2026:07:42:04 -0500] "GET /wp-admin/index.php HTTP/1.1" 503 18948 "https://pastorfischer.com/wp-login.php" "Mozilla/5.0 (Macintosh; Intel Mac OS X 10_15_7) AppleWebKit/537.36 (KHTML, like Gecko) Chrome/120.0.0.0 Safari/537.36"
23.234.82.46 - - [01/Sep/2026:07:42:06 -0500] "GET /wp-admin/profile.php HTTP/1.1" 503 18948 "https://pastorfischer.com/wp-login.php" "Mozilla/5.0 (Macintosh; Intel Mac OS X 10_15_7) AppleWebKit/537.36 (KHTML, like Gecko) Chrome/120.0.0.0 Safari/537.36"
23.234.82.46 - - [01/Sep/2026:07:42:07 -0500] "GET /wp-admin/edit.php HTTP/1.1" 503 18948 "https://pastorfischer.com/wp-login.php" "Mozilla/5.0 (Macintosh; Intel Mac OS X 10_15_7) AppleWebKit/537.36 (KHTML, like Gecko) Chrome/120.0.0.0 Safari/537.36"
23.234.82.46 - - [01/Sep/2026:07:42:09 -0500] "GET /wp-admin/plugins.php HTTP/1.1" 503 18948 "https://pastorfischer.com/wp-login.php" "Mozilla/5.0 (Macintosh; Intel Mac OS X 10_15_7) AppleWebKit/537.36 (KHTML, like Gecko) Chrome/120.0.0.0 Safari/537.36"
23.234.82.46 - - [01/Sep/2026:07:42:10 -0500] "POST /wp-login.php HTTP/1.1" 503 18035 "https://pastorfischer.com/wp-login.php" "Mozilla/5.0 (Macintosh; Intel Mac OS X 13_6_1) AppleWebKit/605.1.15 (KHTML, like Gecko) Version/17.1 Safari/605.1.15"
157.90.185.123 - - [01/Sep/2026:07:42:12 -0500] "POST /?wordfence_syncAttackData=1788266532.7025 HTTP/1.1" 200 - "-" "WordPress/7.1; https://pastorfischer.com"
23.234.82.46 - - [01/Sep/2026:07:42:11 -0500] "GET /wp-admin/index.php HTTP/1.1" 503 18948 "https://pastorfischer.com/wp-login.php" "Mozilla/5.0 (Windows NT 10.0; Win64; x64) AppleWebKit/537.36 (KHTML, like Gecko) Chrome/120.0.0.0 Safari/537.36"
23.234.82.46 - - [01/Sep/2026:07:42:14 -0500] "GET /wp-admin/profile.php HTTP/1.1" 503 18948 "https://pastorfischer.com/wp-login.php" "Mozilla/5.0 (Windows NT 10.0; Win64; x64) AppleWebKit/537.36 (KHTML, like Gecko) Chrome/120.0.0.0 Safari/537.36"
23.234.82.46 - - [01/Sep/2026:07:42:15 -0500] "GET /wp-admin/edit.php HTTP/1.1" 503 18948 "https://pastorfischer.com/wp-login.php" "Mozilla/5.0 (Windows NT 10.0; Win64; x64) AppleWebKit/537.36 (KHTML, like Gecko) Chrome/120.0.0.0 Safari/537.36"
23.234.82.46 - - [01/Sep/2026:07:42:17 -0500] "GET /wp-admin/plugins.php HTTP/1.1" 503 18948 "https://pastorfischer.com/wp-login.php" "Mozilla/5.0 (Windows NT 10.0; Win64; x64) AppleWebKit/537.36 (KHTML, like Gecko) Chrome/120.0.0.0 Safari/537.36"
23.234.82.46 - - [01/Sep/2026:07:42:18 -0500] "POST /wp-login.php HTTP/1.1" 503 18035 "https://pastorfischer.com/wp-login.php" "Mozilla/5.0 (Windows NT 11.0; Win64; x64) AppleWebKit/537.36 (KHTML, like Gecko) Chrome/118.0.0.0 Safari/537.36"
23.234.82.46 - - [01/Sep/2026:07:42:20 -0500] "GET /wp-admin/index.php HTTP/1.1" 503 18948 "https://pastorfischer.com/wp-login.php" "Mozilla/5.0 (Windows NT 10.0; Win64; x64; rv:119.0) Gecko/20100101 Firefox/119.0"
157.90.185.123 - - [01/Sep/2026:07:42:22 -0500] "POST /?wordfence_syncAttackData=1788266542.4915 HTTP/1.1" 200 - "-" "WordPress/7.1; https://pastorfischer.com"
23.234.82.46 - - [01/Sep/2026:07:42:21 -0500] "GET /wp-admin/profile.php HTTP/1.1" 503 18948 "https://pastorfischer.com/wp-login.php" "Mozilla/5.0 (Windows NT 10.0; Win64; x64; rv:119.0) Gecko/20100101 Firefox/119.0"
23.234.82.46 - - [01/Sep/2026:07:42:24 -0500] "GET /wp-admin/edit.php HTTP/1.1" 503 18948 "https://pastorfischer.com/wp-login.php" "Mozilla/5.0 (Windows NT 10.0; Win64; x64; rv:119.0) Gecko/20100101 Firefox/119.0"
23.234.82.46 - - [01/Sep/2026:07:42:25 -0500] "GET /wp-admin/plugins.php HTTP/1.1" 503 18948 "https://pastorfischer.com/wp-login.php" "Mozilla/5.0 (Windows NT 10.0; Win64; x64; rv:119.0) Gecko/20100101 Firefox/119.0"
23.234.82.46 - - [01/Sep/2026:07:42:27 -0500] "POST /wp-login.php HTTP/1.1" 503 18035 "https://pastorfischer.com/wp-login.php" "Mozilla/5.0 (Macintosh; Intel Mac OS X 13_6_1) AppleWebKit/605.1.15 (KHTML, like Gecko) Version/17.2 Safari/605.1.15"
23.234.82.46 - - [01/Sep/2026:07:42:28 -0500] "GET /wp-admin/index.php HTTP/1.1" 503 18948 "https://pastorfischer.com/wp-login.php" "Mozilla/5.0 (Windows NT 10.0; Win64; x64) AppleWebKit/537.36 (KHTML, like Gecko) Chrome/119.0.0.0 Safari/537.36"
23.234.82.46 - - [01/Sep/2026:07:42:30 -0500] "GET /wp-admin/profile.php HTTP/1.1" 503 18948 "https://pastorfischer.com/wp-login.php" "Mozilla/5.0 (Windows NT 10.0; Win64; x64) AppleWebKit/537.36 (KHTML, like Gecko) Chrome/119.0.0.0 Safari/537.36"
157.90.185.123 - - [01/Sep/2026:07:42:32 -0500] "POST /?wordfence_syncAttackData=1788266552.4938 HTTP/1.1" 200 - "-" "WordPress/7.1; https://pastorfischer.com"
23.234.82.46 - - [01/Sep/2026:07:42:31 -0500] "GET /wp-admin/edit.php HTTP/1.1" 503 18948 "https://pastorfischer.com/wp-login.php" "Mozilla/5.0 (Windows NT 10.0; Win64; x64) AppleWebKit/537.36 (KHTML, like Gecko) Chrome/119.0.0.0 Safari/537.36"
23.234.82.46 - - [01/Sep/2026:07:42:34 -0500] "GET /wp-admin/plugins.php HTTP/1.1" 503 18948 "https://pastorfischer.com/wp-login.php" "Mozilla/5.0 (Windows NT 10.0; Win64; x64) AppleWebKit/537.36 (KHTML, like Gecko) Chrome/119.0.0.0 Safari/537.36"
23.234.82.46 - - [01/Sep/2026:07:42:35 -0500] "POST /wp-login.php HTTP/1.1" 503 18035 "https://pastorfischer.com/wp-login.php" "Mozilla/5.0 (Macintosh; Intel Mac OS X 10_15_7) AppleWebKit/605.1.15 (KHTML, like Gecko) Version/17.0 Safari/605.1.15"
23.234.82.46 - - [01/Sep/2026:07:42:37 -0500] "GET /wp-admin/index.php HTTP/1.1" 503 18948 "https://pastorfischer.com/wp-login.php" "Mozilla/5.0 (Windows NT 11.0; Win64; x64) AppleWebKit/537.36 (KHTML, like Gecko) Chrome/121.0.0.0 Safari/537.36"
23.234.82.46 - - [01/Sep/2026:07:42:38 -0500] "GET /wp-admin/profile.php HTTP/1.1" 503 18948 "https://pastorfischer.com/wp-login.php" "Mozilla/5.0 (Windows NT 11.0; Win64; x64) AppleWebKit/537.36 (KHTML, like Gecko) Chrome/121.0.0.0 Safari/537.36"
23.234.82.46 - - [01/Sep/2026:07:42:40 -0500] "GET /wp-admin/edit.php HTTP/1.1" 503 18948 "https://pastorfischer.com/wp-login.php" "Mozilla/5.0 (Windows NT 11.0; Win64; x64) AppleWebKit/537.36 (KHTML, like Gecko) Chrome/121.0.0.0 Safari/537.36"
23.234.82.46 - - [01/Sep/2026:07:42:42 -0500] "GET /wp-admin/plugins.php HTTP/1.1" 503 18948 "https://pastorfischer.com/wp-login.php" "Mozilla/5.0 (Windows NT 11.0; Win64; x64) AppleWebKit/537.36 (KHTML, like Gecko) Chrome/121.0.0.0 Safari/537.36"
157.90.185.123 - - [01/Sep/2026:07:42:42 -0500] "POST /?wordfence_syncAttackData=1788266562.7625 HTTP/1.1" 200 - "-" "WordPress/7.1; https://pastorfischer.com"
23.234.82.46 - - [01/Sep/2026:07:42:44 -0500] "POST /wp-login.php HTTP/1.1" 503 18035 "https://pastorfischer.com/wp-login.php" "Mozilla/5.0 (X11; Ubuntu; Linux x86_64) AppleWebKit/537.36 (KHTML, like Gecko) Chrome/121.0.0.0 Safari/537.36"
23.234.82.46 - - [01/Sep/2026:07:42:46 -0500] "GET /wp-admin/index.php HTTP/1.1" 503 18948 "https://pastorfischer.com/wp-login.php" "Mozilla/5.0 (Macintosh; Intel Mac OS X 10_15_7) AppleWebKit/605.1.15 (KHTML, like Gecko) Version/17.1 Safari/605.1.15"
23.234.82.46 - - [01/Sep/2026:07:42:47 -0500] "GET /wp-admin/profile.php HTTP/1.1" 503 18948 "https://pastorfischer.com/wp-login.php" "Mozilla/5.0 (Macintosh; Intel Mac OS X 10_15_7) AppleWebKit/605.1.15 (KHTML, like Gecko) Version/17.1 Safari/605.1.15"
23.234.82.46 - - [01/Sep/2026:07:42:49 -0500] "GET /wp-admin/edit.php HTTP/1.1" 503 18948 "https://pastorfischer.com/wp-login.php" "Mozilla/5.0 (Macintosh; Intel Mac OS X 10_15_7) AppleWebKit/605.1.15 (KHTML, like Gecko) Version/17.1 Safari/605.1.15"
23.234.82.46 - - [01/Sep/2026:07:42:50 -0500] "GET /wp-admin/plugins.php HTTP/1.1" 503 18948 "https://pastorfischer.com/wp-login.php" "Mozilla/5.0 (Macintosh; Intel Mac OS X 10_15_7) AppleWebKit/605.1.15 (KHTML, like Gecko) Version/17.1 Safari/605.1.15"
23.234.82.46 - - [01/Sep/2026:07:42:52 -0500] "POST /wp-login.php HTTP/1.1" 503 18035 "https://pastorfischer.com/wp-login.php" "Mozilla/5.0 (Windows NT 11.0; Win64; x64; rv:118.0) Gecko/20100101 Firefox/118.0"
157.90.185.123 - - [01/Sep/2026:07:42:54 -0500] "POST /?wordfence_syncAttackData=1788266574.6213 HTTP/1.1" 200 - "-" "WordPress/7.1; https://pastorfischer.com"
23.234.82.46 - - [01/Sep/2026:07:42:53 -0500] "GET /wp-admin/index.php HTTP/1.1" 503 18948 "https://pastorfischer.com/wp-login.php" "Mozilla/5.0 (Macintosh; Intel Mac OS X 10_15_7) AppleWebKit/537.36 (KHTML, like Gecko) Chrome/118.0.0.0 Safari/537.36"
23.234.82.46 - - [01/Sep/2026:07:42:56 -0500] "GET /wp-admin/profile.php HTTP/1.1" 503 18948 "https://pastorfischer.com/wp-login.php" "Mozilla/5.0 (Macintosh; Intel Mac OS X 10_15_7) AppleWebKit/537.36 (KHTML, like Gecko) Chrome/118.0.0.0 Safari/537.36"
23.234.82.46 - - [01/Sep/2026:07:42:57 -0500] "GET /wp-admin/edit.php HTTP/1.1" 503 18948 "https://pastorfischer.com/wp-login.php" "Mozilla/5.0 (Macintosh; Intel Mac OS X 10_15_7) AppleWebKit/537.36 (KHTML, like Gecko) Chrome/118.0.0.0 Safari/537.36"
23.234.82.46 - - [01/Sep/2026:07:42:59 -0500] "GET /wp-admin/plugins.php HTTP/1.1" 503 18948 "https://pastorfischer.com/wp-login.php" "Mozilla/5.0 (Macintosh; Intel Mac OS X 10_15_7) AppleWebKit/537.36 (KHTML, like Gecko) Chrome/118.0.0.0 Safari/537.36"
23.234.82.46 - - [01/Sep/2026:07:43:00 -0500] "POST /wp-login.php HTTP/1.1" 503 18035 "https://pastorfischer.com/wp-login.php" "Mozilla/5.0 (Macintosh; Intel Mac OS X 10_15_7) AppleWebKit/605.1.15 (KHTML, like Gecko) Version/17.2 Safari/605.1.15"
23.234.82.46 - - [01/Sep/2026:07:43:02 -0500] "GET /wp-admin/index.php HTTP/1.1" 503 18948 "https://pastorfischer.com/wp-login.php" "Mozilla/5.0 (Macintosh; Intel Mac OS X 10_15_7) AppleWebKit/537.36 (KHTML, like Gecko) Chrome/119.0.0.0 Safari/537.36"
23.234.82.46 - - [01/Sep/2026:07:43:04 -0500] "GET /wp-admin/profile.php HTTP/1.1" 503 18948 "https://pastorfischer.com/wp-login.php" "Mozilla/5.0 (Macintosh; Intel Mac OS X 10_15_7) AppleWebKit/537.36 (KHTML, like Gecko) Chrome/119.0.0.0 Safari/537.36"
157.90.185.123 - - [01/Sep/2026:07:43:04 -0500] "POST /?wordfence_syncAttackData=1788266584.7799 HTTP/1.1" 200 - "-" "WordPress/7.1; https://pastorfischer.com"
23.234.82.46 - - [01/Sep/2026:07:43:06 -0500] "GET /wp-admin/edit.php HTTP/1.1" 503 18948 "https://pastorfischer.com/wp-login.php" "Mozilla/5.0 (Macintosh; Intel Mac OS X 10_15_7) AppleWebKit/537.36 (KHTML, like Gecko) Chrome/119.0.0.0 Safari/537.36"
23.234.82.46 - - [01/Sep/2026:07:43:08 -0500] "GET /wp-admin/plugins.php HTTP/1.1" 503 18948 "https://pastorfischer.com/wp-login.php" "Mozilla/5.0 (Macintosh; Intel Mac OS X 10_15_7) AppleWebKit/537.36 (KHTML, like Gecko) Chrome/119.0.0.0 Safari/537.36"
23.234.82.46 - - [01/Sep/2026:07:43:09 -0500] "POST /wp-login.php HTTP/1.1" 503 18035 "https://pastorfischer.com/wp-login.php" "Mozilla/5.0 (Windows NT 11.0; Win64; x64) AppleWebKit/537.36 (KHTML, like Gecko) Chrome/118.0.0.0 Safari/537.36"
23.234.82.46 - - [01/Sep/2026:07:43:11 -0500] "GET /wp-admin/index.php HTTP/1.1" 503 18948 "https://pastorfischer.com/wp-login.php" "Mozilla/5.0 (Macintosh; Intel Mac OS X 13_6_1) AppleWebKit/605.1.15 (KHTML, like Gecko) Version/17.1 Safari/605.1.15"
23.234.82.46 - - [01/Sep/2026:07:43:13 -0500] "GET /wp-admin/profile.php HTTP/1.1" 503 18948 "https://pastorfischer.com/wp-login.php" "Mozilla/5.0 (Macintosh; Intel Mac OS X 13_6_1) AppleWebKit/605.1.15 (KHTML, like Gecko) Version/17.1 Safari/605.1.15"
157.90.185.123 - - [01/Sep/2026:07:43:15 -0500] "POST /?wordfence_syncAttackData=1788266595.5972 HTTP/1.1" 200 - "-" "WordPress/7.1; https://pastorfischer.com"
23.234.82.46 - - [01/Sep/2026:07:43:14 -0500] "GET /wp-admin/edit.php HTTP/1.1" 503 18948 "https://pastorfischer.com/wp-login.php" "Mozilla/5.0 (Macintosh; Intel Mac OS X 13_6_1) AppleWebKit/605.1.15 (KHTML, like Gecko) Version/17.1 Safari/605.1.15"
23.234.82.46 - - [01/Sep/2026:07:43:17 -0500] "GET /wp-admin/plugins.php HTTP/1.1" 503 18948 "https://pastorfischer.com/wp-login.php" "Mozilla/5.0 (Macintosh; Intel Mac OS X 13_6_1) AppleWebKit/605.1.15 (KHTML, like Gecko) Version/17.1 Safari/605.1.15"
23.234.82.46 - - [01/Sep/2026:07:43:19 -0500] "POST /wp-login.php HTTP/1.1" 503 18035 "https://pastorfischer.com/wp-login.php" "Mozilla/5.0 (Macintosh; Intel Mac OS X 13_6_1) AppleWebKit/537.36 (KHTML, like Gecko) Chrome/118.0.0.0 Safari/537.36"
23.234.82.46 - - [01/Sep/2026:07:43:20 -0500] "GET /wp-admin/index.php HTTP/1.1" 503 18948 "https://pastorfischer.com/wp-login.php" "Mozilla/5.0 (Macintosh; Intel Mac OS X 10_15_7) AppleWebKit/605.1.15 (KHTML, like Gecko) Version/17.2 Safari/605.1.15"
23.234.82.46 - - [01/Sep/2026:07:43:22 -0500] "GET /wp-admin/profile.php HTTP/1.1" 503 18948 "https://pastorfischer.com/wp-login.php" "Mozilla/5.0 (Macintosh; Intel Mac OS X 10_15_7) AppleWebKit/605.1.15 (KHTML, like Gecko) Version/17.2 Safari/605.1.15"
157.90.185.123 - - [01/Sep/2026:07:43:25 -0500] "POST /?wordfence_syncAttackData=1788266605.6926 HTTP/1.1" 200 - "-" "WordPress/7.1; https://pastorfischer.com"
23.234.82.46 - - [01/Sep/2026:07:43:24 -0500] "GET /wp-admin/edit.php HTTP/1.1" 503 18948 "https://pastorfischer.com/wp-login.php" "Mozilla/5.0 (Macintosh; Intel Mac OS X 10_15_7) AppleWebKit/605.1.15 (KHTML, like Gecko) Version/17.2 Safari/605.1.15"
23.234.82.46 - - [01/Sep/2026:07:43:27 -0500] "GET /wp-admin/plugins.php HTTP/1.1" 503 18948 "https://pastorfischer.com/wp-login.php" "Mozilla/5.0 (Macintosh; Intel Mac OS X 10_15_7) AppleWebKit/605.1.15 (KHTML, like Gecko) Version/17.2 Safari/605.1.15"
23.234.82.46 - - [01/Sep/2026:07:43:29 -0500] "POST /wp-login.php HTTP/1.1" 503 18035 "https://pastorfischer.com/wp-login.php" "Mozilla/5.0 (Windows NT 10.0; Win64; x64) AppleWebKit/537.36 (KHTML, like Gecko) Chrome/121.0.0.0 Safari/537.36"
23.234.82.46 - - [01/Sep/2026:07:43:30 -0500] "GET /wp-admin/index.php HTTP/1.1" 503 18948 "https://pastorfischer.com/wp-login.php" "Mozilla/5.0 (Windows NT 11.0; Win64; x64; rv:118.0) Gecko/20100101 Firefox/118.0"
23.234.82.46 - - [01/Sep/2026:07:43:31 -0500] "GET /wp-admin/profile.php HTTP/1.1" 503 18948 "https://pastorfischer.com/wp-login.php" "Mozilla/5.0 (Windows NT 11.0; Win64; x64; rv:118.0) Gecko/20100101 Firefox/118.0"
23.234.82.46 - - [01/Sep/2026:07:43:33 -0500] "GET /wp-admin/edit.php HTTP/1.1" 503 18948 "https://pastorfischer.com/wp-login.php" "Mozilla/5.0 (Windows NT 11.0; Win64; x64; rv:118.0) Gecko/20100101 Firefox/118.0"
157.90.185.123 - - [01/Sep/2026:07:43:35 -0500] "POST /?wordfence_syncAttackData=1788266615.7321 HTTP/1.1" 200 - "-" "WordPress/7.1; https://pastorfischer.com"
23.234.82.46 - - [01/Sep/2026:07:43:35 -0500] "GET /wp-admin/plugins.php HTTP/1.1" 503 18948 "https://pastorfischer.com/wp-login.php" "Mozilla/5.0 (Windows NT 11.0; Win64; x64; rv:118.0) Gecko/20100101 Firefox/118.0"
23.234.82.46 - - [01/Sep/2026:07:43:37 -0500] "POST /wp-login.php HTTP/1.1" 503 18035 "https://pastorfischer.com/wp-login.php" "Mozilla/5.0 (Macintosh; Intel Mac OS X 13_6_1) AppleWebKit/537.36 (KHTML, like Gecko) Chrome/118.0.0.0 Safari/537.36"
23.234.82.46 - - [01/Sep/2026:07:43:38 -0500] "GET /wp-admin/index.php HTTP/1.1" 503 18948 "https://pastorfischer.com/wp-login.php" "Mozilla/5.0 (Macintosh; Intel Mac OS X 13_6_1) AppleWebKit/537.36 (KHTML, like Gecko) Chrome/120.0.0.0 Safari/537.36"
23.234.82.46 - - [01/Sep/2026:07:43:40 -0500] "GET /wp-admin/profile.php HTTP/1.1" 503 18948 "https://pastorfischer.com/wp-login.php" "Mozilla/5.0 (Macintosh; Intel Mac OS X 13_6_1) AppleWebKit/537.36 (KHTML, like Gecko) Chrome/120.0.0.0 Safari/537.36"
23.234.82.46 - - [01/Sep/2026:07:43:42 -0500] "GET /wp-admin/edit.php HTTP/1.1" 503 18948 "https://pastorfischer.com/wp-login.php" "Mozilla/5.0 (Macintosh; Intel Mac OS X 13_6_1) AppleWebKit/537.36 (KHTML, like Gecko) Chrome/120.0.0.0 Safari/537.36"
23.234.82.46 - - [01/Sep/2026:07:43:43 -0500] "GET /wp-admin/plugins.php HTTP/1.1" 503 18948 "https://pastorfischer.com/wp-login.php" "Mozilla/5.0 (Macintosh; Intel Mac OS X 13_6_1) AppleWebKit/537.36 (KHTML, like Gecko) Chrome/120.0.0.0 Safari/537.36"
23.234.82.46 - - [01/Sep/2026:07:43:45 -0500] "POST /wp-login.php HTTP/1.1" 503 18035 "https://pastorfischer.com/wp-login.php" "Mozilla/5.0 (Windows NT 10.0; Win64; x64) AppleWebKit/537.36 (KHTML, like Gecko) Chrome/118.0.0.0 Safari/537.36"
157.90.185.123 - - [01/Sep/2026:07:43:47 -0500] "POST /?wordfence_syncAttackData=1788266627.3224 HTTP/1.1" 200 - "-" "WordPress/7.1; https://pastorfischer.com"
23.234.82.46 - - [01/Sep/2026:07:43:46 -0500] "GET /wp-admin/index.php HTTP/1.1" 503 18948 "https://pastorfischer.com/wp-login.php" "Mozilla/5.0 (Windows NT 10.0; Win64; x64) AppleWebKit/537.36 (KHTML, like Gecko) Chrome/118.0.0.0 Safari/537.36"
23.234.82.46 - - [01/Sep/2026:07:43:49 -0500] "GET /wp-admin/profile.php HTTP/1.1" 503 18948 "https://pastorfischer.com/wp-login.php" "Mozilla/5.0 (Windows NT 10.0; Win64; x64) AppleWebKit/537.36 (KHTML, like Gecko) Chrome/118.0.0.0 Safari/537.36"
23.234.82.46 - - [01/Sep/2026:07:43:50 -0500] "GET /wp-admin/edit.php HTTP/1.1" 503 18948 "https://pastorfischer.com/wp-login.php" "Mozilla/5.0 (Windows NT 10.0; Win64; x64) AppleWebKit/537.36 (KHTML, like Gecko) Chrome/118.0.0.0 Safari/537.36"
23.234.82.46 - - [01/Sep/2026:07:43:51 -0500] "GET /wp-admin/plugins.php HTTP/1.1" 503 18948 "https://pastorfischer.com/wp-login.php" "Mozilla/5.0 (Windows NT 10.0; Win64; x64) AppleWebKit/537.36 (KHTML, like Gecko) Chrome/118.0.0.0 Safari/537.36"
23.234.82.46 - - [01/Sep/2026:07:43:53 -0500] "POST /wp-login.php HTTP/1.1" 503 18035 "https://pastorfischer.com/wp-login.php" "Mozilla/5.0 (Windows NT 11.0; Win64; x64; rv:120.0) Gecko/20100101 Firefox/120.0"
23.234.82.46 - - [01/Sep/2026:07:43:55 -0500] "GET /wp-admin/index.php HTTP/1.1" 503 18948 "https://pastorfischer.com/wp-login.php" "Mozilla/5.0 (Macintosh; Intel Mac OS X 10_15_7) AppleWebKit/537.36 (KHTML, like Gecko) Chrome/120.0.0.0 Safari/537.36"
157.90.185.123 - - [01/Sep/2026:07:43:57 -0500] "POST /?wordfence_syncAttackData=1788266637.092 HTTP/1.1" 200 - "-" "WordPress/7.1; https://pastorfischer.com"
23.234.82.46 - - [01/Sep/2026:07:43:56 -0500] "GET /wp-admin/profile.php HTTP/1.1" 503 18948 "https://pastorfischer.com/wp-login.php" "Mozilla/5.0 (Macintosh; Intel Mac OS X 10_15_7) AppleWebKit/537.36 (KHTML, like Gecko) Chrome/120.0.0.0 Safari/537.36"
23.234.82.46 - - [01/Sep/2026:07:43:58 -0500] "GET /wp-admin/edit.php HTTP/1.1" 503 18948 "https://pastorfischer.com/wp-login.php" "Mozilla/5.0 (Macintosh; Intel Mac OS X 10_15_7) AppleWebKit/537.36 (KHTML, like Gecko) Chrome/120.0.0.0 Safari/537.36"
23.234.82.46 - - [01/Sep/2026:07:44:11 -0500] "GET /wp-admin/plugins.php HTTP/1.1" 302 - "https://pastorfischer.com/wp-login.php" "Mozilla/5.0 (Macintosh; Intel Mac OS X 10_15_7) AppleWebKit/537.36 (KHTML, like Gecko) Chrome/120.0.0.0 Safari/537.36"
23.234.82.46 - - [01/Sep/2026:07:44:12 -0500] "GET /wp-login.php?redirect_to=https%3A%2F%2Fpastorfischer.com%2Fwp-admin%2Fplugins.php&reauth=1 HTTP/1.1" 200 6951 "https://pastorfischer.com/wp-login.php" "Mozilla/5.0 (Macintosh; Intel Mac OS X 10_15_7) AppleWebKit/537.36 (KHTML, like Gecko) Chrome/120.0.0.0 Safari/537.36"
23.234.82.46 - - [01/Sep/2026:07:44:13 -0500] "POST /wp-login.php HTTP/1.1" 503 18948 "https://pastorfischer.com/wp-login.php" "Mozilla/5.0 (Macintosh; Intel Mac OS X 10_15_7; rv:119.0) Gecko/20100101 Firefox/119.0"
23.234.82.46 - - [01/Sep/2026:07:44:16 -0500] "GET /wp-admin/index.php HTTP/1.1" 503 18948 "https://pastorfischer.com/wp-login.php" "Mozilla/5.0 (Windows NT 11.0; Win64; x64) AppleWebKit/537.36 (KHTML, like Gecko) Chrome/120.0.0.0 Safari/537.36"
23.234.82.46 - - [01/Sep/2026:07:44:18 -0500] "GET /wp-admin/profile.php HTTP/1.1" 503 18948 "https://pastorfischer.com/wp-login.php" "Mozilla/5.0 (Windows NT 11.0; Win64; x64) AppleWebKit/537.36 (KHTML, like Gecko) Chrome/120.0.0.0 Safari/537.36"
23.234.82.46 - - [01/Sep/2026:07:44:19 -0500] "GET /wp-admin/edit.php HTTP/1.1" 503 18948 "https://pastorfischer.com/wp-login.php" "Mozilla/5.0 (Windows NT 11.0; Win64; x64) AppleWebKit/537.36 (KHTML, like Gecko) Chrome/120.0.0.0 Safari/537.36"
23.234.82.46 - - [01/Sep/2026:07:44:21 -0500] "GET /wp-admin/plugins.php HTTP/1.1" 503 18948 "https://pastorfischer.com/wp-login.php" "Mozilla/5.0 (Windows NT 11.0; Win64; x64) AppleWebKit/537.36 (KHTML, like Gecko) Chrome/120.0.0.0 Safari/537.36"
23.234.82.46 - - [01/Sep/2026:07:44:22 -0500] "POST /wp-login.php HTTP/1.1" 503 18035 "https://pastorfischer.com/wp-login.php" "Mozilla/5.0 (Windows NT 10.0; Win64; x64) AppleWebKit/537.36 (KHTML, like Gecko) Chrome/118.0.0.0 Safari/537.36"
23.234.82.46 - - [01/Sep/2026:07:44:24 -0500] "GET /wp-admin/index.php HTTP/1.1" 503 18948 "https://pastorfischer.com/wp-login.php" "Mozilla/5.0 (Macintosh; Intel Mac OS X 10_15_7) AppleWebKit/605.1.15 (KHTML, like Gecko) Version/16.6 Safari/605.1.15"
157.90.185.123 - - [01/Sep/2026:07:44:25 -0500] "POST /?wordfence_syncAttackData=1788266664.9673 HTTP/1.1" 200 - "-" "WordPress/7.1; https://pastorfischer.com"
23.234.82.46 - - [01/Sep/2026:07:44:26 -0500] "GET /wp-admin/profile.php HTTP/1.1" 503 18948 "https://pastorfischer.com/wp-login.php" "Mozilla/5.0 (Macintosh; Intel Mac OS X 10_15_7) AppleWebKit/605.1.15 (KHTML, like Gecko) Version/16.6 Safari/605.1.15"
23.234.82.46 - - [01/Sep/2026:07:44:28 -0500] "GET /wp-admin/edit.php HTTP/1.1" 503 18948 "https://pastorfischer.com/wp-login.php" "Mozilla/5.0 (Macintosh; Intel Mac OS X 10_15_7) AppleWebKit/605.1.15 (KHTML, like Gecko) Version/16.6 Safari/605.1.15"
23.234.82.46 - - [01/Sep/2026:07:44:30 -0500] "GET /wp-admin/plugins.php HTTP/1.1" 503 18948 "https://pastorfischer.com/wp-login.php" "Mozilla/5.0 (Macintosh; Intel Mac OS X 10_15_7) AppleWebKit/605.1.15 (KHTML, like Gecko) Version/16.6 Safari/605.1.15"
23.234.82.46 - - [01/Sep/2026:07:44:32 -0500] "POST /wp-login.php HTTP/1.1" 503 18035 "https://pastorfischer.com/wp-login.php" "Mozilla/5.0 (Macintosh; Intel Mac OS X 13_6_1) AppleWebKit/537.36 (KHTML, like Gecko) Chrome/118.0.0.0 Safari/537.36"
23.234.82.46 - - [01/Sep/2026:07:44:34 -0500] "GET /wp-admin/index.php HTTP/1.1" 503 18948 "https://pastorfischer.com/wp-login.php" "Mozilla/5.0 (Windows NT 10.0; Win64; x64) AppleWebKit/537.36 (KHTML, like Gecko) Chrome/118.0.0.0 Safari/537.36"
157.90.185.123 - - [01/Sep/2026:07:44:35 -0500] "POST /?wordfence_syncAttackData=1788266675.0873 HTTP/1.1" 200 - "-" "WordPress/7.1; https://pastorfischer.com"
23.234.82.46 - - [01/Sep/2026:07:44:37 -0500] "GET /wp-admin/profile.php HTTP/1.1" 503 18948 "https://pastorfischer.com/wp-login.php" "Mozilla/5.0 (Windows NT 10.0; Win64; x64) AppleWebKit/537.36 (KHTML, like Gecko) Chrome/118.0.0.0 Safari/537.36"
23.234.82.46 - - [01/Sep/2026:07:44:38 -0500] "GET /wp-admin/edit.php HTTP/1.1" 503 18948 "https://pastorfischer.com/wp-login.php" "Mozilla/5.0 (Windows NT 10.0; Win64; x64) AppleWebKit/537.36 (KHTML, like Gecko) Chrome/118.0.0.0 Safari/537.36"
23.234.82.46 - - [01/Sep/2026:07:44:40 -0500] "GET /wp-admin/plugins.php HTTP/1.1" 503 18948 "https://pastorfischer.com/wp-login.php" "Mozilla/5.0 (Windows NT 10.0; Win64; x64) AppleWebKit/537.36 (KHTML, like Gecko) Chrome/118.0.0.0 Safari/537.36"
23.234.82.46 - - [01/Sep/2026:07:44:42 -0500] "POST /wp-login.php HTTP/1.1" 503 18035 "https://pastorfischer.com/wp-login.php" "Mozilla/5.0 (Macintosh; Intel Mac OS X 13_6_1) AppleWebKit/605.1.15 (KHTML, like Gecko) Version/17.0 Safari/605.1.15"
23.234.82.46 - - [01/Sep/2026:07:44:44 -0500] "GET /wp-admin/index.php HTTP/1.1" 503 18948 "https://pastorfischer.com/wp-login.php" "Mozilla/5.0 (Windows NT 11.0; Win64; x64; rv:121.0) Gecko/20100101 Firefox/121.0"
157.90.185.123 - - [01/Sep/2026:07:44:46 -0500] "POST /?wordfence_syncAttackData=1788266686.3172 HTTP/1.1" 200 - "-" "WordPress/7.1; https://pastorfischer.com"
23.234.82.46 - - [01/Sep/2026:07:44:45 -0500] "GET /wp-admin/profile.php HTTP/1.1" 503 18948 "https://pastorfischer.com/wp-login.php" "Mozilla/5.0 (Windows NT 11.0; Win64; x64; rv:121.0) Gecko/20100101 Firefox/121.0"
23.234.82.46 - - [01/Sep/2026:07:44:48 -0500] "GET /wp-admin/edit.php HTTP/1.1" 503 18948 "https://pastorfischer.com/wp-login.php" "Mozilla/5.0 (Windows NT 11.0; Win64; x64; rv:121.0) Gecko/20100101 Firefox/121.0"
216.73.216.165 - - [01/Sep/2026:07:44:48 -0500] "GET /robots.txt HTTP/1.1" 200 118 "-" "Mozilla/5.0 AppleWebKit/537.36 (KHTML, like Gecko; compatible; ClaudeBot/1.0; +claudebot@anthropic.com)"
216.73.216.165 - - [01/Sep/2026:07:44:49 -0500] "GET /wp-sitemap.xml HTTP/1.1" 200 469 "-" "Mozilla/5.0 AppleWebKit/537.36 (KHTML, like Gecko; compatible; ClaudeBot/1.0; +claudebot@anthropic.com)"
23.234.82.46 - - [01/Sep/2026:07:44:49 -0500] "GET /wp-admin/plugins.php HTTP/1.1" 503 18948 "https://pastorfischer.com/wp-login.php" "Mozilla/5.0 (Windows NT 11.0; Win64; x64; rv:121.0) Gecko/20100101 Firefox/121.0"
23.234.82.46 - - [01/Sep/2026:07:44:51 -0500] "POST /wp-login.php HTTP/1.1" 503 18035 "https://pastorfischer.com/wp-login.php" "Mozilla/5.0 (Macintosh; Intel Mac OS X 13_6_1) AppleWebKit/537.36 (KHTML, like Gecko) Chrome/121.0.0.0 Safari/537.36"
23.234.82.46 - - [01/Sep/2026:07:44:52 -0500] "GET /wp-admin/index.php HTTP/1.1" 503 18948 "https://pastorfischer.com/wp-login.php" "Mozilla/5.0 (Windows NT 11.0; Win64; x64) AppleWebKit/537.36 (KHTML, like Gecko) Chrome/120.0.0.0 Safari/537.36"
23.234.82.46 - - [01/Sep/2026:07:44:54 -0500] "GET /wp-admin/profile.php HTTP/1.1" 503 18948 "https://pastorfischer.com/wp-login.php" "Mozilla/5.0 (Windows NT 11.0; Win64; x64) AppleWebKit/537.36 (KHTML, like Gecko) Chrome/120.0.0.0 Safari/537.36"
157.90.185.123 - - [01/Sep/2026:07:44:56 -0500] "POST /?wordfence_syncAttackData=1788266696.4707 HTTP/1.1" 200 - "-" "WordPress/7.1; https://pastorfischer.com"
23.234.82.46 - - [01/Sep/2026:07:44:55 -0500] "GET /wp-admin/edit.php HTTP/1.1" 503 18948 "https://pastorfischer.com/wp-login.php" "Mozilla/5.0 (Windows NT 11.0; Win64; x64) AppleWebKit/537.36 (KHTML, like Gecko) Chrome/120.0.0.0 Safari/537.36"
23.234.82.46 - - [01/Sep/2026:07:44:58 -0500] "GET /wp-admin/plugins.php HTTP/1.1" 503 18948 "https://pastorfischer.com/wp-login.php" "Mozilla/5.0 (Windows NT 11.0; Win64; x64) AppleWebKit/537.36 (KHTML, like Gecko) Chrome/120.0.0.0 Safari/537.36"
23.234.82.46 - - [01/Sep/2026:07:44:59 -0500] "POST /wp-login.php HTTP/1.1" 503 18035 "https://pastorfischer.com/wp-login.php" "Mozilla/5.0 (Macintosh; Intel Mac OS X 13_6_1) AppleWebKit/605.1.15 (KHTML, like Gecko) Version/16.6 Safari/605.1.15"
23.234.82.46 - - [01/Sep/2026:07:45:01 -0500] "GET /wp-admin/index.php HTTP/1.1" 503 18948 "https://pastorfischer.com/wp-login.php" "Mozilla/5.0 (Macintosh; Intel Mac OS X 10_15_7) AppleWebKit/605.1.15 (KHTML, like Gecko) Version/17.0 Safari/605.1.15"
23.234.82.46 - - [01/Sep/2026:07:45:02 -0500] "GET /wp-admin/profile.php HTTP/1.1" 503 18948 "https://pastorfischer.com/wp-login.php" "Mozilla/5.0 (Macintosh; Intel Mac OS X 10_15_7) AppleWebKit/605.1.15 (KHTML, like Gecko) Version/17.0 Safari/605.1.15"
23.234.82.46 - - [01/Sep/2026:07:45:04 -0500] "GET /wp-admin/edit.php HTTP/1.1" 503 18948 "https://pastorfischer.com/wp-login.php" "Mozilla/5.0 (Macintosh; Intel Mac OS X 10_15_7) AppleWebKit/605.1.15 (KHTML, like Gecko) Version/17.0 Safari/605.1.15"
157.90.185.123 - - [01/Sep/2026:07:45:06 -0500] "POST /?wordfence_syncAttackData=1788266706.5751 HTTP/1.1" 200 - "-" "WordPress/7.1; https://pastorfischer.com"
23.234.82.46 - - [01/Sep/2026:07:45:05 -0500] "GET /wp-admin/plugins.php HTTP/1.1" 503 18948 "https://pastorfischer.com/wp-login.php" "Mozilla/5.0 (Macintosh; Intel Mac OS X 10_15_7) AppleWebKit/605.1.15 (KHTML, like Gecko) Version/17.0 Safari/605.1.15"
23.234.82.46 - - [01/Sep/2026:07:45:08 -0500] "POST /wp-login.php HTTP/1.1" 503 18035 "https://pastorfischer.com/wp-login.php" "Mozilla/5.0 (Macintosh; Intel Mac OS X 13_6_1; rv:119.0) Gecko/20100101 Firefox/119.0"
23.234.82.46 - - [01/Sep/2026:07:45:09 -0500] "GET /wp-admin/index.php HTTP/1.1" 503 18948 "https://pastorfischer.com/wp-login.php" "Mozilla/5.0 (Macintosh; Intel Mac OS X 13_6_1) AppleWebKit/537.36 (KHTML, like Gecko) Chrome/121.0.0.0 Safari/537.36"
23.234.82.46 - - [01/Sep/2026:07:45:11 -0500] "GET /wp-admin/profile.php HTTP/1.1" 503 18948 "https://pastorfischer.com/wp-login.php" "Mozilla/5.0 (Macintosh; Intel Mac OS X 13_6_1) AppleWebKit/537.36 (KHTML, like Gecko) Chrome/121.0.0.0 Safari/537.36"
23.234.82.46 - - [01/Sep/2026:07:45:13 -0500] "GET /wp-admin/edit.php HTTP/1.1" 503 18948 "https://pastorfischer.com/wp-login.php" "Mozilla/5.0 (Macintosh; Intel Mac OS X 13_6_1) AppleWebKit/537.36 (KHTML, like Gecko) Chrome/121.0.0.0 Safari/537.36"
23.234.82.46 - - [01/Sep/2026:07:45:14 -0500] "GET /wp-admin/plugins.php HTTP/1.1" 503 18948 "https://pastorfischer.com/wp-login.php" "Mozilla/5.0 (Macintosh; Intel Mac OS X 13_6_1) AppleWebKit/537.36 (KHTML, like Gecko) Chrome/121.0.0.0 Safari/537.36"
157.90.185.123 - - [01/Sep/2026:07:47:34 -0500] "POST /?wordfence_syncAttackData=1788266854.2258 HTTP/1.1" 200 - "-" "WordPress/7.1; http://pastorfischer.com"
209.141.37.250 - - [01/Sep/2026:07:47:33 -0500] "GET /wp-login.php HTTP/1.1" 200 6811 "-" "Mozilla/5.0 (Windows NT 6.1; rv:31.0) Gecko/20100101 Firefox/31.0"
209.141.37.250 - - [01/Sep/2026:07:48:18 -0500] "POST /wp-login.php HTTP/1.1" 503 18947 "-" "Mozilla/5.0 (Windows NT 6.1; rv:31.0) Gecko/20100101 Firefox/31.0"
209.141.37.250 - - [01/Sep/2026:07:48:21 -0500] "GET /wp-admin/themes.php HTTP/1.1" 503 18947 "-" "python-requests/2.34.2"
209.141.37.250 - - [01/Sep/2026:07:48:22 -0500] "GET /wp-admin/plugin-install.php?tab=upload HTTP/1.1" 503 18947 "-" "python-requests/2.34.2"
45.191.55.54 - - [01/Sep/2026:07:56:51 -0500] "GET /SALJU4D HTTP/1.1" 404 72264 "-" "Mozilla/5.0 (Macintosh; Intel Mac OS X 12.2; rv:125.0) Gecko/20100101 Firefox/125.0"
102.134.101.35 - - [01/Sep/2026:08:00:03 -0500] "GET /?rest_route=/wp/v2/users&_fields=slug&per_page=100&page=1 HTTP/1.1" 401 108 "-" "Mozilla/5.0 (Windows NT 10.0; Win64; x64) AppleWebKit/537.36 (KHTML, like Gecko) Chrome/151.0.0.0 Safari/537.36, Mozilla/5.0 (X11; Linux x86_64) AppleWebKit/537.36 (KHTML, like Gecko) Chrome/151.0.0.0 Safari/537.36"
69.163.176.25 - - [01/Sep/2026:08:00:10 -0500] "GET /feed/atom/ HTTP/1.1" 200 76736 "-" "Mozilla/5.0 (Windows NT 10.0; Win64; x64) AppleWebKit/537.36 (KHTML, like Gecko) Chrome/151.0.0.0 Safari/537.36, Mozilla/5.0 (Macintosh; Intel Mac OS X 10_15_7) AppleWebKit/537.36 (KHTML, like Gecko) Chrome/151.0.0.0 Safari/537.36"
217.64.102.75 - - [01/Sep/2026:08:00:26 -0500] "GET /rss/ HTTP/1.1" 301 - "-" "Mozilla/5.0 (Windows NT 10.0; Win64; x64) AppleWebKit/537.36 (KHTML, like Gecko) Chrome/151.0.0.0 Safari/537.36, Mozilla/5.0 (Macintosh; Intel Mac OS X 10_15_7) AppleWebKit/537.36 (KHTML, like Gecko) Chrome/151.0.0.0 Safari/537.36"
217.64.102.75 - - [01/Sep/2026:08:00:27 -0500] "GET /feed/ HTTP/1.1" 200 74953 "-" "Mozilla/5.0 (Windows NT 10.0; Win64; x64) AppleWebKit/537.36 (KHTML, like Gecko) Chrome/151.0.0.0 Safari/537.36, Mozilla/5.0 (Macintosh; Intel Mac OS X 10_15_7) AppleWebKit/537.36 (KHTML, like Gecko) Chrome/151.0.0.0 Safari/537.36"
50.6.200.195 - - [01/Sep/2026:08:00:29 -0500] "GET /author-sitemap.xml HTTP/1.1" 404 72328 "-" "Mozilla/5.0 (Windows NT 10.0; Win64; x64) AppleWebKit/537.36 (KHTML, like Gecko) Chrome/151.0.0.0 Safari/537.36, Mozilla/5.0 (Macintosh; Intel Mac OS X 10_15_7) AppleWebKit/537.36 (KHTML, like Gecko) Chrome/151.0.0.0 Safari/537.36"
135.236.141.8 - - [01/Sep/2026:08:00:39 -0500] "GET /wp-sitemap-users-1.xml HTTP/1.1" 200 92861 "-" "Mozilla/5.0 (Windows NT 10.0; Win64; x64) AppleWebKit/537.36 (KHTML, like Gecko) Chrome/151.0.0.0 Safari/537.36, Mozilla/5.0 (Windows NT 10.0; Win64; x64) AppleWebKit/537.36 (KHTML, like Gecko) Chrome/151.0.0.0 Safari/537.36"
50.6.200.195 - - [01/Sep/2026:08:00:43 -0500] "GET /wp-json/rankmath/v1/getHead?url=https://pastorfischer.com HTTP/1.1" 404 114 "-" "Mozilla/5.0 (Windows NT 10.0; Win64; x64) AppleWebKit/537.36 (KHTML, like Gecko) Chrome/151.0.0.0 Safari/537.36, Mozilla/5.0 (Macintosh; Intel Mac OS X 10_15_7) AppleWebKit/537.36 (KHTML, like Gecko) Chrome/151.0.0.0 Safari/537.36"
192.250.232.93 - - [01/Sep/2026:08:00:47 -0500] "GET /wp-json/ldlms/v2/users?per_page=100&_fields=user_login HTTP/1.1" 404 114 "-" "Mozilla/5.0 (Windows NT 10.0; Win64; x64) AppleWebKit/537.36 (KHTML, like Gecko) Chrome/151.0.0.0 Safari/537.36, Mozilla/5.0 (Windows NT 10.0; Win64; x64) AppleWebKit/537.36 (KHTML, like Gecko) Chrome/151.0.0.0 Safari/537.36"
69.57.172.119 - - [01/Sep/2026:08:00:51 -0500] "GET /wp-json/ldlms/v1/users?per_page=100&_fields=user_login HTTP/1.1" 404 114 "-" "Mozilla/5.0 (Windows NT 10.0; Win64; x64) AppleWebKit/537.36 (KHTML, like Gecko) Chrome/151.0.0.0 Safari/537.36, Mozilla/5.0 (X11; Linux x86_64) AppleWebKit/537.36 (KHTML, like Gecko) Chrome/151.0.0.0 Safari/537.36"
162.144.20.85 - - [01/Sep/2026:08:01:06 -0500] "GET /wp-json/wp/v2/users/me HTTP/1.1" 401 96 "-" "Mozilla/5.0 (Windows NT 10.0; Win64; x64) AppleWebKit/537.36 (KHTML, like Gecko) Chrome/151.0.0.0 Safari/537.36, Mozilla/5.0 (Windows NT 10.0; Win64; x64) AppleWebKit/537.36 (KHTML, like Gecko) Chrome/151.0.0.0 Safari/537.36"
72.167.132.114 - - [01/Sep/2026:08:01:10 -0500] "POST /xmlrpc.php HTTP/1.1" 403 199 "-" "Mozilla/5.0 (Windows NT 10.0; Win64; x64) AppleWebKit/537.36 (KHTML, like Gecko) Chrome/151.0.0.0 Safari/537.36, Mozilla/5.0 (X11; Linux x86_64) AppleWebKit/537.36 (KHTML, like Gecko) Chrome/151.0.0.0 Safari/537.36"
72.167.132.114 - - [01/Sep/2026:08:01:50 -0500] "GET /wp-json/wp/v2/users?capabilities=publish_posts&per_page=100&_fields=slug HTTP/1.1" 401 108 "-" "Mozilla/5.0 (Windows NT 10.0; Win64; x64) AppleWebKit/537.36 (KHTML, like Gecko) Chrome/151.0.0.0 Safari/537.36, Mozilla/5.0 (Macintosh; Intel Mac OS X 10_15_7) AppleWebKit/537.36 (KHTML, like Gecko) Chrome/151.0.0.0 Safari/537.36"
202.47.49.81 - - [01/Sep/2026:08:02:14 -0500] "GET /hats HTTP/1.1" 404 72328 "-" "Mozilla/5.0 (Macintosh; Intel Mac OS X 14_6_1) AppleWebKit/537.36 (KHTML, like Gecko) Chrome/131.0.6778.204 Safari/537.36"
66.249.76.201 - - [01/Sep/2026:08:02:51 -0500] "GET /robots.txt HTTP/1.1" 200 118 "-" "Mozilla/5.0 (compatible; Googlebot/2.1; +http://www.google.com/bot.html)"
66.249.70.66 - - [01/Sep/2026:08:02:53 -0500] "GET /church-work/ HTTP/1.1" 200 490545 "-" "Mozilla/5.0 (compatible; Googlebot/2.1; +http://www.google.com/bot.html)"
8.217.145.188 - - [01/Sep/2026:08:03:22 -0500] "GET / HTTP/1.1" 200 319456 "-" "Mozilla/5.0 (Windows NT 10.0; Win64; x64) AppleWebKit/537.36 (KHTML, like Gecko) Chrome/120.0.0.0 Safari/537.36"
8.217.145.188 - - [01/Sep/2026:08:03:31 -0500] "GET / HTTP/1.1" 200 253928 "-" "Mozilla/5.0 (Windows NT 10.0; Win64; x64) AppleWebKit/537.36 (KHTML, like Gecko) Chrome/120.0.0.0 Safari/537.36"
94.154.172.8 - - [01/Sep/2026:08:11:07 -0500] "POST /wp-admin/admin-ajax.php HTTP/1.1" 400 1 "-" "Mozilla/5.0 (Macintosh; Intel Mac OS X 10_15_7) AppleWebKit/537.36 (KHTML, like Gecko) Chrome/131.0.0.0 Safari/537.36"
102.178.196.25 - - [01/Sep/2026:08:12:16 -0500] "GET /stores/celebrate-women HTTP/1.1" 404 72328 "-" "Mozilla/5.0 (Macintosh; Intel Mac OS X 11_5_0) AppleWebKit/537.36 (KHTML, like Gecko) Chrome/132.0.6834.110 Safari/537.36"
77.75.76.161 - - [01/Sep/2026:08:15:31 -0500] "GET /victorious-living-sermon-series-seminars/ HTTP/1.1" 200 657269 "-" "Mozilla/5.0 (compatible; SeznamBot/4.0; +https://o-seznam.cz/napoveda/vyhledavani/en/seznambot-crawler/)"
209.50.164.97 - - [01/Sep/2026:08:17:05 -0500] "GET http://pastorfischer.com/wp-content/uploads/2024/12/Screen-Shot-2024-10-25-at-11.35.23-AM.png HTTP/1.1" 200 311848 "-" "MathPicDatasetCrawler/0.1 (+research)"
42.83.147.54 - - [01/Sep/2026:08:18:47 -0500] "GET / HTTP/1.1" 200 440681 "-" "Mozilla/5.0 (Windows NT 6.1; Win64; x64) AppleWebKit/537.36 (KHTML, like Gecko)Chrome/74.0.3729.169 Safari/537.36"
42.83.147.54 - - [01/Sep/2026:08:18:57 -0500] "GET / HTTP/1.1" 200 440828 "-" "Mozilla/5.0 (Windows NT 6.1; Win64; x64) AppleWebKit/537.36 (KHTML, like Gecko)Chrome/74.0.3729.169 Safari/537.36"
166.114.160.158 - - [01/Sep/2026:08:22:20 -0500] "GET /SALJU4D/politics HTTP/1.1" 404 72264 "-" "Mozilla/5.0 (Windows NT 10.0; Win64; x64) AppleWebKit/537.36 (KHTML, like Gecko) Chrome/131.0.6778.204 Safari/537.36"
114.119.147.58 - - [01/Sep/2026:08:23:51 -0500] "GET /debt-free/ HTTP/1.1" 200 500474 "https://pastorfischer.com/who-am-i-and-where-do-i-go/" "Mozilla/5.0 (Linux; Android 7.0;) AppleWebKit/537.36 (HTML, like Gecko) Mobile Safari/537.36 (compatible; PetalBot;+https://webmaster.petalsearch.com/site/petalbot)"
209.141.57.84 - - [01/Sep/2026:08:26:52 -0500] "GET /wp-login.php HTTP/1.1" 200 6811 "-" "Mozilla/5.0 (Windows NT 6.1; rv:24.0) Gecko/20100101 Firefox/24.0"
209.141.57.84 - - [01/Sep/2026:08:27:34 -0500] "POST /wp-login.php HTTP/1.1" 503 18947 "-" "Mozilla/5.0 (Windows NT 6.1; rv:24.0) Gecko/20100101 Firefox/24.0"
209.141.57.84 - - [01/Sep/2026:08:27:36 -0500] "GET /wp-admin/themes.php HTTP/1.1" 503 18947 "-" "python-requests/2.34.2"
209.141.57.84 - - [01/Sep/2026:08:27:38 -0500] "GET /wp-admin/plugin-install.php?tab=upload HTTP/1.1" 503 18947 "-" "python-requests/2.34.2"
57.141.20.53 - - [01/Sep/2026:08:27:58 -0500] "GET /SiteMap.aspx HTTP/1.1" 404 72328 "-" "Mozilla/5.0 (Macintosh; Intel Mac OS X 10_15_7) AppleWebKit/537.36 (KHTML, like Gecko) Chrome/145.0.0.0 Safari/537.36 (compatible; meta-externalagent/1.1 (+https://developers.facebook.com/docs/sharing/webmasters/crawler))"
27.79.253.83 - - [01/Sep/2026:08:32:14 -0500] "GET /users/sign_in HTTP/1.1" 404 72264 "-" "Mozilla/5.0 (Windows NT 10.0; Win64; x64) AppleWebKit/537.36 (KHTML, like Gecko) Chrome/125.0.6422.60 Safari/537.36"
57.141.20.49 - - [01/Sep/2026:08:34:29 -0500] "GET /sitemap.html HTTP/1.1" 404 72328 "-" "Mozilla/5.0 (Windows NT 10.0; Win64; x64) AppleWebKit/537.36 (KHTML, like Gecko) Chrome/145.0.0.0 Safari/537.36 (compatible; meta-externalagent/1.1 (+https://developers.facebook.com/docs/sharing/webmasters/crawler))"
66.249.70.68 - - [01/Sep/2026:08:34:45 -0500] "GET /robots.txt HTTP/1.1" 200 117 "-" "Mozilla/5.0 (compatible; Googlebot/2.1; +http://www.google.com/bot.html)"
66.249.70.66 - - [01/Sep/2026:08:34:46 -0500] "GET /favicon.ico HTTP/1.1" 302 - "-" "Googlebot-Image/1.0"
66.249.70.67 - - [01/Sep/2026:08:34:47 -0500] "GET /wp-content/uploads/2024/05/pf-blanco.png HTTP/1.1" 200 898 "-" "Googlebot-Image/1.0"
66.249.76.200 - - [01/Sep/2026:08:34:50 -0500] "GET /wp-content/uploads/2024/05/pf-blanco.png HTTP/1.1" 200 898 "-" "Googlebot-Image/1.0"
197.54.108.219 - - [01/Sep/2026:08:42:14 -0500] "GET /about HTTP/1.1" 301 - "-" "Mozilla/5.0 (Macintosh; Intel Mac OS X 12_7_2) AppleWebKit/537.36 (KHTML, like Gecko) Chrome/126.0.6478.182 Safari/537.36"
197.54.108.219 - - [01/Sep/2026:08:42:15 -0500] "GET /about-me/ HTTP/1.1" 200 499900 "-" "Mozilla/5.0 (Macintosh; Intel Mac OS X 12_7_2) AppleWebKit/537.36 (KHTML, like Gecko) Chrome/126.0.6478.182 Safari/537.36"
209.141.33.142 - - [01/Sep/2026:08:42:31 -0500] "GET /wp-login.php HTTP/1.1" 200 6831 "-" "Mozilla/5.0 (Windows NT 6.2; WOW64) AppleWebKit/537.36 (KHTML, like Gecko) Chrome/36.0.1985.125 Safari/537.36"
209.141.33.142 - - [01/Sep/2026:08:42:32 -0500] "POST /wp-login.php HTTP/1.1" 503 18948 "-" "Mozilla/5.0 (Windows NT 6.2; WOW64) AppleWebKit/537.36 (KHTML, like Gecko) Chrome/36.0.1985.125 Safari/537.36"
209.141.33.142 - - [01/Sep/2026:08:42:35 -0500] "GET /wp-admin/themes.php HTTP/1.1" 503 18948 "-" "python-requests/2.34.2"
209.141.33.142 - - [01/Sep/2026:08:42:37 -0500] "GET /wp-admin/plugin-install.php?tab=upload HTTP/1.1" 503 18948 "-" "python-requests/2.34.2"
114.119.150.68 - - [01/Sep/2026:08:42:46 -0500] "GET /are-you-what-you-consume/ HTTP/1.1" 200 82417 "https://pastorfischer.com/my-blog/" "Mozilla/5.0 (Linux; Android 7.0;) AppleWebKit/537.36 (HTML, like Gecko) Mobile Safari/537.36 (compatible; PetalBot;+https://webmaster.petalsearch.com/site/petalbot)"
209.141.57.84 - - [01/Sep/2026:08:44:58 -0500] "GET /wp-login.php HTTP/1.1" 200 6811 "-" "Mozilla/5.0 (Linux; Android 14; SM-S928B) AppleWebKit/537.36 (KHTML, like Gecko) Chrome/122.0.0.0 Mobile Safari/537.36"
209.141.57.84 - - [01/Sep/2026:08:45:00 -0500] "POST /wp-login.php HTTP/1.1" 503 18947 "-" "Mozilla/5.0 (Linux; Android 14; SM-S928B) AppleWebKit/537.36 (KHTML, like Gecko) Chrome/122.0.0.0 Mobile Safari/537.36"
209.141.57.84 - - [01/Sep/2026:08:45:04 -0500] "GET /wp-admin/themes.php HTTP/1.1" 503 18947 "-" "python-requests/2.34.2"
209.141.57.84 - - [01/Sep/2026:08:45:06 -0500] "GET /wp-admin/plugin-install.php?tab=upload HTTP/1.1" 503 18947 "-" "python-requests/2.34.2"
77.75.76.161 - - [01/Sep/2026:08:48:31 -0500] "GET /wp-sitemap-posts-post-1.xml HTTP/1.1" 200 1372 "-" "Mozilla/5.0 (compatible; SeznamBot/4.0; +https://o-seznam.cz/napoveda/vyhledavani/en/seznambot-crawler/)"
171.231.146.67 - - [01/Sep/2026:08:52:15 -0500] "GET /featured-designers HTTP/1.1" 404 72328 "-" "Mozilla/5.0 (Macintosh; Intel Mac OS X 12.2; rv:125.0) Gecko/20100101 Firefox/125.0"
146.148.85.172 - - [01/Sep/2026:08:52:35 -0500] "GET /PEDANGWIN/drinks HTTP/1.1" 404 72264 "-" "Mozilla/5.0 (compatible; Reflectionbot/1.0; +https://reflection.ai/bot)"
177.204.8.222 - - [01/Sep/2026:09:03:07 -0500] "GET /ccpa HTTP/1.1" 404 72264 "-" "Mozilla/5.0 (Macintosh; Intel Mac OS X 13_2_1) AppleWebKit/537.36 (KHTML, like Gecko) Chrome/126.0.6478.126 Safari/537.36"
104.30.167.164 - - [01/Sep/2026:09:06:46 -0500] "HEAD / HTTP/1.1" 200 - "-" "Mozilla/5.0 (Macintosh; Intel Mac OS X 10_15_7) AppleWebKit/537.36 (KHTML, like Gecko) Chrome/92.0.4515.107 Safari/537.36 (compatible; +https://developers.cloudflare.com/security-center/)"
104.30.167.164 - - [01/Sep/2026:09:06:46 -0500] "HEAD / HTTP/1.1" 301 - "-" "Mozilla/5.0 (Macintosh; Intel Mac OS X 10_15_7) AppleWebKit/537.36 (KHTML, like Gecko) Chrome/92.0.4515.107 Safari/537.36 (compatible; +https://developers.cloudflare.com/security-center/)"
104.30.167.164 - - [01/Sep/2026:09:06:47 -0500] "HEAD / HTTP/1.1" 200 - "-" "Mozilla/5.0 (Macintosh; Intel Mac OS X 10_15_7) AppleWebKit/537.36 (KHTML, like Gecko) Chrome/92.0.4515.107 Safari/537.36 (compatible; +https://developers.cloudflare.com/security-center/)"
104.30.167.164 - - [01/Sep/2026:09:06:47 -0500] "HEAD / HTTP/1.1" 301 - "-" "Mozilla/5.0 (Macintosh; Intel Mac OS X 10_15_7) AppleWebKit/537.36 (KHTML, like Gecko) Chrome/92.0.4515.107 Safari/537.36 (compatible; +https://developers.cloudflare.com/security-center/)"
104.30.167.164 - - [01/Sep/2026:09:06:48 -0500] "HEAD / HTTP/1.1" 200 - "http://www.pastorfischer.com." "Mozilla/5.0 (Macintosh; Intel Mac OS X 10_15_7) AppleWebKit/537.36 (KHTML, like Gecko) Chrome/92.0.4515.107 Safari/537.36 (compatible; +https://developers.cloudflare.com/security-center/)"
45.61.187.148 - - [01/Sep/2026:09:07:10 -0500] "GET /wp-login.php HTTP/1.1" 200 6811 "-" "Mozilla/5.0 (Windows NT 10.0; Win64; x64) AppleWebKit/537.36 (KHTML, like Gecko) Chrome/114.0.0.0 Safari/537.36"
45.61.187.148 - - [01/Sep/2026:09:07:12 -0500] "POST /wp-login.php HTTP/1.1" 503 18947 "-" "Mozilla/5.0 (Windows NT 10.0; Win64; x64) AppleWebKit/537.36 (KHTML, like Gecko) Chrome/114.0.0.0 Safari/537.36"
45.61.187.148 - - [01/Sep/2026:09:07:15 -0500] "GET /wp-admin/themes.php HTTP/1.1" 503 18947 "-" "python-requests/2.34.2"
45.61.187.148 - - [01/Sep/2026:09:07:17 -0500] "GET /wp-admin/plugin-install.php?tab=upload HTTP/1.1" 503 18947 "-" "python-requests/2.34.2"
45.61.187.148 - - [01/Sep/2026:09:11:15 -0500] "GET /wp-login.php HTTP/1.1" 503 18034 "-" "Mozilla/5.0 (Windows NT 10.0; Win64; x64) AppleWebKit/537.36 (KHTML, like Gecko) Chrome/122.0.0.0 Safari/537.36"
157.90.185.123 - - [01/Sep/2026:09:13:50 -0500] "POST /?wordfence_syncAttackData=1788272030.3914 HTTP/1.1" 200 - "-" "WordPress/7.1; http://pastorfischer.com"
205.185.121.17 - - [01/Sep/2026:09:13:49 -0500] "GET /wp-login.php HTTP/1.1" 200 6811 "-" "Mozilla/5.0 (X11; Linux x86_64) AppleWebKit/537.36 (KHTML, like Gecko) Chrome/147.0.0.0 Safari/537.36"
205.185.121.17 - - [01/Sep/2026:09:13:51 -0500] "POST /wp-login.php HTTP/1.1" 503 18947 "-" "Mozilla/5.0 (X11; Linux x86_64) AppleWebKit/537.36 (KHTML, like Gecko) Chrome/147.0.0.0 Safari/537.36"
205.185.121.17 - - [01/Sep/2026:09:13:54 -0500] "GET /wp-admin/themes.php HTTP/1.1" 503 18947 "-" "python-requests/2.34.2"
205.185.121.17 - - [01/Sep/2026:09:13:55 -0500] "GET /wp-admin/plugin-install.php?tab=upload HTTP/1.1" 503 18947 "-" "python-requests/2.34.2"
209.141.55.190 - - [01/Sep/2026:09:14:25 -0500] "GET /wp-login.php HTTP/1.1" 200 6831 "-" "Mozilla/5.0 (Windows NT 6.3; Win64; x64) AppleWebKit/537.36 (KHTML, like Gecko) Chrome/120.0.0.0 Safari/537.36"
209.141.55.190 - - [01/Sep/2026:09:14:26 -0500] "POST /wp-login.php HTTP/1.1" 503 18948 "-" "Mozilla/5.0 (Windows NT 6.3; Win64; x64) AppleWebKit/537.36 (KHTML, like Gecko) Chrome/120.0.0.0 Safari/537.36"
209.141.55.190 - - [01/Sep/2026:09:14:29 -0500] "GET /wp-admin/themes.php HTTP/1.1" 503 18948 "-" "python-requests/2.34.2"
209.141.55.190 - - [01/Sep/2026:09:14:31 -0500] "GET /wp-admin/plugin-install.php?tab=upload HTTP/1.1" 503 18948 "-" "python-requests/2.34.2"
177.84.27.16 - - [01/Sep/2026:09:15:06 -0500] "GET /order/status HTTP/1.1" 404 72264 "-" "Mozilla/5.0 (Macintosh; U; Intel Mac OS X 10_5_5; it-it) AppleWebKit/525.18 (KHTML, like Gecko)"
94.154.43.146 - - [01/Sep/2026:09:21:30 -0500] "GET / HTTP/1.1" 200 440828 "-" "Mozilla/5.0 (Windows NT 10.0; Win64; x64) AppleWebKit/537.36 (KHTML, like Gecko) Chrome/147.0.0.0 Safari/537.36"
103.234.202.209 - - [01/Sep/2026:09:27:06 -0500] "GET /stores/artists-to-watch HTTP/1.1" 404 72264 "-" "Mozilla/5.0 (Macintosh; Intel Mac OS X 12_1_0) AppleWebKit/537.36 (KHTML, like Gecko) Chrome/128.0.6613.137 Safari/537.36"
106.54.62.156 - - [01/Sep/2026:09:27:31 -0500] "GET / HTTP/1.1" 200 237544 "-" "Mozilla/5.0 (iPhone; CPU iPhone OS 13_2_3 like Mac OS X) AppleWebKit/605.1.15 (KHTML, like Gecko) Version/13.0.3 Mobile/15E148 Safari/604.1"
74.7.241.35 - - [01/Sep/2026:09:31:28 -0500] "GET /wp-sitemap.xml HTTP/1.1" 403 199 "-" "Mozilla/5.0 AppleWebKit/537.36 (KHTML, like Gecko; compatible; GPTBot/1.4; +https://openai.com/gptbot)"
74.7.244.19 - - [01/Sep/2026:09:31:28 -0500] "GET /robots.txt HTTP/1.1" 200 117 "-" "Mozilla/5.0 (Macintosh; Intel Mac OS X 10_15_7) AppleWebKit/537.36 (KHTML, like Gecko) Chrome/131.0.0.0 Safari/537.36; compatible; OAI-SearchBot/1.4; robots.txt; +https://openai.com/searchbot"
185.191.171.18 - - [01/Sep/2026:09:35:58 -0500] "GET /robots.txt HTTP/1.1" 200 117 "-" "Mozilla/5.0 (compatible; SemrushBot/7~bl; +http://www.semrush.com/bot.html)"
85.208.96.205 - - [01/Sep/2026:09:35:59 -0500] "GET /my-books/ HTTP/1.1" 200 774957 "-" "Mozilla/5.0 (compatible; SemrushBot/7~bl; +http://www.semrush.com/bot.html)"
162.194.71.195 - - [01/Sep/2026:09:39:07 -0500] "GET /stores/ukrainian-artists HTTP/1.1" 404 72264 "-" "Mozilla/5.0 (Macintosh; Intel Mac OS X 13_5_2) AppleWebKit/537.36 (KHTML, like Gecko) Chrome/129.0.6668.100 Safari/537.36"
216.73.216.165 - - [01/Sep/2026:09:41:16 -0500] "GET /robots.txt HTTP/1.1" 200 118 "-" "Mozilla/5.0 AppleWebKit/537.36 (KHTML, like Gecko; compatible; ClaudeBot/1.0; +claudebot@anthropic.com)"
216.73.216.165 - - [01/Sep/2026:09:41:17 -0500] "GET /wp-sitemap.xml HTTP/1.1" 200 469 "-" "Mozilla/5.0 AppleWebKit/537.36 (KHTML, like Gecko; compatible; ClaudeBot/1.0; +claudebot@anthropic.com)"
85.175.197.203 - - [01/Sep/2026:09:51:08 -0500] "GET /SALJU4D?sort=popular HTTP/1.1" 404 72328 "-" "Mozilla/5.0 (Windows NT 10.0; Win64; x64) AppleWebKit/537.36 (KHTML, like Gecko) Chrome/125.0.6422.60 Safari/537.36"
50.6.200.195 - - [01/Sep/2026:09:53:17 -0500] "GET /wp-login.php HTTP/1.1" 200 6831 "-" "Mozilla/5.0 (Windows NT 10.0; Win64; x64) AppleWebKit/537.36 (KHTML, like Gecko) Chrome/151.0.0.0 Safari/537.36"
50.6.200.195 - - [01/Sep/2026:09:53:18 -0500] "POST /wp-login.php HTTP/1.1" 503 18948 "https://pastorfischer.com/wp-login.php" "Mozilla/5.0 (Windows NT 10.0; Win64; x64) AppleWebKit/537.36 (KHTML, like Gecko) Chrome/151.0.0.0 Safari/537.36"
209.141.37.195 - - [01/Sep/2026:09:53:36 -0500] "GET /wp-login.php HTTP/1.1" 200 6811 "-" "Mozilla/5.0 (Macintosh; Intel Mac OS X 10_15_7) AppleWebKit/605.1.15 (KHTML, like Gecko) Version/18.3 Safari/605.1.15"
209.141.37.195 - - [01/Sep/2026:09:55:08 -0500] "POST /wp-login.php HTTP/1.1" 503 18947 "-" "Mozilla/5.0 (Macintosh; Intel Mac OS X 10_15_7) AppleWebKit/605.1.15 (KHTML, like Gecko) Version/18.3 Safari/605.1.15"
209.141.37.195 - - [01/Sep/2026:09:55:14 -0500] "GET /wp-admin/themes.php HTTP/1.1" 503 18947 "-" "python-requests/2.34.2"
209.141.37.195 - - [01/Sep/2026:09:55:17 -0500] "GET /wp-admin/plugin-install.php?tab=upload HTTP/1.1" 503 18947 "-" "python-requests/2.34.2"
173.252.95.5 - - [01/Sep/2026:10:04:21 -0500] "GET /robots.txt HTTP/1.1" 200 117 "-" "facebookexternalhit/1.1 (+http://www.facebook.com/externalhit_uatext.php)"
45.61.187.148 - - [01/Sep/2026:10:04:31 -0500] "GET /wp-login.php HTTP/1.1" 200 6811 "-" "Mozilla/5.0 (Macintosh; Intel Mac OS X 10_9_2) AppleWebKit/537.75.14 (KHTML, like Gecko) Version/7.0.3 Safari/537.75.14"
45.61.187.148 - - [01/Sep/2026:10:04:32 -0500] "POST /wp-login.php HTTP/1.1" 503 18947 "-" "Mozilla/5.0 (Macintosh; Intel Mac OS X 10_9_2) AppleWebKit/537.75.14 (KHTML, like Gecko) Version/7.0.3 Safari/537.75.14"
45.61.187.148 - - [01/Sep/2026:10:04:35 -0500] "GET /wp-admin/themes.php HTTP/1.1" 503 18947 "-" "python-requests/2.34.2"
45.61.187.148 - - [01/Sep/2026:10:04:36 -0500] "GET /wp-admin/plugin-install.php?tab=upload HTTP/1.1" 503 18947 "-" "python-requests/2.34.2"
117.220.155.83 - - [01/Sep/2026:10:05:27 -0500] "GET /kids-long-sleeve-SALJU4D HTTP/1.1" 404 72328 "-" "Mozilla/5.0 (Macintosh; Intel Mac OS X 13_6_0) AppleWebKit/537.36 (KHTML, like Gecko) Chrome/128.0.6613.36 Safari/537.36"
62.60.130.230 - - [01/Sep/2026:10:07:01 -0500] "GET /wp-admin/admin-ajax.php?action=wdpsso_step1&redirect= HTTP/1.1" 400 1 "-" "Mozilla/5.0 (X11; Linux x86_64; rv:127.0) Gecko/20100101 Firefox/127.0"
