2.57.122.208 - - [02/Sep/2026:06:12:47 -0500] "GET /wp-content/plugins/brizy/public/editor-build/prod/editor/js/preview.min.js?ver=375-wp HTTP/1.1" 200 8234 "-" "Mozilla/5.0 (Windows NT 11.0; Win64; x64) AppleWebKit/537.36 (KHTML, like Gecko) Chrome/131.0.0.0 Safari/537.36"
2.57.122.208 - - [02/Sep/2026:06:12:47 -0500] "GET /wp-content/plugins/brizy-pro/public/editor-build/prod/js/group-1_2.pro.min.js?ver=244-wp HTTP/1.1" 200 132297 "-" "Mozilla/5.0 (Windows NT 11.0; Win64; x64) AppleWebKit/537.36 (KHTML, like Gecko) Chrome/131.0.0.0 Safari/537.36"
2.57.122.208 - - [02/Sep/2026:06:12:47 -0500] "GET /wp-content/themes/blocksy/static/bundle/main.js?ver=2.1.55 HTTP/1.1" 200 29750 "-" "Mozilla/5.0 (Windows NT 11.0; Win64; x64) AppleWebKit/537.36 (KHTML, like Gecko) Chrome/131.0.0.0 Safari/537.36"
2.57.122.208 - - [02/Sep/2026:06:12:47 -0500] "GET /.env HTTP/1.1" 404 72328 "-" "Mozilla/5.0 (Windows NT 11.0; Win64; x64) AppleWebKit/537.36 (KHTML, like Gecko) Chrome/131.0.0.0 Safari/537.36"
2.57.122.208 - - [02/Sep/2026:06:12:47 -0500] "GET /.env.production HTTP/1.1" 404 72328 "-" "Mozilla/5.0 (Windows NT 11.0; Win64; x64) AppleWebKit/537.36 (KHTML, like Gecko) Chrome/131.0.0.0 Safari/537.36"
2.57.122.208 - - [02/Sep/2026:06:12:47 -0500] "GET /service-account.json HTTP/1.1" 404 72328 "-" "Mozilla/5.0 (Windows NT 11.0; Win64; x64) AppleWebKit/537.36 (KHTML, like Gecko) Chrome/131.0.0.0 Safari/537.36"
2.57.122.208 - - [02/Sep/2026:06:12:47 -0500] "GET /.env.local HTTP/1.1" 404 72328 "-" "Mozilla/5.0 (Windows NT 11.0; Win64; x64) AppleWebKit/537.36 (KHTML, like Gecko) Chrome/131.0.0.0 Safari/537.36"
2.57.122.208 - - [02/Sep/2026:06:12:47 -0500] "GET /credentials.json HTTP/1.1" 404 72328 "-" "Mozilla/5.0 (Windows NT 11.0; Win64; x64) AppleWebKit/537.36 (KHTML, like Gecko) Chrome/131.0.0.0 Safari/537.36"
2.57.122.208 - - [02/Sep/2026:06:12:47 -0500] "GET /wp-config.php HTTP/1.1" 200 - "-" "Mozilla/5.0 (Windows NT 11.0; Win64; x64) AppleWebKit/537.36 (KHTML, like Gecko) Chrome/131.0.0.0 Safari/537.36"
2.57.122.208 - - [02/Sep/2026:06:12:47 -0500] "GET /wp-config.php.old HTTP/1.1" 404 72328 "-" "Mozilla/5.0 (Windows NT 11.0; Win64; x64) AppleWebKit/537.36 (KHTML, like Gecko) Chrome/131.0.0.0 Safari/537.36"
2.57.122.208 - - [02/Sep/2026:06:12:47 -0500] "GET /wp-config.php.save HTTP/1.1" 404 72328 "-" "Mozilla/5.0 (Windows NT 11.0; Win64; x64) AppleWebKit/537.36 (KHTML, like Gecko) Chrome/131.0.0.0 Safari/537.36"
2.57.122.208 - - [02/Sep/2026:06:12:49 -0500] "GET /wp-config.txt HTTP/1.1" 404 72328 "-" "Mozilla/5.0 (Windows NT 11.0; Win64; x64) AppleWebKit/537.36 (KHTML, like Gecko) Chrome/131.0.0.0 Safari/537.36"
2.57.122.208 - - [02/Sep/2026:06:12:49 -0500] "GET /static/js/main.js HTTP/1.1" 404 72328 "-" "Mozilla/5.0 (Windows NT 11.0; Win64; x64) AppleWebKit/537.36 (KHTML, like Gecko) Chrome/131.0.0.0 Safari/537.36"
2.57.122.208 - - [02/Sep/2026:06:12:49 -0500] "GET /.git/HEAD HTTP/1.1" 404 72328 "-" "Mozilla/5.0 (Windows NT 11.0; Win64; x64) AppleWebKit/537.36 (KHTML, like Gecko) Chrome/131.0.0.0 Safari/537.36"
2.57.122.208 - - [02/Sep/2026:06:12:49 -0500] "GET /bundle.js HTTP/1.1" 404 72328 "-" "Mozilla/5.0 (Windows NT 11.0; Win64; x64) AppleWebKit/537.36 (KHTML, like Gecko) Chrome/131.0.0.0 Safari/537.36"
157.90.185.123 - - [02/Sep/2026:06:12:50 -0500] "POST /?wordfence_syncAttackData=1788347570.2585 HTTP/1.1" 200 - "-" "WordPress/7.1; https://pastorfischer.com"
2.57.122.208 - - [02/Sep/2026:06:12:49 -0500] "GET /app.js HTTP/1.1" 404 72328 "-" "Mozilla/5.0 (Windows NT 11.0; Win64; x64) AppleWebKit/537.36 (KHTML, like Gecko) Chrome/131.0.0.0 Safari/537.36"
157.90.185.123 - - [02/Sep/2026:06:12:50 -0500] "POST /?wordfence_syncAttackData=1788347570.5099 HTTP/1.1" 200 16384 "-" "WordPress/7.1; https://pastorfischer.com"
157.90.185.123 - - [02/Sep/2026:06:12:50 -0500] "POST /?wordfence_syncAttackData=1788347570.3403 HTTP/1.1" 200 16384 "-" "WordPress/7.1; https://pastorfischer.com"
157.90.185.123 - - [02/Sep/2026:06:12:50 -0500] "POST /?wordfence_syncAttackData=1788347570.5798 HTTP/1.1" 200 16384 "-" "WordPress/7.1; https://pastorfischer.com"
157.90.185.123 - - [02/Sep/2026:06:12:52 -0500] "POST /?wordfence_syncAttackData=1788347572.8212 HTTP/1.1" 200 16384 "-" "WordPress/7.1; https://pastorfischer.com"
2.57.122.208 - - [02/Sep/2026:06:12:54 -0500] "GET /bundle.js HTTP/1.1" 404 72328 "-" "Mozilla/5.0 (Windows NT 11.0; Win64; x64) AppleWebKit/537.36 (KHTML, like Gecko) Chrome/131.0.0.0 Safari/537.36"
157.90.185.123 - - [02/Sep/2026:06:12:52 -0500] "POST /?wordfence_syncAttackData=1788347572.9066 HTTP/1.1" 200 16384 "-" "WordPress/7.1; https://pastorfischer.com"
2.57.122.208 - - [02/Sep/2026:06:12:54 -0500] "GET /app.js HTTP/1.1" 404 72328 "-" "Mozilla/5.0 (Windows NT 11.0; Win64; x64) AppleWebKit/537.36 (KHTML, like Gecko) Chrome/131.0.0.0 Safari/537.36"
157.90.185.123 - - [02/Sep/2026:06:12:52 -0500] "POST /?wordfence_syncAttackData=1788347572.922 HTTP/1.1" 200 16384 "-" "WordPress/7.1; https://pastorfischer.com"
157.90.185.123 - - [02/Sep/2026:06:12:53 -0500] "POST /?wordfence_syncAttackData=1788347573.2643 HTTP/1.1" 200 16384 "-" "WordPress/7.1; https://pastorfischer.com"
161.115.234.221 - - [02/Sep/2026:06:14:08 -0500] "GET / HTTP/1.1" 200 440911 "https://www.google.com" "Mozilla/5.0 (Windows NT 10.0; Win64; x64) AppleWebKit/537.36 (KHTML, like Gecko) Chrome/99.0.4844.51 Safari/537.36 Edg/99.0.1150.30"
52.167.144.231 - - [02/Sep/2026:06:17:51 -0500] "GET /sitemap.xml HTTP/1.1" 301 - "-" "Mozilla/5.0 AppleWebKit/537.36 (KHTML, like Gecko; compatible; bingbot/2.0; +http://www.bing.com/bingbot.htm) Chrome/116.0.1938.76 Safari/537.36"
52.167.144.66 - - [02/Sep/2026:06:17:57 -0500] "GET /robots.txt HTTP/1.1" 200 117 "-" "Mozilla/5.0 AppleWebKit/537.36 (KHTML, like Gecko; compatible; bingbot/2.0; +http://www.bing.com/bingbot.htm) Chrome/116.0.1938.76 Safari/537.36"
40.77.167.28 - - [02/Sep/2026:06:18:01 -0500] "GET /wp-sitemap.xml HTTP/1.1" 200 465 "-" "Mozilla/5.0 AppleWebKit/537.36 (KHTML, like Gecko; compatible; bingbot/2.0; +http://www.bing.com/bingbot.htm) Chrome/116.0.1938.76 Safari/537.36"
43.153.86.78 - - [02/Sep/2026:06:22:43 -0500] "GET / HTTP/1.1" 200 440763 "-" "Mozilla/5.0 (iPhone; CPU iPhone OS 13_2_3 like Mac OS X) AppleWebKit/605.1.15 (KHTML, like Gecko) Version/13.0.3 Mobile/15E148 Safari/604.1"
92.222.104.219 - - [02/Sep/2026:06:26:39 -0500] "GET / HTTP/1.1" 200 440828 "-" "Mozilla/5.0 (compatible; AhrefsBot/7.0; +http://ahrefs.com/robot/)"
140.248.44.140 - - [02/Sep/2026:06:33:30 -0500] "GET /.well-known/passkey-endpoints HTTP/1.1" 404 72328 "-" "com.apple.AuthenticationServicesCore.AuthenticationServicesAgent/8624.5.1.10.3 CFNetwork/3860.700.1 Darwin/25.6.0"
178.140.232.179 - - [02/Sep/2026:06:33:25 -0500] "GET /contact/ HTTP/1.0" 200 180208 "http://pastorfischer.com/contact/" "Mozilla/5.0 (Windows NT 10.0; Win64; x64) AppleWebKit/537.36 (KHTML, like Gecko) Chrome/130.0.0.0 Safari/537.36"
178.140.232.179 - - [02/Sep/2026:06:34:11 -0500] "GET / HTTP/1.0" 200 180208 "http://pastorfischer.com/" "Mozilla/5.0 (Windows NT 10.0; Win64; x64) AppleWebKit/537.36 (KHTML, like Gecko) Chrome/130.0.0.0 Safari/537.36"
54.147.80.137 - - [02/Sep/2026:06:39:34 -0500] "GET /wp-content/uploads/brizy/imgs/film_bild6-1290x860x216x0x860x860x1716092326.jpeg HTTP/1.1" 200 134528 "-" "Mozilla/5.0 AppleWebKit/537.36 (KHTML, like Gecko; compatible; Amazonbot/0.1; +https://developer.amazon.com/support/amazonbot) Chrome/119.0.6045.214 Safari/537.36"
18.97.14.86 - - [02/Sep/2026:06:41:46 -0500] "GET /robots.txt HTTP/1.1" 301 - "-" "CCBot/2.0 (https://commoncrawl.org/faq/)"
18.97.14.86 - - [02/Sep/2026:06:41:47 -0500] "GET /robots.txt HTTP/1.1" 200 117 "-" "CCBot/2.0 (https://commoncrawl.org/faq/)"
18.97.14.86 - - [02/Sep/2026:06:41:48 -0500] "GET / HTTP/1.1" 301 - "-" "CCBot/2.0 (https://commoncrawl.org/faq/)"
18.97.14.86 - - [02/Sep/2026:06:41:49 -0500] "GET / HTTP/1.1" 200 440763 "-" "CCBot/2.0 (https://commoncrawl.org/faq/)"
35.173.38.202 - - [02/Sep/2026:06:42:30 -0500] "GET /wp-content/uploads/brizy/imgs/film_bild4-292x219x0x0x292x219x1716091946.jpg HTTP/1.1" 200 47611 "-" "Mozilla/5.0 AppleWebKit/537.36 (KHTML, like Gecko; compatible; Amazonbot/0.1; +https://developer.amazon.com/support/amazonbot) Chrome/119.0.6045.214 Safari/537.36"
69.163.176.25 - - [02/Sep/2026:06:48:40 -0500] "GET /wp-json/wp/v2/users?_fields=slug&per_page=100&page=1 HTTP/1.1" 401 108 "-" "Mozilla/5.0 (Windows NT 10.0; Win64; x64) AppleWebKit/537.36 (KHTML, like Gecko) Chrome/151.0.0.0 Safari/537.36, Mozilla/5.0 (Macintosh; Intel Mac OS X 10_15_7) AppleWebKit/537.36 (KHTML, like Gecko) Chrome/151.0.0.0 Safari/537.36"
192.185.82.187 - - [02/Sep/2026:06:48:40 -0500] "GET /feed/ HTTP/1.1" 200 74953 "-" "Mozilla/5.0 (Windows NT 10.0; Win64; x64) AppleWebKit/537.36 (KHTML, like Gecko) Chrome/151.0.0.0 Safari/537.36, Mozilla/5.0 (Windows NT 10.0; Win64; x64) AppleWebKit/537.36 (KHTML, like Gecko) Chrome/151.0.0.0 Safari/537.36"
192.250.232.15 - - [02/Sep/2026:06:48:41 -0500] "GET /rss/ HTTP/1.1" 301 - "-" "Mozilla/5.0 (Windows NT 10.0; Win64; x64) AppleWebKit/537.36 (KHTML, like Gecko) Chrome/151.0.0.0 Safari/537.36, Mozilla/5.0 (Macintosh; Intel Mac OS X 10_15_7) AppleWebKit/537.36 (KHTML, like Gecko) Chrome/151.0.0.0 Safari/537.36"
50.6.207.27 - - [02/Sep/2026:06:48:41 -0500] "GET /feed/atom/ HTTP/1.1" 200 76736 "-" "Mozilla/5.0 (Windows NT 10.0; Win64; x64) AppleWebKit/537.36 (KHTML, like Gecko) Chrome/151.0.0.0 Safari/537.36, Mozilla/5.0 (Macintosh; Intel Mac OS X 10_15_7) AppleWebKit/537.36 (KHTML, like Gecko) Chrome/151.0.0.0 Safari/537.36"
20.75.217.68 - - [02/Sep/2026:06:48:41 -0500] "GET /wp-json/ HTTP/1.1" 200 207665 "-" "Mozilla/5.0 (Windows NT 10.0; Win64; x64) AppleWebKit/537.36 (KHTML, like Gecko) Chrome/151.0.0.0 Safari/537.36, Mozilla/5.0 (Windows NT 10.0; Win64; x64) AppleWebKit/537.36 (KHTML, like Gecko) Chrome/151.0.0.0 Safari/537.36"
50.6.207.27 - - [02/Sep/2026:06:48:42 -0500] "GET /?rest_route=/wp/v2/users&_fields=slug&per_page=100&page=1 HTTP/1.1" 401 108 "-" "Mozilla/5.0 (Windows NT 10.0; Win64; x64) AppleWebKit/537.36 (KHTML, like Gecko) Chrome/151.0.0.0 Safari/537.36, Mozilla/5.0 (Macintosh; Intel Mac OS X 10_15_7) AppleWebKit/537.36 (KHTML, like Gecko) Chrome/151.0.0.0 Safari/537.36"
209.42.21.221 - - [02/Sep/2026:06:48:47 -0500] "POST /api/graphql HTTP/1.1" 404 72328 "-" "Mozilla/5.0 (Windows NT 10.0; Win64; x64) AppleWebKit/537.36 (KHTML, like Gecko) Chrome/151.0.0.0 Safari/537.36, Mozilla/5.0 (X11; Linux x86_64) AppleWebKit/537.36 (KHTML, like Gecko) Chrome/151.0.0.0 Safari/537.36"
192.250.232.15 - - [02/Sep/2026:06:48:47 -0500] "GET /feed/ HTTP/1.1" 200 74953 "-" "Mozilla/5.0 (Windows NT 10.0; Win64; x64) AppleWebKit/537.36 (KHTML, like Gecko) Chrome/151.0.0.0 Safari/537.36, Mozilla/5.0 (Macintosh; Intel Mac OS X 10_15_7) AppleWebKit/537.36 (KHTML, like Gecko) Chrome/151.0.0.0 Safari/537.36"
162.144.20.85 - - [02/Sep/2026:06:48:47 -0500] "GET /wp-json/oembed/1.0/embed?url=https%3A%2F%2Fpastorfischer.com&format=json HTTP/1.1" 200 2038 "-" "Mozilla/5.0 (Windows NT 10.0; Win64; x64) AppleWebKit/537.36 (KHTML, like Gecko) Chrome/151.0.0.0 Safari/537.36, Mozilla/5.0 (X11; Linux x86_64) AppleWebKit/537.36 (KHTML, like Gecko) Chrome/151.0.0.0 Safari/537.36"
157.90.185.123 - - [02/Sep/2026:06:48:48 -0500] "POST /?wordfence_syncAttackData=1788349728.0345 HTTP/1.1" 200 - "-" "WordPress/7.1; https://pastorfischer.com"
197.155.134.251 - - [02/Sep/2026:06:48:50 -0500] "GET /author-sitemap.xml HTTP/1.1" 404 72328 "-" "Mozilla/5.0 (Windows NT 10.0; Win64; x64) AppleWebKit/537.36 (KHTML, like Gecko) Chrome/151.0.0.0 Safari/537.36, Mozilla/5.0 (Windows NT 10.0; Win64; x64) AppleWebKit/537.36 (KHTML, like Gecko) Chrome/151.0.0.0 Safari/537.36"
157.90.185.123 - - [02/Sep/2026:06:48:48 -0500] "POST /?wordfence_syncAttackData=1788349728.3061 HTTP/1.1" 200 16384 "-" "WordPress/7.1; https://pastorfischer.com"
157.90.185.123 - - [02/Sep/2026:06:48:48 -0500] "POST /?wordfence_syncAttackData=1788349728.5698 HTTP/1.1" 200 16384 "-" "WordPress/7.1; https://pastorfischer.com"
50.6.200.195 - - [02/Sep/2026:06:48:52 -0500] "GET /wp-json/wp/v2/users?per_page=100&_fields=slug,locale HTTP/1.1" 401 108 "-" "Mozilla/5.0 (Windows NT 10.0; Win64; x64) AppleWebKit/537.36 (KHTML, like Gecko) Chrome/151.0.0.0 Safari/537.36, Mozilla/5.0 (Windows NT 10.0; Win64; x64) AppleWebKit/537.36 (KHTML, like Gecko) Chrome/151.0.0.0 Safari/537.36"
103.190.47.78 - - [02/Sep/2026:06:48:53 -0500] "GET /wp-json/wp/v2/users?per_page=100&_fields=slug HTTP/1.1" 401 108 "https://pastorfischer.com/" "Mozilla/5.0 (Windows NT 10.0; Win64; x64) AppleWebKit/537.36 (KHTML, like Gecko) Chrome/151.0.0.0 Safari/537.36, Mozilla/5.0 (X11; Linux x86_64) AppleWebKit/537.36 (KHTML, like Gecko) Chrome/151.0.0.0 Safari/537.36"
118.99.73.19 - - [02/Sep/2026:06:48:56 -0500] "GET /wp-json/rankmath/v1/getHead?url=https://pastorfischer.com HTTP/1.1" 404 114 "-" "Mozilla/5.0 (Windows NT 10.0; Win64; x64) AppleWebKit/537.36 (KHTML, like Gecko) Chrome/151.0.0.0 Safari/537.36, Mozilla/5.0 (Windows NT 10.0; Win64; x64) AppleWebKit/537.36 (KHTML, like Gecko) Chrome/151.0.0.0 Safari/537.36"
50.6.200.195 - - [02/Sep/2026:06:48:58 -0500] "GET /wp-json/wc/v3/customers?per_page=100&_fields=username,email HTTP/1.1" 404 114 "-" "Mozilla/5.0 (Windows NT 10.0; Win64; x64) AppleWebKit/537.36 (KHTML, like Gecko) Chrome/151.0.0.0 Safari/537.36, Mozilla/5.0 (Windows NT 10.0; Win64; x64) AppleWebKit/537.36 (KHTML, like Gecko) Chrome/151.0.0.0 Safari/537.36"
197.155.134.251 - - [02/Sep/2026:06:48:41 -0500] "GET / HTTP/1.1" 200 188400 "-" "Mozilla/5.0 (Windows NT 10.0; Win64; x64) AppleWebKit/537.36 (KHTML, like Gecko) Chrome/151.0.0.0 Safari/537.36, Mozilla/5.0 (Macintosh; Intel Mac OS X 10_15_7) AppleWebKit/537.36 (KHTML, like Gecko) Chrome/151.0.0.0 Safari/537.36"
217.64.102.75 - - [02/Sep/2026:06:49:00 -0500] "GET /?author=1 HTTP/1.1" 404 72835 "-" "Mozilla/5.0 (Windows NT 10.0; Win64; x64) AppleWebKit/537.36 (KHTML, like Gecko) Chrome/151.0.0.0 Safari/537.36, Mozilla/5.0 (Macintosh; Intel Mac OS X 10_15_7) AppleWebKit/537.36 (KHTML, like Gecko) Chrome/151.0.0.0 Safari/537.36"
197.155.134.251 - - [02/Sep/2026:06:49:01 -0500] "GET /wp-json/wp/v2/users/me HTTP/1.1" 401 96 "-" "Mozilla/5.0 (Windows NT 10.0; Win64; x64) AppleWebKit/537.36 (KHTML, like Gecko) Chrome/151.0.0.0 Safari/537.36, Mozilla/5.0 (Macintosh; Intel Mac OS X 10_15_7) AppleWebKit/537.36 (KHTML, like Gecko) Chrome/151.0.0.0 Safari/537.36"
139.59.123.133 - - [02/Sep/2026:06:49:03 -0500] "GET /?rest_route=/wp/v2/users&_jsonp=callback&per_page=100&_fields=id,slug HTTP/1.1" 401 122 "-" "Mozilla/5.0 (Windows NT 10.0; Win64; x64) AppleWebKit/537.36 (KHTML, like Gecko) Chrome/151.0.0.0 Safari/537.36, Mozilla/5.0 (X11; Linux x86_64) AppleWebKit/537.36 (KHTML, like Gecko) Chrome/151.0.0.0 Safari/537.36"
197.155.134.251 - - [02/Sep/2026:06:49:03 -0500] "GET /wp-json/buddypress/v1/members?per_page=100&_fields=user_login HTTP/1.1" 404 114 "-" "Mozilla/5.0 (Windows NT 10.0; Win64; x64) AppleWebKit/537.36 (KHTML, like Gecko) Chrome/151.0.0.0 Safari/537.36, Mozilla/5.0 (Macintosh; Intel Mac OS X 10_15_7) AppleWebKit/537.36 (KHTML, like Gecko) Chrome/151.0.0.0 Safari/537.36"
65.181.111.157 - - [02/Sep/2026:06:49:03 -0500] "GET /wp-json/ldlms/v2/users?per_page=100&_fields=user_login HTTP/1.1" 404 114 "-" "Mozilla/5.0 (Windows NT 10.0; Win64; x64) AppleWebKit/537.36 (KHTML, like Gecko) Chrome/151.0.0.0 Safari/537.36, Mozilla/5.0 (Windows NT 10.0; Win64; x64) AppleWebKit/537.36 (KHTML, like Gecko) Chrome/151.0.0.0 Safari/537.36"
135.236.141.99 - - [02/Sep/2026:06:49:04 -0500] "GET /wp-json/ultimate-member/v1/users HTTP/1.1" 404 114 "-" "Mozilla/5.0 (Windows NT 10.0; Win64; x64) AppleWebKit/537.36 (KHTML, like Gecko) Chrome/151.0.0.0 Safari/537.36, Mozilla/5.0 (Macintosh; Intel Mac OS X 10_15_7) AppleWebKit/537.36 (KHTML, like Gecko) Chrome/151.0.0.0 Safari/537.36"
143.95.158.36 - - [02/Sep/2026:06:49:04 -0500] "GET /wp-json/wp/v2/users?_jsonp=callback&per_page=100&_fields=id,slug HTTP/1.1" 401 122 "-" "Mozilla/5.0 (Windows NT 10.0; Win64; x64) AppleWebKit/537.36 (KHTML, like Gecko) Chrome/151.0.0.0 Safari/537.36, Mozilla/5.0 (Macintosh; Intel Mac OS X 10_15_7) AppleWebKit/537.36 (KHTML, like Gecko) Chrome/151.0.0.0 Safari/537.36"
20.75.217.68 - - [02/Sep/2026:06:49:09 -0500] "POST /xmlrpc.php HTTP/1.1" 403 199 "-" "Mozilla/5.0 (Windows NT 10.0; Win64; x64) AppleWebKit/537.36 (KHTML, like Gecko) Chrome/151.0.0.0 Safari/537.36, Mozilla/5.0 (Windows NT 10.0; Win64; x64) AppleWebKit/537.36 (KHTML, like Gecko) Chrome/151.0.0.0 Safari/537.36"
209.42.21.221 - - [02/Sep/2026:06:49:09 -0500] "GET /wp-json/buddypress/v1/members HTTP/1.1" 404 114 "-" "Mozilla/5.0 (Windows NT 10.0; Win64; x64) AppleWebKit/537.36 (KHTML, like Gecko) Chrome/151.0.0.0 Safari/537.36, Mozilla/5.0 (Macintosh; Intel Mac OS X 10_15_7) AppleWebKit/537.36 (KHTML, like Gecko) Chrome/151.0.0.0 Safari/537.36"
108.179.252.135 - - [02/Sep/2026:06:49:09 -0500] "GET /?author=2 HTTP/1.1" 404 72835 "-" "Mozilla/5.0 (Windows NT 10.0; Win64; x64) AppleWebKit/537.36 (KHTML, like Gecko) Chrome/151.0.0.0 Safari/537.36, Mozilla/5.0 (X11; Linux x86_64) AppleWebKit/537.36 (KHTML, like Gecko) Chrome/151.0.0.0 Safari/537.36"
162.144.20.85 - - [02/Sep/2026:06:49:09 -0500] "GET /wp-json/ HTTP/1.1" 200 207665 "-" "Mozilla/5.0 (Windows NT 10.0; Win64; x64) AppleWebKit/537.36 (KHTML, like Gecko) Chrome/151.0.0.0 Safari/537.36, Mozilla/5.0 (Macintosh; Intel Mac OS X 10_15_7) AppleWebKit/537.36 (KHTML, like Gecko) Chrome/151.0.0.0 Safari/537.36"
50.6.200.195 - - [02/Sep/2026:06:49:16 -0500] "GET /wp-json/wp-abilities/v1/v1/users HTTP/1.1" 404 114 "-" "Mozilla/5.0 (Windows NT 10.0; Win64; x64) AppleWebKit/537.36 (KHTML, like Gecko) Chrome/151.0.0.0 Safari/537.36, Mozilla/5.0 (Windows NT 10.0; Win64; x64) AppleWebKit/537.36 (KHTML, like Gecko) Chrome/151.0.0.0 Safari/537.36"
20.15.145.84 - - [02/Sep/2026:06:49:17 -0500] "GET /wp-json/learnpress/v1/users HTTP/1.1" 404 114 "-" "Mozilla/5.0 (Windows NT 10.0; Win64; x64) AppleWebKit/537.36 (KHTML, like Gecko) Chrome/151.0.0.0 Safari/537.36, Mozilla/5.0 (X11; Linux x86_64) AppleWebKit/537.36 (KHTML, like Gecko) Chrome/151.0.0.0 Safari/537.36"
20.15.145.84 - - [02/Sep/2026:06:49:18 -0500] "GET /wp-json/wp/v2/users?per_page=50&_embed&_fields=id,slug,name HTTP/1.1" 401 108 "-" "Mozilla/5.0 (Windows NT 10.0; Win64; x64) AppleWebKit/537.36 (KHTML, like Gecko) Chrome/151.0.0.0 Safari/537.36, Mozilla/5.0 (Macintosh; Intel Mac OS X 10_15_7) AppleWebKit/537.36 (KHTML, like Gecko) Chrome/151.0.0.0 Safari/537.36"
197.155.134.251 - - [02/Sep/2026:06:49:27 -0500] "GET /wp-json/wc/v3/customers HTTP/1.1" 404 114 "-" "Mozilla/5.0 (Windows NT 10.0; Win64; x64) AppleWebKit/537.36 (KHTML, like Gecko) Chrome/151.0.0.0 Safari/537.36, Mozilla/5.0 (Windows NT 10.0; Win64; x64) AppleWebKit/537.36 (KHTML, like Gecko) Chrome/151.0.0.0 Safari/537.36"
50.6.200.195 - - [02/Sep/2026:06:49:35 -0500] "GET /wp-json/bbp-api/v1/users HTTP/1.1" 404 114 "-" "Mozilla/5.0 (Windows NT 10.0; Win64; x64) AppleWebKit/537.36 (KHTML, like Gecko) Chrome/151.0.0.0 Safari/537.36, Mozilla/5.0 (X11; Linux x86_64) AppleWebKit/537.36 (KHTML, like Gecko) Chrome/151.0.0.0 Safari/537.36"
173.254.30.144 - - [02/Sep/2026:06:49:41 -0500] "GET /wp-json/mepr/v1/members HTTP/1.1" 404 114 "-" "Mozilla/5.0 (Windows NT 10.0; Win64; x64) AppleWebKit/537.36 (KHTML, like Gecko) Chrome/151.0.0.0 Safari/537.36, Mozilla/5.0 (Macintosh; Intel Mac OS X 10_15_7) AppleWebKit/537.36 (KHTML, like Gecko) Chrome/151.0.0.0 Safari/537.36"
37.186.221.181 - - [02/Sep/2026:06:49:42 -0500] "GET /wp-json/wordfence-login-security/v1/v1/users HTTP/1.1" 404 114 "-" "Mozilla/5.0 (Windows NT 10.0; Win64; x64) AppleWebKit/537.36 (KHTML, like Gecko) Chrome/151.0.0.0 Safari/537.36, Mozilla/5.0 (X11; Linux x86_64) AppleWebKit/537.36 (KHTML, like Gecko) Chrome/151.0.0.0 Safari/537.36"
77.95.113.12 - - [02/Sep/2026:06:49:46 -0500] "GET /wp-json/ldlms/v2/users HTTP/1.1" 404 114 "-" "Mozilla/5.0 (Windows NT 10.0; Win64; x64) AppleWebKit/537.36 (KHTML, like Gecko) Chrome/151.0.0.0 Safari/537.36, Mozilla/5.0 (X11; Linux x86_64) AppleWebKit/537.36 (KHTML, like Gecko) Chrome/151.0.0.0 Safari/537.36"
129.121.74.194 - - [02/Sep/2026:06:49:52 -0500] "GET /wp-json/wordfence-login-security/v1/members HTTP/1.1" 404 114 "-" "Mozilla/5.0 (Windows NT 10.0; Win64; x64) AppleWebKit/537.36 (KHTML, like Gecko) Chrome/151.0.0.0 Safari/537.36, Mozilla/5.0 (X11; Linux x86_64) AppleWebKit/537.36 (KHTML, like Gecko) Chrome/151.0.0.0 Safari/537.36"
20.15.145.84 - - [02/Sep/2026:06:49:54 -0500] "GET /wp-json/tutor/v1/students HTTP/1.1" 404 114 "-" "Mozilla/5.0 (Windows NT 10.0; Win64; x64) AppleWebKit/537.36 (KHTML, like Gecko) Chrome/151.0.0.0 Safari/537.36, Mozilla/5.0 (Macintosh; Intel Mac OS X 10_15_7) AppleWebKit/537.36 (KHTML, like Gecko) Chrome/151.0.0.0 Safari/537.36"
192.254.224.255 - - [02/Sep/2026:06:50:00 -0500] "GET /wp-json/batch/v1/users HTTP/1.1" 404 114 "-" "Mozilla/5.0 (Windows NT 10.0; Win64; x64) AppleWebKit/537.36 (KHTML, like Gecko) Chrome/151.0.0.0 Safari/537.36, Mozilla/5.0 (X11; Linux x86_64) AppleWebKit/537.36 (KHTML, like Gecko) Chrome/151.0.0.0 Safari/537.36"
37.186.221.181 - - [02/Sep/2026:06:50:07 -0500] "GET /wp-json/ai1wm/v1/users HTTP/1.1" 404 114 "-" "Mozilla/5.0 (Windows NT 10.0; Win64; x64) AppleWebKit/537.36 (KHTML, like Gecko) Chrome/151.0.0.0 Safari/537.36, Mozilla/5.0 (Windows NT 10.0; Win64; x64) AppleWebKit/537.36 (KHTML, like Gecko) Chrome/151.0.0.0 Safari/537.36"
50.6.200.195 - - [02/Sep/2026:06:50:15 -0500] "GET /wp-json/ai1wm/v1/v1/users HTTP/1.1" 404 114 "-" "Mozilla/5.0 (Windows NT 10.0; Win64; x64) AppleWebKit/537.36 (KHTML, like Gecko) Chrome/151.0.0.0 Safari/537.36, Mozilla/5.0 (Macintosh; Intel Mac OS X 10_15_7) AppleWebKit/537.36 (KHTML, like Gecko) Chrome/151.0.0.0 Safari/537.36"
5.175.206.202 - - [02/Sep/2026:06:50:38 -0500] "GET /wp-login.php HTTP/1.1" 200 6831 "https://duckduckgo.com/" "Mozilla/5.0 (Macintosh; Intel Mac OS X 10_15_7) AppleWebKit/605.1.15 (KHTML, like Gecko) Version/16.6 Safari/605.1.15"
5.175.206.202 - - [02/Sep/2026:06:50:40 -0500] "GET /?author=1 HTTP/1.1" 404 72835 "https://www.bing.com/" "Mozilla/5.0 (Macintosh; Intel Mac OS X 10_15_7; rv:121.0) Gecko/20100101 Firefox/121.0"
5.175.206.202 - - [02/Sep/2026:06:50:41 -0500] "GET /?author=2 HTTP/1.1" 404 72835 "https://www.google.com/" "Mozilla/5.0 (Windows NT 10.0; Win64; x64) AppleWebKit/537.36 (KHTML, like Gecko) Chrome/119.0.0.0 Safari/537.36"
5.175.206.202 - - [02/Sep/2026:06:50:48 -0500] "GET /wp-json/wp/v2/users HTTP/1.1" 401 108 "-" "Mozilla/5.0 (Macintosh; Intel Mac OS X 10_15_7) AppleWebKit/537.36 (KHTML, like Gecko) Chrome/119.0.0.0 Safari/537.36"
5.175.206.202 - - [02/Sep/2026:06:50:49 -0500] "POST /wp-login.php HTTP/1.1" 503 18948 "https://pastorfischer.com/wp-login.php" "Mozilla/5.0 (Macintosh; Intel Mac OS X 10_15_7) AppleWebKit/605.1.15 (KHTML, like Gecko) Version/17.0 Safari/605.1.15"
5.175.206.202 - - [02/Sep/2026:06:50:51 -0500] "GET /wp-admin/index.php HTTP/1.1" 503 18948 "https://pastorfischer.com/wp-login.php" "Mozilla/5.0 (Macintosh; Intel Mac OS X 10_15_7; rv:118.0) Gecko/20100101 Firefox/118.0"
50.6.207.27 - - [02/Sep/2026:06:50:59 -0500] "GET /wp-json/wp-rollback/v1/v1/users HTTP/1.1" 404 114 "-" "Mozilla/5.0 (Windows NT 10.0; Win64; x64) AppleWebKit/537.36 (KHTML, like Gecko) Chrome/151.0.0.0 Safari/537.36, Mozilla/5.0 (X11; Linux x86_64) AppleWebKit/537.36 (KHTML, like Gecko) Chrome/151.0.0.0 Safari/537.36"
37.186.221.181 - - [02/Sep/2026:06:51:07 -0500] "GET /wp-json/wp-rollback/v1/members HTTP/1.1" 404 114 "-" "Mozilla/5.0 (Windows NT 10.0; Win64; x64) AppleWebKit/537.36 (KHTML, like Gecko) Chrome/151.0.0.0 Safari/537.36, Mozilla/5.0 (Macintosh; Intel Mac OS X 10_15_7) AppleWebKit/537.36 (KHTML, like Gecko) Chrome/151.0.0.0 Safari/537.36"
5.135.141.158 - - [02/Sep/2026:06:51:15 -0500] "GET /wp-json/wp-site-health/v1/members HTTP/1.1" 404 114 "-" "Mozilla/5.0 (Windows NT 10.0; Win64; x64) AppleWebKit/537.36 (KHTML, like Gecko) Chrome/151.0.0.0 Safari/537.36, Mozilla/5.0 (X11; Linux x86_64) AppleWebKit/537.36 (KHTML, like Gecko) Chrome/151.0.0.0 Safari/537.36"
43.132.141.157 - - [02/Sep/2026:06:54:27 -0500] "GET /robots.txt HTTP/1.1" 200 118 "-" "CodeMMPretrainCrawler/1.0"
43.155.125.241 - - [02/Sep/2026:06:54:30 -0500] "GET /who-am-i-and-where-do-i-go HTTP/1.1" 301 - "-" "CodeMMPretrainCrawler/1.0"
43.155.125.172 - - [02/Sep/2026:06:54:34 -0500] "GET /who-am-i-and-where-do-i-go/ HTTP/1.1" 200 81625 "-" "CodeMMPretrainCrawler/1.0"
43.135.107.125 - - [02/Sep/2026:06:54:40 -0500] "GET /wp-content/themes/blocksy/static/bundle/main.min.css?ver=2.1.55 HTTP/1.1" 200 94385 "-" "CodeMMPretrainCrawler/1.0"
43.135.107.155 - - [02/Sep/2026:06:54:50 -0500] "GET /wp-content/themes/blocksy/static/bundle/page-title.min.css?ver=2.1.55 HTTP/1.1" 200 1254 "-" "CodeMMPretrainCrawler/1.0"
43.135.107.95 - - [02/Sep/2026:06:54:53 -0500] "GET /wp-content/themes/blocksy/static/bundle/comments.min.css?ver=2.1.55 HTTP/1.1" 200 4779 "-" "CodeMMPretrainCrawler/1.0"
43.155.125.62 - - [02/Sep/2026:06:54:56 -0500] "GET /wp-content/themes/blocksy/static/bundle/featured-image.min.css?ver=2.1.55 HTTP/1.1" 200 575 "-" "CodeMMPretrainCrawler/1.0"
43.135.107.111 - - [02/Sep/2026:06:54:58 -0500] "GET /wp-content/themes/blocksy/static/bundle/brizy.min.css?ver=2.1.55 HTTP/1.1" 200 1425 "-" "CodeMMPretrainCrawler/1.0"
43.155.125.212 - - [02/Sep/2026:06:54:59 -0500] "GET /wp-content/uploads/2024/06/logo-pf-blanco.png HTTP/1.1" 200 1893 "-" "Mozilla/5.0 (X11; Linux x86_64) AppleWebKit/537.36 (KHTML, like Gecko) HeadlessChrome/151.0.0.0 Safari/537.36"
43.155.125.212 - - [02/Sep/2026:06:54:59 -0500] "GET /wp-content/uploads/2024/06/logo-pf-blanco.png HTTP/1.1" 200 1893 "-" "Mozilla/5.0 (X11; Linux x86_64) AppleWebKit/537.36 (KHTML, like Gecko) HeadlessChrome/151.0.0.0 Safari/537.36"
43.155.125.212 - - [02/Sep/2026:06:55:00 -0500] "GET /wp-content/uploads/2026/03/choosingdirection-min-2779328817.jpeg HTTP/1.1" 200 24712 "-" "Mozilla/5.0 (X11; Linux x86_64) AppleWebKit/537.36 (KHTML, like Gecko) HeadlessChrome/151.0.0.0 Safari/537.36"
43.155.125.212 - - [02/Sep/2026:06:55:00 -0500] "GET /wp-content/uploads/2024/05/pf-blanco.png HTTP/1.1" 200 898 "-" "Mozilla/5.0 (X11; Linux x86_64) AppleWebKit/537.36 (KHTML, like Gecko) HeadlessChrome/151.0.0.0 Safari/537.36"
5.175.206.202 - - [02/Sep/2026:07:00:50 -0500] "GET /wp-admin/index.php HTTP/1.1" 302 - "https://pastorfischer.com/wp-login.php" "Mozilla/5.0 (Macintosh; Intel Mac OS X 10_15_7; rv:118.0) Gecko/20100101 Firefox/118.0"
18.97.14.86 - - [02/Sep/2026:07:00:51 -0500] "GET / HTTP/1.1" 200 440763 "-" "CCBot/2.0 (https://commoncrawl.org/faq/)"
5.175.206.202 - - [02/Sep/2026:07:00:51 -0500] "GET /wp-login.php?redirect_to=https%3A%2F%2Fpastorfischer.com%2Fwp-admin%2Findex.php&reauth=1 HTTP/1.1" 200 6947 "https://pastorfischer.com/wp-login.php" "Mozilla/5.0 (Macintosh; Intel Mac OS X 10_15_7; rv:118.0) Gecko/20100101 Firefox/118.0"
5.175.206.202 - - [02/Sep/2026:07:00:52 -0500] "POST /wp-login.php HTTP/1.1" 503 18948 "https://pastorfischer.com/wp-login.php" "Mozilla/5.0 (X11; Linux x86_64) AppleWebKit/537.36 (KHTML, like Gecko) Chrome/120.0.0.0 Safari/537.36"
5.175.206.202 - - [02/Sep/2026:07:00:54 -0500] "GET /wp-admin/index.php HTTP/1.1" 503 18948 "https://pastorfischer.com/wp-login.php" "Mozilla/5.0 (Macintosh; Intel Mac OS X 13_6_1) AppleWebKit/605.1.15 (KHTML, like Gecko) Version/17.2 Safari/605.1.15"
54.91.122.193 - - [02/Sep/2026:07:06:38 -0500] "GET /debt-free/embed/ HTTP/1.1" 200 500999 "-" "Mozilla/5.0 AppleWebKit/537.36 (KHTML, like Gecko; compatible; Amazonbot/0.1; +https://developer.amazon.com/support/amazonbot) Chrome/119.0.6045.214 Safari/537.36"
43.165.167.72 - - [02/Sep/2026:07:09:57 -0500] "GET / HTTP/1.1" 301 - "-" "Mozilla/5.0 (iPhone; CPU iPhone OS 13_2_3 like Mac OS X) AppleWebKit/605.1.15 (KHTML, like Gecko) Version/13.0.3 Mobile/15E148 Safari/604.1"
43.165.167.72 - - [02/Sep/2026:07:09:59 -0500] "GET / HTTP/1.1" 200 270304 "http://www.pastorfischer.com" "Mozilla/5.0 (iPhone; CPU iPhone OS 13_2_3 like Mac OS X) AppleWebKit/605.1.15 (KHTML, like Gecko) Version/13.0.3 Mobile/15E148 Safari/604.1"
5.175.206.202 - - [02/Sep/2026:07:10:54 -0500] "GET /wp-admin/index.php HTTP/1.1" 302 - "https://pastorfischer.com/wp-login.php" "Mozilla/5.0 (Macintosh; Intel Mac OS X 13_6_1) AppleWebKit/605.1.15 (KHTML, like Gecko) Version/17.2 Safari/605.1.15"
5.175.206.202 - - [02/Sep/2026:07:10:55 -0500] "GET /wp-login.php?redirect_to=https%3A%2F%2Fpastorfischer.com%2Fwp-admin%2Findex.php&reauth=1 HTTP/1.1" 200 6947 "https://pastorfischer.com/wp-login.php" "Mozilla/5.0 (Macintosh; Intel Mac OS X 13_6_1) AppleWebKit/605.1.15 (KHTML, like Gecko) Version/17.2 Safari/605.1.15"
5.175.206.202 - - [02/Sep/2026:07:10:56 -0500] "POST /wp-login.php HTTP/1.1" 503 18948 "https://pastorfischer.com/wp-login.php" "Mozilla/5.0 (X11; Ubuntu; Linux x86_64) AppleWebKit/537.36 (KHTML, like Gecko) Chrome/120.0.0.0 Safari/537.36"
5.175.206.202 - - [02/Sep/2026:07:11:02 -0500] "GET /wp-admin/index.php HTTP/1.1" 503 18948 "https://pastorfischer.com/wp-login.php" "Mozilla/5.0 (X11; Linux x86_64) AppleWebKit/537.36 (KHTML, like Gecko) Chrome/118.0.0.0 Safari/537.36"
5.175.206.202 - - [02/Sep/2026:07:12:00 -0500] "GET /wp-login.php HTTP/1.1" 503 18035 "https://www.bing.com/" "Mozilla/5.0 (Windows NT 10.0; Win64; x64; rv:119.0) Gecko/20100101 Firefox/119.0"
157.90.185.123 - - [02/Sep/2026:07:18:06 -0500] "POST /?wordfence_syncAttackData=1788351486.8202 HTTP/1.1" 200 - "-" "WordPress/7.1; https://pastorfischer.com"
47.128.47.166 - - [02/Sep/2026:07:18:06 -0500] "GET /robots.txt HTTP/1.1" 200 118 "-" "Mozilla/5.0 (Linux; Android 5.0) AppleWebKit/537.36 (KHTML, like Gecko) Mobile Safari/537.36 (compatible; Bytespider; spider-feedback@bytedance.com)"
17.166.234.223 - - [02/Sep/2026:07:22:57 -0500] "GET /superliga168lokasi/ HTTP/1.1" 404 72328 "-" "Mozilla/5.0 (Macintosh; Intel Mac OS X 10_15_7) AppleWebKit/605.1.15 (KHTML, like Gecko) Version/17.4 Safari/605.1.15 (Applebot/0.1; +http://www.apple.com/go/applebot)"
45.61.187.30 - - [02/Sep/2026:07:24:42 -0500] "GET /wp-login.php HTTP/1.1" 200 6811 "-" "Mozilla/5.0 (Macintosh; Intel Mac OS X 10.7; rv:31.0) Gecko/20100101 Firefox/31.0"
45.61.187.30 - - [02/Sep/2026:07:25:14 -0500] "POST /wp-login.php HTTP/1.1" 503 18947 "-" "Mozilla/5.0 (Macintosh; Intel Mac OS X 10.7; rv:31.0) Gecko/20100101 Firefox/31.0"
45.61.187.30 - - [02/Sep/2026:07:25:17 -0500] "GET /wp-admin/themes.php HTTP/1.1" 503 18947 "-" "python-requests/2.34.2"
45.61.187.30 - - [02/Sep/2026:07:25:18 -0500] "GET /wp-admin/plugin-install.php?tab=upload HTTP/1.1" 503 18947 "-" "python-requests/2.34.2"
40.77.167.43 - - [02/Sep/2026:07:25:18 -0500] "GET / HTTP/1.1" 200 440828 "-" "Mozilla/5.0 AppleWebKit/537.36 (KHTML, like Gecko; compatible; bingbot/2.0; +http://www.bing.com/bingbot.htm) Chrome/116.0.1938.76 Safari/537.36"
31.56.58.165 - - [02/Sep/2026:07:25:26 -0500] "GET / HTTP/1.1" 301 - "-" "Mozilla/5.0 (Windows NT 10.0; Win64; x64) AppleWebKit/537.36 (KHTML, like Gecko) Chrome/126.0.0.0 Safari/537.36"
31.56.58.165 - - [02/Sep/2026:07:25:27 -0500] "GET / HTTP/1.1" 200 440828 "-" "Mozilla/5.0 (Windows NT 10.0; Win64; x64) AppleWebKit/537.36 (KHTML, like Gecko) Chrome/126.0.0.0 Safari/537.36"
31.56.58.165 - - [02/Sep/2026:07:25:31 -0500] "POST /?rest_route=/batch/v1 HTTP/1.1" 207 414 "-" "Mozilla/5.0 (Windows NT 10.0; Win64; x64) AppleWebKit/537.36 (KHTML, like Gecko) Chrome/126.0.0.0 Safari/537.36"
185.191.171.15 - - [02/Sep/2026:07:26:30 -0500] "GET /robots.txt HTTP/1.1" 200 118 "-" "Mozilla/5.0 (compatible; SemrushBot/7~bl; +http://www.semrush.com/bot.html)"
185.191.171.3 - - [02/Sep/2026:07:26:40 -0500] "GET /perception-and-reality/ HTTP/1.1" 200 83885 "-" "Mozilla/5.0 (compatible; SemrushBot/7~bl; +http://www.semrush.com/bot.html)"
145.223.140.201 - - [02/Sep/2026:07:26:50 -0500] "GET /wp-json/oembed/1.0/embed?url=https%3A%2F%2Fpastorfischer.com%2Fperception-and-reality%2F HTTP/1.1" 200 2313 "-" "Mozilla/5.0 (Macintosh; Intel Mac OS X 10_15_7) AppleWebKit/537.36 (KHTML, like Gecko) Chrome/136.0.0.0 Safari/537.36"
17.166.235.121 - - [02/Sep/2026:07:26:59 -0500] "GET /wp-includes/js/jquery/jquery-migrate.min.js?ver=3.4.1 HTTP/1.1" 200 13577 "https://pastorfischer.com/superliga168lokasi/" "Mozilla/5.0 (Macintosh; Intel Mac OS X 10_15_7) AppleWebKit/605.1.15 (KHTML, like Gecko) Version/17.4 Safari/605.1.15 (Applebot/0.1; +http://www.apple.com/go/applebot)"
17.166.235.121 - - [02/Sep/2026:07:27:00 -0500] "GET /wp-content/themes/blocksy/static/bundle/page-title.min.css?ver=2.1.55 HTTP/1.1" 200 1254 "https://pastorfischer.com/superliga168lokasi/" "Mozilla/5.0 (Macintosh; Intel Mac OS X 10_15_7) AppleWebKit/605.1.15 (KHTML, like Gecko) Version/17.4 Safari/605.1.15 (Applebot/0.1; +http://www.apple.com/go/applebot)"
17.166.235.121 - - [02/Sep/2026:07:27:01 -0500] "GET /wp-content/themes/blocksy/static/bundle/brizy.min.css?ver=2.1.55 HTTP/1.1" 200 1425 "https://pastorfischer.com/superliga168lokasi/" "Mozilla/5.0 (Macintosh; Intel Mac OS X 10_15_7) AppleWebKit/605.1.15 (KHTML, like Gecko) Version/17.4 Safari/605.1.15 (Applebot/0.1; +http://www.apple.com/go/applebot)"
17.166.235.121 - - [02/Sep/2026:07:27:03 -0500] "GET /wp-includes/js/jquery/jquery.min.js?ver=3.7.1 HTTP/1.1" 200 87553 "https://pastorfischer.com/superliga168lokasi/" "Mozilla/5.0 (Macintosh; Intel Mac OS X 10_15_7) AppleWebKit/605.1.15 (KHTML, like Gecko) Version/17.4 Safari/605.1.15 (Applebot/0.1; +http://www.apple.com/go/applebot)"
17.166.235.121 - - [02/Sep/2026:07:27:05 -0500] "GET /wp-content/themes/blocksy/static/bundle/main.min.css?ver=2.1.55 HTTP/1.1" 200 94385 "https://pastorfischer.com/superliga168lokasi/" "Mozilla/5.0 (Macintosh; Intel Mac OS X 10_15_7) AppleWebKit/605.1.15 (KHTML, like Gecko) Version/17.4 Safari/605.1.15 (Applebot/0.1; +http://www.apple.com/go/applebot)"
17.166.235.121 - - [02/Sep/2026:07:27:06 -0500] "GET /wp-content/themes/blocksy/static/bundle/main.js?ver=2.1.55 HTTP/1.1" 200 29750 "https://pastorfischer.com/superliga168lokasi/" "Mozilla/5.0 (Macintosh; Intel Mac OS X 10_15_7) AppleWebKit/605.1.15 (KHTML, like Gecko) Version/17.4 Safari/605.1.15 (Applebot/0.1; +http://www.apple.com/go/applebot)"
17.166.235.121 - - [02/Sep/2026:07:27:09 -0500] "GET /wp-content/themes/blocksy/static/bundle/892.cf42bb50f1cc29d3f54a.js HTTP/1.1" 200 7382 "https://pastorfischer.com/superliga168lokasi/" "Mozilla/5.0 (Macintosh; Intel Mac OS X 10_15_7) AppleWebKit/605.1.15 (KHTML, like Gecko) Version/17.4 Safari/605.1.15 (Applebot/0.1; +http://www.apple.com/go/applebot)"
17.166.235.121 - - [02/Sep/2026:07:27:11 -0500] "GET /wp-content/themes/blocksy/static/bundle/907.1ddadcf80aca9cb11200.js HTTP/1.1" 200 6481 "https://pastorfischer.com/superliga168lokasi/" "Mozilla/5.0 (Macintosh; Intel Mac OS X 10_15_7) AppleWebKit/605.1.15 (KHTML, like Gecko) Version/17.4 Safari/605.1.15 (Applebot/0.1; +http://www.apple.com/go/applebot)"
213.209.159.133 - - [02/Sep/2026:07:27:35 -0500] "GET / HTTP/1.1" 200 440828 "-" "Mozilla/5.0 (compatible; jscrawler/0.1; +https://github.com/)"
213.209.159.133 - - [02/Sep/2026:07:27:45 -0500] "GET /my-blog/ HTTP/1.1" 200 374356 "-" "Mozilla/5.0 (compatible; jscrawler/0.1; +https://github.com/)"
213.209.159.133 - - [02/Sep/2026:07:27:45 -0500] "GET /victorious-living-international-missions/ HTTP/1.1" 200 567290 "-" "Mozilla/5.0 (compatible; jscrawler/0.1; +https://github.com/)"
213.209.159.133 - - [02/Sep/2026:07:27:45 -0500] "GET /victorious-living-sermon-series-seminars/ HTTP/1.1" 200 180208 "-" "Mozilla/5.0 (compatible; jscrawler/0.1; +https://github.com/)"
213.209.159.133 - - [02/Sep/2026:07:27:45 -0500] "GET /my-books/ HTTP/1.1" 200 180208 "-" "Mozilla/5.0 (compatible; jscrawler/0.1; +https://github.com/)"
213.209.159.133 - - [02/Sep/2026:07:27:45 -0500] "GET /contact/ HTTP/1.1" 200 180208 "-" "Mozilla/5.0 (compatible; jscrawler/0.1; +https://github.com/)"
213.209.159.133 - - [02/Sep/2026:07:27:45 -0500] "GET /my-dog/ HTTP/1.1" 200 180208 "-" "Mozilla/5.0 (compatible; jscrawler/0.1; +https://github.com/)"
213.209.159.133 - - [02/Sep/2026:07:27:45 -0500] "GET /church-work/ HTTP/1.1" 200 180208 "-" "Mozilla/5.0 (compatible; jscrawler/0.1; +https://github.com/)"
213.209.159.133 - - [02/Sep/2026:07:27:45 -0500] "GET /short-films/ HTTP/1.1" 200 180208 "-" "Mozilla/5.0 (compatible; jscrawler/0.1; +https://github.com/)"
213.209.159.133 - - [02/Sep/2026:07:27:45 -0500] "GET / HTTP/1.1" 200 180208 "-" "Mozilla/5.0 (compatible; jscrawler/0.1; +https://github.com/)"
213.209.159.133 - - [02/Sep/2026:07:27:45 -0500] "GET /debt-free/ HTTP/1.1" 200 180208 "-" "Mozilla/5.0 (compatible; jscrawler/0.1; +https://github.com/)"
47.128.115.68 - - [02/Sep/2026:07:27:46 -0500] "GET /scripture-over-scroll-reclaiming-your-faith-in-a-digital-age/ HTTP/1.1" 200 81273 "-" "Mozilla/5.0 (Linux; Android 5.0) AppleWebKit/537.36 (KHTML, like Gecko) Mobile Safari/537.36 (compatible; TikTokSpider; ttspider-feedback@tiktok.com)"
213.209.159.133 - - [02/Sep/2026:07:27:45 -0500] "GET /about-me/ HTTP/1.1" 200 180208 "-" "Mozilla/5.0 (compatible; jscrawler/0.1; +https://github.com/)"
47.128.115.68 - - [02/Sep/2026:07:27:59 -0500] "GET /wp-content/themes/blocksy/static/bundle/main.min.css?ver=2.1.55 HTTP/1.1" 200 94385 "https://pastorfischer.com/scripture-over-scroll-reclaiming-your-faith-in-a-digital-age/" "Mozilla/5.0 (Linux; Android 5.0) AppleWebKit/537.36 (KHTML, like Gecko) Mobile Safari/537.36 (compatible; TikTokSpider; ttspider-feedback@tiktok.com)"
213.209.159.133 - - [02/Sep/2026:07:27:45 -0500] "GET /what-we-believe/ HTTP/1.1" 200 180208 "-" "Mozilla/5.0 (compatible; jscrawler/0.1; +https://github.com/)"
47.128.115.68 - - [02/Sep/2026:07:27:59 -0500] "GET /wp-content/themes/blocksy/static/bundle/comments.min.css?ver=2.1.55 HTTP/1.1" 200 4779 "https://pastorfischer.com/scripture-over-scroll-reclaiming-your-faith-in-a-digital-age/" "Mozilla/5.0 (Linux; Android 5.0) AppleWebKit/537.36 (KHTML, like Gecko) Mobile Safari/537.36 (compatible; TikTokSpider; ttspider-feedback@tiktok.com)"
47.128.115.68 - - [02/Sep/2026:07:27:59 -0500] "GET /wp-content/themes/blocksy/static/bundle/page-title.min.css?ver=2.1.55 HTTP/1.1" 200 1254 "https://pastorfischer.com/scripture-over-scroll-reclaiming-your-faith-in-a-digital-age/" "Mozilla/5.0 (Linux; Android 5.0) AppleWebKit/537.36 (KHTML, like Gecko) Mobile Safari/537.36 (compatible; TikTokSpider; ttspider-feedback@tiktok.com)"
47.128.115.68 - - [02/Sep/2026:07:27:59 -0500] "GET /wp-content/themes/blocksy/static/bundle/featured-image.min.css?ver=2.1.55 HTTP/1.1" 200 575 "https://pastorfischer.com/scripture-over-scroll-reclaiming-your-faith-in-a-digital-age/" "Mozilla/5.0 (Linux; Android 5.0) AppleWebKit/537.36 (KHTML, like Gecko) Mobile Safari/537.36 (compatible; TikTokSpider; ttspider-feedback@tiktok.com)"
47.128.115.68 - - [02/Sep/2026:07:27:59 -0500] "GET /wp-content/themes/blocksy/static/bundle/brizy.min.css?ver=2.1.55 HTTP/1.1" 200 1425 "https://pastorfischer.com/scripture-over-scroll-reclaiming-your-faith-in-a-digital-age/" "Mozilla/5.0 (Linux; Android 5.0) AppleWebKit/537.36 (KHTML, like Gecko) Mobile Safari/537.36 (compatible; TikTokSpider; ttspider-feedback@tiktok.com)"
47.128.115.68 - - [02/Sep/2026:07:27:59 -0500] "GET /wp-content/uploads/2024/06/logo-pf-blanco.png HTTP/1.1" 206 500 "https://pastorfischer.com/scripture-over-scroll-reclaiming-your-faith-in-a-digital-age/" "Mozilla/5.0 (Linux; Android 5.0) AppleWebKit/537.36 (KHTML, like Gecko) Mobile Safari/537.36 (compatible; TikTokSpider; ttspider-feedback@tiktok.com)"
47.128.115.68 - - [02/Sep/2026:07:27:59 -0500] "GET /wp-content/uploads/2026/03/blog-12.001-768x754.jpeg HTTP/1.1" 206 500 "https://pastorfischer.com/scripture-over-scroll-reclaiming-your-faith-in-a-digital-age/" "Mozilla/5.0 (Linux; Android 5.0) AppleWebKit/537.36 (KHTML, like Gecko) Mobile Safari/537.36 (compatible; TikTokSpider; ttspider-feedback@tiktok.com)"
213.209.159.133 - - [02/Sep/2026:07:27:45 -0500] "GET / HTTP/1.1" 200 180208 "-" "Mozilla/5.0 (compatible; jscrawler/0.1; +https://github.com/)"
213.209.159.133 - - [02/Sep/2026:07:27:50 -0500] "GET / HTTP/1.1" 200 180208 "-" "Mozilla/5.0 (compatible; jscrawler/0.1; +https://github.com/)"
213.209.159.133 - - [02/Sep/2026:07:27:50 -0500] "GET / HTTP/1.1" 200 180208 "-" "Mozilla/5.0 (compatible; jscrawler/0.1; +https://github.com/)"
213.209.159.133 - - [02/Sep/2026:07:27:50 -0500] "GET /about-me/ HTTP/1.1" 200 180208 "-" "Mozilla/5.0 (compatible; jscrawler/0.1; +https://github.com/)"
213.209.159.133 - - [02/Sep/2026:07:27:50 -0500] "GET /what-we-believe/ HTTP/1.1" 200 180208 "-" "Mozilla/5.0 (compatible; jscrawler/0.1; +https://github.com/)"
213.209.159.133 - - [02/Sep/2026:07:27:50 -0500] "GET /debt-free/ HTTP/1.1" 200 180208 "-" "Mozilla/5.0 (compatible; jscrawler/0.1; +https://github.com/)"
213.209.159.133 - - [02/Sep/2026:07:27:50 -0500] "GET /my-dog/ HTTP/1.1" 200 180208 "-" "Mozilla/5.0 (compatible; jscrawler/0.1; +https://github.com/)"
213.209.159.133 - - [02/Sep/2026:07:27:50 -0500] "GET /victorious-living-sermon-series-seminars/ HTTP/1.1" 200 180208 "-" "Mozilla/5.0 (compatible; jscrawler/0.1; +https://github.com/)"
213.209.159.133 - - [02/Sep/2026:07:27:50 -0500] "GET /short-films/ HTTP/1.1" 200 180208 "-" "Mozilla/5.0 (compatible; jscrawler/0.1; +https://github.com/)"
213.209.159.133 - - [02/Sep/2026:07:27:50 -0500] "GET /church-work/ HTTP/1.1" 200 180208 "-" "Mozilla/5.0 (compatible; jscrawler/0.1; +https://github.com/)"
213.209.159.133 - - [02/Sep/2026:07:28:01 -0500] "GET /warning-smica-is-now-active/ HTTP/1.1" 200 82588 "-" "Mozilla/5.0 (compatible; jscrawler/0.1; +https://github.com/)"
213.209.159.133 - - [02/Sep/2026:07:27:50 -0500] "GET /my-books/ HTTP/1.1" 200 180208 "-" "Mozilla/5.0 (compatible; jscrawler/0.1; +https://github.com/)"
213.209.159.133 - - [02/Sep/2026:07:27:50 -0500] "GET /contact/ HTTP/1.1" 200 180208 "-" "Mozilla/5.0 (compatible; jscrawler/0.1; +https://github.com/)"
213.209.159.133 - - [02/Sep/2026:07:28:01 -0500] "GET /division-or-unity-what-is-your-choice/ HTTP/1.1" 200 82697 "-" "Mozilla/5.0 (compatible; jscrawler/0.1; +https://github.com/)"
213.209.159.133 - - [02/Sep/2026:07:28:01 -0500] "GET /what-is-the-purpose-of-life/ HTTP/1.1" 200 81958 "-" "Mozilla/5.0 (compatible; jscrawler/0.1; +https://github.com/)"
213.209.159.133 - - [02/Sep/2026:07:28:01 -0500] "GET /my-blog/ HTTP/1.1" 200 180208 "-" "Mozilla/5.0 (compatible; jscrawler/0.1; +https://github.com/)"
213.209.159.133 - - [02/Sep/2026:07:28:01 -0500] "GET /perception-and-reality/ HTTP/1.1" 200 83802 "-" "Mozilla/5.0 (compatible; jscrawler/0.1; +https://github.com/)"
213.209.159.133 - - [02/Sep/2026:07:28:01 -0500] "GET /are-you-what-you-consume/ HTTP/1.1" 200 82334 "-" "Mozilla/5.0 (compatible; jscrawler/0.1; +https://github.com/)"
213.209.159.133 - - [02/Sep/2026:07:28:01 -0500] "GET /my-blog/ HTTP/1.1" 200 180208 "-" "Mozilla/5.0 (compatible; jscrawler/0.1; +https://github.com/)"
213.209.159.133 - - [02/Sep/2026:07:28:01 -0500] "GET /who-am-i-and-where-do-i-go/ HTTP/1.1" 200 81542 "-" "Mozilla/5.0 (compatible; jscrawler/0.1; +https://github.com/)"
213.209.159.133 - - [02/Sep/2026:07:28:01 -0500] "GET /truth-today/ HTTP/1.1" 200 82566 "-" "Mozilla/5.0 (compatible; jscrawler/0.1; +https://github.com/)"
213.209.159.133 - - [02/Sep/2026:07:28:01 -0500] "GET /opinion-rules/ HTTP/1.1" 200 81442 "-" "Mozilla/5.0 (compatible; jscrawler/0.1; +https://github.com/)"
213.209.159.133 - - [02/Sep/2026:07:28:01 -0500] "GET /scripture-over-scroll-reclaiming-your-faith-in-a-digital-age/ HTTP/1.1" 200 81190 "-" "Mozilla/5.0 (compatible; jscrawler/0.1; +https://github.com/)"
213.209.159.133 - - [02/Sep/2026:07:28:01 -0500] "GET /victorious-living-international-missions/ HTTP/1.1" 200 180208 "-" "Mozilla/5.0 (compatible; jscrawler/0.1; +https://github.com/)"
213.209.159.133 - - [02/Sep/2026:07:28:01 -0500] "GET /victorious-living-international-missions/ HTTP/1.1" 200 180208 "-" "Mozilla/5.0 (compatible; jscrawler/0.1; +https://github.com/)"
213.209.159.133 - - [02/Sep/2026:07:28:01 -0500] "GET /victorious-living-international-missions/ HTTP/1.1" 200 180208 "-" "Mozilla/5.0 (compatible; jscrawler/0.1; +https://github.com/)"
213.209.159.133 - - [02/Sep/2026:07:28:01 -0500] "GET /victorious-living-international-missions/ HTTP/1.1" 200 180208 "-" "Mozilla/5.0 (compatible; jscrawler/0.1; +https://github.com/)"
213.209.159.133 - - [02/Sep/2026:07:28:01 -0500] "GET /my-own-prison/ HTTP/1.1" 200 83141 "-" "Mozilla/5.0 (compatible; jscrawler/0.1; +https://github.com/)"
213.209.159.133 - - [02/Sep/2026:07:28:06 -0500] "GET /my-own-prison/ HTTP/1.1" 200 83061 "-" "Mozilla/5.0 (compatible; jscrawler/0.1; +https://github.com/)"
213.209.159.133 - - [02/Sep/2026:07:28:06 -0500] "GET /warning-smica-is-now-active/ HTTP/1.1" 200 82506 "-" "Mozilla/5.0 (compatible; jscrawler/0.1; +https://github.com/)"
213.209.159.133 - - [02/Sep/2026:07:28:01 -0500] "GET /victorious-living-international-missions/ HTTP/1.1" 200 180208 "-" "Mozilla/5.0 (compatible; jscrawler/0.1; +https://github.com/)"
213.209.159.133 - - [02/Sep/2026:07:28:06 -0500] "GET /perception-and-reality/ HTTP/1.1" 200 83709 "-" "Mozilla/5.0 (compatible; jscrawler/0.1; +https://github.com/)"
213.209.159.133 - - [02/Sep/2026:07:28:06 -0500] "GET /victorious-living-international-missions/ HTTP/1.1" 200 180208 "-" "Mozilla/5.0 (compatible; jscrawler/0.1; +https://github.com/)"
213.209.159.133 - - [02/Sep/2026:07:28:06 -0500] "GET /my-blog/ HTTP/1.1" 200 180208 "-" "Mozilla/5.0 (compatible; jscrawler/0.1; +https://github.com/)"
213.209.159.133 - - [02/Sep/2026:07:28:06 -0500] "GET /are-you-what-you-consume/ HTTP/1.1" 200 82253 "-" "Mozilla/5.0 (compatible; jscrawler/0.1; +https://github.com/)"
213.209.159.133 - - [02/Sep/2026:07:28:06 -0500] "GET /my-blog/ HTTP/1.1" 200 180208 "-" "Mozilla/5.0 (compatible; jscrawler/0.1; +https://github.com/)"
213.209.159.133 - - [02/Sep/2026:07:28:06 -0500] "GET /truth-today/ HTTP/1.1" 200 82483 "-" "Mozilla/5.0 (compatible; jscrawler/0.1; +https://github.com/)"
213.209.159.133 - - [02/Sep/2026:07:28:06 -0500] "GET /what-is-the-purpose-of-life/ HTTP/1.1" 200 81876 "-" "Mozilla/5.0 (compatible; jscrawler/0.1; +https://github.com/)"
213.209.159.133 - - [02/Sep/2026:07:28:06 -0500] "GET /victorious-living-international-missions/ HTTP/1.1" 200 180208 "-" "Mozilla/5.0 (compatible; jscrawler/0.1; +https://github.com/)"
213.209.159.133 - - [02/Sep/2026:07:28:06 -0500] "GET /scripture-over-scroll-reclaiming-your-faith-in-a-digital-age/ HTTP/1.1" 200 81109 "-" "Mozilla/5.0 (compatible; jscrawler/0.1; +https://github.com/)"
213.209.159.133 - - [02/Sep/2026:07:28:06 -0500] "GET /opinion-rules/ HTTP/1.1" 200 81359 "-" "Mozilla/5.0 (compatible; jscrawler/0.1; +https://github.com/)"
213.209.159.133 - - [02/Sep/2026:07:28:06 -0500] "GET /victorious-living-international-missions/ HTTP/1.1" 200 180208 "-" "Mozilla/5.0 (compatible; jscrawler/0.1; +https://github.com/)"
213.209.159.133 - - [02/Sep/2026:07:28:06 -0500] "GET /who-am-i-and-where-do-i-go/ HTTP/1.1" 200 81462 "-" "Mozilla/5.0 (compatible; jscrawler/0.1; +https://github.com/)"
213.209.159.133 - - [02/Sep/2026:07:28:06 -0500] "GET /victorious-living-international-missions/ HTTP/1.1" 200 180208 "-" "Mozilla/5.0 (compatible; jscrawler/0.1; +https://github.com/)"
213.209.159.133 - - [02/Sep/2026:07:28:06 -0500] "GET /victorious-living-international-missions/ HTTP/1.1" 200 180208 "-" "Mozilla/5.0 (compatible; jscrawler/0.1; +https://github.com/)"
213.209.159.133 - - [02/Sep/2026:07:28:06 -0500] "GET /division-or-unity-what-is-your-choice/ HTTP/1.1" 200 82617 "-" "Mozilla/5.0 (compatible; jscrawler/0.1; +https://github.com/)"
52.71.218.25 - - [02/Sep/2026:07:29:34 -0500] "GET /wp-content/uploads/brizy/imgs/film_bild6-1290x860x216x0x860x860x1716092326.jpeg HTTP/1.1" 200 134528 "-" "Mozilla/5.0 AppleWebKit/537.36 (KHTML, like Gecko; compatible; Amazonbot/0.1; +https://developer.amazon.com/support/amazonbot) Chrome/119.0.6045.214 Safari/537.36"
47.128.115.63 - - [02/Sep/2026:07:31:48 -0500] "GET /robots.txt HTTP/1.1" 200 118 "-" "-"
178.140.232.179 - - [02/Sep/2026:07:32:13 -0500] "GET /contact/ HTTP/1.0" 200 180208 "http://pastorfischer.com/contact/" "Mozilla/5.0 (Windows NT 10.0; Win64; x64) AppleWebKit/537.36 (KHTML, like Gecko) Chrome/129.0.0.0 Safari/537.36"
5.175.206.202 - - [02/Sep/2026:07:33:22 -0500] "GET /wp-login.php HTTP/1.1" 200 6831 "-" "Mozilla/5.0 (Windows NT 11.0; Win64; x64; rv:119.0) Gecko/20100101 Firefox/119.0"
5.175.206.202 - - [02/Sep/2026:07:33:25 -0500] "GET /?author=1 HTTP/1.1" 404 72835 "https://t.co/" "Mozilla/5.0 (Macintosh; Intel Mac OS X 10_15_7) AppleWebKit/605.1.15 (KHTML, like Gecko) Version/17.2 Safari/605.1.15"
5.175.206.202 - - [02/Sep/2026:07:33:26 -0500] "GET /?author=2 HTTP/1.1" 404 72835 "-" "Mozilla/5.0 (Windows NT 11.0; Win64; x64; rv:121.0) Gecko/20100101 Firefox/121.0"
5.175.206.202 - - [02/Sep/2026:07:33:27 -0500] "GET /?author=3 HTTP/1.1" 404 72835 "-" "Mozilla/5.0 (X11; Ubuntu; Linux x86_64) AppleWebKit/537.36 (KHTML, like Gecko) Chrome/118.0.0.0 Safari/537.36"
5.175.206.202 - - [02/Sep/2026:07:33:28 -0500] "GET /?author=4 HTTP/1.1" 404 72835 "https://wordpress.org/" "Mozilla/5.0 (Macintosh; Intel Mac OS X 13_6_1) AppleWebKit/605.1.15 (KHTML, like Gecko) Version/17.2 Safari/605.1.15"
5.175.206.202 - - [02/Sep/2026:07:33:29 -0500] "GET /?author=5 HTTP/1.1" 404 72835 "https://duckduckgo.com/" "Mozilla/5.0 (Macintosh; Intel Mac OS X 13_6_1) AppleWebKit/605.1.15 (KHTML, like Gecko) Version/17.1 Safari/605.1.15"
5.175.206.202 - - [02/Sep/2026:07:33:31 -0500] "GET /wp-json/wp/v2/users HTTP/1.1" 401 108 "https://wordpress.org/" "Mozilla/5.0 (Macintosh; Intel Mac OS X 13_6_1) AppleWebKit/537.36 (KHTML, like Gecko) Chrome/118.0.0.0 Safari/537.36"
