157.90.185.123 - - [02/Sep/2026:08:42:50 -0500] "POST /?wordfence_syncAttackData=1788356570.2213 HTTP/1.1" 200 - "-" "WordPress/7.1; https://pastorfischer.com"
39.35.142.25 - - [02/Sep/2026:08:42:49 -0500] "GET /my-blog/bpage/2/ HTTP/1.1" 200 341988 "-" "Mozilla/5.0 (Macintosh; Intel Mac OS X 13_5_1) AppleWebKit/537.36 (KHTML, like Gecko) Chrome/125.0.6422.60 Safari/537.36"
209.141.33.142 - - [02/Sep/2026:08:47:11 -0500] "GET /wp-login.php HTTP/1.1" 200 6811 "-" "Mozilla/5.0 (Windows NT 6.1; WOW64; rv:30.0) Gecko/20100101 Firefox/30.0"
209.141.33.142 - - [02/Sep/2026:08:47:13 -0500] "POST /wp-login.php HTTP/1.1" 503 18947 "-" "Mozilla/5.0 (Windows NT 6.1; WOW64; rv:30.0) Gecko/20100101 Firefox/30.0"
209.141.33.142 - - [02/Sep/2026:08:47:16 -0500] "GET /wp-admin/themes.php HTTP/1.1" 503 18947 "-" "python-requests/2.34.2"
209.141.33.142 - - [02/Sep/2026:08:47:18 -0500] "GET /wp-admin/plugin-install.php?tab=upload HTTP/1.1" 503 18947 "-" "python-requests/2.34.2"
174.64.199.77 - - [02/Sep/2026:08:52:52 -0500] "GET /wp-json/wp/v2/users/me HTTP/1.1" 401 96 "-" "Mozilla/5.0 (Windows NT 10.0; Win64; x64) AppleWebKit/537.36 (KHTML, like Gecko) Chrome/151.0.0.0 Safari/537.36"
5.175.206.202 - - [02/Sep/2026:08:58:39 -0500] "GET /wp-login.php HTTP/1.1" 200 6831 "https://www.google.com/" "Mozilla/5.0 (Macintosh; Intel Mac OS X 13_6_1; rv:118.0) Gecko/20100101 Firefox/118.0"
5.175.206.202 - - [02/Sep/2026:08:58:42 -0500] "GET /?author=1 HTTP/1.1" 404 72835 "-" "Mozilla/5.0 (Windows NT 10.0; Win64; x64; rv:119.0) Gecko/20100101 Firefox/119.0"
5.175.206.202 - - [02/Sep/2026:08:58:43 -0500] "GET /?author=2 HTTP/1.1" 404 72835 "-" "Mozilla/5.0 (Windows NT 11.0; Win64; x64; rv:118.0) Gecko/20100101 Firefox/118.0"
5.175.206.202 - - [02/Sep/2026:08:58:44 -0500] "GET /?author=3 HTTP/1.1" 404 72835 "-" "Mozilla/5.0 (Macintosh; Intel Mac OS X 13_6_1) AppleWebKit/605.1.15 (KHTML, like Gecko) Version/16.6 Safari/605.1.15"
5.175.206.202 - - [02/Sep/2026:08:58:45 -0500] "GET /?author=4 HTTP/1.1" 404 72835 "https://duckduckgo.com/" "Mozilla/5.0 (Macintosh; Intel Mac OS X 10_15_7; rv:118.0) Gecko/20100101 Firefox/118.0"
5.175.206.202 - - [02/Sep/2026:08:58:46 -0500] "GET /?author=5 HTTP/1.1" 404 72835 "https://www.google.com/" "Mozilla/5.0 (Windows NT 11.0; Win64; x64; rv:120.0) Gecko/20100101 Firefox/120.0"
5.175.206.202 - - [02/Sep/2026:08:58:48 -0500] "GET /wp-json/wp/v2/users HTTP/1.1" 401 108 "-" "Mozilla/5.0 (X11; Linux x86_64) AppleWebKit/537.36 (KHTML, like Gecko) Chrome/119.0.0.0 Safari/537.36"
5.175.206.202 - - [02/Sep/2026:08:58:48 -0500] "POST /wp-login.php HTTP/1.1" 503 18948 "https://pastorfischer.com/wp-login.php" "Mozilla/5.0 (Macintosh; Intel Mac OS X 10_15_7; rv:118.0) Gecko/20100101 Firefox/118.0"
5.175.206.202 - - [02/Sep/2026:08:58:50 -0500] "GET /wp-admin/index.php HTTP/1.1" 503 18948 "https://pastorfischer.com/wp-login.php" "Mozilla/5.0 (Macintosh; Intel Mac OS X 10_15_7) AppleWebKit/605.1.15 (KHTML, like Gecko) Version/17.1 Safari/605.1.15"
174.103.22.151 - - [02/Sep/2026:09:02:57 -0500] "GET /SALJU4D?sort=newest HTTP/1.1" 404 72328 "-" "Mozilla/5.0 (Macintosh; Intel Mac OS X 13_5_0) AppleWebKit/537.36 (KHTML, like Gecko) Chrome/133.0.6943.53 Safari/537.36"
5.175.206.202 - - [02/Sep/2026:09:08:50 -0500] "GET /wp-admin/index.php HTTP/1.1" 302 - "https://pastorfischer.com/wp-login.php" "Mozilla/5.0 (Macintosh; Intel Mac OS X 10_15_7) AppleWebKit/605.1.15 (KHTML, like Gecko) Version/17.1 Safari/605.1.15"
5.175.206.202 - - [02/Sep/2026:09:08:52 -0500] "GET /wp-login.php?redirect_to=https%3A%2F%2Fpastorfischer.com%2Fwp-admin%2Findex.php&reauth=1 HTTP/1.1" 200 6947 "https://pastorfischer.com/wp-login.php" "Mozilla/5.0 (Macintosh; Intel Mac OS X 10_15_7) AppleWebKit/605.1.15 (KHTML, like Gecko) Version/17.1 Safari/605.1.15"
5.175.206.202 - - [02/Sep/2026:09:08:52 -0500] "POST /wp-login.php HTTP/1.1" 503 18948 "https://pastorfischer.com/wp-login.php" "Mozilla/5.0 (Windows NT 10.0; Win64; x64) AppleWebKit/537.36 (KHTML, like Gecko) Chrome/118.0.0.0 Safari/537.36"
5.175.206.202 - - [02/Sep/2026:09:08:54 -0500] "GET /wp-admin/index.php HTTP/1.1" 503 18948 "https://pastorfischer.com/wp-login.php" "Mozilla/5.0 (Windows NT 11.0; Win64; x64; rv:118.0) Gecko/20100101 Firefox/118.0"
209.141.37.195 - - [02/Sep/2026:09:13:56 -0500] "GET /wp-login.php HTTP/1.1" 200 6831 "-" "Mozilla/5.0 (Macintosh; Intel Mac OS X 10.9; rv:30.0) Gecko/20100101 Firefox/30.0"
209.141.37.195 - - [02/Sep/2026:09:13:57 -0500] "POST /wp-login.php HTTP/1.1" 503 18948 "-" "Mozilla/5.0 (Macintosh; Intel Mac OS X 10.9; rv:30.0) Gecko/20100101 Firefox/30.0"
209.141.37.195 - - [02/Sep/2026:09:14:00 -0500] "GET /wp-admin/themes.php HTTP/1.1" 503 18948 "-" "python-requests/2.34.2"
209.141.37.195 - - [02/Sep/2026:09:14:02 -0500] "GET /wp-admin/plugin-install.php?tab=upload HTTP/1.1" 503 18948 "-" "python-requests/2.34.2"
81.45.67.179 - - [02/Sep/2026:09:16:11 -0500] "GET /wp-login.php HTTP/1.1" 200 6831 "-" "Mozilla/5.0 (Windows NT 10.0; Win64; x64) AppleWebKit/537.36 (KHTML, like Gecko) Chrome/151.0.0.0 Safari/537.36"
81.45.67.179 - - [02/Sep/2026:09:16:12 -0500] "POST /wp-login.php HTTP/1.1" 200 7265 "https://pastorfischer.com/wp-login.php" "Mozilla/5.0 (Windows NT 10.0; Win64; x64) AppleWebKit/537.36 (KHTML, like Gecko) Chrome/151.0.0.0 Safari/537.36"
5.175.206.202 - - [02/Sep/2026:09:18:55 -0500] "GET /wp-admin/index.php HTTP/1.1" 302 - "https://pastorfischer.com/wp-login.php" "Mozilla/5.0 (Windows NT 11.0; Win64; x64; rv:118.0) Gecko/20100101 Firefox/118.0"
5.175.206.202 - - [02/Sep/2026:09:18:56 -0500] "GET /wp-login.php?redirect_to=https%3A%2F%2Fpastorfischer.com%2Fwp-admin%2Findex.php&reauth=1 HTTP/1.1" 200 6947 "https://pastorfischer.com/wp-login.php" "Mozilla/5.0 (Windows NT 11.0; Win64; x64; rv:118.0) Gecko/20100101 Firefox/118.0"
5.175.206.202 - - [02/Sep/2026:09:18:58 -0500] "POST /wp-login.php HTTP/1.1" 503 18948 "https://pastorfischer.com/wp-login.php" "Mozilla/5.0 (Macintosh; Intel Mac OS X 10_15_7; rv:120.0) Gecko/20100101 Firefox/120.0"
5.175.206.202 - - [02/Sep/2026:09:19:00 -0500] "GET /wp-admin/index.php HTTP/1.1" 503 18948 "https://pastorfischer.com/wp-login.php" "Mozilla/5.0 (Macintosh; Intel Mac OS X 13_6_1) AppleWebKit/605.1.15 (KHTML, like Gecko) Version/17.0 Safari/605.1.15"
5.175.206.202 - - [02/Sep/2026:09:20:00 -0500] "GET /wp-login.php HTTP/1.1" 503 18035 "https://www.bing.com/" "Mozilla/5.0 (X11; Linux x86_64) AppleWebKit/537.36 (KHTML, like Gecko) Chrome/121.0.0.0 Safari/537.36"
23.23.99.55 - - [02/Sep/2026:09:26:43 -0500] "GET /wp-content/uploads/brizy/imgs/entrevistas-2-305x170x0x1x305x169x1716093066.jpg HTTP/1.1" 200 43625 "-" "Mozilla/5.0 AppleWebKit/537.36 (KHTML, like Gecko; compatible; Amazonbot/0.1; +https://developer.amazon.com/support/amazonbot) Chrome/119.0.6045.214 Safari/537.36"
157.90.185.123 - - [02/Sep/2026:09:27:11 -0500] "POST /?wordfence_syncAttackData=1788359231.5226 HTTP/1.1" 200 - "-" "WordPress/7.1; http://pastorfischer.com"
209.141.57.84 - - [02/Sep/2026:09:27:10 -0500] "GET /wp-login.php HTTP/1.1" 200 6811 "-" "Mozilla/5.0 (Macintosh; Intel Mac OS X 10_8_5) AppleWebKit/537.77.4 (KHTML, like Gecko) Version/6.1.5 Safari/537.77.4"
209.141.57.84 - - [02/Sep/2026:09:27:14 -0500] "POST /wp-login.php HTTP/1.1" 503 18947 "-" "Mozilla/5.0 (Macintosh; Intel Mac OS X 10_8_5) AppleWebKit/537.77.4 (KHTML, like Gecko) Version/6.1.5 Safari/537.77.4"
209.141.57.84 - - [02/Sep/2026:09:27:17 -0500] "GET /wp-admin/themes.php HTTP/1.1" 503 18947 "-" "python-requests/2.34.2"
209.141.57.84 - - [02/Sep/2026:09:27:18 -0500] "GET /wp-admin/plugin-install.php?tab=upload HTTP/1.1" 503 18947 "-" "python-requests/2.34.2"
18.215.24.66 - - [02/Sep/2026:09:28:43 -0500] "GET /wp-content/uploads/brizy/imgs/film_bild5-306x436x2x0x304x436x1716092327.jpeg HTTP/1.1" 200 32444 "-" "Mozilla/5.0 AppleWebKit/537.36 (KHTML, like Gecko; compatible; Amazonbot/0.1; +https://developer.amazon.com/support/amazonbot) Chrome/119.0.6045.214 Safari/537.36"
209.141.48.118 - - [02/Sep/2026:09:31:51 -0500] "GET /wp-login.php HTTP/1.1" 200 6811 "-" "Mozilla/5.0 (Windows NT 10.0; Win64; x64; rv:109.0) Gecko/20100101 Firefox/115.0"
209.141.48.118 - - [02/Sep/2026:09:32:04 -0500] "POST /wp-login.php HTTP/1.1" 503 18947 "-" "Mozilla/5.0 (Windows NT 10.0; Win64; x64; rv:109.0) Gecko/20100101 Firefox/115.0"
209.141.48.118 - - [02/Sep/2026:09:32:07 -0500] "GET /wp-admin/themes.php HTTP/1.1" 503 18947 "-" "python-requests/2.34.2"
209.141.48.118 - - [02/Sep/2026:09:32:08 -0500] "GET /wp-admin/plugin-install.php?tab=upload HTTP/1.1" 503 18947 "-" "python-requests/2.34.2"
3.235.165.89 - - [02/Sep/2026:09:34:07 -0500] "GET / HTTP/1.1" 200 440911 "-" "Mozilla/5.0 (Windows NT 10.0; Win64; x64) AppleWebKit/537.36 (KHTML, like Gecko) Chrome/145.0.0.0 Safari/537.36"
74.7.227.191 - - [02/Sep/2026:09:34:19 -0500] "GET /wp-sitemap.xml HTTP/1.1" 403 199 "-" "Mozilla/5.0 AppleWebKit/537.36 (KHTML, like Gecko; compatible; GPTBot/1.4; +https://openai.com/gptbot)"
74.7.244.19 - - [02/Sep/2026:09:34:19 -0500] "GET /robots.txt HTTP/1.1" 200 117 "-" "Mozilla/5.0 (Macintosh; Intel Mac OS X 10_15_7) AppleWebKit/537.36 (KHTML, like Gecko) Chrome/131.0.0.0 Safari/537.36; compatible; OAI-SearchBot/1.4; robots.txt; +https://openai.com/searchbot"
205.185.121.17 - - [02/Sep/2026:09:37:27 -0500] "GET /wp-login.php HTTP/1.1" 200 6811 "-" "Mozilla/5.0 (Macintosh; Intel Mac OS X 10_9_4 AppleWebKit/537.36 (KHTML, like Gecko) Chrome/36.0.1985.125 Safari/537.36"
205.185.121.17 - - [02/Sep/2026:09:37:29 -0500] "POST /wp-login.php HTTP/1.1" 503 18947 "-" "Mozilla/5.0 (Macintosh; Intel Mac OS X 10_9_4 AppleWebKit/537.36 (KHTML, like Gecko) Chrome/36.0.1985.125 Safari/537.36"
205.185.121.17 - - [02/Sep/2026:09:37:32 -0500] "GET /wp-admin/themes.php HTTP/1.1" 503 18947 "-" "python-requests/2.34.2"
205.185.121.17 - - [02/Sep/2026:09:37:34 -0500] "GET /wp-admin/plugin-install.php?tab=upload HTTP/1.1" 503 18947 "-" "python-requests/2.34.2"
198.98.59.181 - - [02/Sep/2026:09:40:30 -0500] "GET /wp-login.php HTTP/1.1" 200 6811 "-" "Mozilla/5.0 (X11; Linux x86_64)"
198.98.59.181 - - [02/Sep/2026:09:40:37 -0500] "POST /wp-login.php HTTP/1.1" 503 18947 "-" "Mozilla/5.0 (X11; Linux x86_64)"
198.98.59.181 - - [02/Sep/2026:09:40:39 -0500] "GET /wp-admin/themes.php HTTP/1.1" 503 18947 "-" "python-requests/2.34.2"
198.98.59.181 - - [02/Sep/2026:09:40:40 -0500] "GET /wp-admin/plugin-install.php?tab=upload HTTP/1.1" 503 18947 "-" "python-requests/2.34.2"
5.175.206.202 - - [02/Sep/2026:09:41:18 -0500] "GET /wp-login.php HTTP/1.1" 200 6831 "https://www.bing.com/" "Mozilla/5.0 (Windows NT 11.0; Win64; x64) AppleWebKit/537.36 (KHTML, like Gecko) Chrome/119.0.0.0 Safari/537.36"
5.175.206.202 - - [02/Sep/2026:09:41:20 -0500] "GET /?author=1 HTTP/1.1" 404 72835 "https://www.bing.com/" "Mozilla/5.0 (Windows NT 10.0; Win64; x64) AppleWebKit/537.36 (KHTML, like Gecko) Chrome/120.0.0.0 Safari/537.36"
5.175.206.202 - - [02/Sep/2026:09:41:21 -0500] "GET /?author=2 HTTP/1.1" 404 72835 "https://www.google.com/search?q=wordpress" "Mozilla/5.0 (X11; Ubuntu; Linux x86_64) AppleWebKit/537.36 (KHTML, like Gecko) Chrome/121.0.0.0 Safari/537.36"
5.175.206.202 - - [02/Sep/2026:09:41:23 -0500] "GET /?author=3 HTTP/1.1" 404 72835 "-" "Mozilla/5.0 (Macintosh; Intel Mac OS X 10_15_7) AppleWebKit/605.1.15 (KHTML, like Gecko) Version/16.6 Safari/605.1.15"
5.175.206.202 - - [02/Sep/2026:09:41:24 -0500] "GET /?author=4 HTTP/1.1" 404 72835 "https://wordpress.org/" "Mozilla/5.0 (Macintosh; Intel Mac OS X 10_15_7; rv:119.0) Gecko/20100101 Firefox/119.0"
5.175.206.202 - - [02/Sep/2026:09:41:26 -0500] "GET /?author=5 HTTP/1.1" 404 72835 "-" "Mozilla/5.0 (Macintosh; Intel Mac OS X 13_6_1) AppleWebKit/537.36 (KHTML, like Gecko) Chrome/120.0.0.0 Safari/537.36"
5.175.206.202 - - [02/Sep/2026:09:41:27 -0500] "GET /wp-json/wp/v2/users HTTP/1.1" 401 108 "https://www.google.com/" "Mozilla/5.0 (Windows NT 10.0; Win64; x64; rv:118.0) Gecko/20100101 Firefox/118.0"
5.175.206.202 - - [02/Sep/2026:09:41:28 -0500] "POST /wp-login.php HTTP/1.1" 503 18948 "https://pastorfischer.com/wp-login.php" "Mozilla/5.0 (X11; Ubuntu; Linux x86_64) AppleWebKit/537.36 (KHTML, like Gecko) Chrome/121.0.0.0 Safari/537.36"
5.175.206.202 - - [02/Sep/2026:09:41:30 -0500] "GET /wp-admin/index.php HTTP/1.1" 503 18948 "https://pastorfischer.com/wp-login.php" "Mozilla/5.0 (Macintosh; Intel Mac OS X 13_6_1; rv:118.0) Gecko/20100101 Firefox/118.0"
209.141.57.84 - - [02/Sep/2026:09:45:10 -0500] "GET /wp-login.php HTTP/1.1" 200 6811 "-" "Mozilla/5.0 (Macintosh; Intel Mac OS X 10.7; rv:31.0) Gecko/20100101 Firefox/31.0"
209.141.57.84 - - [02/Sep/2026:09:46:12 -0500] "POST /wp-login.php HTTP/1.1" 503 18947 "-" "Mozilla/5.0 (Macintosh; Intel Mac OS X 10.7; rv:31.0) Gecko/20100101 Firefox/31.0"
209.141.57.84 - - [02/Sep/2026:09:46:14 -0500] "GET /wp-admin/themes.php HTTP/1.1" 503 18947 "-" "python-requests/2.34.2"
209.141.57.84 - - [02/Sep/2026:09:46:16 -0500] "GET /wp-admin/plugin-install.php?tab=upload HTTP/1.1" 503 18947 "-" "python-requests/2.34.2"
216.73.217.152 - - [02/Sep/2026:09:47:47 -0500] "GET /robots.txt HTTP/1.1" 200 118 "-" "Mozilla/5.0 AppleWebKit/537.36 (KHTML, like Gecko; compatible; ClaudeBot/1.0; +claudebot@anthropic.com)"
216.73.217.152 - - [02/Sep/2026:09:47:48 -0500] "GET /wp-sitemap.xml HTTP/1.1" 200 469 "-" "Mozilla/5.0 AppleWebKit/537.36 (KHTML, like Gecko; compatible; ClaudeBot/1.0; +claudebot@anthropic.com)"
5.175.206.202 - - [02/Sep/2026:09:51:30 -0500] "GET /wp-admin/index.php HTTP/1.1" 302 - "https://pastorfischer.com/wp-login.php" "Mozilla/5.0 (Macintosh; Intel Mac OS X 13_6_1; rv:118.0) Gecko/20100101 Firefox/118.0"
5.175.206.202 - - [02/Sep/2026:09:51:31 -0500] "GET /wp-login.php?redirect_to=https%3A%2F%2Fpastorfischer.com%2Fwp-admin%2Findex.php&reauth=1 HTTP/1.1" 200 6947 "https://pastorfischer.com/wp-login.php" "Mozilla/5.0 (Macintosh; Intel Mac OS X 13_6_1; rv:118.0) Gecko/20100101 Firefox/118.0"
5.175.206.202 - - [02/Sep/2026:09:51:32 -0500] "POST /wp-login.php HTTP/1.1" 503 18948 "https://pastorfischer.com/wp-login.php" "Mozilla/5.0 (X11; Linux x86_64) AppleWebKit/537.36 (KHTML, like Gecko) Chrome/120.0.0.0 Safari/537.36"
5.175.206.202 - - [02/Sep/2026:09:51:35 -0500] "GET /wp-admin/index.php HTTP/1.1" 503 18948 "https://pastorfischer.com/wp-login.php" "Mozilla/5.0 (Windows NT 10.0; Win64; x64; rv:118.0) Gecko/20100101 Firefox/118.0"
62.60.130.247 - - [02/Sep/2026:09:58:53 -0500] "GET /wp-login.php HTTP/1.1" 200 6831 "-" "Mozilla/5.0 (X11; Ubuntu; Linux x86_64) AppleWebKit/537.36 (KHTML, like Gecko) Chrome/119.0.0.0 Safari/537.36"
62.60.130.247 - - [02/Sep/2026:09:58:55 -0500] "GET /?author=1 HTTP/1.1" 404 72835 "-" "Mozilla/5.0 (Windows NT 10.0; Win64; x64) AppleWebKit/537.36 (KHTML, like Gecko) Chrome/120.0.0.0 Safari/537.36"
62.60.130.247 - - [02/Sep/2026:09:58:57 -0500] "GET /?author=2 HTTP/1.1" 404 72835 "https://www.google.com/" "Mozilla/5.0 (Macintosh; Intel Mac OS X 13_6_1) AppleWebKit/605.1.15 (KHTML, like Gecko) Version/17.1 Safari/605.1.15"
62.60.130.247 - - [02/Sep/2026:09:58:58 -0500] "GET /?author=3 HTTP/1.1" 404 72835 "https://www.google.com/search?q=wordpress" "Mozilla/5.0 (Macintosh; Intel Mac OS X 10_15_7; rv:121.0) Gecko/20100101 Firefox/121.0"
62.60.130.247 - - [02/Sep/2026:09:59:00 -0500] "GET /?author=4 HTTP/1.1" 404 72835 "https://t.co/" "Mozilla/5.0 (Macintosh; Intel Mac OS X 10_15_7) AppleWebKit/537.36 (KHTML, like Gecko) Chrome/118.0.0.0 Safari/537.36"
62.60.130.247 - - [02/Sep/2026:09:59:01 -0500] "GET /?author=5 HTTP/1.1" 404 72835 "https://wordpress.org/" "Mozilla/5.0 (Macintosh; Intel Mac OS X 13_6_1) AppleWebKit/605.1.15 (KHTML, like Gecko) Version/16.6 Safari/605.1.15"
62.60.130.247 - - [02/Sep/2026:09:59:02 -0500] "GET /wp-json/wp/v2/users HTTP/1.1" 401 108 "https://www.facebook.com/" "Mozilla/5.0 (Windows NT 11.0; Win64; x64; rv:118.0) Gecko/20100101 Firefox/118.0"
62.60.130.247 - - [02/Sep/2026:09:59:03 -0500] "POST /wp-login.php HTTP/1.1" 200 7252 "https://pastorfischer.com/wp-login.php" "Mozilla/5.0 (Macintosh; Intel Mac OS X 10_15_7; rv:121.0) Gecko/20100101 Firefox/121.0"
62.60.130.247 - - [02/Sep/2026:09:59:05 -0500] "GET /wp-admin/index.php HTTP/1.1" 302 - "https://pastorfischer.com/wp-login.php" "Mozilla/5.0 (Macintosh; Intel Mac OS X 10_15_7) AppleWebKit/537.36 (KHTML, like Gecko) Chrome/120.0.0.0 Safari/537.36"
62.60.130.247 - - [02/Sep/2026:09:59:06 -0500] "GET /wp-login.php?redirect_to=https%3A%2F%2Fpastorfischer.com%2Fwp-admin%2Findex.php&reauth=1 HTTP/1.1" 200 6947 "https://pastorfischer.com/wp-login.php" "Mozilla/5.0 (Macintosh; Intel Mac OS X 10_15_7) AppleWebKit/537.36 (KHTML, like Gecko) Chrome/120.0.0.0 Safari/537.36"
62.60.130.247 - - [02/Sep/2026:09:59:08 -0500] "POST /wp-login.php HTTP/1.1" 200 7250 "https://pastorfischer.com/wp-login.php" "Mozilla/5.0 (Windows NT 10.0; Win64; x64) AppleWebKit/537.36 (KHTML, like Gecko) Chrome/121.0.0.0 Safari/537.36"
62.60.130.247 - - [02/Sep/2026:09:59:09 -0500] "GET /wp-admin/index.php HTTP/1.1" 302 - "https://pastorfischer.com/wp-login.php" "Mozilla/5.0 (Macintosh; Intel Mac OS X 10_15_7) AppleWebKit/605.1.15 (KHTML, like Gecko) Version/16.6 Safari/605.1.15"
62.60.130.247 - - [02/Sep/2026:09:59:10 -0500] "GET /wp-login.php?redirect_to=https%3A%2F%2Fpastorfischer.com%2Fwp-admin%2Findex.php&reauth=1 HTTP/1.1" 200 6947 "https://pastorfischer.com/wp-login.php" "Mozilla/5.0 (Macintosh; Intel Mac OS X 10_15_7) AppleWebKit/605.1.15 (KHTML, like Gecko) Version/16.6 Safari/605.1.15"
62.60.130.247 - - [02/Sep/2026:09:59:11 -0500] "POST /wp-login.php HTTP/1.1" 200 7250 "https://pastorfischer.com/wp-login.php" "Mozilla/5.0 (Macintosh; Intel Mac OS X 13_6_1) AppleWebKit/605.1.15 (KHTML, like Gecko) Version/16.6 Safari/605.1.15"
62.60.130.247 - - [02/Sep/2026:09:59:13 -0500] "GET /wp-admin/index.php HTTP/1.1" 302 - "https://pastorfischer.com/wp-login.php" "Mozilla/5.0 (Macintosh; Intel Mac OS X 13_6_1; rv:119.0) Gecko/20100101 Firefox/119.0"
62.60.130.247 - - [02/Sep/2026:09:59:14 -0500] "GET /wp-login.php?redirect_to=https%3A%2F%2Fpastorfischer.com%2Fwp-admin%2Findex.php&reauth=1 HTTP/1.1" 200 6947 "https://pastorfischer.com/wp-login.php" "Mozilla/5.0 (Macintosh; Intel Mac OS X 13_6_1; rv:119.0) Gecko/20100101 Firefox/119.0"
62.60.130.247 - - [02/Sep/2026:09:59:16 -0500] "POST /wp-login.php HTTP/1.1" 200 7250 "https://pastorfischer.com/wp-login.php" "Mozilla/5.0 (Macintosh; Intel Mac OS X 13_6_1) AppleWebKit/605.1.15 (KHTML, like Gecko) Version/17.0 Safari/605.1.15"
62.60.130.247 - - [02/Sep/2026:09:59:17 -0500] "GET /wp-admin/index.php HTTP/1.1" 302 - "https://pastorfischer.com/wp-login.php" "Mozilla/5.0 (Windows NT 10.0; Win64; x64) AppleWebKit/537.36 (KHTML, like Gecko) Chrome/119.0.0.0 Safari/537.36"
62.60.130.247 - - [02/Sep/2026:09:59:18 -0500] "GET /wp-login.php?redirect_to=https%3A%2F%2Fpastorfischer.com%2Fwp-admin%2Findex.php&reauth=1 HTTP/1.1" 200 6947 "https://pastorfischer.com/wp-login.php" "Mozilla/5.0 (Windows NT 10.0; Win64; x64) AppleWebKit/537.36 (KHTML, like Gecko) Chrome/119.0.0.0 Safari/537.36"
62.60.130.247 - - [02/Sep/2026:09:59:19 -0500] "POST /wp-login.php HTTP/1.1" 200 7250 "https://pastorfischer.com/wp-login.php" "Mozilla/5.0 (Macintosh; Intel Mac OS X 13_6_1) AppleWebKit/605.1.15 (KHTML, like Gecko) Version/17.2 Safari/605.1.15"
62.60.130.247 - - [02/Sep/2026:09:59:20 -0500] "GET /wp-admin/index.php HTTP/1.1" 302 - "https://pastorfischer.com/wp-login.php" "Mozilla/5.0 (Macintosh; Intel Mac OS X 10_15_7) AppleWebKit/537.36 (KHTML, like Gecko) Chrome/120.0.0.0 Safari/537.36"
62.60.130.247 - - [02/Sep/2026:09:59:22 -0500] "GET /wp-login.php?redirect_to=https%3A%2F%2Fpastorfischer.com%2Fwp-admin%2Findex.php&reauth=1 HTTP/1.1" 200 6947 "https://pastorfischer.com/wp-login.php" "Mozilla/5.0 (Macintosh; Intel Mac OS X 10_15_7) AppleWebKit/537.36 (KHTML, like Gecko) Chrome/120.0.0.0 Safari/537.36"
62.60.130.247 - - [02/Sep/2026:09:59:22 -0500] "POST /wp-login.php HTTP/1.1" 200 7250 "https://pastorfischer.com/wp-login.php" "Mozilla/5.0 (X11; Linux x86_64) AppleWebKit/537.36 (KHTML, like Gecko) Chrome/121.0.0.0 Safari/537.36"
62.60.130.247 - - [02/Sep/2026:09:59:24 -0500] "GET /wp-admin/index.php HTTP/1.1" 302 - "https://pastorfischer.com/wp-login.php" "Mozilla/5.0 (Macintosh; Intel Mac OS X 13_6_1) AppleWebKit/537.36 (KHTML, like Gecko) Chrome/118.0.0.0 Safari/537.36"
62.60.130.247 - - [02/Sep/2026:09:59:25 -0500] "GET /wp-login.php?redirect_to=https%3A%2F%2Fpastorfischer.com%2Fwp-admin%2Findex.php&reauth=1 HTTP/1.1" 200 6947 "https://pastorfischer.com/wp-login.php" "Mozilla/5.0 (Macintosh; Intel Mac OS X 13_6_1) AppleWebKit/537.36 (KHTML, like Gecko) Chrome/118.0.0.0 Safari/537.36"
62.60.130.247 - - [02/Sep/2026:09:59:26 -0500] "POST /wp-login.php HTTP/1.1" 200 7247 "https://pastorfischer.com/wp-login.php" "Mozilla/5.0 (Windows NT 11.0; Win64; x64; rv:119.0) Gecko/20100101 Firefox/119.0"
62.60.130.247 - - [02/Sep/2026:09:59:27 -0500] "GET /wp-admin/index.php HTTP/1.1" 302 - "https://pastorfischer.com/wp-login.php" "Mozilla/5.0 (Macintosh; Intel Mac OS X 13_6_1; rv:118.0) Gecko/20100101 Firefox/118.0"
62.60.130.247 - - [02/Sep/2026:09:59:28 -0500] "GET /wp-login.php?redirect_to=https%3A%2F%2Fpastorfischer.com%2Fwp-admin%2Findex.php&reauth=1 HTTP/1.1" 200 6947 "https://pastorfischer.com/wp-login.php" "Mozilla/5.0 (Macintosh; Intel Mac OS X 13_6_1; rv:118.0) Gecko/20100101 Firefox/118.0"
62.60.130.247 - - [02/Sep/2026:09:59:29 -0500] "POST /wp-login.php HTTP/1.1" 200 7250 "https://pastorfischer.com/wp-login.php" "Mozilla/5.0 (Windows NT 10.0; Win64; x64) AppleWebKit/537.36 (KHTML, like Gecko) Chrome/121.0.0.0 Safari/537.36"
62.60.130.247 - - [02/Sep/2026:09:59:30 -0500] "GET /wp-admin/index.php HTTP/1.1" 302 - "https://pastorfischer.com/wp-login.php" "Mozilla/5.0 (Windows NT 11.0; Win64; x64) AppleWebKit/537.36 (KHTML, like Gecko) Chrome/121.0.0.0 Safari/537.36"
62.60.130.247 - - [02/Sep/2026:09:59:31 -0500] "GET /wp-login.php?redirect_to=https%3A%2F%2Fpastorfischer.com%2Fwp-admin%2Findex.php&reauth=1 HTTP/1.1" 200 6947 "https://pastorfischer.com/wp-login.php" "Mozilla/5.0 (Windows NT 11.0; Win64; x64) AppleWebKit/537.36 (KHTML, like Gecko) Chrome/121.0.0.0 Safari/537.36"
62.60.130.247 - - [02/Sep/2026:09:59:32 -0500] "POST /wp-login.php HTTP/1.1" 200 7259 "https://pastorfischer.com/wp-login.php" "Mozilla/5.0 (Macintosh; Intel Mac OS X 10_15_7) AppleWebKit/537.36 (KHTML, like Gecko) Chrome/120.0.0.0 Safari/537.36"
62.60.130.247 - - [02/Sep/2026:09:59:34 -0500] "GET /wp-admin/index.php HTTP/1.1" 302 - "https://pastorfischer.com/wp-login.php" "Mozilla/5.0 (Macintosh; Intel Mac OS X 10_15_7; rv:118.0) Gecko/20100101 Firefox/118.0"
62.60.130.247 - - [02/Sep/2026:09:59:34 -0500] "GET /wp-login.php?redirect_to=https%3A%2F%2Fpastorfischer.com%2Fwp-admin%2Findex.php&reauth=1 HTTP/1.1" 200 6947 "https://pastorfischer.com/wp-login.php" "Mozilla/5.0 (Macintosh; Intel Mac OS X 10_15_7; rv:118.0) Gecko/20100101 Firefox/118.0"
62.60.130.247 - - [02/Sep/2026:09:59:35 -0500] "POST /wp-login.php HTTP/1.1" 503 18948 "https://pastorfischer.com/wp-login.php" "Mozilla/5.0 (Windows NT 11.0; Win64; x64) AppleWebKit/537.36 (KHTML, like Gecko) Chrome/119.0.0.0 Safari/537.36"
62.60.130.247 - - [02/Sep/2026:09:59:37 -0500] "GET /wp-admin/index.php HTTP/1.1" 503 18948 "https://pastorfischer.com/wp-login.php" "Mozilla/5.0 (Macintosh; Intel Mac OS X 13_6_1; rv:118.0) Gecko/20100101 Firefox/118.0"
62.60.130.247 - - [02/Sep/2026:09:59:38 -0500] "GET /wp-admin/profile.php HTTP/1.1" 503 18948 "https://pastorfischer.com/wp-login.php" "Mozilla/5.0 (Macintosh; Intel Mac OS X 13_6_1; rv:118.0) Gecko/20100101 Firefox/118.0"
62.60.130.247 - - [02/Sep/2026:09:59:40 -0500] "GET /wp-admin/edit.php HTTP/1.1" 503 18948 "https://pastorfischer.com/wp-login.php" "Mozilla/5.0 (Macintosh; Intel Mac OS X 13_6_1; rv:118.0) Gecko/20100101 Firefox/118.0"
62.60.130.247 - - [02/Sep/2026:09:59:41 -0500] "GET /wp-admin/plugins.php HTTP/1.1" 503 18948 "https://pastorfischer.com/wp-login.php" "Mozilla/5.0 (Macintosh; Intel Mac OS X 13_6_1; rv:118.0) Gecko/20100101 Firefox/118.0"
62.60.130.247 - - [02/Sep/2026:09:59:42 -0500] "POST /wp-login.php HTTP/1.1" 503 18035 "https://pastorfischer.com/wp-login.php" "Mozilla/5.0 (Windows NT 10.0; Win64; x64) AppleWebKit/537.36 (KHTML, like Gecko) Chrome/120.0.0.0 Safari/537.36"
157.90.185.123 - - [02/Sep/2026:09:59:44 -0500] "POST /?wordfence_syncAttackData=1788361184.5235 HTTP/1.1" 200 - "-" "WordPress/7.1; https://pastorfischer.com"
62.60.130.247 - - [02/Sep/2026:09:59:43 -0500] "GET /wp-admin/index.php HTTP/1.1" 503 18948 "https://pastorfischer.com/wp-login.php" "Mozilla/5.0 (Windows NT 11.0; Win64; x64) AppleWebKit/537.36 (KHTML, like Gecko) Chrome/118.0.0.0 Safari/537.36"
62.60.130.247 - - [02/Sep/2026:09:59:46 -0500] "GET /wp-admin/profile.php HTTP/1.1" 503 18948 "https://pastorfischer.com/wp-login.php" "Mozilla/5.0 (Windows NT 11.0; Win64; x64) AppleWebKit/537.36 (KHTML, like Gecko) Chrome/118.0.0.0 Safari/537.36"
62.60.130.247 - - [02/Sep/2026:09:59:47 -0500] "GET /wp-admin/edit.php HTTP/1.1" 503 18948 "https://pastorfischer.com/wp-login.php" "Mozilla/5.0 (Windows NT 11.0; Win64; x64) AppleWebKit/537.36 (KHTML, like Gecko) Chrome/118.0.0.0 Safari/537.36"
62.60.130.247 - - [02/Sep/2026:09:59:48 -0500] "GET /wp-admin/plugins.php HTTP/1.1" 503 18948 "https://pastorfischer.com/wp-login.php" "Mozilla/5.0 (Windows NT 11.0; Win64; x64) AppleWebKit/537.36 (KHTML, like Gecko) Chrome/118.0.0.0 Safari/537.36"
62.60.130.247 - - [02/Sep/2026:09:59:49 -0500] "POST /wp-login.php HTTP/1.1" 503 18035 "https://pastorfischer.com/wp-login.php" "Mozilla/5.0 (Windows NT 11.0; Win64; x64) AppleWebKit/537.36 (KHTML, like Gecko) Chrome/121.0.0.0 Safari/537.36"
62.60.130.247 - - [02/Sep/2026:09:59:51 -0500] "GET /wp-admin/index.php HTTP/1.1" 503 18948 "https://pastorfischer.com/wp-login.php" "Mozilla/5.0 (Macintosh; Intel Mac OS X 13_6_1) AppleWebKit/537.36 (KHTML, like Gecko) Chrome/121.0.0.0 Safari/537.36"
62.60.130.247 - - [02/Sep/2026:09:59:52 -0500] "GET /wp-admin/profile.php HTTP/1.1" 503 18948 "https://pastorfischer.com/wp-login.php" "Mozilla/5.0 (Macintosh; Intel Mac OS X 13_6_1) AppleWebKit/537.36 (KHTML, like Gecko) Chrome/121.0.0.0 Safari/537.36"
157.90.185.123 - - [02/Sep/2026:09:59:54 -0500] "POST /?wordfence_syncAttackData=1788361194.2316 HTTP/1.1" 200 - "-" "WordPress/7.1; https://pastorfischer.com"
62.60.130.247 - - [02/Sep/2026:09:59:53 -0500] "GET /wp-admin/edit.php HTTP/1.1" 503 18948 "https://pastorfischer.com/wp-login.php" "Mozilla/5.0 (Macintosh; Intel Mac OS X 13_6_1) AppleWebKit/537.36 (KHTML, like Gecko) Chrome/121.0.0.0 Safari/537.36"
62.60.130.247 - - [02/Sep/2026:09:59:55 -0500] "GET /wp-admin/plugins.php HTTP/1.1" 503 18948 "https://pastorfischer.com/wp-login.php" "Mozilla/5.0 (Macintosh; Intel Mac OS X 13_6_1) AppleWebKit/537.36 (KHTML, like Gecko) Chrome/121.0.0.0 Safari/537.36"
62.60.130.247 - - [02/Sep/2026:09:59:57 -0500] "POST /wp-login.php HTTP/1.1" 503 18035 "https://pastorfischer.com/wp-login.php" "Mozilla/5.0 (Macintosh; Intel Mac OS X 10_15_7) AppleWebKit/605.1.15 (KHTML, like Gecko) Version/17.1 Safari/605.1.15"
62.60.130.247 - - [02/Sep/2026:09:59:58 -0500] "GET /wp-admin/index.php HTTP/1.1" 503 18948 "https://pastorfischer.com/wp-login.php" "Mozilla/5.0 (Macintosh; Intel Mac OS X 10_15_7) AppleWebKit/605.1.15 (KHTML, like Gecko) Version/17.2 Safari/605.1.15"
62.60.130.247 - - [02/Sep/2026:09:59:59 -0500] "GET /wp-admin/profile.php HTTP/1.1" 503 18948 "https://pastorfischer.com/wp-login.php" "Mozilla/5.0 (Macintosh; Intel Mac OS X 10_15_7) AppleWebKit/605.1.15 (KHTML, like Gecko) Version/17.2 Safari/605.1.15"
62.60.130.247 - - [02/Sep/2026:10:00:00 -0500] "GET /wp-admin/edit.php HTTP/1.1" 503 18948 "https://pastorfischer.com/wp-login.php" "Mozilla/5.0 (Macintosh; Intel Mac OS X 10_15_7) AppleWebKit/605.1.15 (KHTML, like Gecko) Version/17.2 Safari/605.1.15"
62.60.130.247 - - [02/Sep/2026:10:00:02 -0500] "GET /wp-admin/plugins.php HTTP/1.1" 503 18948 "https://pastorfischer.com/wp-login.php" "Mozilla/5.0 (Macintosh; Intel Mac OS X 10_15_7) AppleWebKit/605.1.15 (KHTML, like Gecko) Version/17.2 Safari/605.1.15"
62.60.130.247 - - [02/Sep/2026:10:00:02 -0500] "POST /wp-login.php HTTP/1.1" 503 18035 "https://pastorfischer.com/wp-login.php" "Mozilla/5.0 (Macintosh; Intel Mac OS X 10_15_7; rv:118.0) Gecko/20100101 Firefox/118.0"
157.90.185.123 - - [02/Sep/2026:10:00:05 -0500] "POST /?wordfence_syncAttackData=1788361205.0774 HTTP/1.1" 200 - "-" "WordPress/7.1; https://pastorfischer.com"
62.60.130.247 - - [02/Sep/2026:10:00:04 -0500] "GET /wp-admin/index.php HTTP/1.1" 503 18948 "https://pastorfischer.com/wp-login.php" "Mozilla/5.0 (Macintosh; Intel Mac OS X 10_15_7) AppleWebKit/537.36 (KHTML, like Gecko) Chrome/120.0.0.0 Safari/537.36"
62.60.130.247 - - [02/Sep/2026:10:00:07 -0500] "GET /wp-admin/profile.php HTTP/1.1" 503 18948 "https://pastorfischer.com/wp-login.php" "Mozilla/5.0 (Macintosh; Intel Mac OS X 10_15_7) AppleWebKit/537.36 (KHTML, like Gecko) Chrome/120.0.0.0 Safari/537.36"
62.60.130.247 - - [02/Sep/2026:10:00:08 -0500] "GET /wp-admin/edit.php HTTP/1.1" 503 18948 "https://pastorfischer.com/wp-login.php" "Mozilla/5.0 (Macintosh; Intel Mac OS X 10_15_7) AppleWebKit/537.36 (KHTML, like Gecko) Chrome/120.0.0.0 Safari/537.36"
62.60.130.247 - - [02/Sep/2026:10:00:09 -0500] "GET /wp-admin/plugins.php HTTP/1.1" 503 18948 "https://pastorfischer.com/wp-login.php" "Mozilla/5.0 (Macintosh; Intel Mac OS X 10_15_7) AppleWebKit/537.36 (KHTML, like Gecko) Chrome/120.0.0.0 Safari/537.36"
62.60.130.247 - - [02/Sep/2026:10:00:11 -0500] "POST /wp-login.php HTTP/1.1" 503 18035 "https://pastorfischer.com/wp-login.php" "Mozilla/5.0 (Macintosh; Intel Mac OS X 13_6_1) AppleWebKit/605.1.15 (KHTML, like Gecko) Version/17.1 Safari/605.1.15"
62.60.130.247 - - [02/Sep/2026:10:00:12 -0500] "GET /wp-admin/index.php HTTP/1.1" 503 18948 "https://pastorfischer.com/wp-login.php" "Mozilla/5.0 (Windows NT 11.0; Win64; x64) AppleWebKit/537.36 (KHTML, like Gecko) Chrome/118.0.0.0 Safari/537.36"
62.60.130.247 - - [02/Sep/2026:10:00:13 -0500] "GET /wp-admin/profile.php HTTP/1.1" 503 18948 "https://pastorfischer.com/wp-login.php" "Mozilla/5.0 (Windows NT 11.0; Win64; x64) AppleWebKit/537.36 (KHTML, like Gecko) Chrome/118.0.0.0 Safari/537.36"
157.90.185.123 - - [02/Sep/2026:10:00:15 -0500] "POST /?wordfence_syncAttackData=1788361215.3488 HTTP/1.1" 200 - "-" "WordPress/7.1; https://pastorfischer.com"
62.60.130.247 - - [02/Sep/2026:10:00:14 -0500] "GET /wp-admin/edit.php HTTP/1.1" 503 18948 "https://pastorfischer.com/wp-login.php" "Mozilla/5.0 (Windows NT 11.0; Win64; x64) AppleWebKit/537.36 (KHTML, like Gecko) Chrome/118.0.0.0 Safari/537.36"
62.60.130.247 - - [02/Sep/2026:10:00:17 -0500] "GET /wp-admin/plugins.php HTTP/1.1" 503 18948 "https://pastorfischer.com/wp-login.php" "Mozilla/5.0 (Windows NT 11.0; Win64; x64) AppleWebKit/537.36 (KHTML, like Gecko) Chrome/118.0.0.0 Safari/537.36"
62.60.130.247 - - [02/Sep/2026:10:00:18 -0500] "POST /wp-login.php HTTP/1.1" 503 18035 "https://pastorfischer.com/wp-login.php" "Mozilla/5.0 (Macintosh; Intel Mac OS X 10_15_7) AppleWebKit/537.36 (KHTML, like Gecko) Chrome/118.0.0.0 Safari/537.36"
62.60.130.247 - - [02/Sep/2026:10:00:20 -0500] "GET /wp-admin/index.php HTTP/1.1" 503 18948 "https://pastorfischer.com/wp-login.php" "Mozilla/5.0 (Macintosh; Intel Mac OS X 13_6_1) AppleWebKit/537.36 (KHTML, like Gecko) Chrome/119.0.0.0 Safari/537.36"
62.60.130.247 - - [02/Sep/2026:10:00:21 -0500] "GET /wp-admin/profile.php HTTP/1.1" 503 18948 "https://pastorfischer.com/wp-login.php" "Mozilla/5.0 (Macintosh; Intel Mac OS X 13_6_1) AppleWebKit/537.36 (KHTML, like Gecko) Chrome/119.0.0.0 Safari/537.36"
62.60.130.247 - - [02/Sep/2026:10:00:22 -0500] "GET /wp-admin/edit.php HTTP/1.1" 503 18948 "https://pastorfischer.com/wp-login.php" "Mozilla/5.0 (Macintosh; Intel Mac OS X 13_6_1) AppleWebKit/537.36 (KHTML, like Gecko) Chrome/119.0.0.0 Safari/537.36"
62.60.130.247 - - [02/Sep/2026:10:00:23 -0500] "GET /wp-admin/plugins.php HTTP/1.1" 503 18948 "https://pastorfischer.com/wp-login.php" "Mozilla/5.0 (Macintosh; Intel Mac OS X 13_6_1) AppleWebKit/537.36 (KHTML, like Gecko) Chrome/119.0.0.0 Safari/537.36"
62.60.130.247 - - [02/Sep/2026:10:00:25 -0500] "POST /wp-login.php HTTP/1.1" 503 18035 "https://pastorfischer.com/wp-login.php" "Mozilla/5.0 (Macintosh; Intel Mac OS X 10_15_7) AppleWebKit/605.1.15 (KHTML, like Gecko) Version/17.1 Safari/605.1.15"
157.90.185.123 - - [02/Sep/2026:10:00:27 -0500] "POST /?wordfence_syncAttackData=1788361227.0706 HTTP/1.1" 200 - "-" "WordPress/7.1; https://pastorfischer.com"
62.60.130.247 - - [02/Sep/2026:10:00:26 -0500] "GET /wp-admin/index.php HTTP/1.1" 503 18948 "https://pastorfischer.com/wp-login.php" "Mozilla/5.0 (Macintosh; Intel Mac OS X 13_6_1; rv:118.0) Gecko/20100101 Firefox/118.0"
62.60.130.247 - - [02/Sep/2026:10:00:28 -0500] "GET /wp-admin/profile.php HTTP/1.1" 503 18948 "https://pastorfischer.com/wp-login.php" "Mozilla/5.0 (Macintosh; Intel Mac OS X 13_6_1; rv:118.0) Gecko/20100101 Firefox/118.0"
62.60.130.247 - - [02/Sep/2026:10:00:30 -0500] "GET /wp-admin/edit.php HTTP/1.1" 503 18948 "https://pastorfischer.com/wp-login.php" "Mozilla/5.0 (Macintosh; Intel Mac OS X 13_6_1; rv:118.0) Gecko/20100101 Firefox/118.0"
62.60.130.247 - - [02/Sep/2026:10:00:32 -0500] "GET /wp-admin/plugins.php HTTP/1.1" 503 18948 "https://pastorfischer.com/wp-login.php" "Mozilla/5.0 (Macintosh; Intel Mac OS X 13_6_1; rv:118.0) Gecko/20100101 Firefox/118.0"
62.60.130.247 - - [02/Sep/2026:10:00:33 -0500] "POST /wp-login.php HTTP/1.1" 503 18035 "https://pastorfischer.com/wp-login.php" "Mozilla/5.0 (Windows NT 10.0; Win64; x64; rv:119.0) Gecko/20100101 Firefox/119.0"
62.60.130.247 - - [02/Sep/2026:10:00:34 -0500] "GET /wp-admin/index.php HTTP/1.1" 503 18948 "https://pastorfischer.com/wp-login.php" "Mozilla/5.0 (Macintosh; Intel Mac OS X 10_15_7) AppleWebKit/605.1.15 (KHTML, like Gecko) Version/17.1 Safari/605.1.15"
62.60.130.247 - - [02/Sep/2026:10:00:35 -0500] "GET /wp-admin/profile.php HTTP/1.1" 503 18948 "https://pastorfischer.com/wp-login.php" "Mozilla/5.0 (Macintosh; Intel Mac OS X 10_15_7) AppleWebKit/605.1.15 (KHTML, like Gecko) Version/17.1 Safari/605.1.15"
157.90.185.123 - - [02/Sep/2026:10:00:36 -0500] "POST /?wordfence_syncAttackData=1788361236.5102 HTTP/1.1" 200 - "-" "WordPress/7.1; https://pastorfischer.com"
62.60.130.247 - - [02/Sep/2026:10:00:37 -0500] "GET /wp-admin/edit.php HTTP/1.1" 503 18948 "https://pastorfischer.com/wp-login.php" "Mozilla/5.0 (Macintosh; Intel Mac OS X 10_15_7) AppleWebKit/605.1.15 (KHTML, like Gecko) Version/17.1 Safari/605.1.15"
62.60.130.247 - - [02/Sep/2026:10:00:39 -0500] "GET /wp-admin/plugins.php HTTP/1.1" 503 18948 "https://pastorfischer.com/wp-login.php" "Mozilla/5.0 (Macintosh; Intel Mac OS X 10_15_7) AppleWebKit/605.1.15 (KHTML, like Gecko) Version/17.1 Safari/605.1.15"
62.60.130.247 - - [02/Sep/2026:10:00:40 -0500] "POST /wp-login.php HTTP/1.1" 503 18035 "https://pastorfischer.com/wp-login.php" "Mozilla/5.0 (Macintosh; Intel Mac OS X 13_6_1) AppleWebKit/605.1.15 (KHTML, like Gecko) Version/16.6 Safari/605.1.15"
62.60.130.247 - - [02/Sep/2026:10:00:42 -0500] "GET /wp-admin/index.php HTTP/1.1" 503 18948 "https://pastorfischer.com/wp-login.php" "Mozilla/5.0 (Macintosh; Intel Mac OS X 13_6_1) AppleWebKit/605.1.15 (KHTML, like Gecko) Version/16.6 Safari/605.1.15"
62.60.130.247 - - [02/Sep/2026:10:00:43 -0500] "GET /wp-admin/profile.php HTTP/1.1" 503 18948 "https://pastorfischer.com/wp-login.php" "Mozilla/5.0 (Macintosh; Intel Mac OS X 13_6_1) AppleWebKit/605.1.15 (KHTML, like Gecko) Version/16.6 Safari/605.1.15"
157.90.185.123 - - [02/Sep/2026:10:00:46 -0500] "POST /?wordfence_syncAttackData=1788361246.2227 HTTP/1.1" 200 - "-" "WordPress/7.1; https://pastorfischer.com"
62.60.130.247 - - [02/Sep/2026:10:00:45 -0500] "GET /wp-admin/edit.php HTTP/1.1" 503 18948 "https://pastorfischer.com/wp-login.php" "Mozilla/5.0 (Macintosh; Intel Mac OS X 13_6_1) AppleWebKit/605.1.15 (KHTML, like Gecko) Version/16.6 Safari/605.1.15"
62.60.130.247 - - [02/Sep/2026:10:00:47 -0500] "GET /wp-admin/plugins.php HTTP/1.1" 503 18948 "https://pastorfischer.com/wp-login.php" "Mozilla/5.0 (Macintosh; Intel Mac OS X 13_6_1) AppleWebKit/605.1.15 (KHTML, like Gecko) Version/16.6 Safari/605.1.15"
62.60.130.247 - - [02/Sep/2026:10:00:51 -0500] "POST /wp-login.php HTTP/1.1" 503 18035 "https://pastorfischer.com/wp-login.php" "Mozilla/5.0 (Macintosh; Intel Mac OS X 10_15_7) AppleWebKit/537.36 (KHTML, like Gecko) Chrome/118.0.0.0 Safari/537.36"
62.60.130.247 - - [02/Sep/2026:10:00:52 -0500] "GET /wp-admin/index.php HTTP/1.1" 503 18948 "https://pastorfischer.com/wp-login.php" "Mozilla/5.0 (Macintosh; Intel Mac OS X 13_6_1) AppleWebKit/537.36 (KHTML, like Gecko) Chrome/121.0.0.0 Safari/537.36"
62.60.130.247 - - [02/Sep/2026:10:00:53 -0500] "GET /wp-admin/profile.php HTTP/1.1" 503 18948 "https://pastorfischer.com/wp-login.php" "Mozilla/5.0 (Macintosh; Intel Mac OS X 13_6_1) AppleWebKit/537.36 (KHTML, like Gecko) Chrome/121.0.0.0 Safari/537.36"
62.60.130.247 - - [02/Sep/2026:10:00:54 -0500] "GET /wp-admin/edit.php HTTP/1.1" 503 18948 "https://pastorfischer.com/wp-login.php" "Mozilla/5.0 (Macintosh; Intel Mac OS X 13_6_1) AppleWebKit/537.36 (KHTML, like Gecko) Chrome/121.0.0.0 Safari/537.36"
157.90.185.123 - - [02/Sep/2026:10:00:56 -0500] "POST /?wordfence_syncAttackData=1788361256.4792 HTTP/1.1" 200 - "-" "WordPress/7.1; https://pastorfischer.com"
62.60.130.247 - - [02/Sep/2026:10:00:55 -0500] "GET /wp-admin/plugins.php HTTP/1.1" 503 18948 "https://pastorfischer.com/wp-login.php" "Mozilla/5.0 (Macintosh; Intel Mac OS X 13_6_1) AppleWebKit/537.36 (KHTML, like Gecko) Chrome/121.0.0.0 Safari/537.36"
62.60.130.247 - - [02/Sep/2026:10:00:57 -0500] "POST /wp-login.php HTTP/1.1" 503 18035 "https://pastorfischer.com/wp-login.php" "Mozilla/5.0 (X11; Linux x86_64) AppleWebKit/537.36 (KHTML, like Gecko) Chrome/118.0.0.0 Safari/537.36"
62.60.130.247 - - [02/Sep/2026:10:00:59 -0500] "GET /wp-admin/index.php HTTP/1.1" 503 18948 "https://pastorfischer.com/wp-login.php" "Mozilla/5.0 (X11; Linux x86_64) AppleWebKit/537.36 (KHTML, like Gecko) Chrome/119.0.0.0 Safari/537.36"
62.60.130.247 - - [02/Sep/2026:10:01:01 -0500] "GET /wp-admin/profile.php HTTP/1.1" 503 18948 "https://pastorfischer.com/wp-login.php" "Mozilla/5.0 (X11; Linux x86_64) AppleWebKit/537.36 (KHTML, like Gecko) Chrome/119.0.0.0 Safari/537.36"
62.60.130.247 - - [02/Sep/2026:10:01:03 -0500] "GET /wp-admin/edit.php HTTP/1.1" 503 18948 "https://pastorfischer.com/wp-login.php" "Mozilla/5.0 (X11; Linux x86_64) AppleWebKit/537.36 (KHTML, like Gecko) Chrome/119.0.0.0 Safari/537.36"
62.60.130.247 - - [02/Sep/2026:10:01:05 -0500] "GET /wp-admin/plugins.php HTTP/1.1" 503 18948 "https://pastorfischer.com/wp-login.php" "Mozilla/5.0 (X11; Linux x86_64) AppleWebKit/537.36 (KHTML, like Gecko) Chrome/119.0.0.0 Safari/537.36"
157.90.185.123 - - [02/Sep/2026:10:01:07 -0500] "POST /?wordfence_syncAttackData=1788361267.0068 HTTP/1.1" 200 - "-" "WordPress/7.1; https://pastorfischer.com"
62.60.130.247 - - [02/Sep/2026:10:01:08 -0500] "POST /wp-login.php HTTP/1.1" 503 18035 "https://pastorfischer.com/wp-login.php" "Mozilla/5.0 (Windows NT 10.0; Win64; x64; rv:119.0) Gecko/20100101 Firefox/119.0"
62.60.130.247 - - [02/Sep/2026:10:01:09 -0500] "GET /wp-admin/index.php HTTP/1.1" 503 18948 "https://pastorfischer.com/wp-login.php" "Mozilla/5.0 (Windows NT 10.0; Win64; x64) AppleWebKit/537.36 (KHTML, like Gecko) Chrome/120.0.0.0 Safari/537.36"
62.60.130.247 - - [02/Sep/2026:10:01:10 -0500] "GET /wp-admin/profile.php HTTP/1.1" 503 18948 "https://pastorfischer.com/wp-login.php" "Mozilla/5.0 (Windows NT 10.0; Win64; x64) AppleWebKit/537.36 (KHTML, like Gecko) Chrome/120.0.0.0 Safari/537.36"
62.60.130.247 - - [02/Sep/2026:10:01:12 -0500] "GET /wp-admin/edit.php HTTP/1.1" 503 18948 "https://pastorfischer.com/wp-login.php" "Mozilla/5.0 (Windows NT 10.0; Win64; x64) AppleWebKit/537.36 (KHTML, like Gecko) Chrome/120.0.0.0 Safari/537.36"
62.60.130.247 - - [02/Sep/2026:10:01:14 -0500] "GET /wp-admin/plugins.php HTTP/1.1" 503 18948 "https://pastorfischer.com/wp-login.php" "Mozilla/5.0 (Windows NT 10.0; Win64; x64) AppleWebKit/537.36 (KHTML, like Gecko) Chrome/120.0.0.0 Safari/537.36"
62.60.130.247 - - [02/Sep/2026:10:01:16 -0500] "POST /wp-login.php HTTP/1.1" 503 18035 "https://pastorfischer.com/wp-login.php" "Mozilla/5.0 (X11; Ubuntu; Linux x86_64) AppleWebKit/537.36 (KHTML, like Gecko) Chrome/118.0.0.0 Safari/537.36"
157.90.185.123 - - [02/Sep/2026:10:01:18 -0500] "POST /?wordfence_syncAttackData=1788361278.6219 HTTP/1.1" 200 - "-" "WordPress/7.1; https://pastorfischer.com"
62.60.130.247 - - [02/Sep/2026:10:01:17 -0500] "GET /wp-admin/index.php HTTP/1.1" 503 18948 "https://pastorfischer.com/wp-login.php" "Mozilla/5.0 (X11; Ubuntu; Linux x86_64) AppleWebKit/537.36 (KHTML, like Gecko) Chrome/119.0.0.0 Safari/537.36"
62.60.130.247 - - [02/Sep/2026:10:01:20 -0500] "GET /wp-admin/profile.php HTTP/1.1" 503 18948 "https://pastorfischer.com/wp-login.php" "Mozilla/5.0 (X11; Ubuntu; Linux x86_64) AppleWebKit/537.36 (KHTML, like Gecko) Chrome/119.0.0.0 Safari/537.36"
62.60.130.247 - - [02/Sep/2026:10:01:22 -0500] "GET /wp-admin/edit.php HTTP/1.1" 503 18948 "https://pastorfischer.com/wp-login.php" "Mozilla/5.0 (X11; Ubuntu; Linux x86_64) AppleWebKit/537.36 (KHTML, like Gecko) Chrome/119.0.0.0 Safari/537.36"
62.60.130.247 - - [02/Sep/2026:10:01:23 -0500] "GET /wp-admin/plugins.php HTTP/1.1" 503 18948 "https://pastorfischer.com/wp-login.php" "Mozilla/5.0 (X11; Ubuntu; Linux x86_64) AppleWebKit/537.36 (KHTML, like Gecko) Chrome/119.0.0.0 Safari/537.36"
62.60.130.247 - - [02/Sep/2026:10:01:25 -0500] "POST /wp-login.php HTTP/1.1" 503 18035 "https://pastorfischer.com/wp-login.php" "Mozilla/5.0 (Windows NT 11.0; Win64; x64; rv:121.0) Gecko/20100101 Firefox/121.0"
62.60.130.247 - - [02/Sep/2026:10:01:27 -0500] "GET /wp-admin/index.php HTTP/1.1" 503 18948 "https://pastorfischer.com/wp-login.php" "Mozilla/5.0 (Windows NT 11.0; Win64; x64) AppleWebKit/537.36 (KHTML, like Gecko) Chrome/119.0.0.0 Safari/537.36"
157.90.185.123 - - [02/Sep/2026:10:01:28 -0500] "POST /?wordfence_syncAttackData=1788361288.8392 HTTP/1.1" 200 - "-" "WordPress/7.1; https://pastorfischer.com"
62.60.130.247 - - [02/Sep/2026:10:01:28 -0500] "GET /wp-admin/profile.php HTTP/1.1" 503 18948 "https://pastorfischer.com/wp-login.php" "Mozilla/5.0 (Windows NT 11.0; Win64; x64) AppleWebKit/537.36 (KHTML, like Gecko) Chrome/119.0.0.0 Safari/537.36"
62.60.130.247 - - [02/Sep/2026:10:01:30 -0500] "GET /wp-admin/edit.php HTTP/1.1" 503 18948 "https://pastorfischer.com/wp-login.php" "Mozilla/5.0 (Windows NT 11.0; Win64; x64) AppleWebKit/537.36 (KHTML, like Gecko) Chrome/119.0.0.0 Safari/537.36"
62.60.130.247 - - [02/Sep/2026:10:01:31 -0500] "GET /wp-admin/plugins.php HTTP/1.1" 503 18948 "https://pastorfischer.com/wp-login.php" "Mozilla/5.0 (Windows NT 11.0; Win64; x64) AppleWebKit/537.36 (KHTML, like Gecko) Chrome/119.0.0.0 Safari/537.36"
62.60.130.247 - - [02/Sep/2026:10:01:33 -0500] "POST /wp-login.php HTTP/1.1" 503 18035 "https://pastorfischer.com/wp-login.php" "Mozilla/5.0 (Windows NT 11.0; Win64; x64) AppleWebKit/537.36 (KHTML, like Gecko) Chrome/120.0.0.0 Safari/537.36"
5.175.206.202 - - [02/Sep/2026:10:01:34 -0500] "GET /wp-admin/index.php HTTP/1.1" 302 - "https://pastorfischer.com/wp-login.php" "Mozilla/5.0 (Windows NT 10.0; Win64; x64; rv:118.0) Gecko/20100101 Firefox/118.0"
5.175.206.202 - - [02/Sep/2026:10:01:35 -0500] "GET /wp-login.php?redirect_to=https%3A%2F%2Fpastorfischer.com%2Fwp-admin%2Findex.php&reauth=1 HTTP/1.1" 200 6947 "https://pastorfischer.com/wp-login.php" "Mozilla/5.0 (Windows NT 10.0; Win64; x64; rv:118.0) Gecko/20100101 Firefox/118.0"
62.60.130.247 - - [02/Sep/2026:10:01:35 -0500] "GET /wp-admin/index.php HTTP/1.1" 503 18948 "https://pastorfischer.com/wp-login.php" "Mozilla/5.0 (Macintosh; Intel Mac OS X 13_6_1) AppleWebKit/537.36 (KHTML, like Gecko) Chrome/118.0.0.0 Safari/537.36"
5.175.206.202 - - [02/Sep/2026:10:01:35 -0500] "POST /wp-login.php HTTP/1.1" 503 18948 "https://pastorfischer.com/wp-login.php" "Mozilla/5.0 (Macintosh; Intel Mac OS X 10_15_7) AppleWebKit/605.1.15 (KHTML, like Gecko) Version/17.1 Safari/605.1.15"
62.60.130.247 - - [02/Sep/2026:10:01:37 -0500] "GET /wp-admin/profile.php HTTP/1.1" 503 18948 "https://pastorfischer.com/wp-login.php" "Mozilla/5.0 (Macintosh; Intel Mac OS X 13_6_1) AppleWebKit/537.36 (KHTML, like Gecko) Chrome/118.0.0.0 Safari/537.36"
157.90.185.123 - - [02/Sep/2026:10:01:38 -0500] "POST /?wordfence_syncAttackData=1788361298.1567 HTTP/1.1" 200 - "-" "WordPress/7.1; https://pastorfischer.com"
5.175.206.202 - - [02/Sep/2026:10:01:37 -0500] "GET /wp-admin/index.php HTTP/1.1" 503 18948 "https://pastorfischer.com/wp-login.php" "Mozilla/5.0 (X11; Linux x86_64) AppleWebKit/537.36 (KHTML, like Gecko) Chrome/118.0.0.0 Safari/537.36"
62.60.130.247 - - [02/Sep/2026:10:01:38 -0500] "GET /wp-admin/edit.php HTTP/1.1" 503 18948 "https://pastorfischer.com/wp-login.php" "Mozilla/5.0 (Macintosh; Intel Mac OS X 13_6_1) AppleWebKit/537.36 (KHTML, like Gecko) Chrome/118.0.0.0 Safari/537.36"
62.60.130.247 - - [02/Sep/2026:10:01:39 -0500] "GET /wp-admin/plugins.php HTTP/1.1" 503 18948 "https://pastorfischer.com/wp-login.php" "Mozilla/5.0 (Macintosh; Intel Mac OS X 13_6_1) AppleWebKit/537.36 (KHTML, like Gecko) Chrome/118.0.0.0 Safari/537.36"
62.60.130.247 - - [02/Sep/2026:10:01:41 -0500] "POST /wp-login.php HTTP/1.1" 503 18035 "https://pastorfischer.com/wp-login.php" "Mozilla/5.0 (Macintosh; Intel Mac OS X 10_15_7) AppleWebKit/605.1.15 (KHTML, like Gecko) Version/16.6 Safari/605.1.15"
62.60.130.247 - - [02/Sep/2026:10:01:42 -0500] "GET /wp-admin/index.php HTTP/1.1" 503 18948 "https://pastorfischer.com/wp-login.php" "Mozilla/5.0 (Macintosh; Intel Mac OS X 10_15_7) AppleWebKit/605.1.15 (KHTML, like Gecko) Version/17.2 Safari/605.1.15"
62.60.130.247 - - [02/Sep/2026:10:01:45 -0500] "GET /wp-admin/profile.php HTTP/1.1" 503 18948 "https://pastorfischer.com/wp-login.php" "Mozilla/5.0 (Macintosh; Intel Mac OS X 10_15_7) AppleWebKit/605.1.15 (KHTML, like Gecko) Version/17.2 Safari/605.1.15"
157.90.185.123 - - [02/Sep/2026:10:01:48 -0500] "POST /?wordfence_syncAttackData=1788361308.1248 HTTP/1.1" 200 - "-" "WordPress/7.1; https://pastorfischer.com"
62.60.130.247 - - [02/Sep/2026:10:01:47 -0500] "GET /wp-admin/edit.php HTTP/1.1" 503 18948 "https://pastorfischer.com/wp-login.php" "Mozilla/5.0 (Macintosh; Intel Mac OS X 10_15_7) AppleWebKit/605.1.15 (KHTML, like Gecko) Version/17.2 Safari/605.1.15"
62.60.130.247 - - [02/Sep/2026:10:01:50 -0500] "GET /wp-admin/plugins.php HTTP/1.1" 503 18948 "https://pastorfischer.com/wp-login.php" "Mozilla/5.0 (Macintosh; Intel Mac OS X 10_15_7) AppleWebKit/605.1.15 (KHTML, like Gecko) Version/17.2 Safari/605.1.15"
62.60.130.247 - - [02/Sep/2026:10:01:51 -0500] "POST /wp-login.php HTTP/1.1" 503 18035 "https://pastorfischer.com/wp-login.php" "Mozilla/5.0 (Windows NT 11.0; Win64; x64) AppleWebKit/537.36 (KHTML, like Gecko) Chrome/119.0.0.0 Safari/537.36"
62.60.130.247 - - [02/Sep/2026:10:01:53 -0500] "GET /wp-admin/index.php HTTP/1.1" 503 18948 "https://pastorfischer.com/wp-login.php" "Mozilla/5.0 (Macintosh; Intel Mac OS X 13_6_1; rv:118.0) Gecko/20100101 Firefox/118.0"
62.60.130.247 - - [02/Sep/2026:10:01:55 -0500] "GET /wp-admin/profile.php HTTP/1.1" 503 18948 "https://pastorfischer.com/wp-login.php" "Mozilla/5.0 (Macintosh; Intel Mac OS X 13_6_1; rv:118.0) Gecko/20100101 Firefox/118.0"
62.60.130.247 - - [02/Sep/2026:10:01:56 -0500] "GET /wp-admin/edit.php HTTP/1.1" 503 18948 "https://pastorfischer.com/wp-login.php" "Mozilla/5.0 (Macintosh; Intel Mac OS X 13_6_1; rv:118.0) Gecko/20100101 Firefox/118.0"
157.90.185.123 - - [02/Sep/2026:10:01:58 -0500] "POST /?wordfence_syncAttackData=1788361318.2471 HTTP/1.1" 200 - "-" "WordPress/7.1; https://pastorfischer.com"
62.60.130.247 - - [02/Sep/2026:10:01:57 -0500] "GET /wp-admin/plugins.php HTTP/1.1" 503 18948 "https://pastorfischer.com/wp-login.php" "Mozilla/5.0 (Macintosh; Intel Mac OS X 13_6_1; rv:118.0) Gecko/20100101 Firefox/118.0"
62.60.130.247 - - [02/Sep/2026:10:01:59 -0500] "POST /wp-login.php HTTP/1.1" 503 18035 "https://pastorfischer.com/wp-login.php" "Mozilla/5.0 (Windows NT 10.0; Win64; x64; rv:121.0) Gecko/20100101 Firefox/121.0"
62.60.130.247 - - [02/Sep/2026:10:02:01 -0500] "GET /wp-admin/index.php HTTP/1.1" 503 18948 "https://pastorfischer.com/wp-login.php" "Mozilla/5.0 (Windows NT 10.0; Win64; x64; rv:121.0) Gecko/20100101 Firefox/121.0"
62.60.130.247 - - [02/Sep/2026:10:02:02 -0500] "GET /wp-admin/profile.php HTTP/1.1" 503 18948 "https://pastorfischer.com/wp-login.php" "Mozilla/5.0 (Windows NT 10.0; Win64; x64; rv:121.0) Gecko/20100101 Firefox/121.0"
62.60.130.247 - - [02/Sep/2026:10:02:03 -0500] "GET /wp-admin/edit.php HTTP/1.1" 503 18948 "https://pastorfischer.com/wp-login.php" "Mozilla/5.0 (Windows NT 10.0; Win64; x64; rv:121.0) Gecko/20100101 Firefox/121.0"
62.60.130.247 - - [02/Sep/2026:10:02:04 -0500] "GET /wp-admin/plugins.php HTTP/1.1" 503 18948 "https://pastorfischer.com/wp-login.php" "Mozilla/5.0 (Windows NT 10.0; Win64; x64; rv:121.0) Gecko/20100101 Firefox/121.0"
62.60.130.247 - - [02/Sep/2026:10:02:05 -0500] "POST /wp-login.php HTTP/1.1" 503 18035 "https://pastorfischer.com/wp-login.php" "Mozilla/5.0 (Windows NT 11.0; Win64; x64; rv:120.0) Gecko/20100101 Firefox/120.0"
157.90.185.123 - - [02/Sep/2026:10:02:07 -0500] "POST /?wordfence_syncAttackData=1788361327.7094 HTTP/1.1" 200 - "-" "WordPress/7.1; https://pastorfischer.com"
62.60.130.247 - - [02/Sep/2026:10:02:07 -0500] "GET /wp-admin/index.php HTTP/1.1" 503 18948 "https://pastorfischer.com/wp-login.php" "Mozilla/5.0 (X11; Ubuntu; Linux x86_64) AppleWebKit/537.36 (KHTML, like Gecko) Chrome/118.0.0.0 Safari/537.36"
62.60.130.247 - - [02/Sep/2026:10:02:09 -0500] "GET /wp-admin/profile.php HTTP/1.1" 503 18948 "https://pastorfischer.com/wp-login.php" "Mozilla/5.0 (X11; Ubuntu; Linux x86_64) AppleWebKit/537.36 (KHTML, like Gecko) Chrome/118.0.0.0 Safari/537.36"
