23.234.82.46 - - [01/Sep/2026:07:36:33 -0500] "GET /wp-admin/edit.php HTTP/1.1" 503 18948 "https://pastorfischer.com/wp-login.php" "Mozilla/5.0 (Windows NT 11.0; Win64; x64) AppleWebKit/537.36 (KHTML, like Gecko) Chrome/119.0.0.0 Safari/537.36"
23.234.82.46 - - [01/Sep/2026:07:36:36 -0500] "GET /wp-admin/plugins.php HTTP/1.1" 503 18948 "https://pastorfischer.com/wp-login.php" "Mozilla/5.0 (Windows NT 11.0; Win64; x64) AppleWebKit/537.36 (KHTML, like Gecko) Chrome/119.0.0.0 Safari/537.36"
23.234.82.46 - - [01/Sep/2026:07:36:37 -0500] "POST /wp-login.php HTTP/1.1" 503 18035 "https://pastorfischer.com/wp-login.php" "Mozilla/5.0 (Macintosh; Intel Mac OS X 10_15_7) AppleWebKit/537.36 (KHTML, like Gecko) Chrome/119.0.0.0 Safari/537.36"
23.234.82.46 - - [01/Sep/2026:07:36:39 -0500] "GET /wp-admin/index.php HTTP/1.1" 503 18948 "https://pastorfischer.com/wp-login.php" "Mozilla/5.0 (X11; Linux x86_64) AppleWebKit/537.36 (KHTML, like Gecko) Chrome/121.0.0.0 Safari/537.36"
157.90.185.123 - - [01/Sep/2026:07:36:40 -0500] "POST /?wordfence_syncAttackData=1788266200.0525 HTTP/1.1" 200 - "-" "WordPress/7.1; https://pastorfischer.com"
23.234.82.46 - - [01/Sep/2026:07:36:41 -0500] "GET /wp-admin/profile.php HTTP/1.1" 503 18948 "https://pastorfischer.com/wp-login.php" "Mozilla/5.0 (X11; Linux x86_64) AppleWebKit/537.36 (KHTML, like Gecko) Chrome/121.0.0.0 Safari/537.36"
23.234.82.46 - - [01/Sep/2026:07:36:43 -0500] "GET /wp-admin/edit.php HTTP/1.1" 503 18948 "https://pastorfischer.com/wp-login.php" "Mozilla/5.0 (X11; Linux x86_64) AppleWebKit/537.36 (KHTML, like Gecko) Chrome/121.0.0.0 Safari/537.36"
23.234.82.46 - - [01/Sep/2026:07:36:46 -0500] "GET /wp-admin/plugins.php HTTP/1.1" 503 18948 "https://pastorfischer.com/wp-login.php" "Mozilla/5.0 (X11; Linux x86_64) AppleWebKit/537.36 (KHTML, like Gecko) Chrome/121.0.0.0 Safari/537.36"
23.234.82.46 - - [01/Sep/2026:07:36:47 -0500] "POST /wp-login.php HTTP/1.1" 503 18035 "https://pastorfischer.com/wp-login.php" "Mozilla/5.0 (Windows NT 10.0; Win64; x64) AppleWebKit/537.36 (KHTML, like Gecko) Chrome/120.0.0.0 Safari/537.36"
23.234.82.46 - - [01/Sep/2026:07:36:48 -0500] "GET /wp-admin/index.php HTTP/1.1" 503 18948 "https://pastorfischer.com/wp-login.php" "Mozilla/5.0 (Macintosh; Intel Mac OS X 13_6_1; rv:119.0) Gecko/20100101 Firefox/119.0"
157.90.185.123 - - [01/Sep/2026:07:36:51 -0500] "POST /?wordfence_syncAttackData=1788266211.1123 HTTP/1.1" 200 - "-" "WordPress/7.1; https://pastorfischer.com"
23.234.82.46 - - [01/Sep/2026:07:36:50 -0500] "GET /wp-admin/profile.php HTTP/1.1" 503 18948 "https://pastorfischer.com/wp-login.php" "Mozilla/5.0 (Macintosh; Intel Mac OS X 13_6_1; rv:119.0) Gecko/20100101 Firefox/119.0"
23.234.82.46 - - [01/Sep/2026:07:36:52 -0500] "GET /wp-admin/edit.php HTTP/1.1" 503 18948 "https://pastorfischer.com/wp-login.php" "Mozilla/5.0 (Macintosh; Intel Mac OS X 13_6_1; rv:119.0) Gecko/20100101 Firefox/119.0"
23.234.82.46 - - [01/Sep/2026:07:36:54 -0500] "GET /wp-admin/plugins.php HTTP/1.1" 503 18948 "https://pastorfischer.com/wp-login.php" "Mozilla/5.0 (Macintosh; Intel Mac OS X 13_6_1; rv:119.0) Gecko/20100101 Firefox/119.0"
23.234.82.46 - - [01/Sep/2026:07:36:55 -0500] "POST /wp-login.php HTTP/1.1" 503 18035 "https://pastorfischer.com/wp-login.php" "Mozilla/5.0 (X11; Linux x86_64) AppleWebKit/537.36 (KHTML, like Gecko) Chrome/121.0.0.0 Safari/537.36"
23.234.82.46 - - [01/Sep/2026:07:36:57 -0500] "GET /wp-admin/index.php HTTP/1.1" 503 18948 "https://pastorfischer.com/wp-login.php" "Mozilla/5.0 (Windows NT 10.0; Win64; x64; rv:118.0) Gecko/20100101 Firefox/118.0"
23.234.82.46 - - [01/Sep/2026:07:36:59 -0500] "GET /wp-admin/profile.php HTTP/1.1" 503 18948 "https://pastorfischer.com/wp-login.php" "Mozilla/5.0 (Windows NT 10.0; Win64; x64; rv:118.0) Gecko/20100101 Firefox/118.0"
23.234.82.46 - - [01/Sep/2026:07:37:00 -0500] "GET /wp-admin/edit.php HTTP/1.1" 503 18948 "https://pastorfischer.com/wp-login.php" "Mozilla/5.0 (Windows NT 10.0; Win64; x64; rv:118.0) Gecko/20100101 Firefox/118.0"
157.90.185.123 - - [01/Sep/2026:07:37:01 -0500] "POST /?wordfence_syncAttackData=1788266221.8515 HTTP/1.1" 200 - "-" "WordPress/7.1; https://pastorfischer.com"
23.234.82.46 - - [01/Sep/2026:07:37:03 -0500] "GET /wp-admin/plugins.php HTTP/1.1" 503 18948 "https://pastorfischer.com/wp-login.php" "Mozilla/5.0 (Windows NT 10.0; Win64; x64; rv:118.0) Gecko/20100101 Firefox/118.0"
23.234.82.46 - - [01/Sep/2026:07:37:05 -0500] "POST /wp-login.php HTTP/1.1" 503 18035 "https://pastorfischer.com/wp-login.php" "Mozilla/5.0 (Macintosh; Intel Mac OS X 13_6_1) AppleWebKit/537.36 (KHTML, like Gecko) Chrome/118.0.0.0 Safari/537.36"
23.234.82.46 - - [01/Sep/2026:07:37:07 -0500] "GET /wp-admin/index.php HTTP/1.1" 503 18948 "https://pastorfischer.com/wp-login.php" "Mozilla/5.0 (Macintosh; Intel Mac OS X 13_6_1; rv:119.0) Gecko/20100101 Firefox/119.0"
23.234.82.46 - - [01/Sep/2026:07:37:08 -0500] "GET /wp-admin/profile.php HTTP/1.1" 503 18948 "https://pastorfischer.com/wp-login.php" "Mozilla/5.0 (Macintosh; Intel Mac OS X 13_6_1; rv:119.0) Gecko/20100101 Firefox/119.0"
23.234.82.46 - - [01/Sep/2026:07:37:10 -0500] "GET /wp-admin/edit.php HTTP/1.1" 503 18948 "https://pastorfischer.com/wp-login.php" "Mozilla/5.0 (Macintosh; Intel Mac OS X 13_6_1; rv:119.0) Gecko/20100101 Firefox/119.0"
23.234.82.46 - - [01/Sep/2026:07:37:11 -0500] "GET /wp-admin/plugins.php HTTP/1.1" 503 18948 "https://pastorfischer.com/wp-login.php" "Mozilla/5.0 (Macintosh; Intel Mac OS X 13_6_1; rv:119.0) Gecko/20100101 Firefox/119.0"
157.90.185.123 - - [01/Sep/2026:07:37:12 -0500] "POST /?wordfence_syncAttackData=1788266232.2702 HTTP/1.1" 200 - "-" "WordPress/7.1; https://pastorfischer.com"
23.234.82.46 - - [01/Sep/2026:07:37:14 -0500] "POST /wp-login.php HTTP/1.1" 503 18035 "https://pastorfischer.com/wp-login.php" "Mozilla/5.0 (Windows NT 11.0; Win64; x64) AppleWebKit/537.36 (KHTML, like Gecko) Chrome/120.0.0.0 Safari/537.36"
23.234.82.46 - - [01/Sep/2026:07:37:15 -0500] "GET /wp-admin/index.php HTTP/1.1" 503 18948 "https://pastorfischer.com/wp-login.php" "Mozilla/5.0 (Windows NT 10.0; Win64; x64; rv:120.0) Gecko/20100101 Firefox/120.0"
23.234.82.46 - - [01/Sep/2026:07:37:17 -0500] "GET /wp-admin/profile.php HTTP/1.1" 503 18948 "https://pastorfischer.com/wp-login.php" "Mozilla/5.0 (Windows NT 10.0; Win64; x64; rv:120.0) Gecko/20100101 Firefox/120.0"
23.234.82.46 - - [01/Sep/2026:07:37:18 -0500] "GET /wp-admin/edit.php HTTP/1.1" 503 18948 "https://pastorfischer.com/wp-login.php" "Mozilla/5.0 (Windows NT 10.0; Win64; x64; rv:120.0) Gecko/20100101 Firefox/120.0"
23.234.82.46 - - [01/Sep/2026:07:37:20 -0500] "GET /wp-admin/plugins.php HTTP/1.1" 503 18948 "https://pastorfischer.com/wp-login.php" "Mozilla/5.0 (Windows NT 10.0; Win64; x64; rv:120.0) Gecko/20100101 Firefox/120.0"
23.234.82.46 - - [01/Sep/2026:07:37:21 -0500] "POST /wp-login.php HTTP/1.1" 503 18035 "https://pastorfischer.com/wp-login.php" "Mozilla/5.0 (Macintosh; Intel Mac OS X 13_6_1) AppleWebKit/537.36 (KHTML, like Gecko) Chrome/121.0.0.0 Safari/537.36"
157.90.185.123 - - [01/Sep/2026:07:37:23 -0500] "POST /?wordfence_syncAttackData=1788266243.7378 HTTP/1.1" 200 - "-" "WordPress/7.1; https://pastorfischer.com"
23.234.82.46 - - [01/Sep/2026:07:37:22 -0500] "GET /wp-admin/index.php HTTP/1.1" 503 18948 "https://pastorfischer.com/wp-login.php" "Mozilla/5.0 (X11; Linux x86_64) AppleWebKit/537.36 (KHTML, like Gecko) Chrome/121.0.0.0 Safari/537.36"
23.234.82.46 - - [01/Sep/2026:07:37:25 -0500] "GET /wp-admin/profile.php HTTP/1.1" 503 18948 "https://pastorfischer.com/wp-login.php" "Mozilla/5.0 (X11; Linux x86_64) AppleWebKit/537.36 (KHTML, like Gecko) Chrome/121.0.0.0 Safari/537.36"
23.234.82.46 - - [01/Sep/2026:07:37:27 -0500] "GET /wp-admin/edit.php HTTP/1.1" 503 18948 "https://pastorfischer.com/wp-login.php" "Mozilla/5.0 (X11; Linux x86_64) AppleWebKit/537.36 (KHTML, like Gecko) Chrome/121.0.0.0 Safari/537.36"
23.234.82.46 - - [01/Sep/2026:07:37:28 -0500] "GET /wp-admin/plugins.php HTTP/1.1" 503 18948 "https://pastorfischer.com/wp-login.php" "Mozilla/5.0 (X11; Linux x86_64) AppleWebKit/537.36 (KHTML, like Gecko) Chrome/121.0.0.0 Safari/537.36"
23.234.82.46 - - [01/Sep/2026:07:37:30 -0500] "POST /wp-login.php HTTP/1.1" 503 18035 "https://pastorfischer.com/wp-login.php" "Mozilla/5.0 (X11; Ubuntu; Linux x86_64) AppleWebKit/537.36 (KHTML, like Gecko) Chrome/121.0.0.0 Safari/537.36"
23.234.82.46 - - [01/Sep/2026:07:37:31 -0500] "GET /wp-admin/index.php HTTP/1.1" 503 18948 "https://pastorfischer.com/wp-login.php" "Mozilla/5.0 (Macintosh; Intel Mac OS X 10_15_7) AppleWebKit/605.1.15 (KHTML, like Gecko) Version/17.1 Safari/605.1.15"
157.90.185.123 - - [01/Sep/2026:07:37:33 -0500] "POST /?wordfence_syncAttackData=1788266253.8456 HTTP/1.1" 200 - "-" "WordPress/7.1; https://pastorfischer.com"
23.234.82.46 - - [01/Sep/2026:07:37:33 -0500] "GET /wp-admin/profile.php HTTP/1.1" 503 18948 "https://pastorfischer.com/wp-login.php" "Mozilla/5.0 (Macintosh; Intel Mac OS X 10_15_7) AppleWebKit/605.1.15 (KHTML, like Gecko) Version/17.1 Safari/605.1.15"
23.234.82.46 - - [01/Sep/2026:07:37:35 -0500] "GET /wp-admin/edit.php HTTP/1.1" 503 18948 "https://pastorfischer.com/wp-login.php" "Mozilla/5.0 (Macintosh; Intel Mac OS X 10_15_7) AppleWebKit/605.1.15 (KHTML, like Gecko) Version/17.1 Safari/605.1.15"
51.68.236.92 - - [01/Sep/2026:07:37:36 -0500] "GET /robots.txt HTTP/1.1" 200 117 "-" "Mozilla/5.0 (compatible; MJ12bot/v2.0.5; http://mj12bot.com/)"
23.234.82.46 - - [01/Sep/2026:07:37:37 -0500] "GET /wp-admin/plugins.php HTTP/1.1" 503 18948 "https://pastorfischer.com/wp-login.php" "Mozilla/5.0 (Macintosh; Intel Mac OS X 10_15_7) AppleWebKit/605.1.15 (KHTML, like Gecko) Version/17.1 Safari/605.1.15"
23.234.82.46 - - [01/Sep/2026:07:37:39 -0500] "POST /wp-login.php HTTP/1.1" 503 18035 "https://pastorfischer.com/wp-login.php" "Mozilla/5.0 (X11; Linux x86_64) AppleWebKit/537.36 (KHTML, like Gecko) Chrome/119.0.0.0 Safari/537.36"
51.68.236.92 - - [01/Sep/2026:07:37:37 -0500] "GET / HTTP/1.1" 200 440681 "-" "Mozilla/5.0 (compatible; MJ12bot/v2.0.5; http://mj12bot.com/)"
23.234.82.46 - - [01/Sep/2026:07:37:40 -0500] "GET /wp-admin/index.php HTTP/1.1" 503 18948 "https://pastorfischer.com/wp-login.php" "Mozilla/5.0 (Windows NT 10.0; Win64; x64; rv:119.0) Gecko/20100101 Firefox/119.0"
23.234.82.46 - - [01/Sep/2026:07:37:42 -0500] "GET /wp-admin/profile.php HTTP/1.1" 503 18948 "https://pastorfischer.com/wp-login.php" "Mozilla/5.0 (Windows NT 10.0; Win64; x64; rv:119.0) Gecko/20100101 Firefox/119.0"
157.90.185.123 - - [01/Sep/2026:07:37:44 -0500] "POST /?wordfence_syncAttackData=1788266264.6608 HTTP/1.1" 200 - "-" "WordPress/7.1; https://pastorfischer.com"
23.234.82.46 - - [01/Sep/2026:07:37:43 -0500] "GET /wp-admin/edit.php HTTP/1.1" 503 18948 "https://pastorfischer.com/wp-login.php" "Mozilla/5.0 (Windows NT 10.0; Win64; x64; rv:119.0) Gecko/20100101 Firefox/119.0"
23.234.82.46 - - [01/Sep/2026:07:37:46 -0500] "GET /wp-admin/plugins.php HTTP/1.1" 503 18948 "https://pastorfischer.com/wp-login.php" "Mozilla/5.0 (Windows NT 10.0; Win64; x64; rv:119.0) Gecko/20100101 Firefox/119.0"
23.234.82.46 - - [01/Sep/2026:07:37:47 -0500] "POST /wp-login.php HTTP/1.1" 503 18035 "https://pastorfischer.com/wp-login.php" "Mozilla/5.0 (Macintosh; Intel Mac OS X 13_6_1) AppleWebKit/537.36 (KHTML, like Gecko) Chrome/121.0.0.0 Safari/537.36"
23.234.82.46 - - [01/Sep/2026:07:37:49 -0500] "GET /wp-admin/index.php HTTP/1.1" 503 18948 "https://pastorfischer.com/wp-login.php" "Mozilla/5.0 (Macintosh; Intel Mac OS X 13_6_1; rv:119.0) Gecko/20100101 Firefox/119.0"
23.234.82.46 - - [01/Sep/2026:07:37:50 -0500] "GET /wp-admin/profile.php HTTP/1.1" 503 18948 "https://pastorfischer.com/wp-login.php" "Mozilla/5.0 (Macintosh; Intel Mac OS X 13_6_1; rv:119.0) Gecko/20100101 Firefox/119.0"
23.234.82.46 - - [01/Sep/2026:07:37:52 -0500] "GET /wp-admin/edit.php HTTP/1.1" 503 18948 "https://pastorfischer.com/wp-login.php" "Mozilla/5.0 (Macintosh; Intel Mac OS X 13_6_1; rv:119.0) Gecko/20100101 Firefox/119.0"
157.90.185.123 - - [01/Sep/2026:07:37:54 -0500] "POST /?wordfence_syncAttackData=1788266274.446 HTTP/1.1" 200 - "-" "WordPress/7.1; https://pastorfischer.com"
23.234.82.46 - - [01/Sep/2026:07:37:53 -0500] "GET /wp-admin/plugins.php HTTP/1.1" 503 18948 "https://pastorfischer.com/wp-login.php" "Mozilla/5.0 (Macintosh; Intel Mac OS X 13_6_1; rv:119.0) Gecko/20100101 Firefox/119.0"
23.234.82.46 - - [01/Sep/2026:07:37:56 -0500] "POST /wp-login.php HTTP/1.1" 503 18035 "https://pastorfischer.com/wp-login.php" "Mozilla/5.0 (X11; Linux x86_64) AppleWebKit/537.36 (KHTML, like Gecko) Chrome/118.0.0.0 Safari/537.36"
23.234.82.46 - - [01/Sep/2026:07:37:57 -0500] "GET /wp-admin/index.php HTTP/1.1" 503 18948 "https://pastorfischer.com/wp-login.php" "Mozilla/5.0 (Macintosh; Intel Mac OS X 13_6_1) AppleWebKit/537.36 (KHTML, like Gecko) Chrome/118.0.0.0 Safari/537.36"
23.234.82.46 - - [01/Sep/2026:07:37:59 -0500] "GET /wp-admin/profile.php HTTP/1.1" 503 18948 "https://pastorfischer.com/wp-login.php" "Mozilla/5.0 (Macintosh; Intel Mac OS X 13_6_1) AppleWebKit/537.36 (KHTML, like Gecko) Chrome/118.0.0.0 Safari/537.36"
23.234.82.46 - - [01/Sep/2026:07:38:00 -0500] "GET /wp-admin/edit.php HTTP/1.1" 503 18948 "https://pastorfischer.com/wp-login.php" "Mozilla/5.0 (Macintosh; Intel Mac OS X 13_6_1) AppleWebKit/537.36 (KHTML, like Gecko) Chrome/118.0.0.0 Safari/537.36"
23.234.82.46 - - [01/Sep/2026:07:38:02 -0500] "GET /wp-admin/plugins.php HTTP/1.1" 503 18948 "https://pastorfischer.com/wp-login.php" "Mozilla/5.0 (Macintosh; Intel Mac OS X 13_6_1) AppleWebKit/537.36 (KHTML, like Gecko) Chrome/118.0.0.0 Safari/537.36"
23.234.82.46 - - [01/Sep/2026:07:38:04 -0500] "POST /wp-login.php HTTP/1.1" 503 18035 "https://pastorfischer.com/wp-login.php" "Mozilla/5.0 (Macintosh; Intel Mac OS X 10_15_7) AppleWebKit/537.36 (KHTML, like Gecko) Chrome/119.0.0.0 Safari/537.36"
23.234.82.46 - - [01/Sep/2026:07:38:05 -0500] "GET /wp-admin/index.php HTTP/1.1" 503 18948 "https://pastorfischer.com/wp-login.php" "Mozilla/5.0 (Macintosh; Intel Mac OS X 10_15_7) AppleWebKit/605.1.15 (KHTML, like Gecko) Version/17.0 Safari/605.1.15"
157.90.185.123 - - [01/Sep/2026:07:38:06 -0500] "POST /?wordfence_syncAttackData=1788266286.2615 HTTP/1.1" 200 - "-" "WordPress/7.1; https://pastorfischer.com"
23.234.82.46 - - [01/Sep/2026:07:38:08 -0500] "GET /wp-admin/profile.php HTTP/1.1" 503 18948 "https://pastorfischer.com/wp-login.php" "Mozilla/5.0 (Macintosh; Intel Mac OS X 10_15_7) AppleWebKit/605.1.15 (KHTML, like Gecko) Version/17.0 Safari/605.1.15"
23.234.82.46 - - [01/Sep/2026:07:38:10 -0500] "GET /wp-admin/edit.php HTTP/1.1" 503 18948 "https://pastorfischer.com/wp-login.php" "Mozilla/5.0 (Macintosh; Intel Mac OS X 10_15_7) AppleWebKit/605.1.15 (KHTML, like Gecko) Version/17.0 Safari/605.1.15"
23.234.82.46 - - [01/Sep/2026:07:38:11 -0500] "GET /wp-admin/plugins.php HTTP/1.1" 503 18948 "https://pastorfischer.com/wp-login.php" "Mozilla/5.0 (Macintosh; Intel Mac OS X 10_15_7) AppleWebKit/605.1.15 (KHTML, like Gecko) Version/17.0 Safari/605.1.15"
23.234.82.46 - - [01/Sep/2026:07:38:13 -0500] "POST /wp-login.php HTTP/1.1" 503 18035 "https://pastorfischer.com/wp-login.php" "Mozilla/5.0 (Macintosh; Intel Mac OS X 10_15_7) AppleWebKit/605.1.15 (KHTML, like Gecko) Version/17.0 Safari/605.1.15"
23.234.82.46 - - [01/Sep/2026:07:38:14 -0500] "GET /wp-admin/index.php HTTP/1.1" 503 18948 "https://pastorfischer.com/wp-login.php" "Mozilla/5.0 (Windows NT 11.0; Win64; x64; rv:118.0) Gecko/20100101 Firefox/118.0"
157.90.185.123 - - [01/Sep/2026:07:38:17 -0500] "POST /?wordfence_syncAttackData=1788266297.1 HTTP/1.1" 200 - "-" "WordPress/7.1; https://pastorfischer.com"
23.234.82.46 - - [01/Sep/2026:07:38:16 -0500] "GET /wp-admin/profile.php HTTP/1.1" 503 18948 "https://pastorfischer.com/wp-login.php" "Mozilla/5.0 (Windows NT 11.0; Win64; x64; rv:118.0) Gecko/20100101 Firefox/118.0"
23.234.82.46 - - [01/Sep/2026:07:38:18 -0500] "GET /wp-admin/edit.php HTTP/1.1" 503 18948 "https://pastorfischer.com/wp-login.php" "Mozilla/5.0 (Windows NT 11.0; Win64; x64; rv:118.0) Gecko/20100101 Firefox/118.0"
23.234.82.46 - - [01/Sep/2026:07:38:20 -0500] "GET /wp-admin/plugins.php HTTP/1.1" 503 18948 "https://pastorfischer.com/wp-login.php" "Mozilla/5.0 (Windows NT 11.0; Win64; x64; rv:118.0) Gecko/20100101 Firefox/118.0"
23.234.82.46 - - [01/Sep/2026:07:38:21 -0500] "POST /wp-login.php HTTP/1.1" 503 18035 "https://pastorfischer.com/wp-login.php" "Mozilla/5.0 (Macintosh; Intel Mac OS X 13_6_1; rv:121.0) Gecko/20100101 Firefox/121.0"
23.234.82.46 - - [01/Sep/2026:07:38:23 -0500] "GET /wp-admin/index.php HTTP/1.1" 503 18948 "https://pastorfischer.com/wp-login.php" "Mozilla/5.0 (Macintosh; Intel Mac OS X 13_6_1) AppleWebKit/605.1.15 (KHTML, like Gecko) Version/17.0 Safari/605.1.15"
23.234.82.46 - - [01/Sep/2026:07:38:24 -0500] "GET /wp-admin/profile.php HTTP/1.1" 503 18948 "https://pastorfischer.com/wp-login.php" "Mozilla/5.0 (Macintosh; Intel Mac OS X 13_6_1) AppleWebKit/605.1.15 (KHTML, like Gecko) Version/17.0 Safari/605.1.15"
157.90.185.123 - - [01/Sep/2026:07:38:27 -0500] "POST /?wordfence_syncAttackData=1788266307.0269 HTTP/1.1" 200 - "-" "WordPress/7.1; https://pastorfischer.com"
23.234.82.46 - - [01/Sep/2026:07:38:26 -0500] "GET /wp-admin/edit.php HTTP/1.1" 503 18948 "https://pastorfischer.com/wp-login.php" "Mozilla/5.0 (Macintosh; Intel Mac OS X 13_6_1) AppleWebKit/605.1.15 (KHTML, like Gecko) Version/17.0 Safari/605.1.15"
23.234.82.46 - - [01/Sep/2026:07:38:28 -0500] "GET /wp-admin/plugins.php HTTP/1.1" 503 18948 "https://pastorfischer.com/wp-login.php" "Mozilla/5.0 (Macintosh; Intel Mac OS X 13_6_1) AppleWebKit/605.1.15 (KHTML, like Gecko) Version/17.0 Safari/605.1.15"
23.234.82.46 - - [01/Sep/2026:07:38:30 -0500] "POST /wp-login.php HTTP/1.1" 503 18035 "https://pastorfischer.com/wp-login.php" "Mozilla/5.0 (X11; Ubuntu; Linux x86_64) AppleWebKit/537.36 (KHTML, like Gecko) Chrome/121.0.0.0 Safari/537.36"
23.234.82.46 - - [01/Sep/2026:07:38:31 -0500] "GET /wp-admin/index.php HTTP/1.1" 503 18948 "https://pastorfischer.com/wp-login.php" "Mozilla/5.0 (Macintosh; Intel Mac OS X 13_6_1) AppleWebKit/537.36 (KHTML, like Gecko) Chrome/120.0.0.0 Safari/537.36"
23.234.82.46 - - [01/Sep/2026:07:38:33 -0500] "GET /wp-admin/profile.php HTTP/1.1" 503 18948 "https://pastorfischer.com/wp-login.php" "Mozilla/5.0 (Macintosh; Intel Mac OS X 13_6_1) AppleWebKit/537.36 (KHTML, like Gecko) Chrome/120.0.0.0 Safari/537.36"
23.234.82.46 - - [01/Sep/2026:07:38:34 -0500] "GET /wp-admin/edit.php HTTP/1.1" 503 18948 "https://pastorfischer.com/wp-login.php" "Mozilla/5.0 (Macintosh; Intel Mac OS X 13_6_1) AppleWebKit/537.36 (KHTML, like Gecko) Chrome/120.0.0.0 Safari/537.36"
23.234.82.46 - - [01/Sep/2026:07:38:36 -0500] "GET /wp-admin/plugins.php HTTP/1.1" 503 18948 "https://pastorfischer.com/wp-login.php" "Mozilla/5.0 (Macintosh; Intel Mac OS X 13_6_1) AppleWebKit/537.36 (KHTML, like Gecko) Chrome/120.0.0.0 Safari/537.36"
157.90.185.123 - - [01/Sep/2026:07:38:37 -0500] "POST /?wordfence_syncAttackData=1788266317.6749 HTTP/1.1" 200 - "-" "WordPress/7.1; https://pastorfischer.com"
23.234.82.46 - - [01/Sep/2026:07:38:39 -0500] "POST /wp-login.php HTTP/1.1" 503 18035 "https://pastorfischer.com/wp-login.php" "Mozilla/5.0 (Macintosh; Intel Mac OS X 13_6_1; rv:118.0) Gecko/20100101 Firefox/118.0"
23.234.82.46 - - [01/Sep/2026:07:38:40 -0500] "GET /wp-admin/index.php HTTP/1.1" 503 18948 "https://pastorfischer.com/wp-login.php" "Mozilla/5.0 (Windows NT 11.0; Win64; x64; rv:120.0) Gecko/20100101 Firefox/120.0"
23.234.82.46 - - [01/Sep/2026:07:38:42 -0500] "GET /wp-admin/profile.php HTTP/1.1" 503 18948 "https://pastorfischer.com/wp-login.php" "Mozilla/5.0 (Windows NT 11.0; Win64; x64; rv:120.0) Gecko/20100101 Firefox/120.0"
23.234.82.46 - - [01/Sep/2026:07:38:44 -0500] "GET /wp-admin/edit.php HTTP/1.1" 503 18948 "https://pastorfischer.com/wp-login.php" "Mozilla/5.0 (Windows NT 11.0; Win64; x64; rv:120.0) Gecko/20100101 Firefox/120.0"
23.234.82.46 - - [01/Sep/2026:07:38:45 -0500] "GET /wp-admin/plugins.php HTTP/1.1" 503 18948 "https://pastorfischer.com/wp-login.php" "Mozilla/5.0 (Windows NT 11.0; Win64; x64; rv:120.0) Gecko/20100101 Firefox/120.0"
23.234.82.46 - - [01/Sep/2026:07:38:47 -0500] "POST /wp-login.php HTTP/1.1" 503 18035 "https://pastorfischer.com/wp-login.php" "Mozilla/5.0 (Windows NT 10.0; Win64; x64; rv:119.0) Gecko/20100101 Firefox/119.0"
157.90.185.123 - - [01/Sep/2026:07:38:49 -0500] "POST /?wordfence_syncAttackData=1788266329.4743 HTTP/1.1" 200 - "-" "WordPress/7.1; https://pastorfischer.com"
23.234.82.46 - - [01/Sep/2026:07:38:48 -0500] "GET /wp-admin/index.php HTTP/1.1" 503 18948 "https://pastorfischer.com/wp-login.php" "Mozilla/5.0 (Windows NT 11.0; Win64; x64) AppleWebKit/537.36 (KHTML, like Gecko) Chrome/118.0.0.0 Safari/537.36"
23.234.82.46 - - [01/Sep/2026:07:38:51 -0500] "GET /wp-admin/profile.php HTTP/1.1" 503 18948 "https://pastorfischer.com/wp-login.php" "Mozilla/5.0 (Windows NT 11.0; Win64; x64) AppleWebKit/537.36 (KHTML, like Gecko) Chrome/118.0.0.0 Safari/537.36"
23.234.82.46 - - [01/Sep/2026:07:38:52 -0500] "GET /wp-admin/edit.php HTTP/1.1" 503 18948 "https://pastorfischer.com/wp-login.php" "Mozilla/5.0 (Windows NT 11.0; Win64; x64) AppleWebKit/537.36 (KHTML, like Gecko) Chrome/118.0.0.0 Safari/537.36"
23.234.82.46 - - [01/Sep/2026:07:38:54 -0500] "GET /wp-admin/plugins.php HTTP/1.1" 503 18948 "https://pastorfischer.com/wp-login.php" "Mozilla/5.0 (Windows NT 11.0; Win64; x64) AppleWebKit/537.36 (KHTML, like Gecko) Chrome/118.0.0.0 Safari/537.36"
23.234.82.46 - - [01/Sep/2026:07:38:56 -0500] "POST /wp-login.php HTTP/1.1" 503 18035 "https://pastorfischer.com/wp-login.php" "Mozilla/5.0 (Windows NT 11.0; Win64; x64) AppleWebKit/537.36 (KHTML, like Gecko) Chrome/118.0.0.0 Safari/537.36"
23.234.82.46 - - [01/Sep/2026:07:38:57 -0500] "GET /wp-admin/index.php HTTP/1.1" 503 18948 "https://pastorfischer.com/wp-login.php" "Mozilla/5.0 (Macintosh; Intel Mac OS X 13_6_1; rv:121.0) Gecko/20100101 Firefox/121.0"
157.90.185.123 - - [01/Sep/2026:07:38:59 -0500] "POST /?wordfence_syncAttackData=1788266339.7203 HTTP/1.1" 200 - "-" "WordPress/7.1; https://pastorfischer.com"
23.234.82.46 - - [01/Sep/2026:07:38:59 -0500] "GET /wp-admin/profile.php HTTP/1.1" 503 18948 "https://pastorfischer.com/wp-login.php" "Mozilla/5.0 (Macintosh; Intel Mac OS X 13_6_1; rv:121.0) Gecko/20100101 Firefox/121.0"
23.234.82.46 - - [01/Sep/2026:07:39:01 -0500] "GET /wp-admin/edit.php HTTP/1.1" 503 18948 "https://pastorfischer.com/wp-login.php" "Mozilla/5.0 (Macintosh; Intel Mac OS X 13_6_1; rv:121.0) Gecko/20100101 Firefox/121.0"
23.234.82.46 - - [01/Sep/2026:07:39:03 -0500] "GET /wp-admin/plugins.php HTTP/1.1" 503 18948 "https://pastorfischer.com/wp-login.php" "Mozilla/5.0 (Macintosh; Intel Mac OS X 13_6_1; rv:121.0) Gecko/20100101 Firefox/121.0"
23.234.82.46 - - [01/Sep/2026:07:39:04 -0500] "POST /wp-login.php HTTP/1.1" 503 18035 "https://pastorfischer.com/wp-login.php" "Mozilla/5.0 (X11; Linux x86_64) AppleWebKit/537.36 (KHTML, like Gecko) Chrome/118.0.0.0 Safari/537.36"
23.234.82.46 - - [01/Sep/2026:07:39:06 -0500] "GET /wp-admin/index.php HTTP/1.1" 503 18948 "https://pastorfischer.com/wp-login.php" "Mozilla/5.0 (Macintosh; Intel Mac OS X 10_15_7) AppleWebKit/605.1.15 (KHTML, like Gecko) Version/17.0 Safari/605.1.15"
23.234.82.46 - - [01/Sep/2026:07:39:08 -0500] "GET /wp-admin/profile.php HTTP/1.1" 503 18948 "https://pastorfischer.com/wp-login.php" "Mozilla/5.0 (Macintosh; Intel Mac OS X 10_15_7) AppleWebKit/605.1.15 (KHTML, like Gecko) Version/17.0 Safari/605.1.15"
157.90.185.123 - - [01/Sep/2026:07:39:10 -0500] "POST /?wordfence_syncAttackData=1788266350.3386 HTTP/1.1" 200 - "-" "WordPress/7.1; https://pastorfischer.com"
23.234.82.46 - - [01/Sep/2026:07:39:09 -0500] "GET /wp-admin/edit.php HTTP/1.1" 503 18948 "https://pastorfischer.com/wp-login.php" "Mozilla/5.0 (Macintosh; Intel Mac OS X 10_15_7) AppleWebKit/605.1.15 (KHTML, like Gecko) Version/17.0 Safari/605.1.15"
23.234.82.46 - - [01/Sep/2026:07:39:12 -0500] "GET /wp-admin/plugins.php HTTP/1.1" 503 18948 "https://pastorfischer.com/wp-login.php" "Mozilla/5.0 (Macintosh; Intel Mac OS X 10_15_7) AppleWebKit/605.1.15 (KHTML, like Gecko) Version/17.0 Safari/605.1.15"
23.234.82.46 - - [01/Sep/2026:07:39:13 -0500] "POST /wp-login.php HTTP/1.1" 503 18035 "https://pastorfischer.com/wp-login.php" "Mozilla/5.0 (Windows NT 10.0; Win64; x64; rv:121.0) Gecko/20100101 Firefox/121.0"
23.234.82.46 - - [01/Sep/2026:07:39:15 -0500] "GET /wp-admin/index.php HTTP/1.1" 503 18948 "https://pastorfischer.com/wp-login.php" "Mozilla/5.0 (Macintosh; Intel Mac OS X 10_15_7; rv:119.0) Gecko/20100101 Firefox/119.0"
23.234.82.46 - - [01/Sep/2026:07:39:16 -0500] "GET /wp-admin/profile.php HTTP/1.1" 503 18948 "https://pastorfischer.com/wp-login.php" "Mozilla/5.0 (Macintosh; Intel Mac OS X 10_15_7; rv:119.0) Gecko/20100101 Firefox/119.0"
23.234.82.46 - - [01/Sep/2026:07:39:18 -0500] "GET /wp-admin/edit.php HTTP/1.1" 503 18948 "https://pastorfischer.com/wp-login.php" "Mozilla/5.0 (Macintosh; Intel Mac OS X 10_15_7; rv:119.0) Gecko/20100101 Firefox/119.0"
23.234.82.46 - - [01/Sep/2026:07:39:20 -0500] "GET /wp-admin/plugins.php HTTP/1.1" 503 18948 "https://pastorfischer.com/wp-login.php" "Mozilla/5.0 (Macintosh; Intel Mac OS X 10_15_7; rv:119.0) Gecko/20100101 Firefox/119.0"
157.90.185.123 - - [01/Sep/2026:07:39:21 -0500] "POST /?wordfence_syncAttackData=1788266361.2194 HTTP/1.1" 200 - "-" "WordPress/7.1; https://pastorfischer.com"
23.234.82.46 - - [01/Sep/2026:07:39:23 -0500] "POST /wp-login.php HTTP/1.1" 503 18035 "https://pastorfischer.com/wp-login.php" "Mozilla/5.0 (Macintosh; Intel Mac OS X 13_6_1; rv:121.0) Gecko/20100101 Firefox/121.0"
23.234.82.46 - - [01/Sep/2026:07:39:24 -0500] "GET /wp-admin/index.php HTTP/1.1" 503 18948 "https://pastorfischer.com/wp-login.php" "Mozilla/5.0 (Macintosh; Intel Mac OS X 10_15_7) AppleWebKit/537.36 (KHTML, like Gecko) Chrome/118.0.0.0 Safari/537.36"
23.234.82.46 - - [01/Sep/2026:07:39:26 -0500] "GET /wp-admin/profile.php HTTP/1.1" 503 18948 "https://pastorfischer.com/wp-login.php" "Mozilla/5.0 (Macintosh; Intel Mac OS X 10_15_7) AppleWebKit/537.36 (KHTML, like Gecko) Chrome/118.0.0.0 Safari/537.36"
23.234.82.46 - - [01/Sep/2026:07:39:27 -0500] "GET /wp-admin/edit.php HTTP/1.1" 503 18948 "https://pastorfischer.com/wp-login.php" "Mozilla/5.0 (Macintosh; Intel Mac OS X 10_15_7) AppleWebKit/537.36 (KHTML, like Gecko) Chrome/118.0.0.0 Safari/537.36"
23.234.82.46 - - [01/Sep/2026:07:39:29 -0500] "GET /wp-admin/plugins.php HTTP/1.1" 503 18948 "https://pastorfischer.com/wp-login.php" "Mozilla/5.0 (Macintosh; Intel Mac OS X 10_15_7) AppleWebKit/537.36 (KHTML, like Gecko) Chrome/118.0.0.0 Safari/537.36"
23.234.82.46 - - [01/Sep/2026:07:39:31 -0500] "POST /wp-login.php HTTP/1.1" 503 18035 "https://pastorfischer.com/wp-login.php" "Mozilla/5.0 (Macintosh; Intel Mac OS X 13_6_1; rv:120.0) Gecko/20100101 Firefox/120.0"
157.90.185.123 - - [01/Sep/2026:07:39:33 -0500] "POST /?wordfence_syncAttackData=1788266373.0935 HTTP/1.1" 200 - "-" "WordPress/7.1; https://pastorfischer.com"
23.234.82.46 - - [01/Sep/2026:07:39:32 -0500] "GET /wp-admin/index.php HTTP/1.1" 503 18948 "https://pastorfischer.com/wp-login.php" "Mozilla/5.0 (Macintosh; Intel Mac OS X 13_6_1) AppleWebKit/537.36 (KHTML, like Gecko) Chrome/119.0.0.0 Safari/537.36"
23.234.82.46 - - [01/Sep/2026:07:39:34 -0500] "GET /wp-admin/profile.php HTTP/1.1" 503 18948 "https://pastorfischer.com/wp-login.php" "Mozilla/5.0 (Macintosh; Intel Mac OS X 13_6_1) AppleWebKit/537.36 (KHTML, like Gecko) Chrome/119.0.0.0 Safari/537.36"
23.234.82.46 - - [01/Sep/2026:07:39:36 -0500] "GET /wp-admin/edit.php HTTP/1.1" 503 18948 "https://pastorfischer.com/wp-login.php" "Mozilla/5.0 (Macintosh; Intel Mac OS X 13_6_1) AppleWebKit/537.36 (KHTML, like Gecko) Chrome/119.0.0.0 Safari/537.36"
23.234.82.46 - - [01/Sep/2026:07:39:37 -0500] "GET /wp-admin/plugins.php HTTP/1.1" 503 18948 "https://pastorfischer.com/wp-login.php" "Mozilla/5.0 (Macintosh; Intel Mac OS X 13_6_1) AppleWebKit/537.36 (KHTML, like Gecko) Chrome/119.0.0.0 Safari/537.36"
23.234.82.46 - - [01/Sep/2026:07:39:39 -0500] "POST /wp-login.php HTTP/1.1" 503 18035 "https://pastorfischer.com/wp-login.php" "Mozilla/5.0 (Windows NT 11.0; Win64; x64) AppleWebKit/537.36 (KHTML, like Gecko) Chrome/118.0.0.0 Safari/537.36"
23.234.82.46 - - [01/Sep/2026:07:39:40 -0500] "GET /wp-admin/index.php HTTP/1.1" 503 18948 "https://pastorfischer.com/wp-login.php" "Mozilla/5.0 (Windows NT 11.0; Win64; x64; rv:120.0) Gecko/20100101 Firefox/120.0"
157.90.185.123 - - [01/Sep/2026:07:39:43 -0500] "POST /?wordfence_syncAttackData=1788266383.1875 HTTP/1.1" 200 - "-" "WordPress/7.1; https://pastorfischer.com"
23.234.82.46 - - [01/Sep/2026:07:39:42 -0500] "GET /wp-admin/profile.php HTTP/1.1" 503 18948 "https://pastorfischer.com/wp-login.php" "Mozilla/5.0 (Windows NT 11.0; Win64; x64; rv:120.0) Gecko/20100101 Firefox/120.0"
23.234.82.46 - - [01/Sep/2026:07:39:44 -0500] "GET /wp-admin/edit.php HTTP/1.1" 503 18948 "https://pastorfischer.com/wp-login.php" "Mozilla/5.0 (Windows NT 11.0; Win64; x64; rv:120.0) Gecko/20100101 Firefox/120.0"
23.234.82.46 - - [01/Sep/2026:07:39:46 -0500] "GET /wp-admin/plugins.php HTTP/1.1" 503 18948 "https://pastorfischer.com/wp-login.php" "Mozilla/5.0 (Windows NT 11.0; Win64; x64; rv:120.0) Gecko/20100101 Firefox/120.0"
23.234.82.46 - - [01/Sep/2026:07:39:48 -0500] "POST /wp-login.php HTTP/1.1" 503 18035 "https://pastorfischer.com/wp-login.php" "Mozilla/5.0 (Macintosh; Intel Mac OS X 13_6_1) AppleWebKit/605.1.15 (KHTML, like Gecko) Version/17.1 Safari/605.1.15"
23.234.82.46 - - [01/Sep/2026:07:39:49 -0500] "GET /wp-admin/index.php HTTP/1.1" 503 18948 "https://pastorfischer.com/wp-login.php" "Mozilla/5.0 (Macintosh; Intel Mac OS X 10_15_7) AppleWebKit/537.36 (KHTML, like Gecko) Chrome/121.0.0.0 Safari/537.36"
23.234.82.46 - - [01/Sep/2026:07:39:51 -0500] "GET /wp-admin/profile.php HTTP/1.1" 503 18948 "https://pastorfischer.com/wp-login.php" "Mozilla/5.0 (Macintosh; Intel Mac OS X 10_15_7) AppleWebKit/537.36 (KHTML, like Gecko) Chrome/121.0.0.0 Safari/537.36"
157.90.185.123 - - [01/Sep/2026:07:39:53 -0500] "POST /?wordfence_syncAttackData=1788266393.3816 HTTP/1.1" 200 - "-" "WordPress/7.1; https://pastorfischer.com"
23.234.82.46 - - [01/Sep/2026:07:39:52 -0500] "GET /wp-admin/edit.php HTTP/1.1" 503 18948 "https://pastorfischer.com/wp-login.php" "Mozilla/5.0 (Macintosh; Intel Mac OS X 10_15_7) AppleWebKit/537.36 (KHTML, like Gecko) Chrome/121.0.0.0 Safari/537.36"
23.234.82.46 - - [01/Sep/2026:07:39:55 -0500] "GET /wp-admin/plugins.php HTTP/1.1" 503 18948 "https://pastorfischer.com/wp-login.php" "Mozilla/5.0 (Macintosh; Intel Mac OS X 10_15_7) AppleWebKit/537.36 (KHTML, like Gecko) Chrome/121.0.0.0 Safari/537.36"
23.234.82.46 - - [01/Sep/2026:07:39:56 -0500] "POST /wp-login.php HTTP/1.1" 503 18035 "https://pastorfischer.com/wp-login.php" "Mozilla/5.0 (Macintosh; Intel Mac OS X 13_6_1) AppleWebKit/537.36 (KHTML, like Gecko) Chrome/118.0.0.0 Safari/537.36"
23.234.82.46 - - [01/Sep/2026:07:39:57 -0500] "GET /wp-admin/index.php HTTP/1.1" 503 18948 "https://pastorfischer.com/wp-login.php" "Mozilla/5.0 (Macintosh; Intel Mac OS X 10_15_7) AppleWebKit/537.36 (KHTML, like Gecko) Chrome/121.0.0.0 Safari/537.36"
23.234.82.46 - - [01/Sep/2026:07:39:59 -0500] "GET /wp-admin/profile.php HTTP/1.1" 503 18948 "https://pastorfischer.com/wp-login.php" "Mozilla/5.0 (Macintosh; Intel Mac OS X 10_15_7) AppleWebKit/537.36 (KHTML, like Gecko) Chrome/121.0.0.0 Safari/537.36"
23.234.82.46 - - [01/Sep/2026:07:40:01 -0500] "GET /wp-admin/edit.php HTTP/1.1" 503 18948 "https://pastorfischer.com/wp-login.php" "Mozilla/5.0 (Macintosh; Intel Mac OS X 10_15_7) AppleWebKit/537.36 (KHTML, like Gecko) Chrome/121.0.0.0 Safari/537.36"
157.90.185.123 - - [01/Sep/2026:07:40:03 -0500] "POST /?wordfence_syncAttackData=1788266403.5958 HTTP/1.1" 200 - "-" "WordPress/7.1; https://pastorfischer.com"
23.234.82.46 - - [01/Sep/2026:07:40:02 -0500] "GET /wp-admin/plugins.php HTTP/1.1" 503 18948 "https://pastorfischer.com/wp-login.php" "Mozilla/5.0 (Macintosh; Intel Mac OS X 10_15_7) AppleWebKit/537.36 (KHTML, like Gecko) Chrome/121.0.0.0 Safari/537.36"
23.234.82.46 - - [01/Sep/2026:07:40:05 -0500] "POST /wp-login.php HTTP/1.1" 503 18035 "https://pastorfischer.com/wp-login.php" "Mozilla/5.0 (Windows NT 11.0; Win64; x64) AppleWebKit/537.36 (KHTML, like Gecko) Chrome/118.0.0.0 Safari/537.36"
23.234.82.46 - - [01/Sep/2026:07:40:06 -0500] "GET /wp-admin/index.php HTTP/1.1" 503 18948 "https://pastorfischer.com/wp-login.php" "Mozilla/5.0 (X11; Linux x86_64) AppleWebKit/537.36 (KHTML, like Gecko) Chrome/119.0.0.0 Safari/537.36"
23.234.82.46 - - [01/Sep/2026:07:40:08 -0500] "GET /wp-admin/profile.php HTTP/1.1" 503 18948 "https://pastorfischer.com/wp-login.php" "Mozilla/5.0 (X11; Linux x86_64) AppleWebKit/537.36 (KHTML, like Gecko) Chrome/119.0.0.0 Safari/537.36"
23.234.82.46 - - [01/Sep/2026:07:40:09 -0500] "GET /wp-admin/edit.php HTTP/1.1" 503 18948 "https://pastorfischer.com/wp-login.php" "Mozilla/5.0 (X11; Linux x86_64) AppleWebKit/537.36 (KHTML, like Gecko) Chrome/119.0.0.0 Safari/537.36"
23.234.82.46 - - [01/Sep/2026:07:40:11 -0500] "GET /wp-admin/plugins.php HTTP/1.1" 503 18948 "https://pastorfischer.com/wp-login.php" "Mozilla/5.0 (X11; Linux x86_64) AppleWebKit/537.36 (KHTML, like Gecko) Chrome/119.0.0.0 Safari/537.36"
23.234.82.46 - - [01/Sep/2026:07:40:13 -0500] "POST /wp-login.php HTTP/1.1" 503 18035 "https://pastorfischer.com/wp-login.php" "Mozilla/5.0 (Macintosh; Intel Mac OS X 13_6_1) AppleWebKit/605.1.15 (KHTML, like Gecko) Version/17.0 Safari/605.1.15"
157.90.185.123 - - [01/Sep/2026:07:40:16 -0500] "POST /?wordfence_syncAttackData=1788266416.252 HTTP/1.1" 200 - "-" "WordPress/7.1; https://pastorfischer.com"
23.234.82.46 - - [01/Sep/2026:07:40:15 -0500] "GET /wp-admin/index.php HTTP/1.1" 503 18948 "https://pastorfischer.com/wp-login.php" "Mozilla/5.0 (Macintosh; Intel Mac OS X 13_6_1) AppleWebKit/537.36 (KHTML, like Gecko) Chrome/120.0.0.0 Safari/537.36"
23.234.82.46 - - [01/Sep/2026:07:40:18 -0500] "GET /wp-admin/profile.php HTTP/1.1" 503 18948 "https://pastorfischer.com/wp-login.php" "Mozilla/5.0 (Macintosh; Intel Mac OS X 13_6_1) AppleWebKit/537.36 (KHTML, like Gecko) Chrome/120.0.0.0 Safari/537.36"
23.234.82.46 - - [01/Sep/2026:07:40:19 -0500] "GET /wp-admin/edit.php HTTP/1.1" 503 18948 "https://pastorfischer.com/wp-login.php" "Mozilla/5.0 (Macintosh; Intel Mac OS X 13_6_1) AppleWebKit/537.36 (KHTML, like Gecko) Chrome/120.0.0.0 Safari/537.36"
23.234.82.46 - - [01/Sep/2026:07:40:21 -0500] "GET /wp-admin/plugins.php HTTP/1.1" 503 18948 "https://pastorfischer.com/wp-login.php" "Mozilla/5.0 (Macintosh; Intel Mac OS X 13_6_1) AppleWebKit/537.36 (KHTML, like Gecko) Chrome/120.0.0.0 Safari/537.36"
23.234.82.46 - - [01/Sep/2026:07:40:22 -0500] "POST /wp-login.php HTTP/1.1" 503 18035 "https://pastorfischer.com/wp-login.php" "Mozilla/5.0 (Windows NT 11.0; Win64; x64) AppleWebKit/537.36 (KHTML, like Gecko) Chrome/121.0.0.0 Safari/537.36"
23.234.82.46 - - [01/Sep/2026:07:40:24 -0500] "GET /wp-admin/index.php HTTP/1.1" 503 18948 "https://pastorfischer.com/wp-login.php" "Mozilla/5.0 (Windows NT 11.0; Win64; x64; rv:121.0) Gecko/20100101 Firefox/121.0"
157.90.185.123 - - [01/Sep/2026:07:40:26 -0500] "POST /?wordfence_syncAttackData=1788266426.2385 HTTP/1.1" 200 - "-" "WordPress/7.1; https://pastorfischer.com"
23.234.82.46 - - [01/Sep/2026:07:40:25 -0500] "GET /wp-admin/profile.php HTTP/1.1" 503 18948 "https://pastorfischer.com/wp-login.php" "Mozilla/5.0 (Windows NT 11.0; Win64; x64; rv:121.0) Gecko/20100101 Firefox/121.0"
23.234.82.46 - - [01/Sep/2026:07:40:27 -0500] "GET /wp-admin/edit.php HTTP/1.1" 503 18948 "https://pastorfischer.com/wp-login.php" "Mozilla/5.0 (Windows NT 11.0; Win64; x64; rv:121.0) Gecko/20100101 Firefox/121.0"
23.234.82.46 - - [01/Sep/2026:07:40:29 -0500] "GET /wp-admin/plugins.php HTTP/1.1" 503 18948 "https://pastorfischer.com/wp-login.php" "Mozilla/5.0 (Windows NT 11.0; Win64; x64; rv:121.0) Gecko/20100101 Firefox/121.0"
23.234.82.46 - - [01/Sep/2026:07:40:31 -0500] "POST /wp-login.php HTTP/1.1" 503 18035 "https://pastorfischer.com/wp-login.php" "Mozilla/5.0 (Macintosh; Intel Mac OS X 13_6_1) AppleWebKit/605.1.15 (KHTML, like Gecko) Version/17.1 Safari/605.1.15"
23.234.82.46 - - [01/Sep/2026:07:40:32 -0500] "GET /wp-admin/index.php HTTP/1.1" 503 18948 "https://pastorfischer.com/wp-login.php" "Mozilla/5.0 (Windows NT 11.0; Win64; x64; rv:121.0) Gecko/20100101 Firefox/121.0"
23.234.82.46 - - [01/Sep/2026:07:40:34 -0500] "GET /wp-admin/profile.php HTTP/1.1" 503 18948 "https://pastorfischer.com/wp-login.php" "Mozilla/5.0 (Windows NT 11.0; Win64; x64; rv:121.0) Gecko/20100101 Firefox/121.0"
23.234.82.46 - - [01/Sep/2026:07:40:35 -0500] "GET /wp-admin/edit.php HTTP/1.1" 503 18948 "https://pastorfischer.com/wp-login.php" "Mozilla/5.0 (Windows NT 11.0; Win64; x64; rv:121.0) Gecko/20100101 Firefox/121.0"
157.90.185.123 - - [01/Sep/2026:07:40:36 -0500] "POST /?wordfence_syncAttackData=1788266436.3581 HTTP/1.1" 200 - "-" "WordPress/7.1; https://pastorfischer.com"
23.234.82.46 - - [01/Sep/2026:07:40:38 -0500] "GET /wp-admin/plugins.php HTTP/1.1" 503 18948 "https://pastorfischer.com/wp-login.php" "Mozilla/5.0 (Windows NT 11.0; Win64; x64; rv:121.0) Gecko/20100101 Firefox/121.0"
23.234.82.46 - - [01/Sep/2026:07:40:39 -0500] "POST /wp-login.php HTTP/1.1" 503 18035 "https://pastorfischer.com/wp-login.php" "Mozilla/5.0 (Macintosh; Intel Mac OS X 13_6_1; rv:121.0) Gecko/20100101 Firefox/121.0"
23.234.82.46 - - [01/Sep/2026:07:40:41 -0500] "GET /wp-admin/index.php HTTP/1.1" 503 18948 "https://pastorfischer.com/wp-login.php" "Mozilla/5.0 (X11; Linux x86_64) AppleWebKit/537.36 (KHTML, like Gecko) Chrome/119.0.0.0 Safari/537.36"
23.234.82.46 - - [01/Sep/2026:07:40:43 -0500] "GET /wp-admin/profile.php HTTP/1.1" 503 18948 "https://pastorfischer.com/wp-login.php" "Mozilla/5.0 (X11; Linux x86_64) AppleWebKit/537.36 (KHTML, like Gecko) Chrome/119.0.0.0 Safari/537.36"
23.234.82.46 - - [01/Sep/2026:07:40:44 -0500] "GET /wp-admin/edit.php HTTP/1.1" 503 18948 "https://pastorfischer.com/wp-login.php" "Mozilla/5.0 (X11; Linux x86_64) AppleWebKit/537.36 (KHTML, like Gecko) Chrome/119.0.0.0 Safari/537.36"
157.90.185.123 - - [01/Sep/2026:07:40:47 -0500] "POST /?wordfence_syncAttackData=1788266447.0729 HTTP/1.1" 200 - "-" "WordPress/7.1; https://pastorfischer.com"
23.234.82.46 - - [01/Sep/2026:07:40:46 -0500] "GET /wp-admin/plugins.php HTTP/1.1" 503 18948 "https://pastorfischer.com/wp-login.php" "Mozilla/5.0 (X11; Linux x86_64) AppleWebKit/537.36 (KHTML, like Gecko) Chrome/119.0.0.0 Safari/537.36"
23.234.82.46 - - [01/Sep/2026:07:40:48 -0500] "POST /wp-login.php HTTP/1.1" 503 18035 "https://pastorfischer.com/wp-login.php" "Mozilla/5.0 (X11; Ubuntu; Linux x86_64) AppleWebKit/537.36 (KHTML, like Gecko) Chrome/120.0.0.0 Safari/537.36"
23.234.82.46 - - [01/Sep/2026:07:40:50 -0500] "GET /wp-admin/index.php HTTP/1.1" 503 18948 "https://pastorfischer.com/wp-login.php" "Mozilla/5.0 (Macintosh; Intel Mac OS X 10_15_7) AppleWebKit/537.36 (KHTML, like Gecko) Chrome/118.0.0.0 Safari/537.36"
23.234.82.46 - - [01/Sep/2026:07:40:51 -0500] "GET /wp-admin/profile.php HTTP/1.1" 503 18948 "https://pastorfischer.com/wp-login.php" "Mozilla/5.0 (Macintosh; Intel Mac OS X 10_15_7) AppleWebKit/537.36 (KHTML, like Gecko) Chrome/118.0.0.0 Safari/537.36"
23.234.82.46 - - [01/Sep/2026:07:40:53 -0500] "GET /wp-admin/edit.php HTTP/1.1" 503 18948 "https://pastorfischer.com/wp-login.php" "Mozilla/5.0 (Macintosh; Intel Mac OS X 10_15_7) AppleWebKit/537.36 (KHTML, like Gecko) Chrome/118.0.0.0 Safari/537.36"
23.234.82.46 - - [01/Sep/2026:07:40:55 -0500] "GET /wp-admin/plugins.php HTTP/1.1" 503 18948 "https://pastorfischer.com/wp-login.php" "Mozilla/5.0 (Macintosh; Intel Mac OS X 10_15_7) AppleWebKit/537.36 (KHTML, like Gecko) Chrome/118.0.0.0 Safari/537.36"
23.234.82.46 - - [01/Sep/2026:07:40:56 -0500] "POST /wp-login.php HTTP/1.1" 503 18035 "https://pastorfischer.com/wp-login.php" "Mozilla/5.0 (Windows NT 11.0; Win64; x64; rv:121.0) Gecko/20100101 Firefox/121.0"
157.90.185.123 - - [01/Sep/2026:07:40:58 -0500] "POST /?wordfence_syncAttackData=1788266458.9513 HTTP/1.1" 200 - "-" "WordPress/7.1; https://pastorfischer.com"
23.234.82.46 - - [01/Sep/2026:07:40:58 -0500] "GET /wp-admin/index.php HTTP/1.1" 503 18948 "https://pastorfischer.com/wp-login.php" "Mozilla/5.0 (Windows NT 11.0; Win64; x64) AppleWebKit/537.36 (KHTML, like Gecko) Chrome/118.0.0.0 Safari/537.36"
23.234.82.46 - - [01/Sep/2026:07:41:00 -0500] "GET /wp-admin/profile.php HTTP/1.1" 503 18948 "https://pastorfischer.com/wp-login.php" "Mozilla/5.0 (Windows NT 11.0; Win64; x64) AppleWebKit/537.36 (KHTML, like Gecko) Chrome/118.0.0.0 Safari/537.36"
23.234.82.46 - - [01/Sep/2026:07:41:02 -0500] "GET /wp-admin/edit.php HTTP/1.1" 503 18948 "https://pastorfischer.com/wp-login.php" "Mozilla/5.0 (Windows NT 11.0; Win64; x64) AppleWebKit/537.36 (KHTML, like Gecko) Chrome/118.0.0.0 Safari/537.36"
23.234.82.46 - - [01/Sep/2026:07:41:03 -0500] "GET /wp-admin/plugins.php HTTP/1.1" 503 18948 "https://pastorfischer.com/wp-login.php" "Mozilla/5.0 (Windows NT 11.0; Win64; x64) AppleWebKit/537.36 (KHTML, like Gecko) Chrome/118.0.0.0 Safari/537.36"
23.234.82.46 - - [01/Sep/2026:07:41:05 -0500] "POST /wp-login.php HTTP/1.1" 503 18035 "https://pastorfischer.com/wp-login.php" "Mozilla/5.0 (Macintosh; Intel Mac OS X 13_6_1) AppleWebKit/537.36 (KHTML, like Gecko) Chrome/121.0.0.0 Safari/537.36"
23.234.82.46 - - [01/Sep/2026:07:41:06 -0500] "GET /wp-admin/index.php HTTP/1.1" 503 18948 "https://pastorfischer.com/wp-login.php" "Mozilla/5.0 (X11; Ubuntu; Linux x86_64) AppleWebKit/537.36 (KHTML, like Gecko) Chrome/120.0.0.0 Safari/537.36"
157.90.185.123 - - [01/Sep/2026:07:41:09 -0500] "POST /?wordfence_syncAttackData=1788266469.1978 HTTP/1.1" 200 - "-" "WordPress/7.1; https://pastorfischer.com"
23.234.82.46 - - [01/Sep/2026:07:41:08 -0500] "GET /wp-admin/profile.php HTTP/1.1" 503 18948 "https://pastorfischer.com/wp-login.php" "Mozilla/5.0 (X11; Ubuntu; Linux x86_64) AppleWebKit/537.36 (KHTML, like Gecko) Chrome/120.0.0.0 Safari/537.36"
23.234.82.46 - - [01/Sep/2026:07:41:10 -0500] "GET /wp-admin/edit.php HTTP/1.1" 503 18948 "https://pastorfischer.com/wp-login.php" "Mozilla/5.0 (X11; Ubuntu; Linux x86_64) AppleWebKit/537.36 (KHTML, like Gecko) Chrome/120.0.0.0 Safari/537.36"
23.234.82.46 - - [01/Sep/2026:07:41:12 -0500] "GET /wp-admin/plugins.php HTTP/1.1" 503 18948 "https://pastorfischer.com/wp-login.php" "Mozilla/5.0 (X11; Ubuntu; Linux x86_64) AppleWebKit/537.36 (KHTML, like Gecko) Chrome/120.0.0.0 Safari/537.36"
23.234.82.46 - - [01/Sep/2026:07:41:14 -0500] "POST /wp-login.php HTTP/1.1" 503 18035 "https://pastorfischer.com/wp-login.php" "Mozilla/5.0 (Windows NT 11.0; Win64; x64) AppleWebKit/537.36 (KHTML, like Gecko) Chrome/121.0.0.0 Safari/537.36"
23.234.82.46 - - [01/Sep/2026:07:41:15 -0500] "GET /wp-admin/index.php HTTP/1.1" 503 18948 "https://pastorfischer.com/wp-login.php" "Mozilla/5.0 (Macintosh; Intel Mac OS X 13_6_1) AppleWebKit/605.1.15 (KHTML, like Gecko) Version/16.6 Safari/605.1.15"
23.234.82.46 - - [01/Sep/2026:07:41:17 -0500] "GET /wp-admin/profile.php HTTP/1.1" 503 18948 "https://pastorfischer.com/wp-login.php" "Mozilla/5.0 (Macintosh; Intel Mac OS X 13_6_1) AppleWebKit/605.1.15 (KHTML, like Gecko) Version/16.6 Safari/605.1.15"
23.234.82.46 - - [01/Sep/2026:07:41:18 -0500] "GET /wp-admin/edit.php HTTP/1.1" 503 18948 "https://pastorfischer.com/wp-login.php" "Mozilla/5.0 (Macintosh; Intel Mac OS X 13_6_1) AppleWebKit/605.1.15 (KHTML, like Gecko) Version/16.6 Safari/605.1.15"
157.90.185.123 - - [01/Sep/2026:07:41:19 -0500] "POST /?wordfence_syncAttackData=1788266479.5132 HTTP/1.1" 200 - "-" "WordPress/7.1; https://pastorfischer.com"
23.234.82.46 - - [01/Sep/2026:07:41:21 -0500] "GET /wp-admin/plugins.php HTTP/1.1" 503 18948 "https://pastorfischer.com/wp-login.php" "Mozilla/5.0 (Macintosh; Intel Mac OS X 13_6_1) AppleWebKit/605.1.15 (KHTML, like Gecko) Version/16.6 Safari/605.1.15"
23.234.82.46 - - [01/Sep/2026:07:41:22 -0500] "POST /wp-json/batch/v1 HTTP/1.1" 503 18035 "-" "wp2shell"
23.234.82.46 - - [01/Sep/2026:07:41:24 -0500] "POST /?rest_route=/batch/v1 HTTP/1.1" 503 18035 "-" "wp2shell"
23.234.82.46 - - [01/Sep/2026:07:41:25 -0500] "POST /?rest_route=/batch/v1 HTTP/1.1" 503 18035 "-" "wp2shell"
23.234.82.46 - - [01/Sep/2026:07:41:27 -0500] "POST /wp-login.php HTTP/1.1" 503 18035 "https://pastorfischer.com/wp-login.php" "Mozilla/5.0 (Windows NT 10.0; Win64; x64; rv:121.0) Gecko/20100101 Firefox/121.0"
157.90.185.123 - - [01/Sep/2026:07:41:29 -0500] "POST /?wordfence_syncAttackData=1788266489.9744 HTTP/1.1" 200 - "-" "WordPress/7.1; https://pastorfischer.com"
23.234.82.46 - - [01/Sep/2026:07:41:29 -0500] "GET /wp-admin/index.php HTTP/1.1" 503 18948 "https://pastorfischer.com/wp-login.php" "Mozilla/5.0 (Windows NT 10.0; Win64; x64; rv:120.0) Gecko/20100101 Firefox/120.0"
23.234.82.46 - - [01/Sep/2026:07:41:31 -0500] "GET /wp-admin/profile.php HTTP/1.1" 503 18948 "https://pastorfischer.com/wp-login.php" "Mozilla/5.0 (Windows NT 10.0; Win64; x64; rv:120.0) Gecko/20100101 Firefox/120.0"
23.234.82.46 - - [01/Sep/2026:07:41:33 -0500] "GET /wp-admin/edit.php HTTP/1.1" 503 18948 "https://pastorfischer.com/wp-login.php" "Mozilla/5.0 (Windows NT 10.0; Win64; x64; rv:120.0) Gecko/20100101 Firefox/120.0"
23.234.82.46 - - [01/Sep/2026:07:41:35 -0500] "GET /wp-admin/plugins.php HTTP/1.1" 503 18948 "https://pastorfischer.com/wp-login.php" "Mozilla/5.0 (Windows NT 10.0; Win64; x64; rv:120.0) Gecko/20100101 Firefox/120.0"
23.234.82.46 - - [01/Sep/2026:07:41:36 -0500] "POST /wp-login.php HTTP/1.1" 503 18035 "https://pastorfischer.com/wp-login.php" "Mozilla/5.0 (Windows NT 10.0; Win64; x64) AppleWebKit/537.36 (KHTML, like Gecko) Chrome/119.0.0.0 Safari/537.36"
23.234.82.46 - - [01/Sep/2026:07:41:38 -0500] "GET /wp-admin/index.php HTTP/1.1" 503 18948 "https://pastorfischer.com/wp-login.php" "Mozilla/5.0 (Macintosh; Intel Mac OS X 10_15_7; rv:120.0) Gecko/20100101 Firefox/120.0"
157.90.185.123 - - [01/Sep/2026:07:41:40 -0500] "POST /?wordfence_syncAttackData=1788266500.3008 HTTP/1.1" 200 - "-" "WordPress/7.1; https://pastorfischer.com"
23.234.82.46 - - [01/Sep/2026:07:41:39 -0500] "GET /wp-admin/profile.php HTTP/1.1" 503 18948 "https://pastorfischer.com/wp-login.php" "Mozilla/5.0 (Macintosh; Intel Mac OS X 10_15_7; rv:120.0) Gecko/20100101 Firefox/120.0"
23.234.82.46 - - [01/Sep/2026:07:41:42 -0500] "GET /wp-admin/edit.php HTTP/1.1" 503 18948 "https://pastorfischer.com/wp-login.php" "Mozilla/5.0 (Macintosh; Intel Mac OS X 10_15_7; rv:120.0) Gecko/20100101 Firefox/120.0"
23.234.82.46 - - [01/Sep/2026:07:41:43 -0500] "GET /wp-admin/plugins.php HTTP/1.1" 503 18948 "https://pastorfischer.com/wp-login.php" "Mozilla/5.0 (Macintosh; Intel Mac OS X 10_15_7; rv:120.0) Gecko/20100101 Firefox/120.0"
23.234.82.46 - - [01/Sep/2026:07:41:45 -0500] "POST /wp-login.php HTTP/1.1" 503 18035 "https://pastorfischer.com/wp-login.php" "Mozilla/5.0 (Windows NT 11.0; Win64; x64; rv:119.0) Gecko/20100101 Firefox/119.0"
23.234.82.46 - - [01/Sep/2026:07:41:46 -0500] "GET /wp-admin/index.php HTTP/1.1" 503 18948 "https://pastorfischer.com/wp-login.php" "Mozilla/5.0 (Macintosh; Intel Mac OS X 10_15_7) AppleWebKit/537.36 (KHTML, like Gecko) Chrome/119.0.0.0 Safari/537.36"
157.100.109.250 - - [01/Sep/2026:07:41:46 -0500] "GET /stores/creators-to-watch HTTP/1.1" 404 72328 "-" "Mozilla/5.0 (Macintosh; Intel Mac OS X 13_2_1) AppleWebKit/537.36 (KHTML, like Gecko) Chrome/126.0.6478.126 Safari/537.36"
23.234.82.46 - - [01/Sep/2026:07:41:48 -0500] "GET /wp-admin/profile.php HTTP/1.1" 503 18948 "https://pastorfischer.com/wp-login.php" "Mozilla/5.0 (Macintosh; Intel Mac OS X 10_15_7) AppleWebKit/537.36 (KHTML, like Gecko) Chrome/119.0.0.0 Safari/537.36"
157.90.185.123 - - [01/Sep/2026:07:41:51 -0500] "POST /?wordfence_syncAttackData=1788266511.0274 HTTP/1.1" 200 - "-" "WordPress/7.1; https://pastorfischer.com"
23.234.82.46 - - [01/Sep/2026:07:41:50 -0500] "GET /wp-admin/edit.php HTTP/1.1" 503 18948 "https://pastorfischer.com/wp-login.php" "Mozilla/5.0 (Macintosh; Intel Mac OS X 10_15_7) AppleWebKit/537.36 (KHTML, like Gecko) Chrome/119.0.0.0 Safari/537.36"
23.234.82.46 - - [01/Sep/2026:07:41:52 -0500] "GET /wp-admin/plugins.php HTTP/1.1" 503 18948 "https://pastorfischer.com/wp-login.php" "Mozilla/5.0 (Macintosh; Intel Mac OS X 10_15_7) AppleWebKit/537.36 (KHTML, like Gecko) Chrome/119.0.0.0 Safari/537.36"
23.234.82.46 - - [01/Sep/2026:07:41:54 -0500] "POST /wp-login.php HTTP/1.1" 503 18035 "https://pastorfischer.com/wp-login.php" "Mozilla/5.0 (Macintosh; Intel Mac OS X 13_6_1) AppleWebKit/605.1.15 (KHTML, like Gecko) Version/17.0 Safari/605.1.15"
23.234.82.46 - - [01/Sep/2026:07:41:55 -0500] "GET /wp-admin/index.php HTTP/1.1" 503 18948 "https://pastorfischer.com/wp-login.php" "Mozilla/5.0 (Macintosh; Intel Mac OS X 13_6_1) AppleWebKit/537.36 (KHTML, like Gecko) Chrome/118.0.0.0 Safari/537.36"
23.234.82.46 - - [01/Sep/2026:07:41:57 -0500] "GET /wp-admin/profile.php HTTP/1.1" 503 18948 "https://pastorfischer.com/wp-login.php" "Mozilla/5.0 (Macintosh; Intel Mac OS X 13_6_1) AppleWebKit/537.36 (KHTML, like Gecko) Chrome/118.0.0.0 Safari/537.36"
23.234.82.46 - - [01/Sep/2026:07:41:59 -0500] "GET /wp-admin/edit.php HTTP/1.1" 503 18948 "https://pastorfischer.com/wp-login.php" "Mozilla/5.0 (Macintosh; Intel Mac OS X 13_6_1) AppleWebKit/537.36 (KHTML, like Gecko) Chrome/118.0.0.0 Safari/537.36"
157.90.185.123 - - [01/Sep/2026:07:42:01 -0500] "POST /?wordfence_syncAttackData=1788266521.394 HTTP/1.1" 200 - "-" "WordPress/7.1; https://pastorfischer.com"
23.234.82.46 - - [01/Sep/2026:07:42:00 -0500] "GET /wp-admin/plugins.php HTTP/1.1" 503 18948 "https://pastorfischer.com/wp-login.php" "Mozilla/5.0 (Macintosh; Intel Mac OS X 13_6_1) AppleWebKit/537.36 (KHTML, like Gecko) Chrome/118.0.0.0 Safari/537.36"
