139.59.132.8 - - [01/Sep/2026:20:08:00 -0500] "POST /wp-json/batch/v1 HTTP/1.1" 207 628 "-" "Mozilla/5.0 (l9scan/2.0.332313e2538313e20393e2735313; +https://leakix.net)"
139.59.132.8 - - [01/Sep/2026:20:08:01 -0500] "GET /?rest_route=/wp/v2/users/ HTTP/1.1" 401 108 "-" "Mozilla/5.0 (l9scan/2.0.332313e2538313e20393e2735313; +https://leakix.net)"
139.59.132.8 - - [01/Sep/2026:20:08:02 -0500] "GET /debug/default/view?panel=config HTTP/1.1" 301 - "-" "Mozilla/5.0 (l9scan/2.0.332313e2538313e20393e2735313; +https://leakix.net)"
201.185.153.159 - - [01/Sep/2026:20:08:31 -0500] "GET http://pastorfischer.com/kids-hoodies HTTP/1.1" 301 - "-" "Mozilla/5.0 (Macintosh; Intel Mac OS X 10_15_7) AppleWebKit/537.36 (KHTML, like Gecko) Chrome/142.0.0.0 Safari/537.36"
62.60.130.18 - - [01/Sep/2026:20:08:38 -0500] "GET /wp-login.php HTTP/1.1" 200 6831 "https://www.google.com/search?q=wordpress" "Mozilla/5.0 (Macintosh; Intel Mac OS X 10_15_7) AppleWebKit/605.1.15 (KHTML, like Gecko) Version/17.1 Safari/605.1.15"
62.60.130.18 - - [01/Sep/2026:20:08:39 -0500] "GET /?author=1 HTTP/1.1" 404 72835 "https://wordpress.org/" "Mozilla/5.0 (Macintosh; Intel Mac OS X 13_6_1) AppleWebKit/605.1.15 (KHTML, like Gecko) Version/17.2 Safari/605.1.15"
62.60.130.18 - - [01/Sep/2026:20:08:40 -0500] "GET /?author=2 HTTP/1.1" 404 72835 "https://www.google.com/" "Mozilla/5.0 (Windows NT 11.0; Win64; x64) AppleWebKit/537.36 (KHTML, like Gecko) Chrome/119.0.0.0 Safari/537.36"
62.60.130.18 - - [01/Sep/2026:20:08:42 -0500] "GET /?author=3 HTTP/1.1" 404 72835 "" "Mozilla/5.0 (Macintosh; Intel Mac OS X 13_6_1) AppleWebKit/537.36 (KHTML, like Gecko) Chrome/118.0.0.0 Safari/537.36"
177.246.40.73 - - [01/Sep/2026:20:08:42 -0500] "GET http://pastorfischer.com/social-responsibility HTTP/1.1" 301 - "-" "Mozilla/5.0 (Macintosh; Intel Mac OS X 10_15_7) AppleWebKit/537.36 (KHTML, like Gecko) Chrome/123.0.0.0 Safari/537.36"
62.60.130.18 - - [01/Sep/2026:20:08:43 -0500] "GET /?author=4 HTTP/1.1" 404 72835 "https://www.bing.com/" "Mozilla/5.0 (Macintosh; Intel Mac OS X 10_15_7; rv:119.0) Gecko/20100101 Firefox/119.0"
62.60.130.18 - - [01/Sep/2026:20:08:45 -0500] "GET /?author=5 HTTP/1.1" 404 72835 "https://t.co/" "Mozilla/5.0 (Macintosh; Intel Mac OS X 10_15_7; rv:121.0) Gecko/20100101 Firefox/121.0"
62.60.130.18 - - [01/Sep/2026:20:08:46 -0500] "GET /wp-json/wp/v2/users HTTP/1.1" 401 108 "https://www.bing.com/" "Mozilla/5.0 (Macintosh; Intel Mac OS X 13_6_1) AppleWebKit/537.36 (KHTML, like Gecko) Chrome/118.0.0.0 Safari/537.36"
62.60.130.18 - - [01/Sep/2026:20:08:47 -0500] "POST /wp-login.php HTTP/1.1" 503 18946 "https://PASTORFISCHER.COM/wp-login.php" "Mozilla/5.0 (Windows NT 11.0; Win64; x64) AppleWebKit/537.36 (KHTML, like Gecko) Chrome/119.0.0.0 Safari/537.36"
62.60.130.18 - - [01/Sep/2026:20:08:50 -0500] "GET /wp-admin/index.php HTTP/1.1" 503 18946 "https://PASTORFISCHER.COM/wp-login.php" "Mozilla/5.0 (X11; Ubuntu; Linux x86_64) AppleWebKit/537.36 (KHTML, like Gecko) Chrome/121.0.0.0 Safari/537.36"
62.60.130.18 - - [01/Sep/2026:20:08:52 -0500] "GET /wp-admin/profile.php HTTP/1.1" 503 18946 "https://PASTORFISCHER.COM/wp-login.php" "Mozilla/5.0 (X11; Ubuntu; Linux x86_64) AppleWebKit/537.36 (KHTML, like Gecko) Chrome/121.0.0.0 Safari/537.36"
186.153.194.254 - - [01/Sep/2026:20:08:52 -0500] "GET http://pastorfischer.com/stores/aapi-artists HTTP/1.1" 301 - "-" "Mozilla/5.0 (Macintosh; Intel Mac OS X 10_15_7) AppleWebKit/537.36 (KHTML, like Gecko) Chrome/131.0.0.0 Safari/537.36"
62.60.130.18 - - [01/Sep/2026:20:08:54 -0500] "GET /wp-admin/edit.php HTTP/1.1" 503 18946 "https://PASTORFISCHER.COM/wp-login.php" "Mozilla/5.0 (X11; Ubuntu; Linux x86_64) AppleWebKit/537.36 (KHTML, like Gecko) Chrome/121.0.0.0 Safari/537.36"
62.60.130.18 - - [01/Sep/2026:20:08:56 -0500] "GET /wp-admin/plugins.php HTTP/1.1" 503 18946 "https://PASTORFISCHER.COM/wp-login.php" "Mozilla/5.0 (X11; Ubuntu; Linux x86_64) AppleWebKit/537.36 (KHTML, like Gecko) Chrome/121.0.0.0 Safari/537.36"
62.60.130.18 - - [01/Sep/2026:20:08:58 -0500] "POST /wp-login.php HTTP/1.1" 503 18033 "https://PASTORFISCHER.COM/wp-login.php" "Mozilla/5.0 (Macintosh; Intel Mac OS X 13_6_1; rv:120.0) Gecko/20100101 Firefox/120.0"
157.90.185.123 - - [01/Sep/2026:20:09:00 -0500] "POST /?wordfence_syncAttackData=1788311339.9856 HTTP/1.1" 200 - "-" "WordPress/7.1; https://pastorfischer.com"
62.60.130.18 - - [01/Sep/2026:20:08:59 -0500] "GET /wp-admin/index.php HTTP/1.1" 503 18946 "https://PASTORFISCHER.COM/wp-login.php" "Mozilla/5.0 (X11; Ubuntu; Linux x86_64) AppleWebKit/537.36 (KHTML, like Gecko) Chrome/121.0.0.0 Safari/537.36"
62.60.130.18 - - [01/Sep/2026:20:09:01 -0500] "GET /wp-admin/profile.php HTTP/1.1" 503 18946 "https://PASTORFISCHER.COM/wp-login.php" "Mozilla/5.0 (X11; Ubuntu; Linux x86_64) AppleWebKit/537.36 (KHTML, like Gecko) Chrome/121.0.0.0 Safari/537.36"
62.60.130.18 - - [01/Sep/2026:20:09:02 -0500] "GET /wp-admin/edit.php HTTP/1.1" 503 18946 "https://PASTORFISCHER.COM/wp-login.php" "Mozilla/5.0 (X11; Ubuntu; Linux x86_64) AppleWebKit/537.36 (KHTML, like Gecko) Chrome/121.0.0.0 Safari/537.36"
62.60.130.18 - - [01/Sep/2026:20:09:03 -0500] "GET /wp-admin/plugins.php HTTP/1.1" 503 18946 "https://PASTORFISCHER.COM/wp-login.php" "Mozilla/5.0 (X11; Ubuntu; Linux x86_64) AppleWebKit/537.36 (KHTML, like Gecko) Chrome/121.0.0.0 Safari/537.36"
62.60.130.18 - - [01/Sep/2026:20:09:04 -0500] "POST /wp-login.php HTTP/1.1" 503 18033 "https://PASTORFISCHER.COM/wp-login.php" "Mozilla/5.0 (Macintosh; Intel Mac OS X 13_6_1) AppleWebKit/537.36 (KHTML, like Gecko) Chrome/121.0.0.0 Safari/537.36"
62.60.130.18 - - [01/Sep/2026:20:09:05 -0500] "GET /wp-admin/index.php HTTP/1.1" 503 18946 "https://PASTORFISCHER.COM/wp-login.php" "Mozilla/5.0 (Macintosh; Intel Mac OS X 13_6_1; rv:119.0) Gecko/20100101 Firefox/119.0"
62.60.130.18 - - [01/Sep/2026:20:09:07 -0500] "GET /wp-admin/profile.php HTTP/1.1" 503 18946 "https://PASTORFISCHER.COM/wp-login.php" "Mozilla/5.0 (Macintosh; Intel Mac OS X 13_6_1; rv:119.0) Gecko/20100101 Firefox/119.0"
62.60.130.18 - - [01/Sep/2026:20:09:08 -0500] "GET /wp-admin/edit.php HTTP/1.1" 503 18946 "https://PASTORFISCHER.COM/wp-login.php" "Mozilla/5.0 (Macintosh; Intel Mac OS X 13_6_1; rv:119.0) Gecko/20100101 Firefox/119.0"
157.90.185.123 - - [01/Sep/2026:20:09:09 -0500] "POST /?wordfence_syncAttackData=1788311349.5334 HTTP/1.1" 200 - "-" "WordPress/7.1; https://pastorfischer.com"
62.60.130.18 - - [01/Sep/2026:20:09:11 -0500] "GET /wp-admin/plugins.php HTTP/1.1" 503 18946 "https://PASTORFISCHER.COM/wp-login.php" "Mozilla/5.0 (Macintosh; Intel Mac OS X 13_6_1; rv:119.0) Gecko/20100101 Firefox/119.0"
82.209.98.53 - - [01/Sep/2026:20:09:12 -0500] "GET /wp-content/uploads/2024/05/IMG_6080-1.jpeg HTTP/1.1" 200 303286 "-" "Mozilla/5.0 (Macintosh; Intel Mac OS X 10_15_7) AppleWebKit/537.36 (KHTML, like Gecko) Chrome/124.0.0.0 Safari/537.36"
62.60.130.18 - - [01/Sep/2026:20:09:13 -0500] "POST /wp-login.php HTTP/1.1" 503 18033 "https://PASTORFISCHER.COM/wp-login.php" "Mozilla/5.0 (Macintosh; Intel Mac OS X 10_15_7) AppleWebKit/537.36 (KHTML, like Gecko) Chrome/119.0.0.0 Safari/537.36"
31.41.58.213 - - [01/Sep/2026:20:09:15 -0500] "GET http://pastorfischer.com/SALJU4D/sci-fi HTTP/1.1" 301 - "-" "Mozilla/5.0 (Macintosh; Intel Mac OS X 10_15_7) AppleWebKit/537.36 (KHTML, like Gecko) Chrome/116.0.0.0 Safari/537.36"
62.60.130.18 - - [01/Sep/2026:20:09:15 -0500] "GET /wp-admin/index.php HTTP/1.1" 503 18946 "https://PASTORFISCHER.COM/wp-login.php" "Mozilla/5.0 (Windows NT 10.0; Win64; x64) AppleWebKit/537.36 (KHTML, like Gecko) Chrome/121.0.0.0 Safari/537.36"
113.175.162.0 - - [01/Sep/2026:20:09:15 -0500] "GET http://pastorfischer.com/order/status HTTP/1.1" 301 - "-" "Mozilla/5.0 (Macintosh; Intel Mac OS X 10_15_7) AppleWebKit/537.36 (KHTML, like Gecko) Chrome/136.0.0.0 Safari/537.36"
62.60.130.18 - - [01/Sep/2026:20:09:17 -0500] "GET /wp-admin/profile.php HTTP/1.1" 503 18946 "https://PASTORFISCHER.COM/wp-login.php" "Mozilla/5.0 (Windows NT 10.0; Win64; x64) AppleWebKit/537.36 (KHTML, like Gecko) Chrome/121.0.0.0 Safari/537.36"
157.90.185.123 - - [01/Sep/2026:20:09:19 -0500] "POST /?wordfence_syncAttackData=1788311359.0698 HTTP/1.1" 200 - "-" "WordPress/7.1; https://pastorfischer.com"
62.60.130.18 - - [01/Sep/2026:20:09:18 -0500] "GET /wp-admin/edit.php HTTP/1.1" 503 18946 "https://PASTORFISCHER.COM/wp-login.php" "Mozilla/5.0 (Windows NT 10.0; Win64; x64) AppleWebKit/537.36 (KHTML, like Gecko) Chrome/121.0.0.0 Safari/537.36"
62.60.130.18 - - [01/Sep/2026:20:09:20 -0500] "GET /wp-admin/plugins.php HTTP/1.1" 503 18946 "https://PASTORFISCHER.COM/wp-login.php" "Mozilla/5.0 (Windows NT 10.0; Win64; x64) AppleWebKit/537.36 (KHTML, like Gecko) Chrome/121.0.0.0 Safari/537.36"
62.60.130.18 - - [01/Sep/2026:20:09:21 -0500] "POST /wp-login.php HTTP/1.1" 503 18033 "https://PASTORFISCHER.COM/wp-login.php" "Mozilla/5.0 (Macintosh; Intel Mac OS X 13_6_1) AppleWebKit/605.1.15 (KHTML, like Gecko) Version/16.6 Safari/605.1.15"
62.60.130.18 - - [01/Sep/2026:20:09:22 -0500] "GET /wp-admin/index.php HTTP/1.1" 503 18946 "https://PASTORFISCHER.COM/wp-login.php" "Mozilla/5.0 (Macintosh; Intel Mac OS X 10_15_7; rv:118.0) Gecko/20100101 Firefox/118.0"
62.60.130.18 - - [01/Sep/2026:20:09:23 -0500] "GET /wp-admin/profile.php HTTP/1.1" 503 18946 "https://PASTORFISCHER.COM/wp-login.php" "Mozilla/5.0 (Macintosh; Intel Mac OS X 10_15_7; rv:118.0) Gecko/20100101 Firefox/118.0"
62.60.130.18 - - [01/Sep/2026:20:09:24 -0500] "GET /wp-admin/edit.php HTTP/1.1" 503 18946 "https://PASTORFISCHER.COM/wp-login.php" "Mozilla/5.0 (Macintosh; Intel Mac OS X 10_15_7; rv:118.0) Gecko/20100101 Firefox/118.0"
62.60.130.18 - - [01/Sep/2026:20:09:26 -0500] "GET /wp-admin/plugins.php HTTP/1.1" 503 18946 "https://PASTORFISCHER.COM/wp-login.php" "Mozilla/5.0 (Macintosh; Intel Mac OS X 10_15_7; rv:118.0) Gecko/20100101 Firefox/118.0"
62.60.130.18 - - [01/Sep/2026:20:09:26 -0500] "POST /wp-login.php HTTP/1.1" 503 18033 "https://PASTORFISCHER.COM/wp-login.php" "Mozilla/5.0 (Macintosh; Intel Mac OS X 13_6_1) AppleWebKit/605.1.15 (KHTML, like Gecko) Version/17.2 Safari/605.1.15"
62.60.130.18 - - [01/Sep/2026:20:09:27 -0500] "GET /wp-admin/index.php HTTP/1.1" 503 18946 "https://PASTORFISCHER.COM/wp-login.php" "Mozilla/5.0 (Windows NT 11.0; Win64; x64) AppleWebKit/537.36 (KHTML, like Gecko) Chrome/119.0.0.0 Safari/537.36"
157.90.185.123 - - [01/Sep/2026:20:09:29 -0500] "POST /?wordfence_syncAttackData=1788311369.5608 HTTP/1.1" 200 - "-" "WordPress/7.1; https://pastorfischer.com"
62.60.130.18 - - [01/Sep/2026:20:09:29 -0500] "GET /wp-admin/profile.php HTTP/1.1" 503 18946 "https://PASTORFISCHER.COM/wp-login.php" "Mozilla/5.0 (Windows NT 11.0; Win64; x64) AppleWebKit/537.36 (KHTML, like Gecko) Chrome/119.0.0.0 Safari/537.36"
62.60.130.18 - - [01/Sep/2026:20:09:31 -0500] "GET /wp-admin/edit.php HTTP/1.1" 503 18946 "https://PASTORFISCHER.COM/wp-login.php" "Mozilla/5.0 (Windows NT 11.0; Win64; x64) AppleWebKit/537.36 (KHTML, like Gecko) Chrome/119.0.0.0 Safari/537.36"
62.60.130.18 - - [01/Sep/2026:20:09:32 -0500] "GET /wp-admin/plugins.php HTTP/1.1" 503 18946 "https://PASTORFISCHER.COM/wp-login.php" "Mozilla/5.0 (Windows NT 11.0; Win64; x64) AppleWebKit/537.36 (KHTML, like Gecko) Chrome/119.0.0.0 Safari/537.36"
62.60.130.18 - - [01/Sep/2026:20:09:33 -0500] "POST /wp-login.php HTTP/1.1" 503 18033 "https://PASTORFISCHER.COM/wp-login.php" "Mozilla/5.0 (Macintosh; Intel Mac OS X 13_6_1) AppleWebKit/605.1.15 (KHTML, like Gecko) Version/17.1 Safari/605.1.15"
62.60.130.18 - - [01/Sep/2026:20:09:34 -0500] "GET /wp-admin/index.php HTTP/1.1" 503 18946 "https://PASTORFISCHER.COM/wp-login.php" "Mozilla/5.0 (Macintosh; Intel Mac OS X 10_15_7) AppleWebKit/537.36 (KHTML, like Gecko) Chrome/119.0.0.0 Safari/537.36"
62.60.130.18 - - [01/Sep/2026:20:09:35 -0500] "GET /wp-admin/profile.php HTTP/1.1" 503 18946 "https://PASTORFISCHER.COM/wp-login.php" "Mozilla/5.0 (Macintosh; Intel Mac OS X 10_15_7) AppleWebKit/537.36 (KHTML, like Gecko) Chrome/119.0.0.0 Safari/537.36"
62.60.130.18 - - [01/Sep/2026:20:09:36 -0500] "GET /wp-admin/edit.php HTTP/1.1" 503 18946 "https://PASTORFISCHER.COM/wp-login.php" "Mozilla/5.0 (Macintosh; Intel Mac OS X 10_15_7) AppleWebKit/537.36 (KHTML, like Gecko) Chrome/119.0.0.0 Safari/537.36"
62.60.130.18 - - [01/Sep/2026:20:09:37 -0500] "GET /wp-admin/plugins.php HTTP/1.1" 503 18946 "https://PASTORFISCHER.COM/wp-login.php" "Mozilla/5.0 (Macintosh; Intel Mac OS X 10_15_7) AppleWebKit/537.36 (KHTML, like Gecko) Chrome/119.0.0.0 Safari/537.36"
62.60.130.18 - - [01/Sep/2026:20:09:38 -0500] "POST /wp-login.php HTTP/1.1" 503 18033 "https://PASTORFISCHER.COM/wp-login.php" "Mozilla/5.0 (X11; Ubuntu; Linux x86_64) AppleWebKit/537.36 (KHTML, like Gecko) Chrome/118.0.0.0 Safari/537.36"
157.90.185.123 - - [01/Sep/2026:20:09:40 -0500] "POST /?wordfence_syncAttackData=1788311380.4741 HTTP/1.1" 200 - "-" "WordPress/7.1; https://pastorfischer.com"
62.60.130.18 - - [01/Sep/2026:20:09:39 -0500] "GET /wp-admin/index.php HTTP/1.1" 503 18946 "https://PASTORFISCHER.COM/wp-login.php" "Mozilla/5.0 (Macintosh; Intel Mac OS X 10_15_7) AppleWebKit/605.1.15 (KHTML, like Gecko) Version/17.1 Safari/605.1.15"
62.60.130.18 - - [01/Sep/2026:20:09:41 -0500] "GET /wp-admin/profile.php HTTP/1.1" 503 18946 "https://PASTORFISCHER.COM/wp-login.php" "Mozilla/5.0 (Macintosh; Intel Mac OS X 10_15_7) AppleWebKit/605.1.15 (KHTML, like Gecko) Version/17.1 Safari/605.1.15"
62.60.130.18 - - [01/Sep/2026:20:09:43 -0500] "GET /wp-admin/edit.php HTTP/1.1" 503 18946 "https://PASTORFISCHER.COM/wp-login.php" "Mozilla/5.0 (Macintosh; Intel Mac OS X 10_15_7) AppleWebKit/605.1.15 (KHTML, like Gecko) Version/17.1 Safari/605.1.15"
62.60.130.18 - - [01/Sep/2026:20:09:44 -0500] "GET /wp-admin/plugins.php HTTP/1.1" 503 18946 "https://PASTORFISCHER.COM/wp-login.php" "Mozilla/5.0 (Macintosh; Intel Mac OS X 10_15_7) AppleWebKit/605.1.15 (KHTML, like Gecko) Version/17.1 Safari/605.1.15"
62.60.130.18 - - [01/Sep/2026:20:09:45 -0500] "POST /wp-login.php HTTP/1.1" 503 18033 "https://PASTORFISCHER.COM/wp-login.php" "Mozilla/5.0 (Macintosh; Intel Mac OS X 13_6_1) AppleWebKit/537.36 (KHTML, like Gecko) Chrome/121.0.0.0 Safari/537.36"
5.175.206.202 - - [01/Sep/2026:20:09:45 -0500] "GET /wp-admin/index.php HTTP/1.1" 302 - "https://pastorfischer.com/wp-login.php" "Mozilla/5.0 (Windows NT 10.0; Win64; x64; rv:119.0) Gecko/20100101 Firefox/119.0"
62.60.130.18 - - [01/Sep/2026:20:09:46 -0500] "GET /wp-admin/index.php HTTP/1.1" 503 18946 "https://PASTORFISCHER.COM/wp-login.php" "Mozilla/5.0 (X11; Ubuntu; Linux x86_64) AppleWebKit/537.36 (KHTML, like Gecko) Chrome/118.0.0.0 Safari/537.36"
5.175.206.202 - - [01/Sep/2026:20:09:46 -0500] "GET /wp-login.php?redirect_to=https%3A%2F%2Fpastorfischer.com%2Fwp-admin%2Findex.php&reauth=1 HTTP/1.1" 200 6947 "https://pastorfischer.com/wp-login.php" "Mozilla/5.0 (Windows NT 10.0; Win64; x64; rv:119.0) Gecko/20100101 Firefox/119.0"
62.60.130.18 - - [01/Sep/2026:20:09:47 -0500] "GET /wp-admin/profile.php HTTP/1.1" 503 18946 "https://PASTORFISCHER.COM/wp-login.php" "Mozilla/5.0 (X11; Ubuntu; Linux x86_64) AppleWebKit/537.36 (KHTML, like Gecko) Chrome/118.0.0.0 Safari/537.36"
5.175.206.202 - - [01/Sep/2026:20:09:47 -0500] "POST /wp-login.php HTTP/1.1" 503 18946 "https://pastorfischer.com/wp-login.php" "Mozilla/5.0 (Windows NT 10.0; Win64; x64; rv:118.0) Gecko/20100101 Firefox/118.0"
62.60.130.18 - - [01/Sep/2026:20:09:47 -0500] "GET /wp-admin/edit.php HTTP/1.1" 503 18946 "https://PASTORFISCHER.COM/wp-login.php" "Mozilla/5.0 (X11; Ubuntu; Linux x86_64) AppleWebKit/537.36 (KHTML, like Gecko) Chrome/118.0.0.0 Safari/537.36"
5.175.206.202 - - [01/Sep/2026:20:09:48 -0500] "GET /wp-admin/index.php HTTP/1.1" 503 18946 "https://pastorfischer.com/wp-login.php" "Mozilla/5.0 (Macintosh; Intel Mac OS X 13_6_1) AppleWebKit/605.1.15 (KHTML, like Gecko) Version/17.2 Safari/605.1.15"
62.60.130.18 - - [01/Sep/2026:20:09:49 -0500] "GET /wp-admin/plugins.php HTTP/1.1" 503 18946 "https://PASTORFISCHER.COM/wp-login.php" "Mozilla/5.0 (X11; Ubuntu; Linux x86_64) AppleWebKit/537.36 (KHTML, like Gecko) Chrome/118.0.0.0 Safari/537.36"
62.60.130.18 - - [01/Sep/2026:20:09:50 -0500] "POST /wp-login.php HTTP/1.1" 503 18033 "https://PASTORFISCHER.COM/wp-login.php" "Mozilla/5.0 (Macintosh; Intel Mac OS X 10_15_7) AppleWebKit/605.1.15 (KHTML, like Gecko) Version/17.2 Safari/605.1.15"
62.60.130.18 - - [01/Sep/2026:20:09:51 -0500] "GET /wp-admin/index.php HTTP/1.1" 503 18946 "https://PASTORFISCHER.COM/wp-login.php" "Mozilla/5.0 (Macintosh; Intel Mac OS X 10_15_7) AppleWebKit/537.36 (KHTML, like Gecko) Chrome/120.0.0.0 Safari/537.36"
157.90.185.123 - - [01/Sep/2026:20:09:51 -0500] "POST /?wordfence_syncAttackData=1788311391.8319 HTTP/1.1" 200 - "-" "WordPress/7.1; https://pastorfischer.com"
62.60.130.18 - - [01/Sep/2026:20:09:53 -0500] "GET /wp-admin/profile.php HTTP/1.1" 503 18946 "https://PASTORFISCHER.COM/wp-login.php" "Mozilla/5.0 (Macintosh; Intel Mac OS X 10_15_7) AppleWebKit/537.36 (KHTML, like Gecko) Chrome/120.0.0.0 Safari/537.36"
62.60.130.18 - - [01/Sep/2026:20:09:54 -0500] "GET /wp-admin/edit.php HTTP/1.1" 503 18946 "https://PASTORFISCHER.COM/wp-login.php" "Mozilla/5.0 (Macintosh; Intel Mac OS X 10_15_7) AppleWebKit/537.36 (KHTML, like Gecko) Chrome/120.0.0.0 Safari/537.36"
62.60.130.18 - - [01/Sep/2026:20:09:55 -0500] "GET /wp-admin/plugins.php HTTP/1.1" 503 18946 "https://PASTORFISCHER.COM/wp-login.php" "Mozilla/5.0 (Macintosh; Intel Mac OS X 10_15_7) AppleWebKit/537.36 (KHTML, like Gecko) Chrome/120.0.0.0 Safari/537.36"
62.60.130.18 - - [01/Sep/2026:20:09:56 -0500] "POST /wp-login.php HTTP/1.1" 503 18033 "https://PASTORFISCHER.COM/wp-login.php" "Mozilla/5.0 (Macintosh; Intel Mac OS X 10_15_7) AppleWebKit/605.1.15 (KHTML, like Gecko) Version/17.0 Safari/605.1.15"
62.60.130.18 - - [01/Sep/2026:20:09:56 -0500] "GET /wp-admin/index.php HTTP/1.1" 503 18946 "https://PASTORFISCHER.COM/wp-login.php" "Mozilla/5.0 (Macintosh; Intel Mac OS X 10_15_7) AppleWebKit/537.36 (KHTML, like Gecko) Chrome/119.0.0.0 Safari/537.36"
45.175.217.7 - - [01/Sep/2026:20:09:57 -0500] "GET http://pastorfischer.com/contact/ HTTP/1.1" 301 - "-" "Mozilla/5.0 (Macintosh; Intel Mac OS X 10_15_7) AppleWebKit/537.36 (KHTML, like Gecko) Chrome/142.0.0.0 Safari/537.36"
62.60.130.18 - - [01/Sep/2026:20:09:58 -0500] "GET /wp-admin/profile.php HTTP/1.1" 503 18946 "https://PASTORFISCHER.COM/wp-login.php" "Mozilla/5.0 (Macintosh; Intel Mac OS X 10_15_7) AppleWebKit/537.36 (KHTML, like Gecko) Chrome/119.0.0.0 Safari/537.36"
62.60.130.18 - - [01/Sep/2026:20:09:59 -0500] "GET /wp-admin/edit.php HTTP/1.1" 503 18946 "https://PASTORFISCHER.COM/wp-login.php" "Mozilla/5.0 (Macintosh; Intel Mac OS X 10_15_7) AppleWebKit/537.36 (KHTML, like Gecko) Chrome/119.0.0.0 Safari/537.36"
157.90.185.123 - - [01/Sep/2026:20:10:01 -0500] "POST /?wordfence_syncAttackData=1788311401.1276 HTTP/1.1" 200 - "-" "WordPress/7.1; https://pastorfischer.com"
62.60.130.18 - - [01/Sep/2026:20:10:00 -0500] "GET /wp-admin/plugins.php HTTP/1.1" 503 18946 "https://PASTORFISCHER.COM/wp-login.php" "Mozilla/5.0 (Macintosh; Intel Mac OS X 10_15_7) AppleWebKit/537.36 (KHTML, like Gecko) Chrome/119.0.0.0 Safari/537.36"
62.60.130.18 - - [01/Sep/2026:20:10:02 -0500] "POST /wp-login.php HTTP/1.1" 503 18033 "https://PASTORFISCHER.COM/wp-login.php" "Mozilla/5.0 (X11; Ubuntu; Linux x86_64) AppleWebKit/537.36 (KHTML, like Gecko) Chrome/121.0.0.0 Safari/537.36"
62.60.130.18 - - [01/Sep/2026:20:10:03 -0500] "GET /wp-admin/index.php HTTP/1.1" 503 18946 "https://PASTORFISCHER.COM/wp-login.php" "Mozilla/5.0 (X11; Ubuntu; Linux x86_64) AppleWebKit/537.36 (KHTML, like Gecko) Chrome/121.0.0.0 Safari/537.36"
62.60.130.18 - - [01/Sep/2026:20:10:04 -0500] "GET /wp-admin/profile.php HTTP/1.1" 503 18946 "https://PASTORFISCHER.COM/wp-login.php" "Mozilla/5.0 (X11; Ubuntu; Linux x86_64) AppleWebKit/537.36 (KHTML, like Gecko) Chrome/121.0.0.0 Safari/537.36"
62.60.130.18 - - [01/Sep/2026:20:10:05 -0500] "GET /wp-admin/edit.php HTTP/1.1" 503 18946 "https://PASTORFISCHER.COM/wp-login.php" "Mozilla/5.0 (X11; Ubuntu; Linux x86_64) AppleWebKit/537.36 (KHTML, like Gecko) Chrome/121.0.0.0 Safari/537.36"
14.226.54.12 - - [01/Sep/2026:20:10:06 -0500] "GET http://pastorfischer.com/hats HTTP/1.1" 301 - "-" "Mozilla/5.0 (Macintosh; Intel Mac OS X 10_15_7) AppleWebKit/537.36 (KHTML, like Gecko) Chrome/136.0.0.0 Safari/537.36"
62.60.130.18 - - [01/Sep/2026:20:10:06 -0500] "GET /wp-admin/plugins.php HTTP/1.1" 503 18946 "https://PASTORFISCHER.COM/wp-login.php" "Mozilla/5.0 (X11; Ubuntu; Linux x86_64) AppleWebKit/537.36 (KHTML, like Gecko) Chrome/121.0.0.0 Safari/537.36"
62.60.130.18 - - [01/Sep/2026:20:10:07 -0500] "POST /wp-login.php HTTP/1.1" 503 18033 "https://PASTORFISCHER.COM/wp-login.php" "Mozilla/5.0 (Macintosh; Intel Mac OS X 10_15_7) AppleWebKit/605.1.15 (KHTML, like Gecko) Version/16.6 Safari/605.1.15"
157.90.185.123 - - [01/Sep/2026:20:10:10 -0500] "POST /?wordfence_syncAttackData=1788311410.2499 HTTP/1.1" 200 - "-" "WordPress/7.1; https://pastorfischer.com"
62.60.130.18 - - [01/Sep/2026:20:10:09 -0500] "GET /wp-admin/index.php HTTP/1.1" 503 18946 "https://PASTORFISCHER.COM/wp-login.php" "Mozilla/5.0 (X11; Ubuntu; Linux x86_64) AppleWebKit/537.36 (KHTML, like Gecko) Chrome/120.0.0.0 Safari/537.36"
62.60.130.18 - - [01/Sep/2026:20:10:12 -0500] "GET /wp-admin/profile.php HTTP/1.1" 503 18946 "https://PASTORFISCHER.COM/wp-login.php" "Mozilla/5.0 (X11; Ubuntu; Linux x86_64) AppleWebKit/537.36 (KHTML, like Gecko) Chrome/120.0.0.0 Safari/537.36"
62.60.130.18 - - [01/Sep/2026:20:10:13 -0500] "GET /wp-admin/edit.php HTTP/1.1" 503 18946 "https://PASTORFISCHER.COM/wp-login.php" "Mozilla/5.0 (X11; Ubuntu; Linux x86_64) AppleWebKit/537.36 (KHTML, like Gecko) Chrome/120.0.0.0 Safari/537.36"
62.60.130.18 - - [01/Sep/2026:20:10:14 -0500] "GET /wp-admin/plugins.php HTTP/1.1" 503 18946 "https://PASTORFISCHER.COM/wp-login.php" "Mozilla/5.0 (X11; Ubuntu; Linux x86_64) AppleWebKit/537.36 (KHTML, like Gecko) Chrome/120.0.0.0 Safari/537.36"
62.60.130.18 - - [01/Sep/2026:20:10:15 -0500] "POST /wp-login.php HTTP/1.1" 503 18033 "https://PASTORFISCHER.COM/wp-login.php" "Mozilla/5.0 (Macintosh; Intel Mac OS X 10_15_7; rv:121.0) Gecko/20100101 Firefox/121.0"
62.60.130.18 - - [01/Sep/2026:20:10:18 -0500] "GET /wp-admin/index.php HTTP/1.1" 503 18946 "https://PASTORFISCHER.COM/wp-login.php" "Mozilla/5.0 (Windows NT 11.0; Win64; x64) AppleWebKit/537.36 (KHTML, like Gecko) Chrome/118.0.0.0 Safari/537.36"
157.90.185.123 - - [01/Sep/2026:20:10:20 -0500] "POST /?wordfence_syncAttackData=1788311420.2504 HTTP/1.1" 200 - "-" "WordPress/7.1; https://pastorfischer.com"
62.60.130.18 - - [01/Sep/2026:20:10:19 -0500] "GET /wp-admin/profile.php HTTP/1.1" 503 18946 "https://PASTORFISCHER.COM/wp-login.php" "Mozilla/5.0 (Windows NT 11.0; Win64; x64) AppleWebKit/537.36 (KHTML, like Gecko) Chrome/118.0.0.0 Safari/537.36"
62.60.130.18 - - [01/Sep/2026:20:10:21 -0500] "GET /wp-admin/edit.php HTTP/1.1" 503 18946 "https://PASTORFISCHER.COM/wp-login.php" "Mozilla/5.0 (Windows NT 11.0; Win64; x64) AppleWebKit/537.36 (KHTML, like Gecko) Chrome/118.0.0.0 Safari/537.36"
62.60.130.18 - - [01/Sep/2026:20:10:28 -0500] "GET /wp-admin/plugins.php HTTP/1.1" 503 18946 "https://PASTORFISCHER.COM/wp-login.php" "Mozilla/5.0 (Windows NT 11.0; Win64; x64) AppleWebKit/537.36 (KHTML, like Gecko) Chrome/118.0.0.0 Safari/537.36"
62.60.130.18 - - [01/Sep/2026:20:10:30 -0500] "POST /wp-login.php HTTP/1.1" 503 18033 "https://PASTORFISCHER.COM/wp-login.php" "Mozilla/5.0 (Macintosh; Intel Mac OS X 13_6_1) AppleWebKit/605.1.15 (KHTML, like Gecko) Version/17.2 Safari/605.1.15"
157.90.185.123 - - [01/Sep/2026:20:10:34 -0500] "POST /?wordfence_syncAttackData=1788311434.7013 HTTP/1.1" 200 - "-" "WordPress/7.1; https://pastorfischer.com"
62.60.130.18 - - [01/Sep/2026:20:10:33 -0500] "GET /wp-admin/index.php HTTP/1.1" 503 18946 "https://PASTORFISCHER.COM/wp-login.php" "Mozilla/5.0 (Macintosh; Intel Mac OS X 13_6_1) AppleWebKit/537.36 (KHTML, like Gecko) Chrome/118.0.0.0 Safari/537.36"
62.60.130.18 - - [01/Sep/2026:20:10:35 -0500] "GET /wp-admin/profile.php HTTP/1.1" 503 18946 "https://PASTORFISCHER.COM/wp-login.php" "Mozilla/5.0 (Macintosh; Intel Mac OS X 13_6_1) AppleWebKit/537.36 (KHTML, like Gecko) Chrome/118.0.0.0 Safari/537.36"
62.60.130.18 - - [01/Sep/2026:20:10:37 -0500] "GET /wp-admin/edit.php HTTP/1.1" 503 18946 "https://PASTORFISCHER.COM/wp-login.php" "Mozilla/5.0 (Macintosh; Intel Mac OS X 13_6_1) AppleWebKit/537.36 (KHTML, like Gecko) Chrome/118.0.0.0 Safari/537.36"
62.60.130.18 - - [01/Sep/2026:20:10:38 -0500] "GET /wp-admin/plugins.php HTTP/1.1" 503 18946 "https://PASTORFISCHER.COM/wp-login.php" "Mozilla/5.0 (Macintosh; Intel Mac OS X 13_6_1) AppleWebKit/537.36 (KHTML, like Gecko) Chrome/118.0.0.0 Safari/537.36"
62.60.130.18 - - [01/Sep/2026:20:10:40 -0500] "POST /wp-login.php HTTP/1.1" 503 18033 "https://PASTORFISCHER.COM/wp-login.php" "Mozilla/5.0 (Windows NT 10.0; Win64; x64; rv:119.0) Gecko/20100101 Firefox/119.0"
62.60.130.18 - - [01/Sep/2026:20:10:41 -0500] "GET /wp-admin/index.php HTTP/1.1" 503 18946 "https://PASTORFISCHER.COM/wp-login.php" "Mozilla/5.0 (Macintosh; Intel Mac OS X 13_6_1; rv:121.0) Gecko/20100101 Firefox/121.0"
62.60.130.18 - - [01/Sep/2026:20:10:42 -0500] "GET /wp-admin/profile.php HTTP/1.1" 503 18946 "https://PASTORFISCHER.COM/wp-login.php" "Mozilla/5.0 (Macintosh; Intel Mac OS X 13_6_1; rv:121.0) Gecko/20100101 Firefox/121.0"
157.90.185.123 - - [01/Sep/2026:20:10:44 -0500] "POST /?wordfence_syncAttackData=1788311444.0249 HTTP/1.1" 200 - "-" "WordPress/7.1; https://pastorfischer.com"
62.60.130.18 - - [01/Sep/2026:20:10:43 -0500] "GET /wp-admin/edit.php HTTP/1.1" 503 18946 "https://PASTORFISCHER.COM/wp-login.php" "Mozilla/5.0 (Macintosh; Intel Mac OS X 13_6_1; rv:121.0) Gecko/20100101 Firefox/121.0"
62.60.130.18 - - [01/Sep/2026:20:10:45 -0500] "GET /wp-admin/plugins.php HTTP/1.1" 503 18946 "https://PASTORFISCHER.COM/wp-login.php" "Mozilla/5.0 (Macintosh; Intel Mac OS X 13_6_1; rv:121.0) Gecko/20100101 Firefox/121.0"
62.60.130.18 - - [01/Sep/2026:20:10:47 -0500] "POST /wp-login.php HTTP/1.1" 503 18033 "https://PASTORFISCHER.COM/wp-login.php" "Mozilla/5.0 (X11; Linux x86_64) AppleWebKit/537.36 (KHTML, like Gecko) Chrome/120.0.0.0 Safari/537.36"
62.60.130.18 - - [01/Sep/2026:20:10:48 -0500] "GET /wp-admin/index.php HTTP/1.1" 503 18946 "https://PASTORFISCHER.COM/wp-login.php" "Mozilla/5.0 (Windows NT 11.0; Win64; x64; rv:118.0) Gecko/20100101 Firefox/118.0"
62.60.130.18 - - [01/Sep/2026:20:10:49 -0500] "GET /wp-admin/profile.php HTTP/1.1" 503 18946 "https://PASTORFISCHER.COM/wp-login.php" "Mozilla/5.0 (Windows NT 11.0; Win64; x64; rv:118.0) Gecko/20100101 Firefox/118.0"
62.60.130.18 - - [01/Sep/2026:20:10:50 -0500] "GET /wp-admin/edit.php HTTP/1.1" 503 18946 "https://PASTORFISCHER.COM/wp-login.php" "Mozilla/5.0 (Windows NT 11.0; Win64; x64; rv:118.0) Gecko/20100101 Firefox/118.0"
62.60.130.18 - - [01/Sep/2026:20:10:51 -0500] "GET /wp-admin/plugins.php HTTP/1.1" 503 18946 "https://PASTORFISCHER.COM/wp-login.php" "Mozilla/5.0 (Windows NT 11.0; Win64; x64; rv:118.0) Gecko/20100101 Firefox/118.0"
62.60.130.18 - - [01/Sep/2026:20:10:53 -0500] "POST /wp-login.php HTTP/1.1" 503 18033 "https://PASTORFISCHER.COM/wp-login.php" "Mozilla/5.0 (Windows NT 10.0; Win64; x64) AppleWebKit/537.36 (KHTML, like Gecko) Chrome/118.0.0.0 Safari/537.36"
157.90.185.123 - - [01/Sep/2026:20:10:54 -0500] "POST /?wordfence_syncAttackData=1788311454.5117 HTTP/1.1" 200 - "-" "WordPress/7.1; https://pastorfischer.com"
62.60.130.18 - - [01/Sep/2026:20:10:53 -0500] "GET /wp-admin/index.php HTTP/1.1" 503 18946 "https://PASTORFISCHER.COM/wp-login.php" "Mozilla/5.0 (X11; Linux x86_64) AppleWebKit/537.36 (KHTML, like Gecko) Chrome/118.0.0.0 Safari/537.36"
62.60.130.18 - - [01/Sep/2026:20:10:56 -0500] "GET /wp-admin/profile.php HTTP/1.1" 503 18946 "https://PASTORFISCHER.COM/wp-login.php" "Mozilla/5.0 (X11; Linux x86_64) AppleWebKit/537.36 (KHTML, like Gecko) Chrome/118.0.0.0 Safari/537.36"
62.60.130.18 - - [01/Sep/2026:20:10:57 -0500] "GET /wp-admin/edit.php HTTP/1.1" 503 18946 "https://PASTORFISCHER.COM/wp-login.php" "Mozilla/5.0 (X11; Linux x86_64) AppleWebKit/537.36 (KHTML, like Gecko) Chrome/118.0.0.0 Safari/537.36"
62.60.130.18 - - [01/Sep/2026:20:10:59 -0500] "GET /wp-admin/plugins.php HTTP/1.1" 503 18946 "https://PASTORFISCHER.COM/wp-login.php" "Mozilla/5.0 (X11; Linux x86_64) AppleWebKit/537.36 (KHTML, like Gecko) Chrome/118.0.0.0 Safari/537.36"
62.60.130.18 - - [01/Sep/2026:20:11:00 -0500] "POST /wp-login.php HTTP/1.1" 503 18033 "https://PASTORFISCHER.COM/wp-login.php" "Mozilla/5.0 (Macintosh; Intel Mac OS X 13_6_1; rv:121.0) Gecko/20100101 Firefox/121.0"
62.60.130.18 - - [01/Sep/2026:20:11:01 -0500] "GET /wp-admin/index.php HTTP/1.1" 503 18946 "https://PASTORFISCHER.COM/wp-login.php" "Mozilla/5.0 (X11; Linux x86_64) AppleWebKit/537.36 (KHTML, like Gecko) Chrome/120.0.0.0 Safari/537.36"
62.60.130.18 - - [01/Sep/2026:20:11:02 -0500] "GET /wp-admin/profile.php HTTP/1.1" 503 18946 "https://PASTORFISCHER.COM/wp-login.php" "Mozilla/5.0 (X11; Linux x86_64) AppleWebKit/537.36 (KHTML, like Gecko) Chrome/120.0.0.0 Safari/537.36"
157.90.185.123 - - [01/Sep/2026:20:11:05 -0500] "POST /?wordfence_syncAttackData=1788311465.2873 HTTP/1.1" 200 - "-" "WordPress/7.1; https://pastorfischer.com"
62.60.130.18 - - [01/Sep/2026:20:11:04 -0500] "GET /wp-admin/edit.php HTTP/1.1" 503 18946 "https://PASTORFISCHER.COM/wp-login.php" "Mozilla/5.0 (X11; Linux x86_64) AppleWebKit/537.36 (KHTML, like Gecko) Chrome/120.0.0.0 Safari/537.36"
62.60.130.18 - - [01/Sep/2026:20:11:06 -0500] "GET /wp-admin/plugins.php HTTP/1.1" 503 18946 "https://PASTORFISCHER.COM/wp-login.php" "Mozilla/5.0 (X11; Linux x86_64) AppleWebKit/537.36 (KHTML, like Gecko) Chrome/120.0.0.0 Safari/537.36"
62.60.130.18 - - [01/Sep/2026:20:11:08 -0500] "POST /wp-login.php HTTP/1.1" 503 18033 "https://PASTORFISCHER.COM/wp-login.php" "Mozilla/5.0 (Windows NT 11.0; Win64; x64) AppleWebKit/537.36 (KHTML, like Gecko) Chrome/119.0.0.0 Safari/537.36"
62.60.130.18 - - [01/Sep/2026:20:11:09 -0500] "GET /wp-admin/index.php HTTP/1.1" 503 18946 "https://PASTORFISCHER.COM/wp-login.php" "Mozilla/5.0 (X11; Linux x86_64) AppleWebKit/537.36 (KHTML, like Gecko) Chrome/119.0.0.0 Safari/537.36"
62.60.130.18 - - [01/Sep/2026:20:11:10 -0500] "GET /wp-admin/profile.php HTTP/1.1" 503 18946 "https://PASTORFISCHER.COM/wp-login.php" "Mozilla/5.0 (X11; Linux x86_64) AppleWebKit/537.36 (KHTML, like Gecko) Chrome/119.0.0.0 Safari/537.36"
45.70.151.174 - - [01/Sep/2026:20:11:10 -0500] "GET http://pastorfischer.com/baseball-SALJU4D HTTP/1.1" 301 - "-" "Mozilla/5.0 (Macintosh; Intel Mac OS X 10_15_7) AppleWebKit/537.36 (KHTML, like Gecko) Chrome/145.0.0.0 Safari/537.36"
62.60.130.18 - - [01/Sep/2026:20:11:12 -0500] "GET /wp-admin/edit.php HTTP/1.1" 503 18946 "https://PASTORFISCHER.COM/wp-login.php" "Mozilla/5.0 (X11; Linux x86_64) AppleWebKit/537.36 (KHTML, like Gecko) Chrome/119.0.0.0 Safari/537.36"
62.60.130.18 - - [01/Sep/2026:20:11:13 -0500] "GET /wp-admin/plugins.php HTTP/1.1" 503 18946 "https://PASTORFISCHER.COM/wp-login.php" "Mozilla/5.0 (X11; Linux x86_64) AppleWebKit/537.36 (KHTML, like Gecko) Chrome/119.0.0.0 Safari/537.36"
62.60.130.18 - - [01/Sep/2026:20:11:14 -0500] "POST /wp-login.php HTTP/1.1" 503 18033 "https://PASTORFISCHER.COM/wp-login.php" "Mozilla/5.0 (Macintosh; Intel Mac OS X 10_15_7) AppleWebKit/537.36 (KHTML, like Gecko) Chrome/121.0.0.0 Safari/537.36"
157.90.185.123 - - [01/Sep/2026:20:11:16 -0500] "POST /?wordfence_syncAttackData=1788311476.5328 HTTP/1.1" 200 - "-" "WordPress/7.1; https://pastorfischer.com"
62.60.130.18 - - [01/Sep/2026:20:11:15 -0500] "GET /wp-admin/index.php HTTP/1.1" 503 18946 "https://PASTORFISCHER.COM/wp-login.php" "Mozilla/5.0 (Macintosh; Intel Mac OS X 10_15_7) AppleWebKit/537.36 (KHTML, like Gecko) Chrome/121.0.0.0 Safari/537.36"
62.60.130.18 - - [01/Sep/2026:20:11:18 -0500] "GET /wp-admin/profile.php HTTP/1.1" 503 18946 "https://PASTORFISCHER.COM/wp-login.php" "Mozilla/5.0 (Macintosh; Intel Mac OS X 10_15_7) AppleWebKit/537.36 (KHTML, like Gecko) Chrome/121.0.0.0 Safari/537.36"
62.60.130.18 - - [01/Sep/2026:20:11:19 -0500] "GET /wp-admin/edit.php HTTP/1.1" 503 18946 "https://PASTORFISCHER.COM/wp-login.php" "Mozilla/5.0 (Macintosh; Intel Mac OS X 10_15_7) AppleWebKit/537.36 (KHTML, like Gecko) Chrome/121.0.0.0 Safari/537.36"
62.60.130.18 - - [01/Sep/2026:20:11:20 -0500] "GET /wp-admin/plugins.php HTTP/1.1" 503 18946 "https://PASTORFISCHER.COM/wp-login.php" "Mozilla/5.0 (Macintosh; Intel Mac OS X 10_15_7) AppleWebKit/537.36 (KHTML, like Gecko) Chrome/121.0.0.0 Safari/537.36"
62.60.130.18 - - [01/Sep/2026:20:11:21 -0500] "POST /wp-login.php HTTP/1.1" 503 18033 "https://PASTORFISCHER.COM/wp-login.php" "Mozilla/5.0 (Windows NT 11.0; Win64; x64; rv:118.0) Gecko/20100101 Firefox/118.0"
62.60.130.18 - - [01/Sep/2026:20:11:23 -0500] "GET /wp-admin/index.php HTTP/1.1" 503 18946 "https://PASTORFISCHER.COM/wp-login.php" "Mozilla/5.0 (Macintosh; Intel Mac OS X 13_6_1; rv:118.0) Gecko/20100101 Firefox/118.0"
62.60.130.18 - - [01/Sep/2026:20:11:24 -0500] "GET /wp-admin/profile.php HTTP/1.1" 503 18946 "https://PASTORFISCHER.COM/wp-login.php" "Mozilla/5.0 (Macintosh; Intel Mac OS X 13_6_1; rv:118.0) Gecko/20100101 Firefox/118.0"
62.60.130.18 - - [01/Sep/2026:20:11:25 -0500] "GET /wp-admin/edit.php HTTP/1.1" 503 18946 "https://PASTORFISCHER.COM/wp-login.php" "Mozilla/5.0 (Macintosh; Intel Mac OS X 13_6_1; rv:118.0) Gecko/20100101 Firefox/118.0"
157.90.185.123 - - [01/Sep/2026:20:11:26 -0500] "POST /?wordfence_syncAttackData=1788311486.7267 HTTP/1.1" 200 - "-" "WordPress/7.1; https://pastorfischer.com"
62.60.130.18 - - [01/Sep/2026:20:11:28 -0500] "GET /wp-admin/plugins.php HTTP/1.1" 503 18946 "https://PASTORFISCHER.COM/wp-login.php" "Mozilla/5.0 (Macintosh; Intel Mac OS X 13_6_1; rv:118.0) Gecko/20100101 Firefox/118.0"
62.60.130.18 - - [01/Sep/2026:20:11:30 -0500] "POST /wp-login.php HTTP/1.1" 503 18033 "https://PASTORFISCHER.COM/wp-login.php" "Mozilla/5.0 (Windows NT 11.0; Win64; x64) AppleWebKit/537.36 (KHTML, like Gecko) Chrome/118.0.0.0 Safari/537.36"
62.60.130.18 - - [01/Sep/2026:20:11:31 -0500] "GET /wp-admin/index.php HTTP/1.1" 503 18946 "https://PASTORFISCHER.COM/wp-login.php" "Mozilla/5.0 (Windows NT 10.0; Win64; x64) AppleWebKit/537.36 (KHTML, like Gecko) Chrome/119.0.0.0 Safari/537.36"
62.60.130.18 - - [01/Sep/2026:20:11:32 -0500] "GET /wp-admin/profile.php HTTP/1.1" 503 18946 "https://PASTORFISCHER.COM/wp-login.php" "Mozilla/5.0 (Windows NT 10.0; Win64; x64) AppleWebKit/537.36 (KHTML, like Gecko) Chrome/119.0.0.0 Safari/537.36"
62.60.130.18 - - [01/Sep/2026:20:11:33 -0500] "GET /wp-admin/edit.php HTTP/1.1" 503 18946 "https://PASTORFISCHER.COM/wp-login.php" "Mozilla/5.0 (Windows NT 10.0; Win64; x64) AppleWebKit/537.36 (KHTML, like Gecko) Chrome/119.0.0.0 Safari/537.36"
62.60.130.18 - - [01/Sep/2026:20:11:34 -0500] "GET /wp-admin/plugins.php HTTP/1.1" 503 18946 "https://PASTORFISCHER.COM/wp-login.php" "Mozilla/5.0 (Windows NT 10.0; Win64; x64) AppleWebKit/537.36 (KHTML, like Gecko) Chrome/119.0.0.0 Safari/537.36"
62.60.130.18 - - [01/Sep/2026:20:11:35 -0500] "POST /wp-login.php HTTP/1.1" 503 18033 "https://PASTORFISCHER.COM/wp-login.php" "Mozilla/5.0 (Macintosh; Intel Mac OS X 13_6_1; rv:118.0) Gecko/20100101 Firefox/118.0"
157.90.185.123 - - [01/Sep/2026:20:11:37 -0500] "POST /?wordfence_syncAttackData=1788311497.2519 HTTP/1.1" 200 - "-" "WordPress/7.1; https://pastorfischer.com"
62.60.130.18 - - [01/Sep/2026:20:11:36 -0500] "GET /wp-admin/index.php HTTP/1.1" 503 18946 "https://PASTORFISCHER.COM/wp-login.php" "Mozilla/5.0 (Macintosh; Intel Mac OS X 10_15_7) AppleWebKit/537.36 (KHTML, like Gecko) Chrome/121.0.0.0 Safari/537.36"
62.60.130.18 - - [01/Sep/2026:20:11:38 -0500] "GET /wp-admin/profile.php HTTP/1.1" 503 18946 "https://PASTORFISCHER.COM/wp-login.php" "Mozilla/5.0 (Macintosh; Intel Mac OS X 10_15_7) AppleWebKit/537.36 (KHTML, like Gecko) Chrome/121.0.0.0 Safari/537.36"
62.60.130.18 - - [01/Sep/2026:20:11:39 -0500] "GET /wp-admin/edit.php HTTP/1.1" 503 18946 "https://PASTORFISCHER.COM/wp-login.php" "Mozilla/5.0 (Macintosh; Intel Mac OS X 10_15_7) AppleWebKit/537.36 (KHTML, like Gecko) Chrome/121.0.0.0 Safari/537.36"
62.60.130.18 - - [01/Sep/2026:20:11:40 -0500] "GET /wp-admin/plugins.php HTTP/1.1" 503 18946 "https://PASTORFISCHER.COM/wp-login.php" "Mozilla/5.0 (Macintosh; Intel Mac OS X 10_15_7) AppleWebKit/537.36 (KHTML, like Gecko) Chrome/121.0.0.0 Safari/537.36"
62.60.130.18 - - [01/Sep/2026:20:11:41 -0500] "POST /wp-login.php HTTP/1.1" 503 18033 "https://PASTORFISCHER.COM/wp-login.php" "Mozilla/5.0 (Windows NT 10.0; Win64; x64; rv:121.0) Gecko/20100101 Firefox/121.0"
62.60.130.18 - - [01/Sep/2026:20:11:42 -0500] "GET /wp-admin/index.php HTTP/1.1" 503 18946 "https://PASTORFISCHER.COM/wp-login.php" "Mozilla/5.0 (Macintosh; Intel Mac OS X 10_15_7) AppleWebKit/537.36 (KHTML, like Gecko) Chrome/119.0.0.0 Safari/537.36"
62.60.130.18 - - [01/Sep/2026:20:11:44 -0500] "GET /wp-admin/profile.php HTTP/1.1" 503 18946 "https://PASTORFISCHER.COM/wp-login.php" "Mozilla/5.0 (Macintosh; Intel Mac OS X 10_15_7) AppleWebKit/537.36 (KHTML, like Gecko) Chrome/119.0.0.0 Safari/537.36"
157.90.185.123 - - [01/Sep/2026:20:11:47 -0500] "POST /?wordfence_syncAttackData=1788311507.5644 HTTP/1.1" 200 - "-" "WordPress/7.1; https://pastorfischer.com"
62.60.130.18 - - [01/Sep/2026:20:11:46 -0500] "GET /wp-admin/edit.php HTTP/1.1" 503 18946 "https://PASTORFISCHER.COM/wp-login.php" "Mozilla/5.0 (Macintosh; Intel Mac OS X 10_15_7) AppleWebKit/537.36 (KHTML, like Gecko) Chrome/119.0.0.0 Safari/537.36"
62.60.130.18 - - [01/Sep/2026:20:11:49 -0500] "GET /wp-admin/plugins.php HTTP/1.1" 503 18946 "https://PASTORFISCHER.COM/wp-login.php" "Mozilla/5.0 (Macintosh; Intel Mac OS X 10_15_7) AppleWebKit/537.36 (KHTML, like Gecko) Chrome/119.0.0.0 Safari/537.36"
62.60.130.18 - - [01/Sep/2026:20:11:50 -0500] "POST /wp-login.php HTTP/1.1" 503 18033 "https://PASTORFISCHER.COM/wp-login.php" "Mozilla/5.0 (Macintosh; Intel Mac OS X 13_6_1; rv:119.0) Gecko/20100101 Firefox/119.0"
62.60.130.18 - - [01/Sep/2026:20:11:51 -0500] "GET /wp-admin/index.php HTTP/1.1" 503 18946 "https://PASTORFISCHER.COM/wp-login.php" "Mozilla/5.0 (Macintosh; Intel Mac OS X 10_15_7) AppleWebKit/537.36 (KHTML, like Gecko) Chrome/119.0.0.0 Safari/537.36"
62.60.130.18 - - [01/Sep/2026:20:11:52 -0500] "GET /wp-admin/profile.php HTTP/1.1" 503 18946 "https://PASTORFISCHER.COM/wp-login.php" "Mozilla/5.0 (Macintosh; Intel Mac OS X 10_15_7) AppleWebKit/537.36 (KHTML, like Gecko) Chrome/119.0.0.0 Safari/537.36"
62.60.130.18 - - [01/Sep/2026:20:11:53 -0500] "GET /wp-admin/edit.php HTTP/1.1" 503 18946 "https://PASTORFISCHER.COM/wp-login.php" "Mozilla/5.0 (Macintosh; Intel Mac OS X 10_15_7) AppleWebKit/537.36 (KHTML, like Gecko) Chrome/119.0.0.0 Safari/537.36"
62.60.130.18 - - [01/Sep/2026:20:11:54 -0500] "GET /wp-admin/plugins.php HTTP/1.1" 503 18946 "https://PASTORFISCHER.COM/wp-login.php" "Mozilla/5.0 (Macintosh; Intel Mac OS X 10_15_7) AppleWebKit/537.36 (KHTML, like Gecko) Chrome/119.0.0.0 Safari/537.36"
62.60.130.18 - - [01/Sep/2026:20:11:55 -0500] "POST /wp-login.php HTTP/1.1" 503 18033 "https://PASTORFISCHER.COM/wp-login.php" "Mozilla/5.0 (Macintosh; Intel Mac OS X 13_6_1) AppleWebKit/605.1.15 (KHTML, like Gecko) Version/17.2 Safari/605.1.15"
157.90.185.123 - - [01/Sep/2026:20:11:57 -0500] "POST /?wordfence_syncAttackData=1788311517.6795 HTTP/1.1" 200 - "-" "WordPress/7.1; https://pastorfischer.com"
62.60.130.18 - - [01/Sep/2026:20:11:57 -0500] "GET /wp-admin/index.php HTTP/1.1" 503 18946 "https://PASTORFISCHER.COM/wp-login.php" "Mozilla/5.0 (Macintosh; Intel Mac OS X 10_15_7) AppleWebKit/537.36 (KHTML, like Gecko) Chrome/118.0.0.0 Safari/537.36"
62.60.130.18 - - [01/Sep/2026:20:11:59 -0500] "GET /wp-admin/profile.php HTTP/1.1" 503 18946 "https://PASTORFISCHER.COM/wp-login.php" "Mozilla/5.0 (Macintosh; Intel Mac OS X 10_15_7) AppleWebKit/537.36 (KHTML, like Gecko) Chrome/118.0.0.0 Safari/537.36"
62.60.130.18 - - [01/Sep/2026:20:12:00 -0500] "GET /wp-admin/edit.php HTTP/1.1" 503 18946 "https://PASTORFISCHER.COM/wp-login.php" "Mozilla/5.0 (Macintosh; Intel Mac OS X 10_15_7) AppleWebKit/537.36 (KHTML, like Gecko) Chrome/118.0.0.0 Safari/537.36"
62.60.130.18 - - [01/Sep/2026:20:12:01 -0500] "GET /wp-admin/plugins.php HTTP/1.1" 503 18946 "https://PASTORFISCHER.COM/wp-login.php" "Mozilla/5.0 (Macintosh; Intel Mac OS X 10_15_7) AppleWebKit/537.36 (KHTML, like Gecko) Chrome/118.0.0.0 Safari/537.36"
62.60.130.18 - - [01/Sep/2026:20:12:03 -0500] "POST /wp-login.php HTTP/1.1" 503 18033 "https://PASTORFISCHER.COM/wp-login.php" "Mozilla/5.0 (Macintosh; Intel Mac OS X 10_15_7) AppleWebKit/537.36 (KHTML, like Gecko) Chrome/118.0.0.0 Safari/537.36"
62.60.130.18 - - [01/Sep/2026:20:12:04 -0500] "GET /wp-admin/index.php HTTP/1.1" 503 18946 "https://PASTORFISCHER.COM/wp-login.php" "Mozilla/5.0 (X11; Linux x86_64) AppleWebKit/537.36 (KHTML, like Gecko) Chrome/119.0.0.0 Safari/537.36"
62.60.130.18 - - [01/Sep/2026:20:12:05 -0500] "GET /wp-admin/profile.php HTTP/1.1" 503 18946 "https://PASTORFISCHER.COM/wp-login.php" "Mozilla/5.0 (X11; Linux x86_64) AppleWebKit/537.36 (KHTML, like Gecko) Chrome/119.0.0.0 Safari/537.36"
157.90.185.123 - - [01/Sep/2026:20:12:07 -0500] "POST /?wordfence_syncAttackData=1788311527.4532 HTTP/1.1" 200 - "-" "WordPress/7.1; https://pastorfischer.com"
62.60.130.18 - - [01/Sep/2026:20:12:06 -0500] "GET /wp-admin/edit.php HTTP/1.1" 503 18946 "https://PASTORFISCHER.COM/wp-login.php" "Mozilla/5.0 (X11; Linux x86_64) AppleWebKit/537.36 (KHTML, like Gecko) Chrome/119.0.0.0 Safari/537.36"
62.60.130.18 - - [01/Sep/2026:20:12:08 -0500] "GET /wp-admin/plugins.php HTTP/1.1" 503 18946 "https://PASTORFISCHER.COM/wp-login.php" "Mozilla/5.0 (X11; Linux x86_64) AppleWebKit/537.36 (KHTML, like Gecko) Chrome/119.0.0.0 Safari/537.36"
62.60.130.18 - - [01/Sep/2026:20:12:10 -0500] "POST /wp-login.php HTTP/1.1" 503 18033 "https://PASTORFISCHER.COM/wp-login.php" "Mozilla/5.0 (Macintosh; Intel Mac OS X 10_15_7) AppleWebKit/537.36 (KHTML, like Gecko) Chrome/119.0.0.0 Safari/537.36"
62.60.130.18 - - [01/Sep/2026:20:12:11 -0500] "GET /wp-admin/index.php HTTP/1.1" 503 18946 "https://PASTORFISCHER.COM/wp-login.php" "Mozilla/5.0 (Windows NT 11.0; Win64; x64) AppleWebKit/537.36 (KHTML, like Gecko) Chrome/121.0.0.0 Safari/537.36"
62.60.130.18 - - [01/Sep/2026:20:12:12 -0500] "GET /wp-admin/profile.php HTTP/1.1" 503 18946 "https://PASTORFISCHER.COM/wp-login.php" "Mozilla/5.0 (Windows NT 11.0; Win64; x64) AppleWebKit/537.36 (KHTML, like Gecko) Chrome/121.0.0.0 Safari/537.36"
62.60.130.18 - - [01/Sep/2026:20:12:13 -0500] "GET /wp-admin/edit.php HTTP/1.1" 503 18946 "https://PASTORFISCHER.COM/wp-login.php" "Mozilla/5.0 (Windows NT 11.0; Win64; x64) AppleWebKit/537.36 (KHTML, like Gecko) Chrome/121.0.0.0 Safari/537.36"
62.60.130.18 - - [01/Sep/2026:20:12:14 -0500] "GET /wp-admin/plugins.php HTTP/1.1" 503 18946 "https://PASTORFISCHER.COM/wp-login.php" "Mozilla/5.0 (Windows NT 11.0; Win64; x64) AppleWebKit/537.36 (KHTML, like Gecko) Chrome/121.0.0.0 Safari/537.36"
62.60.130.18 - - [01/Sep/2026:20:12:15 -0500] "POST /wp-login.php HTTP/1.1" 503 18033 "https://PASTORFISCHER.COM/wp-login.php" "Mozilla/5.0 (Windows NT 11.0; Win64; x64; rv:120.0) Gecko/20100101 Firefox/120.0"
157.90.185.123 - - [01/Sep/2026:20:12:17 -0500] "POST /?wordfence_syncAttackData=1788311537.3198 HTTP/1.1" 200 - "-" "WordPress/7.1; https://pastorfischer.com"
62.60.130.18 - - [01/Sep/2026:20:12:16 -0500] "GET /wp-admin/index.php HTTP/1.1" 503 18946 "https://PASTORFISCHER.COM/wp-login.php" "Mozilla/5.0 (Macintosh; Intel Mac OS X 10_15_7) AppleWebKit/537.36 (KHTML, like Gecko) Chrome/121.0.0.0 Safari/537.36"
62.60.130.18 - - [01/Sep/2026:20:12:18 -0500] "GET /wp-admin/profile.php HTTP/1.1" 503 18946 "https://PASTORFISCHER.COM/wp-login.php" "Mozilla/5.0 (Macintosh; Intel Mac OS X 10_15_7) AppleWebKit/537.36 (KHTML, like Gecko) Chrome/121.0.0.0 Safari/537.36"
62.60.130.18 - - [01/Sep/2026:20:12:19 -0500] "GET /wp-admin/edit.php HTTP/1.1" 503 18946 "https://PASTORFISCHER.COM/wp-login.php" "Mozilla/5.0 (Macintosh; Intel Mac OS X 10_15_7) AppleWebKit/537.36 (KHTML, like Gecko) Chrome/121.0.0.0 Safari/537.36"
62.60.130.18 - - [01/Sep/2026:20:12:20 -0500] "GET /wp-admin/plugins.php HTTP/1.1" 503 18946 "https://PASTORFISCHER.COM/wp-login.php" "Mozilla/5.0 (Macintosh; Intel Mac OS X 10_15_7) AppleWebKit/537.36 (KHTML, like Gecko) Chrome/121.0.0.0 Safari/537.36"
62.60.130.18 - - [01/Sep/2026:20:12:21 -0500] "POST /wp-login.php HTTP/1.1" 503 18033 "https://PASTORFISCHER.COM/wp-login.php" "Mozilla/5.0 (Macintosh; Intel Mac OS X 10_15_7) AppleWebKit/605.1.15 (KHTML, like Gecko) Version/16.6 Safari/605.1.15"
62.60.130.18 - - [01/Sep/2026:20:12:22 -0500] "GET /wp-admin/index.php HTTP/1.1" 503 18946 "https://PASTORFISCHER.COM/wp-login.php" "Mozilla/5.0 (Macintosh; Intel Mac OS X 13_6_1) AppleWebKit/605.1.15 (KHTML, like Gecko) Version/17.2 Safari/605.1.15"
62.60.130.18 - - [01/Sep/2026:20:12:23 -0500] "GET /wp-admin/profile.php HTTP/1.1" 503 18946 "https://PASTORFISCHER.COM/wp-login.php" "Mozilla/5.0 (Macintosh; Intel Mac OS X 13_6_1) AppleWebKit/605.1.15 (KHTML, like Gecko) Version/17.2 Safari/605.1.15"
62.60.130.18 - - [01/Sep/2026:20:12:24 -0500] "GET /wp-admin/edit.php HTTP/1.1" 503 18946 "https://PASTORFISCHER.COM/wp-login.php" "Mozilla/5.0 (Macintosh; Intel Mac OS X 13_6_1) AppleWebKit/605.1.15 (KHTML, like Gecko) Version/17.2 Safari/605.1.15"
62.60.130.18 - - [01/Sep/2026:20:12:25 -0500] "GET /wp-admin/plugins.php HTTP/1.1" 503 18946 "https://PASTORFISCHER.COM/wp-login.php" "Mozilla/5.0 (Macintosh; Intel Mac OS X 13_6_1) AppleWebKit/605.1.15 (KHTML, like Gecko) Version/17.2 Safari/605.1.15"
62.60.130.18 - - [01/Sep/2026:20:12:26 -0500] "POST /wp-login.php HTTP/1.1" 503 18033 "https://PASTORFISCHER.COM/wp-login.php" "Mozilla/5.0 (Macintosh; Intel Mac OS X 10_15_7) AppleWebKit/605.1.15 (KHTML, like Gecko) Version/17.0 Safari/605.1.15"
157.90.185.123 - - [01/Sep/2026:20:12:28 -0500] "POST /?wordfence_syncAttackData=1788311548.1427 HTTP/1.1" 200 - "-" "WordPress/7.1; https://pastorfischer.com"
62.60.130.18 - - [01/Sep/2026:20:12:27 -0500] "GET /wp-admin/index.php HTTP/1.1" 503 18946 "https://PASTORFISCHER.COM/wp-login.php" "Mozilla/5.0 (Windows NT 10.0; Win64; x64; rv:119.0) Gecko/20100101 Firefox/119.0"
62.60.130.18 - - [01/Sep/2026:20:12:29 -0500] "GET /wp-admin/profile.php HTTP/1.1" 503 18946 "https://PASTORFISCHER.COM/wp-login.php" "Mozilla/5.0 (Windows NT 10.0; Win64; x64; rv:119.0) Gecko/20100101 Firefox/119.0"
62.60.130.18 - - [01/Sep/2026:20:12:30 -0500] "GET /wp-admin/edit.php HTTP/1.1" 503 18946 "https://PASTORFISCHER.COM/wp-login.php" "Mozilla/5.0 (Windows NT 10.0; Win64; x64; rv:119.0) Gecko/20100101 Firefox/119.0"
62.60.130.18 - - [01/Sep/2026:20:12:31 -0500] "GET /wp-admin/plugins.php HTTP/1.1" 503 18946 "https://PASTORFISCHER.COM/wp-login.php" "Mozilla/5.0 (Windows NT 10.0; Win64; x64; rv:119.0) Gecko/20100101 Firefox/119.0"
62.60.130.18 - - [01/Sep/2026:20:12:32 -0500] "POST /wp-login.php HTTP/1.1" 503 18033 "https://PASTORFISCHER.COM/wp-login.php" "Mozilla/5.0 (Macintosh; Intel Mac OS X 10_15_7) AppleWebKit/537.36 (KHTML, like Gecko) Chrome/121.0.0.0 Safari/537.36"
62.60.130.18 - - [01/Sep/2026:20:12:33 -0500] "GET /wp-admin/index.php HTTP/1.1" 503 18946 "https://PASTORFISCHER.COM/wp-login.php" "Mozilla/5.0 (Macintosh; Intel Mac OS X 13_6_1; rv:119.0) Gecko/20100101 Firefox/119.0"
62.60.130.18 - - [01/Sep/2026:20:12:34 -0500] "GET /wp-admin/profile.php HTTP/1.1" 503 18946 "https://PASTORFISCHER.COM/wp-login.php" "Mozilla/5.0 (Macintosh; Intel Mac OS X 13_6_1; rv:119.0) Gecko/20100101 Firefox/119.0"
62.60.130.18 - - [01/Sep/2026:20:12:35 -0500] "GET /wp-admin/edit.php HTTP/1.1" 503 18946 "https://PASTORFISCHER.COM/wp-login.php" "Mozilla/5.0 (Macintosh; Intel Mac OS X 13_6_1; rv:119.0) Gecko/20100101 Firefox/119.0"
62.60.130.18 - - [01/Sep/2026:20:12:36 -0500] "GET /wp-admin/plugins.php HTTP/1.1" 503 18946 "https://PASTORFISCHER.COM/wp-login.php" "Mozilla/5.0 (Macintosh; Intel Mac OS X 13_6_1; rv:119.0) Gecko/20100101 Firefox/119.0"
62.60.130.18 - - [01/Sep/2026:20:12:37 -0500] "POST /wp-login.php HTTP/1.1" 503 18033 "https://PASTORFISCHER.COM/wp-login.php" "Mozilla/5.0 (Windows NT 11.0; Win64; x64) AppleWebKit/537.36 (KHTML, like Gecko) Chrome/118.0.0.0 Safari/537.36"
157.90.185.123 - - [01/Sep/2026:20:12:40 -0500] "POST /?wordfence_syncAttackData=1788311560.0458 HTTP/1.1" 200 - "-" "WordPress/7.1; https://pastorfischer.com"
62.60.130.18 - - [01/Sep/2026:20:12:39 -0500] "GET /wp-admin/index.php HTTP/1.1" 503 18946 "https://PASTORFISCHER.COM/wp-login.php" "Mozilla/5.0 (Windows NT 10.0; Win64; x64; rv:121.0) Gecko/20100101 Firefox/121.0"
62.60.130.18 - - [01/Sep/2026:20:12:41 -0500] "GET /wp-admin/profile.php HTTP/1.1" 503 18946 "https://PASTORFISCHER.COM/wp-login.php" "Mozilla/5.0 (Windows NT 10.0; Win64; x64; rv:121.0) Gecko/20100101 Firefox/121.0"
62.60.130.18 - - [01/Sep/2026:20:12:42 -0500] "GET /wp-admin/edit.php HTTP/1.1" 503 18946 "https://PASTORFISCHER.COM/wp-login.php" "Mozilla/5.0 (Windows NT 10.0; Win64; x64; rv:121.0) Gecko/20100101 Firefox/121.0"
62.60.130.18 - - [01/Sep/2026:20:12:43 -0500] "GET /wp-admin/plugins.php HTTP/1.1" 503 18946 "https://PASTORFISCHER.COM/wp-login.php" "Mozilla/5.0 (Windows NT 10.0; Win64; x64; rv:121.0) Gecko/20100101 Firefox/121.0"
62.60.130.18 - - [01/Sep/2026:20:12:44 -0500] "POST /wp-login.php HTTP/1.1" 503 18033 "https://PASTORFISCHER.COM/wp-login.php" "Mozilla/5.0 (Macintosh; Intel Mac OS X 13_6_1) AppleWebKit/605.1.15 (KHTML, like Gecko) Version/17.0 Safari/605.1.15"
62.60.130.18 - - [01/Sep/2026:20:12:45 -0500] "GET /wp-admin/index.php HTTP/1.1" 503 18946 "https://PASTORFISCHER.COM/wp-login.php" "Mozilla/5.0 (Macintosh; Intel Mac OS X 10_15_7) AppleWebKit/537.36 (KHTML, like Gecko) Chrome/120.0.0.0 Safari/537.36"
