62.60.130.18 - - [01/Sep/2026:20:12:47 -0500] "GET /wp-admin/profile.php HTTP/1.1" 503 18946 "https://PASTORFISCHER.COM/wp-login.php" "Mozilla/5.0 (Macintosh; Intel Mac OS X 10_15_7) AppleWebKit/537.36 (KHTML, like Gecko) Chrome/120.0.0.0 Safari/537.36"
157.90.185.123 - - [01/Sep/2026:20:12:49 -0500] "POST /?wordfence_syncAttackData=1788311569.5737 HTTP/1.1" 200 - "-" "WordPress/7.1; https://pastorfischer.com"
62.60.130.18 - - [01/Sep/2026:20:12:48 -0500] "GET /wp-admin/edit.php HTTP/1.1" 503 18946 "https://PASTORFISCHER.COM/wp-login.php" "Mozilla/5.0 (Macintosh; Intel Mac OS X 10_15_7) AppleWebKit/537.36 (KHTML, like Gecko) Chrome/120.0.0.0 Safari/537.36"
62.60.130.18 - - [01/Sep/2026:20:12:51 -0500] "GET /wp-admin/plugins.php HTTP/1.1" 503 18946 "https://PASTORFISCHER.COM/wp-login.php" "Mozilla/5.0 (Macintosh; Intel Mac OS X 10_15_7) AppleWebKit/537.36 (KHTML, like Gecko) Chrome/120.0.0.0 Safari/537.36"
62.60.130.18 - - [01/Sep/2026:20:12:58 -0500] "POST /wp-login.php HTTP/1.1" 503 18033 "https://PASTORFISCHER.COM/wp-login.php" "Mozilla/5.0 (X11; Ubuntu; Linux x86_64) AppleWebKit/537.36 (KHTML, like Gecko) Chrome/121.0.0.0 Safari/537.36"
157.90.185.123 - - [01/Sep/2026:20:13:02 -0500] "POST /?wordfence_syncAttackData=1788311582.6964 HTTP/1.1" 200 - "-" "WordPress/7.1; https://pastorfischer.com"
62.60.130.18 - - [01/Sep/2026:20:13:02 -0500] "GET /wp-admin/index.php HTTP/1.1" 503 18946 "https://PASTORFISCHER.COM/wp-login.php" "Mozilla/5.0 (Windows NT 11.0; Win64; x64; rv:120.0) Gecko/20100101 Firefox/120.0"
62.60.130.18 - - [01/Sep/2026:20:13:05 -0500] "GET /wp-admin/profile.php HTTP/1.1" 503 18946 "https://PASTORFISCHER.COM/wp-login.php" "Mozilla/5.0 (Windows NT 11.0; Win64; x64; rv:120.0) Gecko/20100101 Firefox/120.0"
62.60.130.18 - - [01/Sep/2026:20:13:08 -0500] "GET /wp-admin/edit.php HTTP/1.1" 503 18946 "https://PASTORFISCHER.COM/wp-login.php" "Mozilla/5.0 (Windows NT 11.0; Win64; x64; rv:120.0) Gecko/20100101 Firefox/120.0"
62.60.130.18 - - [01/Sep/2026:20:13:10 -0500] "GET /wp-admin/plugins.php HTTP/1.1" 503 18946 "https://PASTORFISCHER.COM/wp-login.php" "Mozilla/5.0 (Windows NT 11.0; Win64; x64; rv:120.0) Gecko/20100101 Firefox/120.0"
62.60.130.18 - - [01/Sep/2026:20:13:11 -0500] "POST /wp-login.php HTTP/1.1" 503 18033 "https://PASTORFISCHER.COM/wp-login.php" "Mozilla/5.0 (X11; Ubuntu; Linux x86_64) AppleWebKit/537.36 (KHTML, like Gecko) Chrome/118.0.0.0 Safari/537.36"
157.90.185.123 - - [01/Sep/2026:20:13:20 -0500] "POST /?wordfence_syncAttackData=1788311600.9376 HTTP/1.1" 200 - "-" "WordPress/7.1; http://pastorfischer.com"
170.239.76.25 - - [01/Sep/2026:20:13:20 -0500] "GET http://pastorfischer.com/PEDANGWIN?sort=popular HTTP/1.1" 301 - "-" "Mozilla/5.0 (Macintosh; Intel Mac OS X 10_15_7) AppleWebKit/537.36 (KHTML, like Gecko) Chrome/146.0.0.0 Safari/537.36"
62.60.130.18 - - [01/Sep/2026:20:13:20 -0500] "GET /wp-admin/index.php HTTP/1.1" 503 18946 "https://PASTORFISCHER.COM/wp-login.php" "Mozilla/5.0 (Macintosh; Intel Mac OS X 13_6_1) AppleWebKit/537.36 (KHTML, like Gecko) Chrome/119.0.0.0 Safari/537.36"
62.60.130.18 - - [01/Sep/2026:20:13:23 -0500] "GET /wp-admin/profile.php HTTP/1.1" 503 18946 "https://PASTORFISCHER.COM/wp-login.php" "Mozilla/5.0 (Macintosh; Intel Mac OS X 13_6_1) AppleWebKit/537.36 (KHTML, like Gecko) Chrome/119.0.0.0 Safari/537.36"
157.90.185.123 - - [01/Sep/2026:20:13:21 -0500] "POST /?wordfence_syncAttackData=1788311601.3282 HTTP/1.1" 200 16384 "-" "WordPress/7.1; https://pastorfischer.com"
62.60.130.18 - - [01/Sep/2026:20:13:24 -0500] "GET /wp-admin/edit.php HTTP/1.1" 503 18946 "https://PASTORFISCHER.COM/wp-login.php" "Mozilla/5.0 (Macintosh; Intel Mac OS X 13_6_1) AppleWebKit/537.36 (KHTML, like Gecko) Chrome/119.0.0.0 Safari/537.36"
62.60.130.18 - - [01/Sep/2026:20:13:26 -0500] "GET /wp-admin/plugins.php HTTP/1.1" 503 18946 "https://PASTORFISCHER.COM/wp-login.php" "Mozilla/5.0 (Macintosh; Intel Mac OS X 13_6_1) AppleWebKit/537.36 (KHTML, like Gecko) Chrome/119.0.0.0 Safari/537.36"
62.60.130.18 - - [01/Sep/2026:20:13:27 -0500] "POST /wp-login.php HTTP/1.1" 503 18033 "https://PASTORFISCHER.COM/wp-login.php" "Mozilla/5.0 (X11; Linux x86_64) AppleWebKit/537.36 (KHTML, like Gecko) Chrome/121.0.0.0 Safari/537.36"
62.60.130.18 - - [01/Sep/2026:20:13:28 -0500] "GET /wp-admin/index.php HTTP/1.1" 503 18946 "https://PASTORFISCHER.COM/wp-login.php" "Mozilla/5.0 (Macintosh; Intel Mac OS X 13_6_1) AppleWebKit/605.1.15 (KHTML, like Gecko) Version/16.6 Safari/605.1.15"
157.90.185.123 - - [01/Sep/2026:20:13:30 -0500] "POST /?wordfence_syncAttackData=1788311610.7885 HTTP/1.1" 200 - "-" "WordPress/7.1; https://pastorfischer.com"
62.60.130.18 - - [01/Sep/2026:20:13:30 -0500] "GET /wp-admin/profile.php HTTP/1.1" 503 18946 "https://PASTORFISCHER.COM/wp-login.php" "Mozilla/5.0 (Macintosh; Intel Mac OS X 13_6_1) AppleWebKit/605.1.15 (KHTML, like Gecko) Version/16.6 Safari/605.1.15"
62.60.130.18 - - [01/Sep/2026:20:13:32 -0500] "GET /wp-admin/edit.php HTTP/1.1" 503 18946 "https://PASTORFISCHER.COM/wp-login.php" "Mozilla/5.0 (Macintosh; Intel Mac OS X 13_6_1) AppleWebKit/605.1.15 (KHTML, like Gecko) Version/16.6 Safari/605.1.15"
62.60.130.18 - - [01/Sep/2026:20:13:40 -0500] "GET /wp-admin/plugins.php HTTP/1.1" 503 18946 "https://PASTORFISCHER.COM/wp-login.php" "Mozilla/5.0 (Macintosh; Intel Mac OS X 13_6_1) AppleWebKit/605.1.15 (KHTML, like Gecko) Version/16.6 Safari/605.1.15"
62.60.130.18 - - [01/Sep/2026:20:13:43 -0500] "POST /wp-login.php HTTP/1.1" 503 18033 "https://PASTORFISCHER.COM/wp-login.php" "Mozilla/5.0 (Macintosh; Intel Mac OS X 13_6_1) AppleWebKit/605.1.15 (KHTML, like Gecko) Version/17.0 Safari/605.1.15"
157.90.185.123 - - [01/Sep/2026:20:13:46 -0500] "POST /?wordfence_syncAttackData=1788311626.0621 HTTP/1.1" 200 - "-" "WordPress/7.1; https://pastorfischer.com"
62.60.130.18 - - [01/Sep/2026:20:13:45 -0500] "GET /wp-admin/index.php HTTP/1.1" 503 18946 "https://PASTORFISCHER.COM/wp-login.php" "Mozilla/5.0 (Macintosh; Intel Mac OS X 10_15_7) AppleWebKit/605.1.15 (KHTML, like Gecko) Version/16.6 Safari/605.1.15"
62.60.130.18 - - [01/Sep/2026:20:13:47 -0500] "GET /wp-admin/profile.php HTTP/1.1" 503 18946 "https://PASTORFISCHER.COM/wp-login.php" "Mozilla/5.0 (Macintosh; Intel Mac OS X 10_15_7) AppleWebKit/605.1.15 (KHTML, like Gecko) Version/16.6 Safari/605.1.15"
62.60.130.18 - - [01/Sep/2026:20:13:48 -0500] "GET /wp-admin/edit.php HTTP/1.1" 503 18946 "https://PASTORFISCHER.COM/wp-login.php" "Mozilla/5.0 (Macintosh; Intel Mac OS X 10_15_7) AppleWebKit/605.1.15 (KHTML, like Gecko) Version/16.6 Safari/605.1.15"
62.60.130.18 - - [01/Sep/2026:20:13:49 -0500] "GET /wp-admin/plugins.php HTTP/1.1" 503 18946 "https://PASTORFISCHER.COM/wp-login.php" "Mozilla/5.0 (Macintosh; Intel Mac OS X 10_15_7) AppleWebKit/605.1.15 (KHTML, like Gecko) Version/16.6 Safari/605.1.15"
62.60.130.18 - - [01/Sep/2026:20:13:50 -0500] "POST /wp-login.php HTTP/1.1" 503 18033 "https://PASTORFISCHER.COM/wp-login.php" "Mozilla/5.0 (X11; Linux x86_64) AppleWebKit/537.36 (KHTML, like Gecko) Chrome/118.0.0.0 Safari/537.36"
62.60.130.18 - - [01/Sep/2026:20:13:51 -0500] "GET /wp-admin/index.php HTTP/1.1" 503 18946 "https://PASTORFISCHER.COM/wp-login.php" "Mozilla/5.0 (Macintosh; Intel Mac OS X 13_6_1) AppleWebKit/605.1.15 (KHTML, like Gecko) Version/17.0 Safari/605.1.15"
62.60.130.18 - - [01/Sep/2026:20:13:52 -0500] "GET /wp-admin/profile.php HTTP/1.1" 503 18946 "https://PASTORFISCHER.COM/wp-login.php" "Mozilla/5.0 (Macintosh; Intel Mac OS X 13_6_1) AppleWebKit/605.1.15 (KHTML, like Gecko) Version/17.0 Safari/605.1.15"
62.60.130.18 - - [01/Sep/2026:20:13:54 -0500] "GET /wp-admin/edit.php HTTP/1.1" 503 18946 "https://PASTORFISCHER.COM/wp-login.php" "Mozilla/5.0 (Macintosh; Intel Mac OS X 13_6_1) AppleWebKit/605.1.15 (KHTML, like Gecko) Version/17.0 Safari/605.1.15"
157.90.185.123 - - [01/Sep/2026:20:13:56 -0500] "POST /?wordfence_syncAttackData=1788311636.376 HTTP/1.1" 200 - "-" "WordPress/7.1; https://pastorfischer.com"
62.60.130.18 - - [01/Sep/2026:20:13:55 -0500] "GET /wp-admin/plugins.php HTTP/1.1" 503 18946 "https://PASTORFISCHER.COM/wp-login.php" "Mozilla/5.0 (Macintosh; Intel Mac OS X 13_6_1) AppleWebKit/605.1.15 (KHTML, like Gecko) Version/17.0 Safari/605.1.15"
62.60.130.18 - - [01/Sep/2026:20:13:58 -0500] "POST /wp-login.php HTTP/1.1" 503 18033 "https://PASTORFISCHER.COM/wp-login.php" "Mozilla/5.0 (Windows NT 10.0; Win64; x64) AppleWebKit/537.36 (KHTML, like Gecko) Chrome/119.0.0.0 Safari/537.36"
62.60.130.18 - - [01/Sep/2026:20:13:59 -0500] "GET /wp-admin/index.php HTTP/1.1" 503 18946 "https://PASTORFISCHER.COM/wp-login.php" "Mozilla/5.0 (Macintosh; Intel Mac OS X 10_15_7) AppleWebKit/605.1.15 (KHTML, like Gecko) Version/17.2 Safari/605.1.15"
62.60.130.18 - - [01/Sep/2026:20:14:00 -0500] "GET /wp-admin/profile.php HTTP/1.1" 503 18946 "https://PASTORFISCHER.COM/wp-login.php" "Mozilla/5.0 (Macintosh; Intel Mac OS X 10_15_7) AppleWebKit/605.1.15 (KHTML, like Gecko) Version/17.2 Safari/605.1.15"
62.60.130.18 - - [01/Sep/2026:20:14:01 -0500] "GET /wp-admin/edit.php HTTP/1.1" 503 18946 "https://PASTORFISCHER.COM/wp-login.php" "Mozilla/5.0 (Macintosh; Intel Mac OS X 10_15_7) AppleWebKit/605.1.15 (KHTML, like Gecko) Version/17.2 Safari/605.1.15"
62.60.130.18 - - [01/Sep/2026:20:14:02 -0500] "GET /wp-admin/plugins.php HTTP/1.1" 503 18946 "https://PASTORFISCHER.COM/wp-login.php" "Mozilla/5.0 (Macintosh; Intel Mac OS X 10_15_7) AppleWebKit/605.1.15 (KHTML, like Gecko) Version/17.2 Safari/605.1.15"
62.60.130.18 - - [01/Sep/2026:20:14:03 -0500] "POST /wp-login.php HTTP/1.1" 503 18033 "https://PASTORFISCHER.COM/wp-login.php" "Mozilla/5.0 (Windows NT 10.0; Win64; x64) AppleWebKit/537.36 (KHTML, like Gecko) Chrome/119.0.0.0 Safari/537.36"
62.60.130.18 - - [01/Sep/2026:20:14:04 -0500] "GET /wp-admin/index.php HTTP/1.1" 503 18946 "https://PASTORFISCHER.COM/wp-login.php" "Mozilla/5.0 (Macintosh; Intel Mac OS X 10_15_7) AppleWebKit/537.36 (KHTML, like Gecko) Chrome/118.0.0.0 Safari/537.36"
157.90.185.123 - - [01/Sep/2026:20:14:06 -0500] "POST /?wordfence_syncAttackData=1788311646.745 HTTP/1.1" 200 - "-" "WordPress/7.1; https://pastorfischer.com"
62.60.130.18 - - [01/Sep/2026:20:14:06 -0500] "GET /wp-admin/profile.php HTTP/1.1" 503 18946 "https://PASTORFISCHER.COM/wp-login.php" "Mozilla/5.0 (Macintosh; Intel Mac OS X 10_15_7) AppleWebKit/537.36 (KHTML, like Gecko) Chrome/118.0.0.0 Safari/537.36"
62.60.130.18 - - [01/Sep/2026:20:14:08 -0500] "GET /wp-admin/edit.php HTTP/1.1" 503 18946 "https://PASTORFISCHER.COM/wp-login.php" "Mozilla/5.0 (Macintosh; Intel Mac OS X 10_15_7) AppleWebKit/537.36 (KHTML, like Gecko) Chrome/118.0.0.0 Safari/537.36"
62.60.130.18 - - [01/Sep/2026:20:14:09 -0500] "GET /wp-admin/plugins.php HTTP/1.1" 503 18946 "https://PASTORFISCHER.COM/wp-login.php" "Mozilla/5.0 (Macintosh; Intel Mac OS X 10_15_7) AppleWebKit/537.36 (KHTML, like Gecko) Chrome/118.0.0.0 Safari/537.36"
62.60.130.18 - - [01/Sep/2026:20:14:10 -0500] "POST /wp-login.php HTTP/1.1" 503 18033 "https://PASTORFISCHER.COM/wp-login.php" "Mozilla/5.0 (Windows NT 10.0; Win64; x64) AppleWebKit/537.36 (KHTML, like Gecko) Chrome/121.0.0.0 Safari/537.36"
62.60.130.18 - - [01/Sep/2026:20:14:11 -0500] "GET /wp-admin/index.php HTTP/1.1" 503 18946 "https://PASTORFISCHER.COM/wp-login.php" "Mozilla/5.0 (Macintosh; Intel Mac OS X 13_6_1) AppleWebKit/537.36 (KHTML, like Gecko) Chrome/120.0.0.0 Safari/537.36"
62.60.130.18 - - [01/Sep/2026:20:14:12 -0500] "GET /wp-admin/profile.php HTTP/1.1" 503 18946 "https://PASTORFISCHER.COM/wp-login.php" "Mozilla/5.0 (Macintosh; Intel Mac OS X 13_6_1) AppleWebKit/537.36 (KHTML, like Gecko) Chrome/120.0.0.0 Safari/537.36"
62.60.130.18 - - [01/Sep/2026:20:14:13 -0500] "GET /wp-admin/edit.php HTTP/1.1" 503 18946 "https://PASTORFISCHER.COM/wp-login.php" "Mozilla/5.0 (Macintosh; Intel Mac OS X 13_6_1) AppleWebKit/537.36 (KHTML, like Gecko) Chrome/120.0.0.0 Safari/537.36"
62.60.130.18 - - [01/Sep/2026:20:14:14 -0500] "GET /wp-admin/plugins.php HTTP/1.1" 503 18946 "https://PASTORFISCHER.COM/wp-login.php" "Mozilla/5.0 (Macintosh; Intel Mac OS X 13_6_1) AppleWebKit/537.36 (KHTML, like Gecko) Chrome/120.0.0.0 Safari/537.36"
62.60.130.18 - - [01/Sep/2026:20:14:15 -0500] "POST /wp-login.php HTTP/1.1" 503 18033 "https://PASTORFISCHER.COM/wp-login.php" "Mozilla/5.0 (Windows NT 10.0; Win64; x64) AppleWebKit/537.36 (KHTML, like Gecko) Chrome/118.0.0.0 Safari/537.36"
62.60.130.18 - - [01/Sep/2026:20:14:16 -0500] "GET /wp-admin/index.php HTTP/1.1" 503 18946 "https://PASTORFISCHER.COM/wp-login.php" "Mozilla/5.0 (Macintosh; Intel Mac OS X 13_6_1) AppleWebKit/605.1.15 (KHTML, like Gecko) Version/17.1 Safari/605.1.15"
157.90.185.123 - - [01/Sep/2026:20:14:17 -0500] "POST /?wordfence_syncAttackData=1788311657.4225 HTTP/1.1" 200 - "-" "WordPress/7.1; https://pastorfischer.com"
62.60.130.18 - - [01/Sep/2026:20:14:18 -0500] "GET /wp-admin/profile.php HTTP/1.1" 503 18946 "https://PASTORFISCHER.COM/wp-login.php" "Mozilla/5.0 (Macintosh; Intel Mac OS X 13_6_1) AppleWebKit/605.1.15 (KHTML, like Gecko) Version/17.1 Safari/605.1.15"
62.60.130.18 - - [01/Sep/2026:20:14:19 -0500] "GET /wp-admin/edit.php HTTP/1.1" 503 18946 "https://PASTORFISCHER.COM/wp-login.php" "Mozilla/5.0 (Macintosh; Intel Mac OS X 13_6_1) AppleWebKit/605.1.15 (KHTML, like Gecko) Version/17.1 Safari/605.1.15"
62.60.130.18 - - [01/Sep/2026:20:14:20 -0500] "GET /wp-admin/plugins.php HTTP/1.1" 503 18946 "https://PASTORFISCHER.COM/wp-login.php" "Mozilla/5.0 (Macintosh; Intel Mac OS X 13_6_1) AppleWebKit/605.1.15 (KHTML, like Gecko) Version/17.1 Safari/605.1.15"
62.60.130.18 - - [01/Sep/2026:20:14:21 -0500] "POST /wp-login.php HTTP/1.1" 503 18033 "https://PASTORFISCHER.COM/wp-login.php" "Mozilla/5.0 (Macintosh; Intel Mac OS X 10_15_7) AppleWebKit/537.36 (KHTML, like Gecko) Chrome/118.0.0.0 Safari/537.36"
62.60.130.18 - - [01/Sep/2026:20:14:22 -0500] "GET /wp-admin/index.php HTTP/1.1" 503 18946 "https://PASTORFISCHER.COM/wp-login.php" "Mozilla/5.0 (Macintosh; Intel Mac OS X 13_6_1; rv:119.0) Gecko/20100101 Firefox/119.0"
62.60.130.18 - - [01/Sep/2026:20:14:23 -0500] "GET /wp-admin/profile.php HTTP/1.1" 503 18946 "https://PASTORFISCHER.COM/wp-login.php" "Mozilla/5.0 (Macintosh; Intel Mac OS X 13_6_1; rv:119.0) Gecko/20100101 Firefox/119.0"
62.60.130.18 - - [01/Sep/2026:20:14:24 -0500] "GET /wp-admin/edit.php HTTP/1.1" 503 18946 "https://PASTORFISCHER.COM/wp-login.php" "Mozilla/5.0 (Macintosh; Intel Mac OS X 13_6_1; rv:119.0) Gecko/20100101 Firefox/119.0"
62.60.130.18 - - [01/Sep/2026:20:14:25 -0500] "GET /wp-admin/plugins.php HTTP/1.1" 503 18946 "https://PASTORFISCHER.COM/wp-login.php" "Mozilla/5.0 (Macintosh; Intel Mac OS X 13_6_1; rv:119.0) Gecko/20100101 Firefox/119.0"
62.60.130.18 - - [01/Sep/2026:20:14:26 -0500] "POST /wp-login.php HTTP/1.1" 503 18033 "https://PASTORFISCHER.COM/wp-login.php" "Mozilla/5.0 (Macintosh; Intel Mac OS X 10_15_7) AppleWebKit/605.1.15 (KHTML, like Gecko) Version/17.1 Safari/605.1.15"
157.90.185.123 - - [01/Sep/2026:20:14:28 -0500] "POST /?wordfence_syncAttackData=1788311668.5537 HTTP/1.1" 200 - "-" "WordPress/7.1; https://pastorfischer.com"
62.60.130.18 - - [01/Sep/2026:20:14:27 -0500] "GET /wp-admin/index.php HTTP/1.1" 503 18946 "https://PASTORFISCHER.COM/wp-login.php" "Mozilla/5.0 (Macintosh; Intel Mac OS X 10_15_7) AppleWebKit/605.1.15 (KHTML, like Gecko) Version/16.6 Safari/605.1.15"
62.60.130.18 - - [01/Sep/2026:20:14:30 -0500] "GET /wp-admin/profile.php HTTP/1.1" 503 18946 "https://PASTORFISCHER.COM/wp-login.php" "Mozilla/5.0 (Macintosh; Intel Mac OS X 10_15_7) AppleWebKit/605.1.15 (KHTML, like Gecko) Version/16.6 Safari/605.1.15"
62.60.130.18 - - [01/Sep/2026:20:14:31 -0500] "GET /wp-admin/edit.php HTTP/1.1" 503 18946 "https://PASTORFISCHER.COM/wp-login.php" "Mozilla/5.0 (Macintosh; Intel Mac OS X 10_15_7) AppleWebKit/605.1.15 (KHTML, like Gecko) Version/16.6 Safari/605.1.15"
62.60.130.18 - - [01/Sep/2026:20:14:32 -0500] "GET /wp-admin/plugins.php HTTP/1.1" 503 18946 "https://PASTORFISCHER.COM/wp-login.php" "Mozilla/5.0 (Macintosh; Intel Mac OS X 10_15_7) AppleWebKit/605.1.15 (KHTML, like Gecko) Version/16.6 Safari/605.1.15"
62.60.130.18 - - [01/Sep/2026:20:14:33 -0500] "POST /wp-login.php HTTP/1.1" 503 18033 "https://PASTORFISCHER.COM/wp-login.php" "Mozilla/5.0 (Macintosh; Intel Mac OS X 13_6_1) AppleWebKit/537.36 (KHTML, like Gecko) Chrome/118.0.0.0 Safari/537.36"
62.60.130.18 - - [01/Sep/2026:20:14:34 -0500] "GET /wp-admin/index.php HTTP/1.1" 503 18946 "https://PASTORFISCHER.COM/wp-login.php" "Mozilla/5.0 (Windows NT 10.0; Win64; x64) AppleWebKit/537.36 (KHTML, like Gecko) Chrome/121.0.0.0 Safari/537.36"
62.60.130.18 - - [01/Sep/2026:20:14:36 -0500] "GET /wp-admin/profile.php HTTP/1.1" 503 18946 "https://PASTORFISCHER.COM/wp-login.php" "Mozilla/5.0 (Windows NT 10.0; Win64; x64) AppleWebKit/537.36 (KHTML, like Gecko) Chrome/121.0.0.0 Safari/537.36"
62.60.130.18 - - [01/Sep/2026:20:14:37 -0500] "GET /wp-admin/edit.php HTTP/1.1" 503 18946 "https://PASTORFISCHER.COM/wp-login.php" "Mozilla/5.0 (Windows NT 10.0; Win64; x64) AppleWebKit/537.36 (KHTML, like Gecko) Chrome/121.0.0.0 Safari/537.36"
157.90.185.123 - - [01/Sep/2026:20:14:39 -0500] "POST /?wordfence_syncAttackData=1788311679.3874 HTTP/1.1" 200 - "-" "WordPress/7.1; https://pastorfischer.com"
62.60.130.18 - - [01/Sep/2026:20:14:38 -0500] "GET /wp-admin/plugins.php HTTP/1.1" 503 18946 "https://PASTORFISCHER.COM/wp-login.php" "Mozilla/5.0 (Windows NT 10.0; Win64; x64) AppleWebKit/537.36 (KHTML, like Gecko) Chrome/121.0.0.0 Safari/537.36"
62.60.130.18 - - [01/Sep/2026:20:14:41 -0500] "POST /wp-login.php HTTP/1.1" 503 18033 "https://PASTORFISCHER.COM/wp-login.php" "Mozilla/5.0 (Windows NT 10.0; Win64; x64) AppleWebKit/537.36 (KHTML, like Gecko) Chrome/120.0.0.0 Safari/537.36"
62.60.130.18 - - [01/Sep/2026:20:14:43 -0500] "GET /wp-admin/index.php HTTP/1.1" 503 18946 "https://PASTORFISCHER.COM/wp-login.php" "Mozilla/5.0 (X11; Linux x86_64) AppleWebKit/537.36 (KHTML, like Gecko) Chrome/121.0.0.0 Safari/537.36"
62.60.130.18 - - [01/Sep/2026:20:14:47 -0500] "GET /wp-admin/profile.php HTTP/1.1" 503 18946 "https://PASTORFISCHER.COM/wp-login.php" "Mozilla/5.0 (X11; Linux x86_64) AppleWebKit/537.36 (KHTML, like Gecko) Chrome/121.0.0.0 Safari/537.36"
62.60.130.18 - - [01/Sep/2026:20:14:49 -0500] "GET /wp-admin/edit.php HTTP/1.1" 503 18946 "https://PASTORFISCHER.COM/wp-login.php" "Mozilla/5.0 (X11; Linux x86_64) AppleWebKit/537.36 (KHTML, like Gecko) Chrome/121.0.0.0 Safari/537.36"
157.90.185.123 - - [01/Sep/2026:20:14:50 -0500] "POST /?wordfence_syncAttackData=1788311690.5633 HTTP/1.1" 200 - "-" "WordPress/7.1; https://pastorfischer.com"
62.60.130.18 - - [01/Sep/2026:20:14:56 -0500] "GET /wp-admin/plugins.php HTTP/1.1" 503 18946 "https://PASTORFISCHER.COM/wp-login.php" "Mozilla/5.0 (X11; Linux x86_64) AppleWebKit/537.36 (KHTML, like Gecko) Chrome/121.0.0.0 Safari/537.36"
62.60.130.18 - - [01/Sep/2026:20:14:58 -0500] "POST /wp-login.php HTTP/1.1" 503 18033 "https://PASTORFISCHER.COM/wp-login.php" "Mozilla/5.0 (Macintosh; Intel Mac OS X 13_6_1) AppleWebKit/605.1.15 (KHTML, like Gecko) Version/17.0 Safari/605.1.15"
157.90.185.123 - - [01/Sep/2026:20:15:00 -0500] "POST /?wordfence_syncAttackData=1788311700.7618 HTTP/1.1" 200 - "-" "WordPress/7.1; https://pastorfischer.com"
62.60.130.18 - - [01/Sep/2026:20:15:00 -0500] "GET /wp-admin/index.php HTTP/1.1" 503 18946 "https://PASTORFISCHER.COM/wp-login.php" "Mozilla/5.0 (Macintosh; Intel Mac OS X 13_6_1) AppleWebKit/537.36 (KHTML, like Gecko) Chrome/120.0.0.0 Safari/537.36"
62.60.130.18 - - [01/Sep/2026:20:15:02 -0500] "GET /wp-admin/profile.php HTTP/1.1" 503 18946 "https://PASTORFISCHER.COM/wp-login.php" "Mozilla/5.0 (Macintosh; Intel Mac OS X 13_6_1) AppleWebKit/537.36 (KHTML, like Gecko) Chrome/120.0.0.0 Safari/537.36"
62.60.130.18 - - [01/Sep/2026:20:15:03 -0500] "GET /wp-admin/edit.php HTTP/1.1" 503 18946 "https://PASTORFISCHER.COM/wp-login.php" "Mozilla/5.0 (Macintosh; Intel Mac OS X 13_6_1) AppleWebKit/537.36 (KHTML, like Gecko) Chrome/120.0.0.0 Safari/537.36"
62.60.130.18 - - [01/Sep/2026:20:15:06 -0500] "GET /wp-admin/plugins.php HTTP/1.1" 503 18946 "https://PASTORFISCHER.COM/wp-login.php" "Mozilla/5.0 (Macintosh; Intel Mac OS X 13_6_1) AppleWebKit/537.36 (KHTML, like Gecko) Chrome/120.0.0.0 Safari/537.36"
62.60.130.18 - - [01/Sep/2026:20:15:08 -0500] "POST /wp-login.php HTTP/1.1" 503 18033 "https://PASTORFISCHER.COM/wp-login.php" "Mozilla/5.0 (Macintosh; Intel Mac OS X 13_6_1) AppleWebKit/537.36 (KHTML, like Gecko) Chrome/121.0.0.0 Safari/537.36"
157.90.185.123 - - [01/Sep/2026:20:15:10 -0500] "POST /?wordfence_syncAttackData=1788311710.2369 HTTP/1.1" 200 - "-" "WordPress/7.1; https://pastorfischer.com"
62.60.130.18 - - [01/Sep/2026:20:15:09 -0500] "GET /wp-admin/index.php HTTP/1.1" 503 18946 "https://PASTORFISCHER.COM/wp-login.php" "Mozilla/5.0 (Macintosh; Intel Mac OS X 13_6_1) AppleWebKit/605.1.15 (KHTML, like Gecko) Version/16.6 Safari/605.1.15"
62.60.130.18 - - [01/Sep/2026:20:15:11 -0500] "GET /wp-admin/profile.php HTTP/1.1" 503 18946 "https://PASTORFISCHER.COM/wp-login.php" "Mozilla/5.0 (Macintosh; Intel Mac OS X 13_6_1) AppleWebKit/605.1.15 (KHTML, like Gecko) Version/16.6 Safari/605.1.15"
62.60.130.18 - - [01/Sep/2026:20:15:13 -0500] "GET /wp-admin/edit.php HTTP/1.1" 503 18946 "https://PASTORFISCHER.COM/wp-login.php" "Mozilla/5.0 (Macintosh; Intel Mac OS X 13_6_1) AppleWebKit/605.1.15 (KHTML, like Gecko) Version/16.6 Safari/605.1.15"
62.60.130.18 - - [01/Sep/2026:20:15:15 -0500] "GET /wp-admin/plugins.php HTTP/1.1" 503 18946 "https://PASTORFISCHER.COM/wp-login.php" "Mozilla/5.0 (Macintosh; Intel Mac OS X 13_6_1) AppleWebKit/605.1.15 (KHTML, like Gecko) Version/16.6 Safari/605.1.15"
62.60.130.18 - - [01/Sep/2026:20:15:16 -0500] "POST /wp-json/batch/v1 HTTP/1.1" 503 18033 "-" "wp2shell"
62.60.130.18 - - [01/Sep/2026:20:15:16 -0500] "POST /?rest_route=/batch/v1 HTTP/1.1" 503 18033 "-" "wp2shell"
62.60.130.18 - - [01/Sep/2026:20:15:18 -0500] "POST /?rest_route=/batch/v1 HTTP/1.1" 503 18033 "-" "wp2shell"
62.60.130.18 - - [01/Sep/2026:20:15:20 -0500] "POST /wp-login.php HTTP/1.1" 503 18033 "https://PASTORFISCHER.COM/wp-login.php" "Mozilla/5.0 (Windows NT 10.0; Win64; x64) AppleWebKit/537.36 (KHTML, like Gecko) Chrome/119.0.0.0 Safari/537.36"
157.90.185.123 - - [01/Sep/2026:20:15:22 -0500] "POST /?wordfence_syncAttackData=1788311722.0078 HTTP/1.1" 200 - "-" "WordPress/7.1; https://pastorfischer.com"
62.60.130.18 - - [01/Sep/2026:20:15:21 -0500] "GET /wp-admin/index.php HTTP/1.1" 503 18946 "https://PASTORFISCHER.COM/wp-login.php" "Mozilla/5.0 (Macintosh; Intel Mac OS X 13_6_1) AppleWebKit/537.36 (KHTML, like Gecko) Chrome/119.0.0.0 Safari/537.36"
62.60.130.18 - - [01/Sep/2026:20:15:23 -0500] "GET /wp-admin/profile.php HTTP/1.1" 503 18946 "https://PASTORFISCHER.COM/wp-login.php" "Mozilla/5.0 (Macintosh; Intel Mac OS X 13_6_1) AppleWebKit/537.36 (KHTML, like Gecko) Chrome/119.0.0.0 Safari/537.36"
62.60.130.18 - - [01/Sep/2026:20:15:24 -0500] "GET /wp-admin/edit.php HTTP/1.1" 503 18946 "https://PASTORFISCHER.COM/wp-login.php" "Mozilla/5.0 (Macintosh; Intel Mac OS X 13_6_1) AppleWebKit/537.36 (KHTML, like Gecko) Chrome/119.0.0.0 Safari/537.36"
62.60.130.18 - - [01/Sep/2026:20:15:25 -0500] "GET /wp-admin/plugins.php HTTP/1.1" 503 18946 "https://PASTORFISCHER.COM/wp-login.php" "Mozilla/5.0 (Macintosh; Intel Mac OS X 13_6_1) AppleWebKit/537.36 (KHTML, like Gecko) Chrome/119.0.0.0 Safari/537.36"
62.60.130.18 - - [01/Sep/2026:20:15:29 -0500] "POST /wp-login.php HTTP/1.1" 503 18033 "https://PASTORFISCHER.COM/wp-login.php" "Mozilla/5.0 (Macintosh; Intel Mac OS X 13_6_1) AppleWebKit/537.36 (KHTML, like Gecko) Chrome/118.0.0.0 Safari/537.36"
157.90.185.123 - - [01/Sep/2026:20:15:39 -0500] "POST /?wordfence_syncAttackData=1788311739.1391 HTTP/1.1" 200 - "-" "WordPress/7.1; https://pastorfischer.com"
62.60.130.18 - - [01/Sep/2026:20:15:38 -0500] "GET /wp-admin/index.php HTTP/1.1" 503 18946 "https://PASTORFISCHER.COM/wp-login.php" "Mozilla/5.0 (Windows NT 11.0; Win64; x64; rv:118.0) Gecko/20100101 Firefox/118.0"
62.60.130.18 - - [01/Sep/2026:20:15:41 -0500] "GET /wp-admin/profile.php HTTP/1.1" 503 18946 "https://PASTORFISCHER.COM/wp-login.php" "Mozilla/5.0 (Windows NT 11.0; Win64; x64; rv:118.0) Gecko/20100101 Firefox/118.0"
62.60.130.18 - - [01/Sep/2026:20:15:43 -0500] "GET /wp-admin/edit.php HTTP/1.1" 503 18946 "https://PASTORFISCHER.COM/wp-login.php" "Mozilla/5.0 (Windows NT 11.0; Win64; x64; rv:118.0) Gecko/20100101 Firefox/118.0"
62.60.130.18 - - [01/Sep/2026:20:15:44 -0500] "GET /wp-admin/plugins.php HTTP/1.1" 503 18946 "https://PASTORFISCHER.COM/wp-login.php" "Mozilla/5.0 (Windows NT 11.0; Win64; x64; rv:118.0) Gecko/20100101 Firefox/118.0"
62.60.130.18 - - [01/Sep/2026:20:15:45 -0500] "POST /wp-login.php HTTP/1.1" 503 18033 "https://PASTORFISCHER.COM/wp-login.php" "Mozilla/5.0 (Windows NT 11.0; Win64; x64) AppleWebKit/537.36 (KHTML, like Gecko) Chrome/120.0.0.0 Safari/537.36"
62.60.130.18 - - [01/Sep/2026:20:15:46 -0500] "GET /wp-admin/index.php HTTP/1.1" 503 18946 "https://PASTORFISCHER.COM/wp-login.php" "Mozilla/5.0 (Macintosh; Intel Mac OS X 13_6_1) AppleWebKit/605.1.15 (KHTML, like Gecko) Version/17.2 Safari/605.1.15"
62.60.130.18 - - [01/Sep/2026:20:15:47 -0500] "GET /wp-admin/profile.php HTTP/1.1" 503 18946 "https://PASTORFISCHER.COM/wp-login.php" "Mozilla/5.0 (Macintosh; Intel Mac OS X 13_6_1) AppleWebKit/605.1.15 (KHTML, like Gecko) Version/17.2 Safari/605.1.15"
157.90.185.123 - - [01/Sep/2026:20:15:49 -0500] "POST /?wordfence_syncAttackData=1788311749.5253 HTTP/1.1" 200 - "-" "WordPress/7.1; https://pastorfischer.com"
62.60.130.18 - - [01/Sep/2026:20:15:48 -0500] "GET /wp-admin/edit.php HTTP/1.1" 503 18946 "https://PASTORFISCHER.COM/wp-login.php" "Mozilla/5.0 (Macintosh; Intel Mac OS X 13_6_1) AppleWebKit/605.1.15 (KHTML, like Gecko) Version/17.2 Safari/605.1.15"
62.60.130.18 - - [01/Sep/2026:20:15:51 -0500] "GET /wp-admin/plugins.php HTTP/1.1" 503 18946 "https://PASTORFISCHER.COM/wp-login.php" "Mozilla/5.0 (Macintosh; Intel Mac OS X 13_6_1) AppleWebKit/605.1.15 (KHTML, like Gecko) Version/17.2 Safari/605.1.15"
62.60.130.18 - - [01/Sep/2026:20:15:51 -0500] "POST /wp-login.php HTTP/1.1" 503 18033 "https://PASTORFISCHER.COM/wp-login.php" "Mozilla/5.0 (X11; Linux x86_64) AppleWebKit/537.36 (KHTML, like Gecko) Chrome/121.0.0.0 Safari/537.36"
62.60.130.18 - - [01/Sep/2026:20:15:57 -0500] "GET /wp-admin/index.php HTTP/1.1" 503 18946 "https://PASTORFISCHER.COM/wp-login.php" "Mozilla/5.0 (Windows NT 10.0; Win64; x64; rv:118.0) Gecko/20100101 Firefox/118.0"
157.90.185.123 - - [01/Sep/2026:20:15:59 -0500] "POST /?wordfence_syncAttackData=1788311759.939 HTTP/1.1" 200 - "-" "WordPress/7.1; https://pastorfischer.com"
62.60.130.18 - - [01/Sep/2026:20:15:59 -0500] "GET /wp-admin/profile.php HTTP/1.1" 503 18946 "https://PASTORFISCHER.COM/wp-login.php" "Mozilla/5.0 (Windows NT 10.0; Win64; x64; rv:118.0) Gecko/20100101 Firefox/118.0"
62.60.130.18 - - [01/Sep/2026:20:16:01 -0500] "GET /wp-admin/edit.php HTTP/1.1" 503 18946 "https://PASTORFISCHER.COM/wp-login.php" "Mozilla/5.0 (Windows NT 10.0; Win64; x64; rv:118.0) Gecko/20100101 Firefox/118.0"
50.6.207.27 - - [01/Sep/2026:20:16:03 -0500] "GET /wp-login.php HTTP/1.1" 200 6831 "-" "Mozilla/5.0 (Windows NT 10.0; Win64; x64) AppleWebKit/537.36 (KHTML, like Gecko) Chrome/151.0.0.0 Safari/537.36"
62.60.130.18 - - [01/Sep/2026:20:16:04 -0500] "GET /wp-admin/plugins.php HTTP/1.1" 503 18946 "https://PASTORFISCHER.COM/wp-login.php" "Mozilla/5.0 (Windows NT 10.0; Win64; x64; rv:118.0) Gecko/20100101 Firefox/118.0"
62.60.130.18 - - [01/Sep/2026:20:16:05 -0500] "POST /wp-login.php HTTP/1.1" 503 18033 "https://PASTORFISCHER.COM/wp-login.php" "Mozilla/5.0 (Macintosh; Intel Mac OS X 13_6_1) AppleWebKit/537.36 (KHTML, like Gecko) Chrome/121.0.0.0 Safari/537.36"
50.6.207.27 - - [01/Sep/2026:20:16:04 -0500] "POST /wp-login.php HTTP/1.1" 503 18946 "https://pastorfischer.com/wp-login.php" "Mozilla/5.0 (Windows NT 10.0; Win64; x64) AppleWebKit/537.36 (KHTML, like Gecko) Chrome/151.0.0.0 Safari/537.36"
62.60.130.18 - - [01/Sep/2026:20:16:06 -0500] "GET /wp-admin/index.php HTTP/1.1" 503 18946 "https://PASTORFISCHER.COM/wp-login.php" "Mozilla/5.0 (Windows NT 10.0; Win64; x64; rv:118.0) Gecko/20100101 Firefox/118.0"
62.60.130.18 - - [01/Sep/2026:20:16:07 -0500] "GET /wp-admin/profile.php HTTP/1.1" 503 18946 "https://PASTORFISCHER.COM/wp-login.php" "Mozilla/5.0 (Windows NT 10.0; Win64; x64; rv:118.0) Gecko/20100101 Firefox/118.0"
157.90.185.123 - - [01/Sep/2026:20:16:09 -0500] "POST /?wordfence_syncAttackData=1788311769.3117 HTTP/1.1" 200 - "-" "WordPress/7.1; https://pastorfischer.com"
62.60.130.18 - - [01/Sep/2026:20:16:08 -0500] "GET /wp-admin/edit.php HTTP/1.1" 503 18946 "https://PASTORFISCHER.COM/wp-login.php" "Mozilla/5.0 (Windows NT 10.0; Win64; x64; rv:118.0) Gecko/20100101 Firefox/118.0"
62.60.130.18 - - [01/Sep/2026:20:16:10 -0500] "GET /wp-admin/plugins.php HTTP/1.1" 503 18946 "https://PASTORFISCHER.COM/wp-login.php" "Mozilla/5.0 (Windows NT 10.0; Win64; x64; rv:118.0) Gecko/20100101 Firefox/118.0"
62.60.130.18 - - [01/Sep/2026:20:16:11 -0500] "POST /wp-login.php HTTP/1.1" 503 18033 "https://PASTORFISCHER.COM/wp-login.php" "Mozilla/5.0 (Macintosh; Intel Mac OS X 10_15_7) AppleWebKit/605.1.15 (KHTML, like Gecko) Version/17.0 Safari/605.1.15"
62.60.130.18 - - [01/Sep/2026:20:16:12 -0500] "GET /wp-admin/index.php HTTP/1.1" 503 18946 "https://PASTORFISCHER.COM/wp-login.php" "Mozilla/5.0 (Macintosh; Intel Mac OS X 13_6_1) AppleWebKit/605.1.15 (KHTML, like Gecko) Version/17.0 Safari/605.1.15"
62.60.130.18 - - [01/Sep/2026:20:16:13 -0500] "GET /wp-admin/profile.php HTTP/1.1" 503 18946 "https://PASTORFISCHER.COM/wp-login.php" "Mozilla/5.0 (Macintosh; Intel Mac OS X 13_6_1) AppleWebKit/605.1.15 (KHTML, like Gecko) Version/17.0 Safari/605.1.15"
62.60.130.18 - - [01/Sep/2026:20:16:14 -0500] "GET /wp-admin/edit.php HTTP/1.1" 503 18946 "https://PASTORFISCHER.COM/wp-login.php" "Mozilla/5.0 (Macintosh; Intel Mac OS X 13_6_1) AppleWebKit/605.1.15 (KHTML, like Gecko) Version/17.0 Safari/605.1.15"
62.60.130.18 - - [01/Sep/2026:20:16:15 -0500] "GET /wp-admin/plugins.php HTTP/1.1" 503 18946 "https://PASTORFISCHER.COM/wp-login.php" "Mozilla/5.0 (Macintosh; Intel Mac OS X 13_6_1) AppleWebKit/605.1.15 (KHTML, like Gecko) Version/17.0 Safari/605.1.15"
62.60.130.18 - - [01/Sep/2026:20:16:16 -0500] "POST /wp-login.php HTTP/1.1" 503 18033 "https://PASTORFISCHER.COM/wp-login.php" "Mozilla/5.0 (Windows NT 10.0; Win64; x64) AppleWebKit/537.36 (KHTML, like Gecko) Chrome/120.0.0.0 Safari/537.36"
62.60.130.18 - - [01/Sep/2026:20:16:17 -0500] "GET /wp-admin/index.php HTTP/1.1" 503 18946 "https://PASTORFISCHER.COM/wp-login.php" "Mozilla/5.0 (Macintosh; Intel Mac OS X 10_15_7) AppleWebKit/605.1.15 (KHTML, like Gecko) Version/17.0 Safari/605.1.15"
157.90.185.123 - - [01/Sep/2026:20:16:19 -0500] "POST /?wordfence_syncAttackData=1788311779.3959 HTTP/1.1" 200 - "-" "WordPress/7.1; https://pastorfischer.com"
62.60.130.18 - - [01/Sep/2026:20:16:18 -0500] "GET /wp-admin/profile.php HTTP/1.1" 503 18946 "https://PASTORFISCHER.COM/wp-login.php" "Mozilla/5.0 (Macintosh; Intel Mac OS X 10_15_7) AppleWebKit/605.1.15 (KHTML, like Gecko) Version/17.0 Safari/605.1.15"
62.60.130.18 - - [01/Sep/2026:20:16:22 -0500] "GET /wp-admin/edit.php HTTP/1.1" 503 18946 "https://PASTORFISCHER.COM/wp-login.php" "Mozilla/5.0 (Macintosh; Intel Mac OS X 10_15_7) AppleWebKit/605.1.15 (KHTML, like Gecko) Version/17.0 Safari/605.1.15"
62.60.130.18 - - [01/Sep/2026:20:16:23 -0500] "GET /wp-admin/plugins.php HTTP/1.1" 503 18946 "https://PASTORFISCHER.COM/wp-login.php" "Mozilla/5.0 (Macintosh; Intel Mac OS X 10_15_7) AppleWebKit/605.1.15 (KHTML, like Gecko) Version/17.0 Safari/605.1.15"
62.60.130.18 - - [01/Sep/2026:20:16:25 -0500] "POST /wp-login.php HTTP/1.1" 503 18033 "https://PASTORFISCHER.COM/wp-login.php" "Mozilla/5.0 (X11; Ubuntu; Linux x86_64) AppleWebKit/537.36 (KHTML, like Gecko) Chrome/120.0.0.0 Safari/537.36"
62.60.130.18 - - [01/Sep/2026:20:16:26 -0500] "GET /wp-admin/index.php HTTP/1.1" 503 18946 "https://PASTORFISCHER.COM/wp-login.php" "Mozilla/5.0 (Macintosh; Intel Mac OS X 10_15_7) AppleWebKit/605.1.15 (KHTML, like Gecko) Version/17.2 Safari/605.1.15"
62.60.130.18 - - [01/Sep/2026:20:16:27 -0500] "GET /wp-admin/profile.php HTTP/1.1" 503 18946 "https://PASTORFISCHER.COM/wp-login.php" "Mozilla/5.0 (Macintosh; Intel Mac OS X 10_15_7) AppleWebKit/605.1.15 (KHTML, like Gecko) Version/17.2 Safari/605.1.15"
157.90.185.123 - - [01/Sep/2026:20:16:29 -0500] "POST /?wordfence_syncAttackData=1788311789.9619 HTTP/1.1" 200 - "-" "WordPress/7.1; https://pastorfischer.com"
62.60.130.18 - - [01/Sep/2026:20:16:29 -0500] "GET /wp-admin/edit.php HTTP/1.1" 503 18946 "https://PASTORFISCHER.COM/wp-login.php" "Mozilla/5.0 (Macintosh; Intel Mac OS X 10_15_7) AppleWebKit/605.1.15 (KHTML, like Gecko) Version/17.2 Safari/605.1.15"
62.60.130.18 - - [01/Sep/2026:20:16:31 -0500] "GET /wp-admin/plugins.php HTTP/1.1" 503 18946 "https://PASTORFISCHER.COM/wp-login.php" "Mozilla/5.0 (Macintosh; Intel Mac OS X 10_15_7) AppleWebKit/605.1.15 (KHTML, like Gecko) Version/17.2 Safari/605.1.15"
62.60.130.18 - - [01/Sep/2026:20:16:32 -0500] "POST /wp-login.php HTTP/1.1" 503 18033 "https://PASTORFISCHER.COM/wp-login.php" "Mozilla/5.0 (X11; Ubuntu; Linux x86_64) AppleWebKit/537.36 (KHTML, like Gecko) Chrome/118.0.0.0 Safari/537.36"
157.90.185.123 - - [01/Sep/2026:20:16:42 -0500] "POST /?wordfence_syncAttackData=1788311802.1545 HTTP/1.1" 200 - "-" "WordPress/7.1; https://pastorfischer.com"
62.60.130.18 - - [01/Sep/2026:20:16:41 -0500] "GET /wp-admin/index.php HTTP/1.1" 503 18946 "https://PASTORFISCHER.COM/wp-login.php" "Mozilla/5.0 (Windows NT 11.0; Win64; x64) AppleWebKit/537.36 (KHTML, like Gecko) Chrome/119.0.0.0 Safari/537.36"
62.60.130.18 - - [01/Sep/2026:20:16:47 -0500] "GET /wp-admin/profile.php HTTP/1.1" 503 18946 "https://PASTORFISCHER.COM/wp-login.php" "Mozilla/5.0 (Windows NT 11.0; Win64; x64) AppleWebKit/537.36 (KHTML, like Gecko) Chrome/119.0.0.0 Safari/537.36"
62.60.130.18 - - [01/Sep/2026:20:16:49 -0500] "GET /wp-admin/edit.php HTTP/1.1" 503 18946 "https://PASTORFISCHER.COM/wp-login.php" "Mozilla/5.0 (Windows NT 11.0; Win64; x64) AppleWebKit/537.36 (KHTML, like Gecko) Chrome/119.0.0.0 Safari/537.36"
62.60.130.18 - - [01/Sep/2026:20:16:50 -0500] "GET /wp-admin/plugins.php HTTP/1.1" 503 18946 "https://PASTORFISCHER.COM/wp-login.php" "Mozilla/5.0 (Windows NT 11.0; Win64; x64) AppleWebKit/537.36 (KHTML, like Gecko) Chrome/119.0.0.0 Safari/537.36"
62.60.130.18 - - [01/Sep/2026:20:16:51 -0500] "POST /wp-login.php HTTP/1.1" 503 18033 "https://PASTORFISCHER.COM/wp-login.php" "Mozilla/5.0 (Macintosh; Intel Mac OS X 13_6_1) AppleWebKit/537.36 (KHTML, like Gecko) Chrome/119.0.0.0 Safari/537.36"
157.90.185.123 - - [01/Sep/2026:20:16:53 -0500] "POST /?wordfence_syncAttackData=1788311813.9198 HTTP/1.1" 200 - "-" "WordPress/7.1; https://pastorfischer.com"
62.60.130.18 - - [01/Sep/2026:20:16:53 -0500] "GET /wp-admin/index.php HTTP/1.1" 503 18946 "https://PASTORFISCHER.COM/wp-login.php" "Mozilla/5.0 (Windows NT 10.0; Win64; x64) AppleWebKit/537.36 (KHTML, like Gecko) Chrome/119.0.0.0 Safari/537.36"
62.60.130.18 - - [01/Sep/2026:20:16:55 -0500] "GET /wp-admin/profile.php HTTP/1.1" 503 18946 "https://PASTORFISCHER.COM/wp-login.php" "Mozilla/5.0 (Windows NT 10.0; Win64; x64) AppleWebKit/537.36 (KHTML, like Gecko) Chrome/119.0.0.0 Safari/537.36"
62.60.130.18 - - [01/Sep/2026:20:16:56 -0500] "GET /wp-admin/edit.php HTTP/1.1" 503 18946 "https://PASTORFISCHER.COM/wp-login.php" "Mozilla/5.0 (Windows NT 10.0; Win64; x64) AppleWebKit/537.36 (KHTML, like Gecko) Chrome/119.0.0.0 Safari/537.36"
201.4.69.38 - - [01/Sep/2026:20:16:57 -0500] "GET http://pastorfischer.com/PEDANGWIN?sort=newest HTTP/1.1" 301 - "-" "Mozilla/5.0 (Macintosh; Intel Mac OS X 10_15_7) AppleWebKit/537.36 (KHTML, like Gecko) Chrome/145.0.0.0 Safari/537.36"
62.60.130.18 - - [01/Sep/2026:20:16:57 -0500] "GET /wp-admin/plugins.php HTTP/1.1" 503 18946 "https://PASTORFISCHER.COM/wp-login.php" "Mozilla/5.0 (Windows NT 10.0; Win64; x64) AppleWebKit/537.36 (KHTML, like Gecko) Chrome/119.0.0.0 Safari/537.36"
62.60.130.18 - - [01/Sep/2026:20:17:00 -0500] "POST /wp-login.php HTTP/1.1" 503 18032 "https://PASTORFISCHER.COM/wp-login.php" "Mozilla/5.0 (Macintosh; Intel Mac OS X 10_15_7) AppleWebKit/605.1.15 (KHTML, like Gecko) Version/17.2 Safari/605.1.15"
62.60.130.18 - - [01/Sep/2026:20:17:02 -0500] "GET /wp-admin/index.php HTTP/1.1" 503 18946 "https://PASTORFISCHER.COM/wp-login.php" "Mozilla/5.0 (Macintosh; Intel Mac OS X 10_15_7) AppleWebKit/605.1.15 (KHTML, like Gecko) Version/16.6 Safari/605.1.15"
157.90.185.123 - - [01/Sep/2026:20:17:03 -0500] "POST /?wordfence_syncAttackData=1788311823.7076 HTTP/1.1" 200 - "-" "WordPress/7.1; https://pastorfischer.com"
62.60.130.18 - - [01/Sep/2026:20:17:03 -0500] "GET /wp-admin/profile.php HTTP/1.1" 503 18946 "https://PASTORFISCHER.COM/wp-login.php" "Mozilla/5.0 (Macintosh; Intel Mac OS X 10_15_7) AppleWebKit/605.1.15 (KHTML, like Gecko) Version/16.6 Safari/605.1.15"
62.60.130.18 - - [01/Sep/2026:20:17:04 -0500] "GET /wp-admin/edit.php HTTP/1.1" 503 18946 "https://PASTORFISCHER.COM/wp-login.php" "Mozilla/5.0 (Macintosh; Intel Mac OS X 10_15_7) AppleWebKit/605.1.15 (KHTML, like Gecko) Version/16.6 Safari/605.1.15"
62.60.130.18 - - [01/Sep/2026:20:17:06 -0500] "GET /wp-admin/plugins.php HTTP/1.1" 503 18946 "https://PASTORFISCHER.COM/wp-login.php" "Mozilla/5.0 (Macintosh; Intel Mac OS X 10_15_7) AppleWebKit/605.1.15 (KHTML, like Gecko) Version/16.6 Safari/605.1.15"
62.60.130.18 - - [01/Sep/2026:20:17:08 -0500] "POST /wp-login.php HTTP/1.1" 503 18033 "https://PASTORFISCHER.COM/wp-login.php" "Mozilla/5.0 (Macintosh; Intel Mac OS X 10_15_7) AppleWebKit/537.36 (KHTML, like Gecko) Chrome/121.0.0.0 Safari/537.36"
62.60.130.18 - - [01/Sep/2026:20:17:11 -0500] "GET /wp-admin/index.php HTTP/1.1" 503 18946 "https://PASTORFISCHER.COM/wp-login.php" "Mozilla/5.0 (Windows NT 10.0; Win64; x64; rv:118.0) Gecko/20100101 Firefox/118.0"
62.60.130.18 - - [01/Sep/2026:20:17:13 -0500] "GET /wp-admin/profile.php HTTP/1.1" 503 18946 "https://PASTORFISCHER.COM/wp-login.php" "Mozilla/5.0 (Windows NT 10.0; Win64; x64; rv:118.0) Gecko/20100101 Firefox/118.0"
157.90.185.123 - - [01/Sep/2026:20:17:13 -0500] "POST /?wordfence_syncAttackData=1788311833.9742 HTTP/1.1" 200 - "-" "WordPress/7.1; https://pastorfischer.com"
62.60.130.18 - - [01/Sep/2026:20:17:16 -0500] "GET /wp-admin/edit.php HTTP/1.1" 503 18946 "https://PASTORFISCHER.COM/wp-login.php" "Mozilla/5.0 (Windows NT 10.0; Win64; x64; rv:118.0) Gecko/20100101 Firefox/118.0"
62.60.130.18 - - [01/Sep/2026:20:17:17 -0500] "GET /wp-admin/plugins.php HTTP/1.1" 503 18946 "https://PASTORFISCHER.COM/wp-login.php" "Mozilla/5.0 (Windows NT 10.0; Win64; x64; rv:118.0) Gecko/20100101 Firefox/118.0"
62.60.130.18 - - [01/Sep/2026:20:17:18 -0500] "POST /wp-login.php HTTP/1.1" 503 18033 "https://PASTORFISCHER.COM/wp-login.php" "Mozilla/5.0 (Windows NT 11.0; Win64; x64) AppleWebKit/537.36 (KHTML, like Gecko) Chrome/118.0.0.0 Safari/537.36"
62.60.130.18 - - [01/Sep/2026:20:17:20 -0500] "GET /wp-admin/index.php HTTP/1.1" 503 18946 "https://PASTORFISCHER.COM/wp-login.php" "Mozilla/5.0 (X11; Ubuntu; Linux x86_64) AppleWebKit/537.36 (KHTML, like Gecko) Chrome/121.0.0.0 Safari/537.36"
62.60.130.18 - - [01/Sep/2026:20:17:21 -0500] "GET /wp-admin/profile.php HTTP/1.1" 503 18946 "https://PASTORFISCHER.COM/wp-login.php" "Mozilla/5.0 (X11; Ubuntu; Linux x86_64) AppleWebKit/537.36 (KHTML, like Gecko) Chrome/121.0.0.0 Safari/537.36"
157.90.185.123 - - [01/Sep/2026:20:17:24 -0500] "POST /?wordfence_syncAttackData=1788311844.0993 HTTP/1.1" 200 - "-" "WordPress/7.1; https://pastorfischer.com"
62.60.130.18 - - [01/Sep/2026:20:17:23 -0500] "GET /wp-admin/edit.php HTTP/1.1" 503 18946 "https://PASTORFISCHER.COM/wp-login.php" "Mozilla/5.0 (X11; Ubuntu; Linux x86_64) AppleWebKit/537.36 (KHTML, like Gecko) Chrome/121.0.0.0 Safari/537.36"
62.60.130.18 - - [01/Sep/2026:20:17:25 -0500] "GET /wp-admin/plugins.php HTTP/1.1" 503 18946 "https://PASTORFISCHER.COM/wp-login.php" "Mozilla/5.0 (X11; Ubuntu; Linux x86_64) AppleWebKit/537.36 (KHTML, like Gecko) Chrome/121.0.0.0 Safari/537.36"
62.60.130.18 - - [01/Sep/2026:20:17:28 -0500] "POST /wp-login.php HTTP/1.1" 503 18033 "https://PASTORFISCHER.COM/wp-login.php" "Mozilla/5.0 (Macintosh; Intel Mac OS X 13_6_1) AppleWebKit/537.36 (KHTML, like Gecko) Chrome/119.0.0.0 Safari/537.36"
62.60.130.18 - - [01/Sep/2026:20:17:29 -0500] "GET /wp-admin/index.php HTTP/1.1" 503 18946 "https://PASTORFISCHER.COM/wp-login.php" "Mozilla/5.0 (Macintosh; Intel Mac OS X 13_6_1) AppleWebKit/537.36 (KHTML, like Gecko) Chrome/119.0.0.0 Safari/537.36"
62.60.130.18 - - [01/Sep/2026:20:17:30 -0500] "GET /wp-admin/profile.php HTTP/1.1" 503 18946 "https://PASTORFISCHER.COM/wp-login.php" "Mozilla/5.0 (Macintosh; Intel Mac OS X 13_6_1) AppleWebKit/537.36 (KHTML, like Gecko) Chrome/119.0.0.0 Safari/537.36"
62.60.130.18 - - [01/Sep/2026:20:17:32 -0500] "GET /wp-admin/edit.php HTTP/1.1" 503 18946 "https://PASTORFISCHER.COM/wp-login.php" "Mozilla/5.0 (Macintosh; Intel Mac OS X 13_6_1) AppleWebKit/537.36 (KHTML, like Gecko) Chrome/119.0.0.0 Safari/537.36"
157.90.185.123 - - [01/Sep/2026:20:17:34 -0500] "POST /?wordfence_syncAttackData=1788311854.5871 HTTP/1.1" 200 - "-" "WordPress/7.1; https://pastorfischer.com"
62.60.130.18 - - [01/Sep/2026:20:17:33 -0500] "GET /wp-admin/plugins.php HTTP/1.1" 503 18946 "https://PASTORFISCHER.COM/wp-login.php" "Mozilla/5.0 (Macintosh; Intel Mac OS X 13_6_1) AppleWebKit/537.36 (KHTML, like Gecko) Chrome/119.0.0.0 Safari/537.36"
62.60.130.18 - - [01/Sep/2026:20:17:36 -0500] "POST /wp-login.php HTTP/1.1" 503 18033 "https://PASTORFISCHER.COM/wp-login.php" "Mozilla/5.0 (Macintosh; Intel Mac OS X 10_15_7; rv:120.0) Gecko/20100101 Firefox/120.0"
72.27.63.4 - - [01/Sep/2026:20:17:37 -0500] "GET /wp-content/uploads/2024/05/film_bild6.jpeg HTTP/1.1" 200 192113 "-" "Mozilla/5.0 (Macintosh; Intel Mac OS X 10_15_7) AppleWebKit/537.36 (KHTML, like Gecko) Chrome/146.0.0.0 Safari/537.36"
62.60.130.18 - - [01/Sep/2026:20:17:37 -0500] "GET /wp-admin/index.php HTTP/1.1" 503 18946 "https://PASTORFISCHER.COM/wp-login.php" "Mozilla/5.0 (Macintosh; Intel Mac OS X 13_6_1) AppleWebKit/605.1.15 (KHTML, like Gecko) Version/16.6 Safari/605.1.15"
62.60.130.18 - - [01/Sep/2026:20:17:38 -0500] "GET /wp-admin/profile.php HTTP/1.1" 503 18946 "https://PASTORFISCHER.COM/wp-login.php" "Mozilla/5.0 (Macintosh; Intel Mac OS X 13_6_1) AppleWebKit/605.1.15 (KHTML, like Gecko) Version/16.6 Safari/605.1.15"
62.60.130.18 - - [01/Sep/2026:20:17:42 -0500] "GET /wp-admin/edit.php HTTP/1.1" 503 18946 "https://PASTORFISCHER.COM/wp-login.php" "Mozilla/5.0 (Macintosh; Intel Mac OS X 13_6_1) AppleWebKit/605.1.15 (KHTML, like Gecko) Version/16.6 Safari/605.1.15"
39.32.129.103 - - [01/Sep/2026:20:17:42 -0500] "GET http://pastorfischer.com/contact HTTP/1.1" 301 - "-" "Mozilla/5.0 (Macintosh; Intel Mac OS X 10_15_7) AppleWebKit/537.36 (KHTML, like Gecko) Chrome/124.0.0.0 Safari/537.36"
116.90.101.220 - - [01/Sep/2026:20:17:42 -0500] "GET http://pastorfischer.com/intellectual-property-policy HTTP/1.1" 301 - "-" "Mozilla/5.0 (Macintosh; Intel Mac OS X 10_15_7) AppleWebKit/537.36 (KHTML, like Gecko) Chrome/145.0.0.0 Safari/537.36"
157.90.185.123 - - [01/Sep/2026:20:17:44 -0500] "POST /?wordfence_syncAttackData=1788311864.3539 HTTP/1.1" 200 - "-" "WordPress/7.1; https://pastorfischer.com"
62.60.130.18 - - [01/Sep/2026:20:17:43 -0500] "GET /wp-admin/plugins.php HTTP/1.1" 503 18946 "https://PASTORFISCHER.COM/wp-login.php" "Mozilla/5.0 (Macintosh; Intel Mac OS X 13_6_1) AppleWebKit/605.1.15 (KHTML, like Gecko) Version/16.6 Safari/605.1.15"
62.60.130.18 - - [01/Sep/2026:20:17:46 -0500] "POST /wp-login.php HTTP/1.1" 503 18033 "https://PASTORFISCHER.COM/wp-login.php" "Mozilla/5.0 (Macintosh; Intel Mac OS X 13_6_1) AppleWebKit/537.36 (KHTML, like Gecko) Chrome/118.0.0.0 Safari/537.36"
62.60.130.18 - - [01/Sep/2026:20:17:49 -0500] "GET /wp-admin/index.php HTTP/1.1" 503 18946 "https://PASTORFISCHER.COM/wp-login.php" "Mozilla/5.0 (Macintosh; Intel Mac OS X 13_6_1; rv:121.0) Gecko/20100101 Firefox/121.0"
62.60.130.18 - - [01/Sep/2026:20:17:51 -0500] "GET /wp-admin/profile.php HTTP/1.1" 503 18946 "https://PASTORFISCHER.COM/wp-login.php" "Mozilla/5.0 (Macintosh; Intel Mac OS X 13_6_1; rv:121.0) Gecko/20100101 Firefox/121.0"
157.90.185.123 - - [01/Sep/2026:20:17:54 -0500] "POST /?wordfence_syncAttackData=1788311874.042 HTTP/1.1" 200 - "-" "WordPress/7.1; https://pastorfischer.com"
62.60.130.18 - - [01/Sep/2026:20:17:53 -0500] "GET /wp-admin/edit.php HTTP/1.1" 503 18946 "https://PASTORFISCHER.COM/wp-login.php" "Mozilla/5.0 (Macintosh; Intel Mac OS X 13_6_1; rv:121.0) Gecko/20100101 Firefox/121.0"
62.60.130.18 - - [01/Sep/2026:20:17:55 -0500] "GET /wp-admin/plugins.php HTTP/1.1" 503 18946 "https://PASTORFISCHER.COM/wp-login.php" "Mozilla/5.0 (Macintosh; Intel Mac OS X 13_6_1; rv:121.0) Gecko/20100101 Firefox/121.0"
62.60.130.18 - - [01/Sep/2026:20:17:56 -0500] "POST /wp-login.php HTTP/1.1" 503 18033 "https://PASTORFISCHER.COM/wp-login.php" "Mozilla/5.0 (Macintosh; Intel Mac OS X 10_15_7; rv:119.0) Gecko/20100101 Firefox/119.0"
62.60.130.18 - - [01/Sep/2026:20:17:57 -0500] "GET /wp-admin/index.php HTTP/1.1" 503 18946 "https://PASTORFISCHER.COM/wp-login.php" "Mozilla/5.0 (Macintosh; Intel Mac OS X 13_6_1) AppleWebKit/605.1.15 (KHTML, like Gecko) Version/17.1 Safari/605.1.15"
62.60.130.18 - - [01/Sep/2026:20:17:59 -0500] "GET /wp-admin/profile.php HTTP/1.1" 503 18946 "https://PASTORFISCHER.COM/wp-login.php" "Mozilla/5.0 (Macintosh; Intel Mac OS X 13_6_1) AppleWebKit/605.1.15 (KHTML, like Gecko) Version/17.1 Safari/605.1.15"
62.60.130.18 - - [01/Sep/2026:20:18:00 -0500] "GET /wp-admin/edit.php HTTP/1.1" 503 18946 "https://PASTORFISCHER.COM/wp-login.php" "Mozilla/5.0 (Macintosh; Intel Mac OS X 13_6_1) AppleWebKit/605.1.15 (KHTML, like Gecko) Version/17.1 Safari/605.1.15"
62.60.130.18 - - [01/Sep/2026:20:18:02 -0500] "GET /wp-admin/plugins.php HTTP/1.1" 503 18946 "https://PASTORFISCHER.COM/wp-login.php" "Mozilla/5.0 (Macintosh; Intel Mac OS X 13_6_1) AppleWebKit/605.1.15 (KHTML, like Gecko) Version/17.1 Safari/605.1.15"
62.60.130.18 - - [01/Sep/2026:20:18:03 -0500] "POST /wp-login.php HTTP/1.1" 503 18033 "https://PASTORFISCHER.COM/wp-login.php" "Mozilla/5.0 (Macintosh; Intel Mac OS X 10_15_7) AppleWebKit/605.1.15 (KHTML, like Gecko) Version/16.6 Safari/605.1.15"
157.90.185.123 - - [01/Sep/2026:20:18:06 -0500] "POST /?wordfence_syncAttackData=1788311885.9771 HTTP/1.1" 200 - "-" "WordPress/7.1; https://pastorfischer.com"
62.60.130.18 - - [01/Sep/2026:20:18:05 -0500] "GET /wp-admin/index.php HTTP/1.1" 503 18946 "https://PASTORFISCHER.COM/wp-login.php" "Mozilla/5.0 (Macintosh; Intel Mac OS X 13_6_1) AppleWebKit/537.36 (KHTML, like Gecko) Chrome/121.0.0.0 Safari/537.36"
62.60.130.18 - - [01/Sep/2026:20:18:08 -0500] "GET /wp-admin/profile.php HTTP/1.1" 503 18946 "https://PASTORFISCHER.COM/wp-login.php" "Mozilla/5.0 (Macintosh; Intel Mac OS X 13_6_1) AppleWebKit/537.36 (KHTML, like Gecko) Chrome/121.0.0.0 Safari/537.36"
62.60.130.18 - - [01/Sep/2026:20:18:09 -0500] "GET /wp-admin/edit.php HTTP/1.1" 503 18946 "https://PASTORFISCHER.COM/wp-login.php" "Mozilla/5.0 (Macintosh; Intel Mac OS X 13_6_1) AppleWebKit/537.36 (KHTML, like Gecko) Chrome/121.0.0.0 Safari/537.36"
62.60.130.18 - - [01/Sep/2026:20:18:11 -0500] "GET /wp-admin/plugins.php HTTP/1.1" 503 18946 "https://PASTORFISCHER.COM/wp-login.php" "Mozilla/5.0 (Macintosh; Intel Mac OS X 13_6_1) AppleWebKit/537.36 (KHTML, like Gecko) Chrome/121.0.0.0 Safari/537.36"
62.60.130.18 - - [01/Sep/2026:20:18:13 -0500] "POST /wp-login.php HTTP/1.1" 503 18033 "https://PASTORFISCHER.COM/wp-login.php" "Mozilla/5.0 (X11; Linux x86_64) AppleWebKit/537.36 (KHTML, like Gecko) Chrome/121.0.0.0 Safari/537.36"
157.90.185.123 - - [01/Sep/2026:20:18:16 -0500] "POST /?wordfence_syncAttackData=1788311896.3409 HTTP/1.1" 200 - "-" "WordPress/7.1; https://pastorfischer.com"
62.60.130.18 - - [01/Sep/2026:20:18:15 -0500] "GET /wp-admin/index.php HTTP/1.1" 503 18946 "https://PASTORFISCHER.COM/wp-login.php" "Mozilla/5.0 (Macintosh; Intel Mac OS X 10_15_7) AppleWebKit/537.36 (KHTML, like Gecko) Chrome/118.0.0.0 Safari/537.36"
62.60.130.18 - - [01/Sep/2026:20:18:19 -0500] "GET /wp-admin/profile.php HTTP/1.1" 503 18946 "https://PASTORFISCHER.COM/wp-login.php" "Mozilla/5.0 (Macintosh; Intel Mac OS X 10_15_7) AppleWebKit/537.36 (KHTML, like Gecko) Chrome/118.0.0.0 Safari/537.36"
62.60.130.18 - - [01/Sep/2026:20:18:21 -0500] "GET /wp-admin/edit.php HTTP/1.1" 503 18946 "https://PASTORFISCHER.COM/wp-login.php" "Mozilla/5.0 (Macintosh; Intel Mac OS X 10_15_7) AppleWebKit/537.36 (KHTML, like Gecko) Chrome/118.0.0.0 Safari/537.36"
62.60.130.18 - - [01/Sep/2026:20:18:22 -0500] "GET /wp-admin/plugins.php HTTP/1.1" 503 18946 "https://PASTORFISCHER.COM/wp-login.php" "Mozilla/5.0 (Macintosh; Intel Mac OS X 10_15_7) AppleWebKit/537.36 (KHTML, like Gecko) Chrome/118.0.0.0 Safari/537.36"
62.60.130.18 - - [01/Sep/2026:20:18:24 -0500] "POST /wp-login.php HTTP/1.1" 503 18033 "https://PASTORFISCHER.COM/wp-login.php" "Mozilla/5.0 (Macintosh; Intel Mac OS X 10_15_7; rv:118.0) Gecko/20100101 Firefox/118.0"
157.90.185.123 - - [01/Sep/2026:20:18:27 -0500] "POST /?wordfence_syncAttackData=1788311907.6555 HTTP/1.1" 200 - "-" "WordPress/7.1; https://pastorfischer.com"
62.60.130.18 - - [01/Sep/2026:20:18:26 -0500] "GET /wp-admin/index.php HTTP/1.1" 503 18946 "https://PASTORFISCHER.COM/wp-login.php" "Mozilla/5.0 (Macintosh; Intel Mac OS X 13_6_1; rv:118.0) Gecko/20100101 Firefox/118.0"
62.60.130.18 - - [01/Sep/2026:20:18:28 -0500] "GET /wp-admin/profile.php HTTP/1.1" 503 18946 "https://PASTORFISCHER.COM/wp-login.php" "Mozilla/5.0 (Macintosh; Intel Mac OS X 13_6_1; rv:118.0) Gecko/20100101 Firefox/118.0"
