43.173.175.80 - - [01/Sep/2026:06:12:54 -0500] "GET /wp-content/plugins/brizy/public/editor-build/prod/editor/icons/glyph/plane-17.svg HTTP/1.1" 200 819 "http://pastorfischer.com/about-me/" "Mozilla/5.0 (Windows NT 10.0; Win64; x64) AppleWebKit/537.36 (KHTML, like Gecko) Chrome/112.0.0.0 Safari/537.36"
43.172.197.58 - - [01/Sep/2026:06:12:54 -0500] "GET /wp-content/plugins/brizy/public/editor-build/prod/editor/icons/outline/spaceship.svg HTTP/1.1" 200 1091 "http://pastorfischer.com/about-me/" "Mozilla/5.0 (Windows NT 10.0; Win64; x64) AppleWebKit/537.36 (KHTML, like Gecko) Chrome/112.0.0.0 Safari/537.36"
43.172.198.17 - - [01/Sep/2026:06:12:54 -0500] "GET /wp-content/plugins/brizy/public/editor-build/prod/editor/icons/glyph/boat-front.svg HTTP/1.1" 200 877 "http://pastorfischer.com/about-me/" "Mozilla/5.0 (Windows NT 10.0; Win64; x64) AppleWebKit/537.36 (KHTML, like Gecko) Chrome/112.0.0.0 Safari/537.36"
43.172.194.188 - - [01/Sep/2026:06:12:54 -0500] "GET /wp-content/plugins/brizy/public/editor-build/prod/editor/icons/fa/cross.svg HTTP/1.1" 200 330 "http://pastorfischer.com/about-me/" "Mozilla/5.0 (Windows NT 10.0; Win64; x64) AppleWebKit/537.36 (KHTML, like Gecko) Chrome/112.0.0.0 Safari/537.36"
43.173.181.11 - - [01/Sep/2026:06:12:54 -0500] "GET /wp-content/plugins/brizy/public/editor-build/prod/editor/icons/outline/book-open.svg HTTP/1.1" 200 518 "http://pastorfischer.com/about-me/" "Mozilla/5.0 (Windows NT 10.0; Win64; x64) AppleWebKit/537.36 (KHTML, like Gecko) Chrome/112.0.0.0 Safari/537.36"
43.173.181.254 - - [01/Sep/2026:06:12:54 -0500] "GET /wp-content/plugins/brizy/public/editor-build/prod/editor/icons/outline/plant-ground.svg HTTP/1.1" 200 602 "http://pastorfischer.com/about-me/" "Mozilla/5.0 (Windows NT 10.0; Win64; x64) AppleWebKit/537.36 (KHTML, like Gecko) Chrome/112.0.0.0 Safari/537.36"
43.172.194.58 - - [01/Sep/2026:06:12:54 -0500] "GET /wp-content/plugins/brizy/public/editor-build/prod/editor/icons/glyph/logo-twitter.svg HTTP/1.1" 200 548 "http://pastorfischer.com/about-me/" "Mozilla/5.0 (Windows NT 10.0; Win64; x64) AppleWebKit/537.36 (KHTML, like Gecko) Chrome/112.0.0.0 Safari/537.36"
43.173.174.99 - - [01/Sep/2026:06:12:54 -0500] "GET /wp-content/plugins/brizy/public/editor-build/prod/editor/icons/glyph/logo-linkedin.svg HTTP/1.1" 200 470 "http://pastorfischer.com/about-me/" "Mozilla/5.0 (Windows NT 10.0; Win64; x64) AppleWebKit/537.36 (KHTML, like Gecko) Chrome/112.0.0.0 Safari/537.36"
43.173.178.103 - - [01/Sep/2026:06:12:55 -0500] "GET /wp-content/plugins/brizy/public/editor-build/prod/editor/icons/glyph/logo-facebook.svg HTTP/1.1" 200 375 "http://pastorfischer.com/about-me/" "Mozilla/5.0 (Windows NT 10.0; Win64; x64) AppleWebKit/537.36 (KHTML, like Gecko) Chrome/112.0.0.0 Safari/537.36"
43.172.194.196 - - [01/Sep/2026:06:12:55 -0500] "GET /wp-content/plugins/brizy/public/editor-build/prod/editor/icons/glyph/ring.svg HTTP/1.1" 200 312 "http://pastorfischer.com/about-me/" "Mozilla/5.0 (Windows NT 10.0; Win64; x64) AppleWebKit/537.36 (KHTML, like Gecko) Chrome/112.0.0.0 Safari/537.36"
206.189.205.214 - - [01/Sep/2026:06:16:24 -0500] "GET /wp-content/uploads/brizy/imgs/film_bild3-292x219x0x0x292x219x1716091943.jpg%201x,%20https://pastorfischer.com/wp-content/uploads/brizy/imgs/film_bild3-584x438x0x0x584x438x1716091943.jpg%202x HTTP/1.1" 301 - "https://pastorfischer.com/" "Mozilla/5.0 (Windows NT 10.0; Win64; x64) AppleWebKit/537.36 (KHTML, like Gecko) Chrome/105.0.0.0 Safari/537.3"
206.189.205.214 - - [01/Sep/2026:06:16:26 -0500] "GET /wp-content/uploads/brizy/imgs/film_bild3-292x219x0x0x292x219x1716091943.jpg%201x,%20https:/pastorfischer.com/wp-content/uploads/brizy/imgs/film_bild3-584x438x0x0x584x438x1716091943.jpg%202x HTTP/1.1" 404 72328 "https://pastorfischer.com/" "Mozilla/5.0 (Windows NT 10.0; Win64; x64) AppleWebKit/537.36 (KHTML, like Gecko) Chrome/105.0.0.0 Safari/537.3"
154.240.60.101 - - [01/Sep/2026:06:16:29 -0500] "GET /wp-content/uploads/brizy/imgs/film_bild3-292x219x0x0x292x219x1716091943.jpg%201x,%20https://pastorfischer.com/wp-content/uploads/brizy/imgs/film_bild3-584x438x0x0x584x438x1716091943.jpg%202x HTTP/1.1" 301 - "https://pastorfischer.com/" "Mozilla/5.0 (Windows NT 10.0; Win64; x64) AppleWebKit/537.36 (KHTML, like Gecko) Chrome/105.0.0.0 Safari/537.3"
190.68.179.10 - - [01/Sep/2026:06:16:33 -0500] "GET /wp-content/uploads/brizy/imgs/film_bild3-292x219x0x0x292x219x1716091943.jpg%201x,%20https:/pastorfischer.com/wp-content/uploads/brizy/imgs/film_bild3-584x438x0x0x584x438x1716091943.jpg%202x HTTP/1.1" 404 72328 "https://pastorfischer.com/" "Mozilla/5.0 (Windows NT 10.0; Win64; x64) AppleWebKit/537.36 (KHTML, like Gecko) Chrome/105.0.0.0 Safari/537.3"
181.115.166.107 - - [01/Sep/2026:06:16:53 -0500] "GET / HTTP/1.1" 200 440763 "-" "Mozilla/5.0 (Macintosh; Intel Mac OS X 15.2; rv:134.0) Gecko/20100101 Firefox/134.0"
209.141.33.142 - - [01/Sep/2026:06:21:20 -0500] "GET /wp-login.php HTTP/1.1" 200 6811 "-" "Mozilla/5.0 (Windows NT 6.2; WOW64) AppleWebKit/537.36 (KHTML, like Gecko) Chrome/36.0.1985.125 Safari/537.36"
209.141.33.142 - - [01/Sep/2026:06:21:58 -0500] "POST /wp-login.php HTTP/1.1" 503 18947 "-" "Mozilla/5.0 (Windows NT 6.2; WOW64) AppleWebKit/537.36 (KHTML, like Gecko) Chrome/36.0.1985.125 Safari/537.36"
209.141.33.142 - - [01/Sep/2026:06:22:01 -0500] "GET /wp-admin/themes.php HTTP/1.1" 503 18947 "-" "python-requests/2.34.2"
209.141.33.142 - - [01/Sep/2026:06:22:02 -0500] "GET /wp-admin/plugin-install.php?tab=upload HTTP/1.1" 503 18947 "-" "python-requests/2.34.2"
157.90.185.123 - - [01/Sep/2026:06:23:06 -0500] "POST /?wordfence_syncAttackData=1788261786.463 HTTP/1.1" 200 - "-" "WordPress/7.1; https://pastorfischer.com"
134.185.85.61 - - [01/Sep/2026:06:23:05 -0500] "GET /wp-content/plugins/pods/readme.txt HTTP/1.1" 404 72328 "-" "Mozilla/5.0 (Windows NT 10.0; Win64; x64; rv:126.0) Gecko/20100101 Firefox/126.0"
134.185.85.61 - - [01/Sep/2026:06:23:09 -0500] "GET /wp-content/plugins/pods/init.php HTTP/1.1" 404 72328 "-" "Mozilla/5.0 (Windows NT 10.0; Win64; x64; rv:126.0) Gecko/20100101 Firefox/126.0"
134.185.85.61 - - [01/Sep/2026:06:23:12 -0500] "GET /wp-content/plugins/pods/readme.txt HTTP/1.1" 404 72264 "-" "Mozilla/5.0 (Windows NT 10.0; Win64; x64; rv:126.0) Gecko/20100101 Firefox/126.0"
134.185.85.61 - - [01/Sep/2026:06:23:15 -0500] "GET /wp-content/plugins/pods/init.php HTTP/1.1" 404 72264 "-" "Mozilla/5.0 (Windows NT 10.0; Win64; x64; rv:126.0) Gecko/20100101 Firefox/126.0"
157.90.185.123 - - [01/Sep/2026:06:23:35 -0500] "POST /?wordfence_syncAttackData=1788261815.0059 HTTP/1.1" 200 - "-" "WordPress/7.1; http://pastorfischer.com"
41.198.155.215 - - [01/Sep/2026:06:23:34 -0500] "GET /newest-designers HTTP/1.1" 404 72264 "-" "Mozilla/5.0 (Macintosh; Intel Mac OS X 12.5; rv:131.0) Gecko/20100101 Firefox/131.0"
172.226.191.140 - - [01/Sep/2026:06:24:45 -0500] "GET /.well-known/passkey-endpoints HTTP/1.1" 404 72328 "-" "com.apple.AuthenticationServicesCore.AuthenticationServicesAgent/8624.5.1.10.3 CFNetwork/3860.700.1 Darwin/25.6.0"
51.75.236.157 - - [01/Sep/2026:06:25:14 -0500] "GET /my-own-prison/ HTTP/1.1" 200 83141 "-" "Mozilla/5.0 (compatible; AhrefsBot/7.0; +http://ahrefs.com/robot/)"
51.8.102.179 - - [01/Sep/2026:06:26:07 -0500] "GET /robots.txt HTTP/1.1" 200 118 "-" "Mozilla/5.0 (Macintosh; Intel Mac OS X 10_15_7) AppleWebKit/537.36 (KHTML, like Gecko) Chrome/131.0.0.0 Safari/537.36; compatible; OAI-SearchBot/1.0; +https://openai.com/searchbot"
95.7.247.250 - - [01/Sep/2026:06:30:15 -0500] "GET /stores/creators-to-watch HTTP/1.1" 404 72264 "-" "Mozilla/5.0 (Macintosh; Intel Mac OS X 15.4; rv:127.0) Gecko/20100101 Firefox/127.0"
51.75.236.147 - - [01/Sep/2026:06:30:25 -0500] "GET /what-is-the-purpose-of-life/ HTTP/1.1" 200 81958 "-" "Mozilla/5.0 (compatible; AhrefsBot/7.0; +http://ahrefs.com/robot/)"
209.141.48.118 - - [01/Sep/2026:06:31:53 -0500] "GET /wp-login.php HTTP/1.1" 200 6811 "-" "Mozilla/5.0 (X11; Ubuntu; Linux x86_64; rv:31.0) Gecko/20100101 Firefox/31.0"
209.141.48.118 - - [01/Sep/2026:06:31:55 -0500] "POST /wp-login.php HTTP/1.1" 503 18947 "-" "Mozilla/5.0 (X11; Ubuntu; Linux x86_64; rv:31.0) Gecko/20100101 Firefox/31.0"
209.141.48.118 - - [01/Sep/2026:06:31:58 -0500] "GET /wp-admin/themes.php HTTP/1.1" 503 18947 "-" "python-requests/2.34.2"
209.141.48.118 - - [01/Sep/2026:06:31:59 -0500] "GET /wp-admin/plugin-install.php?tab=upload HTTP/1.1" 503 18947 "-" "python-requests/2.34.2"
198.244.226.3 - - [01/Sep/2026:06:33:40 -0500] "GET /short-films/ HTTP/1.1" 200 495755 "-" "Mozilla/5.0 (compatible; AhrefsBot/7.0; +http://ahrefs.com/robot/)"
54.38.147.173 - - [01/Sep/2026:06:35:10 -0500] "GET /wp-content/plugins/brizy/public/editor-build/prod/editor/js/group-1_3.min.js?ver=375-wp HTTP/1.1" 200 202576 "-" "Mozilla/5.0 (compatible; AhrefsBot/7.0; +http://ahrefs.com/robot/)"
54.38.147.97 - - [01/Sep/2026:06:35:12 -0500] "GET /wp-content/plugins/brizy/public/editor-build/prod/editor/css/imagegallery.min.css?ver=375-wp HTTP/1.1" 200 3537 "-" "Mozilla/5.0 (compatible; AhrefsBot/7.0; +http://ahrefs.com/robot/)"
51.195.244.92 - - [01/Sep/2026:06:35:12 -0500] "GET /wp-content/plugins/brizy/public/editor-build/prod/editor/css/group-1_3.min.css?ver=375-wp HTTP/1.1" 200 97965 "-" "Mozilla/5.0 (compatible; AhrefsBot/7.0; +http://ahrefs.com/robot/)"
5.39.1.229 - - [01/Sep/2026:06:36:15 -0500] "GET /my-dog/ HTTP/1.1" 200 362657 "-" "Mozilla/5.0 (compatible; AhrefsBot/7.0; +http://ahrefs.com/robot/)"
188.166.68.82 - - [01/Sep/2026:06:36:53 -0500] "GET / HTTP/1.1" 200 440911 "-" "Mozilla/5.0 (Windows NT 10.0; Win64; x64) AppleWebKit/537.36 (KHTML, like Gecko) Chrome/145.0.0.0 Safari/537.36"
146.174.166.177 - - [01/Sep/2026:06:36:52 -0500] "GET /throw-pillows HTTP/1.1" 404 72264 "-" "Mozilla/5.0 (Macintosh; Intel Mac OS X 15.1; rv:133.0) Gecko/20100101 Firefox/133.0"
34.122.215.39 - - [01/Sep/2026:06:37:18 -0500] "GET /robots.txt HTTP/1.1" 200 118 "-" "Mozilla/5.0 AppleWebKit/537.36 (KHTML, like Gecko; compatible; SleepBot/1.0; +http://sleepbot.com/) Chrome/131.0.0.0 Safari/537.36"
51.195.215.71 - - [01/Sep/2026:06:38:19 -0500] "GET /my-dog/ HTTP/1.1" 200 362502 "-" "Mozilla/5.0 (compatible; AhrefsBot/7.0; +http://ahrefs.com/robot/)"
209.141.37.195 - - [01/Sep/2026:06:40:13 -0500] "GET /wp-login.php HTTP/1.1" 200 6811 "-" "Mozilla/5.0 (Macintosh; Intel Mac OS X 10_6_8) AppleWebKit/534.59.10 (KHTML, like Gecko) Version/5.1.9 Safari/534.59.10"
209.141.37.195 - - [01/Sep/2026:06:40:15 -0500] "POST /wp-login.php HTTP/1.1" 503 18947 "-" "Mozilla/5.0 (Macintosh; Intel Mac OS X 10_6_8) AppleWebKit/534.59.10 (KHTML, like Gecko) Version/5.1.9 Safari/534.59.10"
209.141.37.195 - - [01/Sep/2026:06:40:17 -0500] "GET /wp-admin/themes.php HTTP/1.1" 503 18947 "-" "python-requests/2.34.2"
209.141.37.195 - - [01/Sep/2026:06:40:19 -0500] "GET /wp-admin/plugin-install.php?tab=upload HTTP/1.1" 503 18947 "-" "python-requests/2.34.2"
39.34.172.171 - - [01/Sep/2026:06:43:33 -0500] "GET /totes HTTP/1.1" 404 72264 "-" "Mozilla/5.0 (Macintosh; Intel Mac OS X 11.7; rv:136.0) Gecko/20100101 Firefox/136.0"
67.207.83.197 - - [01/Sep/2026:06:46:41 -0500] "GET /wp-content/uploads/brizy/imgs/Pastor-Luis-Colombia-264x368x0x0x264x274x1768866171.webp HTTP/1.1" 200 6966 "https://pastorfischer.com/" "Mozilla/5.0 (Windows NT 10.0; Win64; x64) AppleWebKit/537.36 (KHTML, like Gecko) Chrome/108.0.0.0 Safari/537.36"
72.235.12.99 - - [01/Sep/2026:06:50:15 -0500] "GET /kids-hoodies HTTP/1.1" 404 72328 "-" "Mozilla/5.0 (Macintosh; Intel Mac OS X 15_2_1) AppleWebKit/537.36 (KHTML, like Gecko) Chrome/127.0.6533.120 Safari/537.36"
104.155.133.75 - - [01/Sep/2026:06:52:51 -0500] "GET /SALJU4D/fantasy HTTP/1.1" 404 72328 "-" "Mozilla/5.0 (compatible; Reflectionbot/1.0; +https://reflection.ai/bot)"
198.244.168.24 - - [01/Sep/2026:06:56:20 -0500] "GET /church-work/ HTTP/1.1" 200 490252 "-" "Mozilla/5.0 (compatible; AhrefsBot/7.0; +http://ahrefs.com/robot/)"
43.135.183.82 - - [01/Sep/2026:06:56:32 -0500] "GET / HTTP/1.1" 301 - "-" "Mozilla/5.0 (iPhone; CPU iPhone OS 13_2_3 like Mac OS X) AppleWebKit/605.1.15 (KHTML, like Gecko) Version/13.0.3 Mobile/15E148 Safari/604.1"
43.135.183.82 - - [01/Sep/2026:06:56:34 -0500] "GET / HTTP/1.1" 200 440763 "http://www.pastorfischer.com" "Mozilla/5.0 (iPhone; CPU iPhone OS 13_2_3 like Mac OS X) AppleWebKit/605.1.15 (KHTML, like Gecko) Version/13.0.3 Mobile/15E148 Safari/604.1"
85.106.113.22 - - [01/Sep/2026:06:56:55 -0500] "GET /magnets HTTP/1.1" 404 72328 "-" "Mozilla/5.0 (Macintosh; Intel Mac OS X 11_5_1) AppleWebKit/537.36 (KHTML, like Gecko) Chrome/124.0.6367.155 Safari/537.36"
176.31.139.8 - - [01/Sep/2026:06:58:58 -0500] "GET /about-me/ HTTP/1.1" 200 499817 "-" "Mozilla/5.0 (compatible; AhrefsBot/7.0; +http://ahrefs.com/robot/)"
51.195.244.78 - - [01/Sep/2026:07:00:04 -0500] "GET /wp-content/plugins/brizy/public/editor-build/prod/editor/css/group-2_3.min.css?ver=375-wp HTTP/1.1" 200 67346 "-" "Mozilla/5.0 (compatible; AhrefsBot/7.0; +http://ahrefs.com/robot/)"
54.38.147.41 - - [01/Sep/2026:07:00:05 -0500] "GET /wp-content/plugins/brizy/public/editor-build/prod/editor/js/group-2_3.min.js?ver=375-wp HTTP/1.1" 200 100034 "-" "Mozilla/5.0 (compatible; AhrefsBot/7.0; +http://ahrefs.com/robot/)"
179.43.145.34 - - [01/Sep/2026:07:02:38 -0500] "GET /wp-login.php HTTP/1.1" 200 6831 "-" "Mozilla/5.0 (Windows NT 10.0; Win64; x64) AppleWebKit/537.36 (KHTML, like Gecko) Chrome/120.0.0.0 Safari/537.36"
179.43.145.34 - - [01/Sep/2026:07:02:39 -0500] "GET /wp-login.php HTTP/1.1" 200 6831 "-" "Mozilla/5.0 (Windows NT 10.0; Win64; x64) AppleWebKit/537.36 (KHTML, like Gecko) Chrome/120.0.0.0 Safari/537.36"
179.43.145.34 - - [01/Sep/2026:07:02:40 -0500] "POST /wp-login.php HTTP/1.1" 503 18948 "https://pastorfischer.com/wp-login.php" "Mozilla/5.0 (X11; Linux x86_64) AppleWebKit/537.36 (KHTML, like Gecko) Chrome/120.0.0.0 Safari/537.36"
179.43.145.34 - - [01/Sep/2026:07:02:42 -0500] "POST /wp-login.php HTTP/1.1" 503 18035 "https://pastorfischer.com/wp-login.php" "Mozilla/5.0 (X11; Linux x86_64) AppleWebKit/537.36 (KHTML, like Gecko) Chrome/120.0.0.0 Safari/537.36"
179.43.145.34 - - [01/Sep/2026:07:02:43 -0500] "POST /wp-login.php HTTP/1.1" 503 18035 "https://pastorfischer.com/wp-login.php" "Mozilla/5.0 (X11; Linux x86_64) AppleWebKit/537.36 (KHTML, like Gecko) Chrome/120.0.0.0 Safari/537.36"
179.43.145.34 - - [01/Sep/2026:07:02:43 -0500] "GET /wp-login.php HTTP/1.1" 503 18035 "-" "Mozilla/5.0 (Windows NT 10.0; Win64; x64; rv:121.0) Gecko/20100101 Firefox/121.0"
179.43.145.34 - - [01/Sep/2026:07:02:44 -0500] "POST /wp-login.php HTTP/1.1" 503 18035 "https://pastorfischer.com/wp-login.php" "Mozilla/5.0 (Windows NT 10.0; Win64; x64) AppleWebKit/537.36 (KHTML, like Gecko) Chrome/120.0.0.0 Safari/537.36"
179.43.145.34 - - [01/Sep/2026:07:02:45 -0500] "POST /wp-login.php HTTP/1.1" 503 18035 "https://pastorfischer.com/wp-login.php" "Mozilla/5.0 (Windows NT 10.0; Win64; x64) AppleWebKit/537.36 (KHTML, like Gecko) Chrome/120.0.0.0 Safari/537.36"
179.43.145.34 - - [01/Sep/2026:07:02:46 -0500] "POST /wp-login.php HTTP/1.1" 503 18035 "https://pastorfischer.com/wp-login.php" "Mozilla/5.0 (Windows NT 10.0; Win64; x64) AppleWebKit/537.36 (KHTML, like Gecko) Chrome/120.0.0.0 Safari/537.36"
179.43.145.34 - - [01/Sep/2026:07:02:47 -0500] "GET /wp-login.php HTTP/1.1" 503 18035 "-" "Mozilla/5.0 (Windows NT 11.0; Win64; x64) AppleWebKit/537.36 (KHTML, like Gecko) Chrome/121.0.0.0 Safari/537.36"
179.43.145.34 - - [01/Sep/2026:07:02:47 -0500] "POST /wp-login.php HTTP/1.1" 503 18035 "https://pastorfischer.com/wp-login.php" "Mozilla/5.0 (Windows NT 11.0; Win64; x64) AppleWebKit/537.36 (KHTML, like Gecko) Chrome/121.0.0.0 Safari/537.36"
179.43.145.34 - - [01/Sep/2026:07:02:48 -0500] "POST /wp-login.php HTTP/1.1" 503 18035 "https://pastorfischer.com/wp-login.php" "Mozilla/5.0 (Windows NT 11.0; Win64; x64) AppleWebKit/537.36 (KHTML, like Gecko) Chrome/121.0.0.0 Safari/537.36"
179.43.145.34 - - [01/Sep/2026:07:02:49 -0500] "POST /wp-login.php HTTP/1.1" 503 18035 "https://pastorfischer.com/wp-login.php" "Mozilla/5.0 (Windows NT 11.0; Win64; x64) AppleWebKit/537.36 (KHTML, like Gecko) Chrome/121.0.0.0 Safari/537.36"
179.43.145.34 - - [01/Sep/2026:07:02:50 -0500] "GET /wp-login.php HTTP/1.1" 503 18035 "-" "Mozilla/5.0 (Macintosh; Intel Mac OS X 10_15_7) AppleWebKit/537.36 (KHTML, like Gecko) Chrome/120.0.0.0 Safari/537.36"
179.43.145.34 - - [01/Sep/2026:07:02:50 -0500] "POST /wp-login.php HTTP/1.1" 503 18035 "https://pastorfischer.com/wp-login.php" "Mozilla/5.0 (Windows NT 10.0; Win64; x64; rv:121.0) Gecko/20100101 Firefox/121.0"
179.43.145.34 - - [01/Sep/2026:07:02:51 -0500] "POST /wp-login.php HTTP/1.1" 503 18035 "https://pastorfischer.com/wp-login.php" "Mozilla/5.0 (Windows NT 10.0; Win64; x64; rv:121.0) Gecko/20100101 Firefox/121.0"
179.43.145.34 - - [01/Sep/2026:07:02:52 -0500] "POST /wp-login.php HTTP/1.1" 503 18035 "https://pastorfischer.com/wp-login.php" "Mozilla/5.0 (Windows NT 10.0; Win64; x64; rv:121.0) Gecko/20100101 Firefox/121.0"
179.43.145.34 - - [01/Sep/2026:07:02:52 -0500] "GET /wp-login.php HTTP/1.1" 503 18035 "-" "Mozilla/5.0 (Windows NT 11.0; Win64; x64) AppleWebKit/537.36 (KHTML, like Gecko) Chrome/121.0.0.0 Safari/537.36"
179.43.145.34 - - [01/Sep/2026:07:02:53 -0500] "POST /wp-login.php HTTP/1.1" 503 18035 "https://pastorfischer.com/wp-login.php" "Mozilla/5.0 (Macintosh; Intel Mac OS X 10_15_7) AppleWebKit/537.36 (KHTML, like Gecko) Chrome/120.0.0.0 Safari/537.36"
179.43.145.34 - - [01/Sep/2026:07:02:54 -0500] "POST /wp-login.php HTTP/1.1" 503 18035 "https://pastorfischer.com/wp-login.php" "Mozilla/5.0 (Macintosh; Intel Mac OS X 10_15_7) AppleWebKit/537.36 (KHTML, like Gecko) Chrome/120.0.0.0 Safari/537.36"
179.43.145.34 - - [01/Sep/2026:07:02:54 -0500] "POST /wp-login.php HTTP/1.1" 503 18035 "https://pastorfischer.com/wp-login.php" "Mozilla/5.0 (Macintosh; Intel Mac OS X 10_15_7) AppleWebKit/537.36 (KHTML, like Gecko) Chrome/120.0.0.0 Safari/537.36"
179.43.145.34 - - [01/Sep/2026:07:02:55 -0500] "GET /wp-login.php HTTP/1.1" 503 18035 "-" "Mozilla/5.0 (Windows NT 11.0; Win64; x64) AppleWebKit/537.36 (KHTML, like Gecko) Chrome/121.0.0.0 Safari/537.36"
179.43.145.34 - - [01/Sep/2026:07:02:56 -0500] "POST /wp-login.php HTTP/1.1" 503 18035 "https://pastorfischer.com/wp-login.php" "Mozilla/5.0 (X11; Linux x86_64) AppleWebKit/537.36 (KHTML, like Gecko) Chrome/120.0.0.0 Safari/537.36"
179.43.145.34 - - [01/Sep/2026:07:02:56 -0500] "POST /wp-login.php HTTP/1.1" 503 18035 "https://pastorfischer.com/wp-login.php" "Mozilla/5.0 (X11; Linux x86_64) AppleWebKit/537.36 (KHTML, like Gecko) Chrome/120.0.0.0 Safari/537.36"
179.43.145.34 - - [01/Sep/2026:07:02:57 -0500] "POST /wp-login.php HTTP/1.1" 503 18035 "https://pastorfischer.com/wp-login.php" "Mozilla/5.0 (X11; Linux x86_64) AppleWebKit/537.36 (KHTML, like Gecko) Chrome/120.0.0.0 Safari/537.36"
179.43.145.34 - - [01/Sep/2026:07:02:58 -0500] "GET /wp-login.php HTTP/1.1" 503 18035 "-" "Mozilla/5.0 (Macintosh; Intel Mac OS X 10_15_7) AppleWebKit/537.36 (KHTML, like Gecko) Chrome/120.0.0.0 Safari/537.36"
179.43.145.34 - - [01/Sep/2026:07:02:59 -0500] "POST /wp-login.php HTTP/1.1" 503 18035 "https://pastorfischer.com/wp-login.php" "Mozilla/5.0 (Windows NT 11.0; Win64; x64) AppleWebKit/537.36 (KHTML, like Gecko) Chrome/121.0.0.0 Safari/537.36"
179.43.145.34 - - [01/Sep/2026:07:02:59 -0500] "POST /wp-login.php HTTP/1.1" 503 18035 "https://pastorfischer.com/wp-login.php" "Mozilla/5.0 (Windows NT 11.0; Win64; x64) AppleWebKit/537.36 (KHTML, like Gecko) Chrome/121.0.0.0 Safari/537.36"
179.43.145.34 - - [01/Sep/2026:07:03:00 -0500] "POST /wp-login.php HTTP/1.1" 503 18035 "https://pastorfischer.com/wp-login.php" "Mozilla/5.0 (Windows NT 11.0; Win64; x64) AppleWebKit/537.36 (KHTML, like Gecko) Chrome/121.0.0.0 Safari/537.36"
179.43.145.34 - - [01/Sep/2026:07:03:01 -0500] "GET /wp-login.php HTTP/1.1" 503 18035 "-" "Mozilla/5.0 (Windows NT 10.0; Win64; x64; rv:121.0) Gecko/20100101 Firefox/121.0"
179.43.145.34 - - [01/Sep/2026:07:03:01 -0500] "POST /wp-login.php HTTP/1.1" 503 18035 "https://pastorfischer.com/wp-login.php" "Mozilla/5.0 (Windows NT 11.0; Win64; x64) AppleWebKit/537.36 (KHTML, like Gecko) Chrome/121.0.0.0 Safari/537.36"
179.43.145.34 - - [01/Sep/2026:07:03:02 -0500] "POST /wp-login.php HTTP/1.1" 503 18035 "https://pastorfischer.com/wp-login.php" "Mozilla/5.0 (Windows NT 11.0; Win64; x64) AppleWebKit/537.36 (KHTML, like Gecko) Chrome/121.0.0.0 Safari/537.36"
179.43.145.34 - - [01/Sep/2026:07:03:03 -0500] "POST /wp-login.php HTTP/1.1" 503 18035 "https://pastorfischer.com/wp-login.php" "Mozilla/5.0 (Windows NT 11.0; Win64; x64) AppleWebKit/537.36 (KHTML, like Gecko) Chrome/121.0.0.0 Safari/537.36"
157.90.185.123 - - [01/Sep/2026:07:04:31 -0500] "POST /?wordfence_syncAttackData=1788264271.2646 HTTP/1.1" 200 - "-" "WordPress/7.1; https://pastorfischer.com"
37.59.204.142 - - [01/Sep/2026:07:04:30 -0500] "GET /victorious-living-international-missions/ HTTP/1.1" 200 567290 "-" "Mozilla/5.0 (compatible; AhrefsBot/7.0; +http://ahrefs.com/robot/)"
92.222.108.97 - - [01/Sep/2026:07:06:34 -0500] "GET /what-we-believe/ HTTP/1.1" 200 407279 "-" "Mozilla/5.0 (compatible; AhrefsBot/7.0; +http://ahrefs.com/robot/)"
77.75.77.109 - - [01/Sep/2026:07:07:44 -0500] "GET /opinion-rules/ HTTP/1.1" 200 81442 "-" "Mozilla/5.0 (compatible; SeznamBot/4.0; +https://o-seznam.cz/napoveda/vyhledavani/en/seznambot-crawler/)"
50.6.200.195 - - [01/Sep/2026:07:08:24 -0500] "GET /wp-json/oembed/1.0/embed?url=https%3A%2F%2Fwww.pastorfischer.com&format=json HTTP/1.1" 200 2038 "-" "Mozilla/5.0 (Windows NT 10.0; Win64; x64) AppleWebKit/537.36 (KHTML, like Gecko) Chrome/151.0.0.0 Safari/537.36, Mozilla/5.0 (Windows NT 10.0; Win64; x64) AppleWebKit/537.36 (KHTML, like Gecko) Chrome/151.0.0.0 Safari/537.36"
190.92.174.34 - - [01/Sep/2026:07:08:26 -0500] "GET /wp-json/buddyboss/v1/members?per_page=100&_fields=user_login HTTP/1.1" 404 114 "-" "Mozilla/5.0 (Windows NT 10.0; Win64; x64) AppleWebKit/537.36 (KHTML, like Gecko) Chrome/151.0.0.0 Safari/537.36, Mozilla/5.0 (Macintosh; Intel Mac OS X 10_15_7) AppleWebKit/537.36 (KHTML, like Gecko) Chrome/151.0.0.0 Safari/537.36"
51.195.183.103 - - [01/Sep/2026:07:08:46 -0500] "GET /about-me/ HTTP/1.1" 200 499649 "-" "Mozilla/5.0 (compatible; AhrefsBot/7.0; +http://ahrefs.com/robot/)"
20.16.180.61 - - [01/Sep/2026:07:08:50 -0500] "GET /wp-json/learnpress/v1/users HTTP/1.1" 404 114 "-" "Mozilla/5.0 (Windows NT 10.0; Win64; x64) AppleWebKit/537.36 (KHTML, like Gecko) Chrome/151.0.0.0 Safari/537.36, Mozilla/5.0 (X11; Linux x86_64) AppleWebKit/537.36 (KHTML, like Gecko) Chrome/151.0.0.0 Safari/537.36"
69.163.176.25 - - [01/Sep/2026:07:08:57 -0500] "GET /wp-json/wp/v2/media?per_page=50&_fields=author HTTP/1.1" 200 651 "-" "Mozilla/5.0 (Windows NT 10.0; Win64; x64) AppleWebKit/537.36 (KHTML, like Gecko) Chrome/151.0.0.0 Safari/537.36, Mozilla/5.0 (Macintosh; Intel Mac OS X 10_15_7) AppleWebKit/537.36 (KHTML, like Gecko) Chrome/151.0.0.0 Safari/537.36"
34.16.127.79 - - [01/Sep/2026:07:09:07 -0500] "GET /.env HTTP/1.1" 404 72328 "-" "Mozilla/5.0 (Linux; Android 14; Pixel 8) AppleWebKit/537.36 (KHTML, like Gecko) Chrome/131.0.0.0 Mobile Safari/537.36"
165.227.132.137 - - [01/Sep/2026:07:09:27 -0500] "GET /wp-json/wp/v2/users?per_page=50&_embed&_fields=id,slug,name HTTP/1.1" 401 108 "-" "Mozilla/5.0 (Windows NT 10.0; Win64; x64) AppleWebKit/537.36 (KHTML, like Gecko) Chrome/151.0.0.0 Safari/537.36, Mozilla/5.0 (X11; Linux x86_64) AppleWebKit/537.36 (KHTML, like Gecko) Chrome/151.0.0.0 Safari/537.36"
200.8.154.28 - - [01/Sep/2026:07:11:44 -0500] "GET /intellectual-property-policy HTTP/1.1" 404 72264 "-" "Mozilla/5.0 (Macintosh; Intel Mac OS X 12.3; rv:136.0) Gecko/20100101 Firefox/136.0"
209.141.48.118 - - [01/Sep/2026:07:15:24 -0500] "GET /wp-login.php HTTP/1.1" 200 6811 "-" "Mozilla/5.0 (compatible; MSIE 10.0; Windows NT 6.1; WOW64; Trident/6.0)"
209.141.48.118 - - [01/Sep/2026:07:15:26 -0500] "POST /wp-login.php HTTP/1.1" 503 18947 "-" "Mozilla/5.0 (compatible; MSIE 10.0; Windows NT 6.1; WOW64; Trident/6.0)"
209.141.48.118 - - [01/Sep/2026:07:15:29 -0500] "GET /wp-admin/themes.php HTTP/1.1" 503 18947 "-" "python-requests/2.34.2"
209.141.48.118 - - [01/Sep/2026:07:15:31 -0500] "GET /wp-admin/plugin-install.php?tab=upload HTTP/1.1" 503 18947 "-" "python-requests/2.34.2"
152.228.161.248 - - [01/Sep/2026:07:17:38 -0500] "DELETE / HTTP/1.1" 403 199 "-" "python-requests/2.34.2"
209.141.33.142 - - [01/Sep/2026:07:24:30 -0500] "GET /wp-login.php HTTP/1.1" 200 6811 "-" "Mozilla/5.0 (Windows NT 6.1; WOW64; rv:29.0) Gecko/20100101 Firefox/29.0"
209.141.33.142 - - [01/Sep/2026:07:24:31 -0500] "POST /wp-login.php HTTP/1.1" 503 18947 "-" "Mozilla/5.0 (Windows NT 6.1; WOW64; rv:29.0) Gecko/20100101 Firefox/29.0"
209.141.33.142 - - [01/Sep/2026:07:24:33 -0500] "GET /wp-admin/themes.php HTTP/1.1" 503 18947 "-" "python-requests/2.34.2"
209.141.33.142 - - [01/Sep/2026:07:24:35 -0500] "GET /wp-admin/plugin-install.php?tab=upload HTTP/1.1" 503 18947 "-" "python-requests/2.34.2"
34.171.140.179 - - [01/Sep/2026:07:25:02 -0500] "GET /long-sleeve-PEDANGWIN HTTP/1.1" 404 72264 "-" "Mozilla/5.0 (compatible; Reflectionbot/1.0; +https://reflection.ai/bot)"
209.141.33.142 - - [01/Sep/2026:07:26:09 -0500] "GET /wp-login.php HTTP/1.1" 503 18034 "-" "Mozilla/5.0 (X11; Linux x86_64) AppleWebKit/537.36 (KHTML, like Gecko) Ubuntu Chromium/36.0.1985.125 Chrome/36.0.1985.125 Safari/537.36"
157.90.185.123 - - [01/Sep/2026:07:26:46 -0500] "POST /?wordfence_syncAttackData=1788265606.0759 HTTP/1.1" 200 - "-" "WordPress/7.1; http://pastorfischer.com"
82.65.193.86 - - [01/Sep/2026:07:26:45 -0500] "GET /stores/celebrate-women HTTP/1.1" 404 72264 "-" "Mozilla/5.0 (Macintosh; Intel Mac OS X 13_3_1) AppleWebKit/537.36 (KHTML, like Gecko) Chrome/124.0.6367.207 Safari/537.36"
209.141.37.195 - - [01/Sep/2026:07:28:03 -0500] "GET /wp-login.php HTTP/1.1" 200 6811 "-" "Mozilla/5.0 (Macintosh; Intel Mac OS X 10.8; rv:31.0) Gecko/20100101 Firefox/31.0"
209.141.37.195 - - [01/Sep/2026:07:29:11 -0500] "POST /wp-login.php HTTP/1.1" 503 18947 "-" "Mozilla/5.0 (Macintosh; Intel Mac OS X 10.8; rv:31.0) Gecko/20100101 Firefox/31.0"
209.141.37.195 - - [01/Sep/2026:07:29:13 -0500] "GET /wp-admin/themes.php HTTP/1.1" 503 18947 "-" "python-requests/2.34.2"
209.141.37.195 - - [01/Sep/2026:07:29:14 -0500] "GET /wp-admin/plugin-install.php?tab=upload HTTP/1.1" 503 18947 "-" "python-requests/2.34.2"
23.234.82.46 - - [01/Sep/2026:07:34:00 -0500] "GET /wp-login.php HTTP/1.1" 200 6831 "https://t.co/" "Mozilla/5.0 (X11; Linux x86_64) AppleWebKit/537.36 (KHTML, like Gecko) Chrome/119.0.0.0 Safari/537.36"
23.234.82.46 - - [01/Sep/2026:07:34:01 -0500] "GET /?author=1 HTTP/1.1" 404 72835 "-" "Mozilla/5.0 (Windows NT 10.0; Win64; x64) AppleWebKit/537.36 (KHTML, like Gecko) Chrome/119.0.0.0 Safari/537.36"
23.234.82.46 - - [01/Sep/2026:07:34:03 -0500] "GET /?author=2 HTTP/1.1" 404 72835 "https://duckduckgo.com/" "Mozilla/5.0 (Macintosh; Intel Mac OS X 13_6_1) AppleWebKit/537.36 (KHTML, like Gecko) Chrome/121.0.0.0 Safari/537.36"
23.234.82.46 - - [01/Sep/2026:07:34:05 -0500] "GET /?author=3 HTTP/1.1" 404 72835 "https://www.bing.com/" "Mozilla/5.0 (Macintosh; Intel Mac OS X 10_15_7) AppleWebKit/537.36 (KHTML, like Gecko) Chrome/119.0.0.0 Safari/537.36"
23.234.82.46 - - [01/Sep/2026:07:34:06 -0500] "GET /?author=4 HTTP/1.1" 404 72835 "-" "Mozilla/5.0 (X11; Linux x86_64) AppleWebKit/537.36 (KHTML, like Gecko) Chrome/120.0.0.0 Safari/537.36"
23.234.82.46 - - [01/Sep/2026:07:34:08 -0500] "GET /?author=5 HTTP/1.1" 404 72835 "https://www.google.com/" "Mozilla/5.0 (Macintosh; Intel Mac OS X 13_6_1; rv:121.0) Gecko/20100101 Firefox/121.0"
23.234.82.46 - - [01/Sep/2026:07:34:09 -0500] "GET /wp-json/wp/v2/users HTTP/1.1" 401 108 "https://www.google.com/" "Mozilla/5.0 (Windows NT 10.0; Win64; x64; rv:119.0) Gecko/20100101 Firefox/119.0"
23.234.82.46 - - [01/Sep/2026:07:34:10 -0500] "POST /wp-login.php HTTP/1.1" 503 18948 "https://pastorfischer.com/wp-login.php" "Mozilla/5.0 (X11; Ubuntu; Linux x86_64) AppleWebKit/537.36 (KHTML, like Gecko) Chrome/121.0.0.0 Safari/537.36"
23.234.82.46 - - [01/Sep/2026:07:34:13 -0500] "GET /wp-admin/index.php HTTP/1.1" 503 18948 "https://pastorfischer.com/wp-login.php" "Mozilla/5.0 (Macintosh; Intel Mac OS X 10_15_7) AppleWebKit/605.1.15 (KHTML, like Gecko) Version/17.2 Safari/605.1.15"
23.234.82.46 - - [01/Sep/2026:07:34:14 -0500] "GET /wp-admin/profile.php HTTP/1.1" 503 18948 "https://pastorfischer.com/wp-login.php" "Mozilla/5.0 (Macintosh; Intel Mac OS X 10_15_7) AppleWebKit/605.1.15 (KHTML, like Gecko) Version/17.2 Safari/605.1.15"
23.234.82.46 - - [01/Sep/2026:07:34:16 -0500] "GET /wp-admin/edit.php HTTP/1.1" 503 18948 "https://pastorfischer.com/wp-login.php" "Mozilla/5.0 (Macintosh; Intel Mac OS X 10_15_7) AppleWebKit/605.1.15 (KHTML, like Gecko) Version/17.2 Safari/605.1.15"
23.234.82.46 - - [01/Sep/2026:07:34:17 -0500] "GET /wp-admin/plugins.php HTTP/1.1" 503 18948 "https://pastorfischer.com/wp-login.php" "Mozilla/5.0 (Macintosh; Intel Mac OS X 10_15_7) AppleWebKit/605.1.15 (KHTML, like Gecko) Version/17.2 Safari/605.1.15"
23.234.82.46 - - [01/Sep/2026:07:34:19 -0500] "POST /wp-login.php HTTP/1.1" 503 18035 "https://pastorfischer.com/wp-login.php" "Mozilla/5.0 (Macintosh; Intel Mac OS X 10_15_7) AppleWebKit/605.1.15 (KHTML, like Gecko) Version/17.0 Safari/605.1.15"
157.90.185.123 - - [01/Sep/2026:07:34:21 -0500] "POST /?wordfence_syncAttackData=1788266061.3459 HTTP/1.1" 200 - "-" "WordPress/7.1; https://pastorfischer.com"
23.234.82.46 - - [01/Sep/2026:07:34:20 -0500] "GET /wp-admin/index.php HTTP/1.1" 503 18948 "https://pastorfischer.com/wp-login.php" "Mozilla/5.0 (Macintosh; Intel Mac OS X 10_15_7; rv:119.0) Gecko/20100101 Firefox/119.0"
23.234.82.46 - - [01/Sep/2026:07:34:23 -0500] "GET /wp-admin/profile.php HTTP/1.1" 503 18948 "https://pastorfischer.com/wp-login.php" "Mozilla/5.0 (Macintosh; Intel Mac OS X 10_15_7; rv:119.0) Gecko/20100101 Firefox/119.0"
176.31.139.10 - - [01/Sep/2026:07:34:23 -0500] "GET /perception-and-reality/feed/ HTTP/1.1" 200 781 "-" "Mozilla/5.0 (compatible; AhrefsBot/7.0; +http://ahrefs.com/robot/)"
23.234.82.46 - - [01/Sep/2026:07:34:24 -0500] "GET /wp-admin/edit.php HTTP/1.1" 503 18948 "https://pastorfischer.com/wp-login.php" "Mozilla/5.0 (Macintosh; Intel Mac OS X 10_15_7; rv:119.0) Gecko/20100101 Firefox/119.0"
23.234.82.46 - - [01/Sep/2026:07:34:26 -0500] "GET /wp-admin/plugins.php HTTP/1.1" 503 18948 "https://pastorfischer.com/wp-login.php" "Mozilla/5.0 (Macintosh; Intel Mac OS X 10_15_7; rv:119.0) Gecko/20100101 Firefox/119.0"
23.234.82.46 - - [01/Sep/2026:07:34:27 -0500] "POST /wp-login.php HTTP/1.1" 503 18035 "https://pastorfischer.com/wp-login.php" "Mozilla/5.0 (Macintosh; Intel Mac OS X 13_6_1) AppleWebKit/605.1.15 (KHTML, like Gecko) Version/17.2 Safari/605.1.15"
23.234.82.46 - - [01/Sep/2026:07:34:29 -0500] "GET /wp-admin/index.php HTTP/1.1" 503 18948 "https://pastorfischer.com/wp-login.php" "Mozilla/5.0 (Macintosh; Intel Mac OS X 13_6_1) AppleWebKit/605.1.15 (KHTML, like Gecko) Version/17.1 Safari/605.1.15"
157.90.185.123 - - [01/Sep/2026:07:34:31 -0500] "POST /?wordfence_syncAttackData=1788266071.5418 HTTP/1.1" 200 - "-" "WordPress/7.1; https://pastorfischer.com"
23.234.82.46 - - [01/Sep/2026:07:34:30 -0500] "GET /wp-admin/profile.php HTTP/1.1" 503 18948 "https://pastorfischer.com/wp-login.php" "Mozilla/5.0 (Macintosh; Intel Mac OS X 13_6_1) AppleWebKit/605.1.15 (KHTML, like Gecko) Version/17.1 Safari/605.1.15"
23.234.82.46 - - [01/Sep/2026:07:34:33 -0500] "GET /wp-admin/edit.php HTTP/1.1" 503 18948 "https://pastorfischer.com/wp-login.php" "Mozilla/5.0 (Macintosh; Intel Mac OS X 13_6_1) AppleWebKit/605.1.15 (KHTML, like Gecko) Version/17.1 Safari/605.1.15"
23.234.82.46 - - [01/Sep/2026:07:34:34 -0500] "GET /wp-admin/plugins.php HTTP/1.1" 503 18948 "https://pastorfischer.com/wp-login.php" "Mozilla/5.0 (Macintosh; Intel Mac OS X 13_6_1) AppleWebKit/605.1.15 (KHTML, like Gecko) Version/17.1 Safari/605.1.15"
23.234.82.46 - - [01/Sep/2026:07:34:36 -0500] "POST /wp-login.php HTTP/1.1" 503 18035 "https://pastorfischer.com/wp-login.php" "Mozilla/5.0 (Windows NT 10.0; Win64; x64) AppleWebKit/537.36 (KHTML, like Gecko) Chrome/120.0.0.0 Safari/537.36"
23.234.82.46 - - [01/Sep/2026:07:34:37 -0500] "GET /wp-admin/index.php HTTP/1.1" 503 18948 "https://pastorfischer.com/wp-login.php" "Mozilla/5.0 (X11; Linux x86_64) AppleWebKit/537.36 (KHTML, like Gecko) Chrome/119.0.0.0 Safari/537.36"
23.234.82.46 - - [01/Sep/2026:07:34:39 -0500] "GET /wp-admin/profile.php HTTP/1.1" 503 18948 "https://pastorfischer.com/wp-login.php" "Mozilla/5.0 (X11; Linux x86_64) AppleWebKit/537.36 (KHTML, like Gecko) Chrome/119.0.0.0 Safari/537.36"
23.234.82.46 - - [01/Sep/2026:07:34:41 -0500] "GET /wp-admin/edit.php HTTP/1.1" 503 18948 "https://pastorfischer.com/wp-login.php" "Mozilla/5.0 (X11; Linux x86_64) AppleWebKit/537.36 (KHTML, like Gecko) Chrome/119.0.0.0 Safari/537.36"
157.90.185.123 - - [01/Sep/2026:07:34:42 -0500] "POST /?wordfence_syncAttackData=1788266082.4726 HTTP/1.1" 200 - "-" "WordPress/7.1; https://pastorfischer.com"
23.234.82.46 - - [01/Sep/2026:07:34:44 -0500] "GET /wp-admin/plugins.php HTTP/1.1" 503 18948 "https://pastorfischer.com/wp-login.php" "Mozilla/5.0 (X11; Linux x86_64) AppleWebKit/537.36 (KHTML, like Gecko) Chrome/119.0.0.0 Safari/537.36"
23.234.82.46 - - [01/Sep/2026:07:34:46 -0500] "POST /wp-login.php HTTP/1.1" 503 18035 "https://pastorfischer.com/wp-login.php" "Mozilla/5.0 (X11; Ubuntu; Linux x86_64) AppleWebKit/537.36 (KHTML, like Gecko) Chrome/118.0.0.0 Safari/537.36"
23.234.82.46 - - [01/Sep/2026:07:34:47 -0500] "GET /wp-admin/index.php HTTP/1.1" 503 18948 "https://pastorfischer.com/wp-login.php" "Mozilla/5.0 (Windows NT 10.0; Win64; x64) AppleWebKit/537.36 (KHTML, like Gecko) Chrome/118.0.0.0 Safari/537.36"
23.234.82.46 - - [01/Sep/2026:07:34:48 -0500] "GET /wp-admin/profile.php HTTP/1.1" 503 18948 "https://pastorfischer.com/wp-login.php" "Mozilla/5.0 (Windows NT 10.0; Win64; x64) AppleWebKit/537.36 (KHTML, like Gecko) Chrome/118.0.0.0 Safari/537.36"
23.234.82.46 - - [01/Sep/2026:07:34:50 -0500] "GET /wp-admin/edit.php HTTP/1.1" 503 18948 "https://pastorfischer.com/wp-login.php" "Mozilla/5.0 (Windows NT 10.0; Win64; x64) AppleWebKit/537.36 (KHTML, like Gecko) Chrome/118.0.0.0 Safari/537.36"
157.90.185.123 - - [01/Sep/2026:07:34:52 -0500] "POST /?wordfence_syncAttackData=1788266092.8934 HTTP/1.1" 200 - "-" "WordPress/7.1; https://pastorfischer.com"
23.234.82.46 - - [01/Sep/2026:07:34:52 -0500] "GET /wp-admin/plugins.php HTTP/1.1" 503 18948 "https://pastorfischer.com/wp-login.php" "Mozilla/5.0 (Windows NT 10.0; Win64; x64) AppleWebKit/537.36 (KHTML, like Gecko) Chrome/118.0.0.0 Safari/537.36"
23.234.82.46 - - [01/Sep/2026:07:34:54 -0500] "POST /wp-login.php HTTP/1.1" 503 18035 "https://pastorfischer.com/wp-login.php" "Mozilla/5.0 (X11; Linux x86_64) AppleWebKit/537.36 (KHTML, like Gecko) Chrome/121.0.0.0 Safari/537.36"
23.234.82.46 - - [01/Sep/2026:07:34:56 -0500] "GET /wp-admin/index.php HTTP/1.1" 503 18948 "https://pastorfischer.com/wp-login.php" "Mozilla/5.0 (Windows NT 11.0; Win64; x64; rv:120.0) Gecko/20100101 Firefox/120.0"
23.234.82.46 - - [01/Sep/2026:07:34:57 -0500] "GET /wp-admin/profile.php HTTP/1.1" 503 18948 "https://pastorfischer.com/wp-login.php" "Mozilla/5.0 (Windows NT 11.0; Win64; x64; rv:120.0) Gecko/20100101 Firefox/120.0"
23.234.82.46 - - [01/Sep/2026:07:34:59 -0500] "GET /wp-admin/edit.php HTTP/1.1" 503 18948 "https://pastorfischer.com/wp-login.php" "Mozilla/5.0 (Windows NT 11.0; Win64; x64; rv:120.0) Gecko/20100101 Firefox/120.0"
23.234.82.46 - - [01/Sep/2026:07:35:00 -0500] "GET /wp-admin/plugins.php HTTP/1.1" 503 18948 "https://pastorfischer.com/wp-login.php" "Mozilla/5.0 (Windows NT 11.0; Win64; x64; rv:120.0) Gecko/20100101 Firefox/120.0"
23.234.82.46 - - [01/Sep/2026:07:35:02 -0500] "POST /wp-login.php HTTP/1.1" 503 18035 "https://pastorfischer.com/wp-login.php" "Mozilla/5.0 (Macintosh; Intel Mac OS X 10_15_7) AppleWebKit/605.1.15 (KHTML, like Gecko) Version/17.1 Safari/605.1.15"
157.90.185.123 - - [01/Sep/2026:07:35:04 -0500] "POST /?wordfence_syncAttackData=1788266104.4514 HTTP/1.1" 200 - "-" "WordPress/7.1; https://pastorfischer.com"
23.234.82.46 - - [01/Sep/2026:07:35:03 -0500] "GET /wp-admin/index.php HTTP/1.1" 503 18948 "https://pastorfischer.com/wp-login.php" "Mozilla/5.0 (X11; Ubuntu; Linux x86_64) AppleWebKit/537.36 (KHTML, like Gecko) Chrome/121.0.0.0 Safari/537.36"
23.234.82.46 - - [01/Sep/2026:07:35:06 -0500] "GET /wp-admin/profile.php HTTP/1.1" 503 18948 "https://pastorfischer.com/wp-login.php" "Mozilla/5.0 (X11; Ubuntu; Linux x86_64) AppleWebKit/537.36 (KHTML, like Gecko) Chrome/121.0.0.0 Safari/537.36"
23.234.82.46 - - [01/Sep/2026:07:35:07 -0500] "GET /wp-admin/edit.php HTTP/1.1" 503 18948 "https://pastorfischer.com/wp-login.php" "Mozilla/5.0 (X11; Ubuntu; Linux x86_64) AppleWebKit/537.36 (KHTML, like Gecko) Chrome/121.0.0.0 Safari/537.36"
23.234.82.46 - - [01/Sep/2026:07:35:09 -0500] "GET /wp-admin/plugins.php HTTP/1.1" 503 18948 "https://pastorfischer.com/wp-login.php" "Mozilla/5.0 (X11; Ubuntu; Linux x86_64) AppleWebKit/537.36 (KHTML, like Gecko) Chrome/121.0.0.0 Safari/537.36"
23.234.82.46 - - [01/Sep/2026:07:35:10 -0500] "POST /wp-login.php HTTP/1.1" 503 18035 "https://pastorfischer.com/wp-login.php" "Mozilla/5.0 (Macintosh; Intel Mac OS X 13_6_1; rv:120.0) Gecko/20100101 Firefox/120.0"
23.234.82.46 - - [01/Sep/2026:07:35:12 -0500] "GET /wp-admin/index.php HTTP/1.1" 503 18948 "https://pastorfischer.com/wp-login.php" "Mozilla/5.0 (Macintosh; Intel Mac OS X 10_15_7) AppleWebKit/605.1.15 (KHTML, like Gecko) Version/17.1 Safari/605.1.15"
157.90.185.123 - - [01/Sep/2026:07:35:14 -0500] "POST /?wordfence_syncAttackData=1788266114.4758 HTTP/1.1" 200 - "-" "WordPress/7.1; https://pastorfischer.com"
23.234.82.46 - - [01/Sep/2026:07:35:13 -0500] "GET /wp-admin/profile.php HTTP/1.1" 503 18948 "https://pastorfischer.com/wp-login.php" "Mozilla/5.0 (Macintosh; Intel Mac OS X 10_15_7) AppleWebKit/605.1.15 (KHTML, like Gecko) Version/17.1 Safari/605.1.15"
23.234.82.46 - - [01/Sep/2026:07:35:16 -0500] "GET /wp-admin/edit.php HTTP/1.1" 503 18948 "https://pastorfischer.com/wp-login.php" "Mozilla/5.0 (Macintosh; Intel Mac OS X 10_15_7) AppleWebKit/605.1.15 (KHTML, like Gecko) Version/17.1 Safari/605.1.15"
23.234.82.46 - - [01/Sep/2026:07:35:17 -0500] "GET /wp-admin/plugins.php HTTP/1.1" 503 18948 "https://pastorfischer.com/wp-login.php" "Mozilla/5.0 (Macintosh; Intel Mac OS X 10_15_7) AppleWebKit/605.1.15 (KHTML, like Gecko) Version/17.1 Safari/605.1.15"
23.234.82.46 - - [01/Sep/2026:07:35:19 -0500] "POST /wp-login.php HTTP/1.1" 503 18035 "https://pastorfischer.com/wp-login.php" "Mozilla/5.0 (Windows NT 11.0; Win64; x64) AppleWebKit/537.36 (KHTML, like Gecko) Chrome/120.0.0.0 Safari/537.36"
23.234.82.46 - - [01/Sep/2026:07:35:20 -0500] "GET /wp-admin/index.php HTTP/1.1" 503 18948 "https://pastorfischer.com/wp-login.php" "Mozilla/5.0 (Windows NT 11.0; Win64; x64; rv:119.0) Gecko/20100101 Firefox/119.0"
23.234.82.46 - - [01/Sep/2026:07:35:22 -0500] "GET /wp-admin/profile.php HTTP/1.1" 503 18948 "https://pastorfischer.com/wp-login.php" "Mozilla/5.0 (Windows NT 11.0; Win64; x64; rv:119.0) Gecko/20100101 Firefox/119.0"
157.90.185.123 - - [01/Sep/2026:07:35:24 -0500] "POST /?wordfence_syncAttackData=1788266124.6908 HTTP/1.1" 200 - "-" "WordPress/7.1; https://pastorfischer.com"
23.234.82.46 - - [01/Sep/2026:07:35:23 -0500] "GET /wp-admin/edit.php HTTP/1.1" 503 18948 "https://pastorfischer.com/wp-login.php" "Mozilla/5.0 (Windows NT 11.0; Win64; x64; rv:119.0) Gecko/20100101 Firefox/119.0"
23.234.82.46 - - [01/Sep/2026:07:35:26 -0500] "GET /wp-admin/plugins.php HTTP/1.1" 503 18948 "https://pastorfischer.com/wp-login.php" "Mozilla/5.0 (Windows NT 11.0; Win64; x64; rv:119.0) Gecko/20100101 Firefox/119.0"
23.234.82.46 - - [01/Sep/2026:07:35:27 -0500] "POST /wp-login.php HTTP/1.1" 503 18035 "https://pastorfischer.com/wp-login.php" "Mozilla/5.0 (Macintosh; Intel Mac OS X 13_6_1) AppleWebKit/605.1.15 (KHTML, like Gecko) Version/17.0 Safari/605.1.15"
23.234.82.46 - - [01/Sep/2026:07:35:29 -0500] "GET /wp-admin/index.php HTTP/1.1" 503 18948 "https://pastorfischer.com/wp-login.php" "Mozilla/5.0 (X11; Ubuntu; Linux x86_64) AppleWebKit/537.36 (KHTML, like Gecko) Chrome/118.0.0.0 Safari/537.36"
23.234.82.46 - - [01/Sep/2026:07:35:30 -0500] "GET /wp-admin/profile.php HTTP/1.1" 503 18948 "https://pastorfischer.com/wp-login.php" "Mozilla/5.0 (X11; Ubuntu; Linux x86_64) AppleWebKit/537.36 (KHTML, like Gecko) Chrome/118.0.0.0 Safari/537.36"
23.234.82.46 - - [01/Sep/2026:07:35:32 -0500] "GET /wp-admin/edit.php HTTP/1.1" 503 18948 "https://pastorfischer.com/wp-login.php" "Mozilla/5.0 (X11; Ubuntu; Linux x86_64) AppleWebKit/537.36 (KHTML, like Gecko) Chrome/118.0.0.0 Safari/537.36"
157.90.185.123 - - [01/Sep/2026:07:35:34 -0500] "POST /?wordfence_syncAttackData=1788266134.5501 HTTP/1.1" 200 - "-" "WordPress/7.1; https://pastorfischer.com"
23.234.82.46 - - [01/Sep/2026:07:35:33 -0500] "GET /wp-admin/plugins.php HTTP/1.1" 503 18948 "https://pastorfischer.com/wp-login.php" "Mozilla/5.0 (X11; Ubuntu; Linux x86_64) AppleWebKit/537.36 (KHTML, like Gecko) Chrome/118.0.0.0 Safari/537.36"
23.234.82.46 - - [01/Sep/2026:07:35:36 -0500] "POST /wp-login.php HTTP/1.1" 503 18035 "https://pastorfischer.com/wp-login.php" "Mozilla/5.0 (Macintosh; Intel Mac OS X 13_6_1) AppleWebKit/605.1.15 (KHTML, like Gecko) Version/17.2 Safari/605.1.15"
23.234.82.46 - - [01/Sep/2026:07:35:37 -0500] "GET /wp-admin/index.php HTTP/1.1" 503 18948 "https://pastorfischer.com/wp-login.php" "Mozilla/5.0 (X11; Ubuntu; Linux x86_64) AppleWebKit/537.36 (KHTML, like Gecko) Chrome/121.0.0.0 Safari/537.36"
23.234.82.46 - - [01/Sep/2026:07:35:39 -0500] "GET /wp-admin/profile.php HTTP/1.1" 503 18948 "https://pastorfischer.com/wp-login.php" "Mozilla/5.0 (X11; Ubuntu; Linux x86_64) AppleWebKit/537.36 (KHTML, like Gecko) Chrome/121.0.0.0 Safari/537.36"
23.234.82.46 - - [01/Sep/2026:07:35:40 -0500] "GET /wp-admin/edit.php HTTP/1.1" 503 18948 "https://pastorfischer.com/wp-login.php" "Mozilla/5.0 (X11; Ubuntu; Linux x86_64) AppleWebKit/537.36 (KHTML, like Gecko) Chrome/121.0.0.0 Safari/537.36"
23.234.82.46 - - [01/Sep/2026:07:35:42 -0500] "GET /wp-admin/plugins.php HTTP/1.1" 503 18948 "https://pastorfischer.com/wp-login.php" "Mozilla/5.0 (X11; Ubuntu; Linux x86_64) AppleWebKit/537.36 (KHTML, like Gecko) Chrome/121.0.0.0 Safari/537.36"
23.234.82.46 - - [01/Sep/2026:07:35:44 -0500] "POST /wp-login.php HTTP/1.1" 503 18035 "https://pastorfischer.com/wp-login.php" "Mozilla/5.0 (Macintosh; Intel Mac OS X 13_6_1) AppleWebKit/605.1.15 (KHTML, like Gecko) Version/17.1 Safari/605.1.15"
23.234.82.46 - - [01/Sep/2026:07:35:46 -0500] "GET /wp-admin/index.php HTTP/1.1" 503 18948 "https://pastorfischer.com/wp-login.php" "Mozilla/5.0 (Macintosh; Intel Mac OS X 13_6_1; rv:121.0) Gecko/20100101 Firefox/121.0"
157.90.185.123 - - [01/Sep/2026:07:35:47 -0500] "POST /?wordfence_syncAttackData=1788266147.3082 HTTP/1.1" 200 - "-" "WordPress/7.1; https://pastorfischer.com"
23.234.82.46 - - [01/Sep/2026:07:35:49 -0500] "GET /wp-admin/profile.php HTTP/1.1" 503 18948 "https://pastorfischer.com/wp-login.php" "Mozilla/5.0 (Macintosh; Intel Mac OS X 13_6_1; rv:121.0) Gecko/20100101 Firefox/121.0"
23.234.82.46 - - [01/Sep/2026:07:35:51 -0500] "GET /wp-admin/edit.php HTTP/1.1" 503 18948 "https://pastorfischer.com/wp-login.php" "Mozilla/5.0 (Macintosh; Intel Mac OS X 13_6_1; rv:121.0) Gecko/20100101 Firefox/121.0"
23.234.82.46 - - [01/Sep/2026:07:35:52 -0500] "GET /wp-admin/plugins.php HTTP/1.1" 503 18948 "https://pastorfischer.com/wp-login.php" "Mozilla/5.0 (Macintosh; Intel Mac OS X 13_6_1; rv:121.0) Gecko/20100101 Firefox/121.0"
23.234.82.46 - - [01/Sep/2026:07:35:54 -0500] "POST /wp-login.php HTTP/1.1" 503 18035 "https://pastorfischer.com/wp-login.php" "Mozilla/5.0 (Windows NT 10.0; Win64; x64; rv:121.0) Gecko/20100101 Firefox/121.0"
23.234.82.46 - - [01/Sep/2026:07:35:56 -0500] "GET /wp-admin/index.php HTTP/1.1" 503 18948 "https://pastorfischer.com/wp-login.php" "Mozilla/5.0 (Windows NT 11.0; Win64; x64) AppleWebKit/537.36 (KHTML, like Gecko) Chrome/118.0.0.0 Safari/537.36"
157.90.185.123 - - [01/Sep/2026:07:35:58 -0500] "POST /?wordfence_syncAttackData=1788266158.2564 HTTP/1.1" 200 - "-" "WordPress/7.1; https://pastorfischer.com"
23.234.82.46 - - [01/Sep/2026:07:35:57 -0500] "GET /wp-admin/profile.php HTTP/1.1" 503 18948 "https://pastorfischer.com/wp-login.php" "Mozilla/5.0 (Windows NT 11.0; Win64; x64) AppleWebKit/537.36 (KHTML, like Gecko) Chrome/118.0.0.0 Safari/537.36"
23.234.82.46 - - [01/Sep/2026:07:35:59 -0500] "GET /wp-admin/edit.php HTTP/1.1" 503 18948 "https://pastorfischer.com/wp-login.php" "Mozilla/5.0 (Windows NT 11.0; Win64; x64) AppleWebKit/537.36 (KHTML, like Gecko) Chrome/118.0.0.0 Safari/537.36"
23.234.82.46 - - [01/Sep/2026:07:36:01 -0500] "GET /wp-admin/plugins.php HTTP/1.1" 503 18948 "https://pastorfischer.com/wp-login.php" "Mozilla/5.0 (Windows NT 11.0; Win64; x64) AppleWebKit/537.36 (KHTML, like Gecko) Chrome/118.0.0.0 Safari/537.36"
23.234.82.46 - - [01/Sep/2026:07:36:03 -0500] "POST /wp-login.php HTTP/1.1" 503 18035 "https://pastorfischer.com/wp-login.php" "Mozilla/5.0 (Macintosh; Intel Mac OS X 13_6_1) AppleWebKit/605.1.15 (KHTML, like Gecko) Version/17.2 Safari/605.1.15"
23.234.82.46 - - [01/Sep/2026:07:36:04 -0500] "GET /wp-admin/index.php HTTP/1.1" 503 18948 "https://pastorfischer.com/wp-login.php" "Mozilla/5.0 (Macintosh; Intel Mac OS X 13_6_1; rv:119.0) Gecko/20100101 Firefox/119.0"
23.234.82.46 - - [01/Sep/2026:07:36:06 -0500] "GET /wp-admin/profile.php HTTP/1.1" 503 18948 "https://pastorfischer.com/wp-login.php" "Mozilla/5.0 (Macintosh; Intel Mac OS X 13_6_1; rv:119.0) Gecko/20100101 Firefox/119.0"
157.90.185.123 - - [01/Sep/2026:07:36:08 -0500] "POST /?wordfence_syncAttackData=1788266168.458 HTTP/1.1" 200 - "-" "WordPress/7.1; https://pastorfischer.com"
23.234.82.46 - - [01/Sep/2026:07:36:07 -0500] "GET /wp-admin/edit.php HTTP/1.1" 503 18948 "https://pastorfischer.com/wp-login.php" "Mozilla/5.0 (Macintosh; Intel Mac OS X 13_6_1; rv:119.0) Gecko/20100101 Firefox/119.0"
23.234.82.46 - - [01/Sep/2026:07:36:10 -0500] "GET /wp-admin/plugins.php HTTP/1.1" 503 18948 "https://pastorfischer.com/wp-login.php" "Mozilla/5.0 (Macintosh; Intel Mac OS X 13_6_1; rv:119.0) Gecko/20100101 Firefox/119.0"
23.234.82.46 - - [01/Sep/2026:07:36:11 -0500] "POST /wp-login.php HTTP/1.1" 503 18035 "https://pastorfischer.com/wp-login.php" "Mozilla/5.0 (X11; Linux x86_64) AppleWebKit/537.36 (KHTML, like Gecko) Chrome/121.0.0.0 Safari/537.36"
23.234.82.46 - - [01/Sep/2026:07:36:13 -0500] "GET /wp-admin/index.php HTTP/1.1" 503 18948 "https://pastorfischer.com/wp-login.php" "Mozilla/5.0 (Macintosh; Intel Mac OS X 10_15_7) AppleWebKit/537.36 (KHTML, like Gecko) Chrome/120.0.0.0 Safari/537.36"
23.234.82.46 - - [01/Sep/2026:07:36:14 -0500] "GET /wp-admin/profile.php HTTP/1.1" 503 18948 "https://pastorfischer.com/wp-login.php" "Mozilla/5.0 (Macintosh; Intel Mac OS X 10_15_7) AppleWebKit/537.36 (KHTML, like Gecko) Chrome/120.0.0.0 Safari/537.36"
23.234.82.46 - - [01/Sep/2026:07:36:16 -0500] "GET /wp-admin/edit.php HTTP/1.1" 503 18948 "https://pastorfischer.com/wp-login.php" "Mozilla/5.0 (Macintosh; Intel Mac OS X 10_15_7) AppleWebKit/537.36 (KHTML, like Gecko) Chrome/120.0.0.0 Safari/537.36"
157.90.185.123 - - [01/Sep/2026:07:36:18 -0500] "POST /?wordfence_syncAttackData=1788266178.5894 HTTP/1.1" 200 - "-" "WordPress/7.1; https://pastorfischer.com"
23.234.82.46 - - [01/Sep/2026:07:36:17 -0500] "GET /wp-admin/plugins.php HTTP/1.1" 503 18948 "https://pastorfischer.com/wp-login.php" "Mozilla/5.0 (Macintosh; Intel Mac OS X 10_15_7) AppleWebKit/537.36 (KHTML, like Gecko) Chrome/120.0.0.0 Safari/537.36"
23.234.82.46 - - [01/Sep/2026:07:36:20 -0500] "POST /wp-login.php HTTP/1.1" 503 18035 "https://pastorfischer.com/wp-login.php" "Mozilla/5.0 (Macintosh; Intel Mac OS X 13_6_1; rv:118.0) Gecko/20100101 Firefox/118.0"
23.234.82.46 - - [01/Sep/2026:07:36:21 -0500] "GET /wp-admin/index.php HTTP/1.1" 503 18948 "https://pastorfischer.com/wp-login.php" "Mozilla/5.0 (Macintosh; Intel Mac OS X 13_6_1) AppleWebKit/605.1.15 (KHTML, like Gecko) Version/17.2 Safari/605.1.15"
23.234.82.46 - - [01/Sep/2026:07:36:23 -0500] "GET /wp-admin/profile.php HTTP/1.1" 503 18948 "https://pastorfischer.com/wp-login.php" "Mozilla/5.0 (Macintosh; Intel Mac OS X 13_6_1) AppleWebKit/605.1.15 (KHTML, like Gecko) Version/17.2 Safari/605.1.15"
23.234.82.46 - - [01/Sep/2026:07:36:24 -0500] "GET /wp-admin/edit.php HTTP/1.1" 503 18948 "https://pastorfischer.com/wp-login.php" "Mozilla/5.0 (Macintosh; Intel Mac OS X 13_6_1) AppleWebKit/605.1.15 (KHTML, like Gecko) Version/17.2 Safari/605.1.15"
23.234.82.46 - - [01/Sep/2026:07:36:26 -0500] "GET /wp-admin/plugins.php HTTP/1.1" 503 18948 "https://pastorfischer.com/wp-login.php" "Mozilla/5.0 (Macintosh; Intel Mac OS X 13_6_1) AppleWebKit/605.1.15 (KHTML, like Gecko) Version/17.2 Safari/605.1.15"
23.234.82.46 - - [01/Sep/2026:07:36:28 -0500] "POST /wp-login.php HTTP/1.1" 503 18035 "https://pastorfischer.com/wp-login.php" "Mozilla/5.0 (Macintosh; Intel Mac OS X 13_6_1) AppleWebKit/605.1.15 (KHTML, like Gecko) Version/17.2 Safari/605.1.15"
157.90.185.123 - - [01/Sep/2026:07:36:30 -0500] "POST /?wordfence_syncAttackData=1788266190.2897 HTTP/1.1" 200 - "-" "WordPress/7.1; https://pastorfischer.com"
23.234.82.46 - - [01/Sep/2026:07:36:29 -0500] "GET /wp-admin/index.php HTTP/1.1" 503 18948 "https://pastorfischer.com/wp-login.php" "Mozilla/5.0 (Windows NT 11.0; Win64; x64) AppleWebKit/537.36 (KHTML, like Gecko) Chrome/119.0.0.0 Safari/537.36"
23.234.82.46 - - [01/Sep/2026:07:36:32 -0500] "GET /wp-admin/profile.php HTTP/1.1" 503 18948 "https://pastorfischer.com/wp-login.php" "Mozilla/5.0 (Windows NT 11.0; Win64; x64) AppleWebKit/537.36 (KHTML, like Gecko) Chrome/119.0.0.0 Safari/537.36"
