57.141.20.43 - - [02/Sep/2026:10:49:33 -0500] "GET /shopdetail/1044684842 HTTP/1.1" 404 196 "-" "Mozilla/5.0 (Windows NT 10.0; Win64; x64) AppleWebKit/537.36 (KHTML, like Gecko) Chrome/145.0.0.0 Safari/537.36 (compatible; meta-externalagent/1.1 (+https://developers.facebook.com/docs/sharing/webmasters/crawler))"
57.141.20.14 - - [02/Sep/2026:10:49:34 -0500] "GET /shopdetail/3279246183 HTTP/1.1" 404 196 "-" "Mozilla/5.0 (Macintosh; Intel Mac OS X 10_15_7) AppleWebKit/537.36 (KHTML, like Gecko) Chrome/145.0.0.0 Safari/537.36 (compatible; meta-externalagent/1.1 (+https://developers.facebook.com/docs/sharing/webmasters/crawler))"
57.141.20.59 - - [02/Sep/2026:10:49:39 -0500] "GET /shopdetail/259645680 HTTP/1.1" 404 196 "-" "Mozilla/5.0 (Windows NT 10.0; Win64; x64) AppleWebKit/537.36 (KHTML, like Gecko) Chrome/145.0.0.0 Safari/537.36 (compatible; meta-externalagent/1.1 (+https://developers.facebook.com/docs/sharing/webmasters/crawler))"
57.141.20.69 - - [02/Sep/2026:10:50:12 -0500] "GET /shopdetail/1136182219 HTTP/1.1" 404 196 "-" "Mozilla/5.0 (X11; Linux x86_64) AppleWebKit/537.36 (KHTML, like Gecko) Chrome/145.0.0.0 Safari/537.36 (compatible; meta-externalagent/1.1 (+https://developers.facebook.com/docs/sharing/webmasters/crawler))"
57.141.20.18 - - [02/Sep/2026:10:50:13 -0500] "GET /shopdetail/2453148537 HTTP/1.1" 404 196 "-" "Mozilla/5.0 (Macintosh; Intel Mac OS X 10_15_7) AppleWebKit/537.36 (KHTML, like Gecko) Chrome/145.0.0.0 Safari/537.36 (compatible; meta-externalagent/1.1 (+https://developers.facebook.com/docs/sharing/webmasters/crawler))"
57.141.20.72 - - [02/Sep/2026:10:50:20 -0500] "GET /shopdetail/3062436634 HTTP/1.1" 404 196 "-" "Mozilla/5.0 (Macintosh; Intel Mac OS X 10_15_7) AppleWebKit/537.36 (KHTML, like Gecko) Chrome/145.0.0.0 Safari/537.36 (compatible; meta-externalagent/1.1 (+https://developers.facebook.com/docs/sharing/webmasters/crawler))"
57.141.20.30 - - [02/Sep/2026:10:50:23 -0500] "GET /shopdetail/97414245 HTTP/1.1" 404 196 "-" "Mozilla/5.0 (Macintosh; Intel Mac OS X 10_15_7) AppleWebKit/537.36 (KHTML, like Gecko) Chrome/145.0.0.0 Safari/537.36 (compatible; meta-externalagent/1.1 (+https://developers.facebook.com/docs/sharing/webmasters/crawler))"
57.141.20.6 - - [02/Sep/2026:10:50:25 -0500] "GET /shopdetail/1189038964 HTTP/1.1" 404 196 "-" "Mozilla/5.0 (Windows NT 10.0; Win64; x64) AppleWebKit/537.36 (KHTML, like Gecko) Chrome/145.0.0.0 Safari/537.36 (compatible; meta-externalagent/1.1 (+https://developers.facebook.com/docs/sharing/webmasters/crawler))"
57.141.20.34 - - [02/Sep/2026:10:50:56 -0500] "GET /shopdetail/3182396235 HTTP/1.1" 404 196 "-" "Mozilla/5.0 (Windows NT 10.0; Win64; x64) AppleWebKit/537.36 (KHTML, like Gecko) Chrome/145.0.0.0 Safari/537.36 (compatible; meta-externalagent/1.1 (+https://developers.facebook.com/docs/sharing/webmasters/crawler))"
57.141.20.27 - - [02/Sep/2026:10:50:58 -0500] "GET /shopdetail/4055865743 HTTP/1.1" 404 196 "-" "Mozilla/5.0 (Macintosh; Intel Mac OS X 10_15_7) AppleWebKit/537.36 (KHTML, like Gecko) Chrome/145.0.0.0 Safari/537.36 (compatible; meta-externalagent/1.1 (+https://developers.facebook.com/docs/sharing/webmasters/crawler))"
57.141.20.1 - - [02/Sep/2026:10:51:19 -0500] "GET /shopdetail/2429577182 HTTP/1.1" 404 196 "-" "Mozilla/5.0 (Windows NT 10.0; Win64; x64) AppleWebKit/537.36 (KHTML, like Gecko) Chrome/145.0.0.0 Safari/537.36 (compatible; meta-externalagent/1.1 (+https://developers.facebook.com/docs/sharing/webmasters/crawler))"
57.141.20.59 - - [02/Sep/2026:10:51:27 -0500] "GET /shopdetail/1871558532 HTTP/1.1" 404 196 "-" "Mozilla/5.0 (Macintosh; Intel Mac OS X 10_15_7) AppleWebKit/537.36 (KHTML, like Gecko) Chrome/145.0.0.0 Safari/537.36 (compatible; meta-externalagent/1.1 (+https://developers.facebook.com/docs/sharing/webmasters/crawler))"
57.141.20.44 - - [02/Sep/2026:10:51:29 -0500] "GET /shopdetail/2700568313 HTTP/1.1" 404 196 "-" "Mozilla/5.0 (Macintosh; Intel Mac OS X 10_15_7) AppleWebKit/537.36 (KHTML, like Gecko) Chrome/145.0.0.0 Safari/537.36 (compatible; meta-externalagent/1.1 (+https://developers.facebook.com/docs/sharing/webmasters/crawler))"
34.30.98.44 - - [02/Sep/2026:10:51:43 -0500] "GET /shopdetail/1243058690 HTTP/1.1" 404 196 "-" "Mozilla/5.0 (compatible; Reflectionbot/1.0; +https://reflection.ai/bot)"
57.141.20.5 - - [02/Sep/2026:10:53:13 -0500] "GET /shopdetail/2628522391 HTTP/1.1" 404 196 "-" "Mozilla/5.0 (Macintosh; Intel Mac OS X 10_15_7) AppleWebKit/537.36 (KHTML, like Gecko) Chrome/145.0.0.0 Safari/537.36 (compatible; meta-externalagent/1.1 (+https://developers.facebook.com/docs/sharing/webmasters/crawler))"
57.141.20.62 - - [02/Sep/2026:10:53:31 -0500] "GET /shopdetail/3741034503 HTTP/1.1" 404 196 "-" "Mozilla/5.0 (Windows NT 10.0; Win64; x64) AppleWebKit/537.36 (KHTML, like Gecko) Chrome/145.0.0.0 Safari/537.36 (compatible; meta-externalagent/1.1 (+https://developers.facebook.com/docs/sharing/webmasters/crawler))"
57.141.20.72 - - [02/Sep/2026:10:53:35 -0500] "GET /shopdetail/2181440277 HTTP/1.1" 404 196 "-" "Mozilla/5.0 (Windows NT 10.0; Win64; x64) AppleWebKit/537.36 (KHTML, like Gecko) Chrome/145.0.0.0 Safari/537.36 (compatible; meta-externalagent/1.1 (+https://developers.facebook.com/docs/sharing/webmasters/crawler))"
57.141.20.20 - - [02/Sep/2026:10:53:37 -0500] "GET /shopdetail/483936670 HTTP/1.1" 404 196 "-" "Mozilla/5.0 (Windows NT 10.0; Win64; x64) AppleWebKit/537.36 (KHTML, like Gecko) Chrome/145.0.0.0 Safari/537.36 (compatible; meta-externalagent/1.1 (+https://developers.facebook.com/docs/sharing/webmasters/crawler))"
57.141.20.7 - - [02/Sep/2026:10:53:39 -0500] "GET /shopdetail/927607984 HTTP/1.1" 404 196 "-" "Mozilla/5.0 (Windows NT 10.0; Win64; x64) AppleWebKit/537.36 (KHTML, like Gecko) Chrome/145.0.0.0 Safari/537.36 (compatible; meta-externalagent/1.1 (+https://developers.facebook.com/docs/sharing/webmasters/crawler))"
57.141.20.61 - - [02/Sep/2026:10:54:12 -0500] "GET /shopdetail/2752212991 HTTP/1.1" 404 196 "-" "Mozilla/5.0 (Windows NT 10.0; Win64; x64) AppleWebKit/537.36 (KHTML, like Gecko) Chrome/145.0.0.0 Safari/537.36 (compatible; meta-externalagent/1.1 (+https://developers.facebook.com/docs/sharing/webmasters/crawler))"
57.141.12.27 - - [02/Sep/2026:10:54:20 -0500] "GET / HTTP/1.1" 403 199 "-" "facebookexternalhit/1.1 (+http://www.facebook.com/externalhit_uatext.php)"
57.141.20.42 - - [02/Sep/2026:10:54:48 -0500] "GET /shopdetail/312138932 HTTP/1.1" 404 196 "-" "Mozilla/5.0 (Macintosh; Intel Mac OS X 10_15_7) AppleWebKit/537.36 (KHTML, like Gecko) Chrome/145.0.0.0 Safari/537.36 (compatible; meta-externalagent/1.1 (+https://developers.facebook.com/docs/sharing/webmasters/crawler))"
57.141.20.42 - - [02/Sep/2026:10:54:56 -0500] "GET /shopdetail/236623707 HTTP/1.1" 404 196 "-" "Mozilla/5.0 (Windows NT 10.0; Win64; x64) AppleWebKit/537.36 (KHTML, like Gecko) Chrome/145.0.0.0 Safari/537.36 (compatible; meta-externalagent/1.1 (+https://developers.facebook.com/docs/sharing/webmasters/crawler))"
57.141.2.42 - - [02/Sep/2026:10:55:19 -0500] "GET / HTTP/1.1" 403 199 "-" "facebookexternalhit/1.1 (+http://www.facebook.com/externalhit_uatext.php)"
57.141.20.58 - - [02/Sep/2026:10:55:38 -0500] "GET /shopdetail/281100472 HTTP/1.1" 404 196 "-" "Mozilla/5.0 (X11; Linux x86_64) AppleWebKit/537.36 (KHTML, like Gecko) Chrome/145.0.0.0 Safari/537.36 (compatible; meta-externalagent/1.1 (+https://developers.facebook.com/docs/sharing/webmasters/crawler))"
57.141.6.18 - - [02/Sep/2026:10:57:21 -0500] "GET / HTTP/1.1" 403 199 "-" "facebookexternalhit/1.1 (+http://www.facebook.com/externalhit_uatext.php)"
57.141.20.72 - - [02/Sep/2026:10:57:47 -0500] "GET /shopdetail/2610411438 HTTP/1.1" 404 196 "-" "Mozilla/5.0 (Windows NT 10.0; Win64; x64) AppleWebKit/537.36 (KHTML, like Gecko) Chrome/145.0.0.0 Safari/537.36 (compatible; meta-externalagent/1.1 (+https://developers.facebook.com/docs/sharing/webmasters/crawler))"
57.141.20.30 - - [02/Sep/2026:10:57:55 -0500] "GET /shopdetail/2964024231 HTTP/1.1" 404 196 "-" "Mozilla/5.0 (Windows NT 10.0; Win64; x64) AppleWebKit/537.36 (KHTML, like Gecko) Chrome/145.0.0.0 Safari/537.36 (compatible; meta-externalagent/1.1 (+https://developers.facebook.com/docs/sharing/webmasters/crawler))"
66.249.76.70 - - [02/Sep/2026:10:58:21 -0500] "GET /robots.txt HTTP/1.1" 404 196 "-" "Mozilla/5.0 (compatible; Googlebot/2.1; +http://www.google.com/bot.html)"
66.249.70.200 - - [02/Sep/2026:10:58:21 -0500] "GET /shopdetail/1834344983 HTTP/1.1" 404 196 "-" "Mozilla/5.0 (Linux; Android 6.0.1; Nexus 5X Build/MMB29P) AppleWebKit/537.36 (KHTML, like Gecko) Chrome/151.0.7922.173 Mobile Safari/537.36 (compatible; Googlebot/2.1; +http://www.google.com/bot.html)"
66.249.70.200 - - [02/Sep/2026:10:58:23 -0500] "GET /review/goods/P3649849253/ HTTP/1.1" 404 196 "-" "Mozilla/5.0 (Linux; Android 6.0.1; Nexus 5X Build/MMB29P) AppleWebKit/537.36 (KHTML, like Gecko) Chrome/151.0.7922.173 Mobile Safari/537.36 (compatible; Googlebot/2.1; +http://www.google.com/bot.html)"
57.141.20.16 - - [02/Sep/2026:10:59:42 -0500] "GET /shopdetail/1291920960 HTTP/1.1" 404 196 "-" "Mozilla/5.0 (Macintosh; Intel Mac OS X 10_15_7) AppleWebKit/537.36 (KHTML, like Gecko) Chrome/145.0.0.0 Safari/537.36 (compatible; meta-externalagent/1.1 (+https://developers.facebook.com/docs/sharing/webmasters/crawler))"
57.141.20.39 - - [02/Sep/2026:10:59:53 -0500] "GET /shopdetail/2361390011 HTTP/1.1" 404 196 "-" "Mozilla/5.0 (Windows NT 10.0; Win64; x64) AppleWebKit/537.36 (KHTML, like Gecko) Chrome/145.0.0.0 Safari/537.36 (compatible; meta-externalagent/1.1 (+https://developers.facebook.com/docs/sharing/webmasters/crawler))"
57.141.20.54 - - [02/Sep/2026:11:00:09 -0500] "GET /shopdetail/589468329 HTTP/1.1" 404 196 "-" "Mozilla/5.0 (Windows NT 10.0; Win64; x64) AppleWebKit/537.36 (KHTML, like Gecko) Chrome/145.0.0.0 Safari/537.36 Edg/145.0.0.0 (compatible; meta-externalagent/1.1 (+https://developers.facebook.com/docs/sharing/webmasters/crawler))"
57.141.20.34 - - [02/Sep/2026:11:00:30 -0500] "GET /shopdetail/146948949 HTTP/1.1" 404 196 "-" "Mozilla/5.0 (X11; Linux x86_64) AppleWebKit/537.36 (KHTML, like Gecko) Chrome/145.0.0.0 Safari/537.36 (compatible; meta-externalagent/1.1 (+https://developers.facebook.com/docs/sharing/webmasters/crawler))"
57.141.20.10 - - [02/Sep/2026:11:00:32 -0500] "GET /shopdetail/93160338 HTTP/1.1" 404 196 "-" "Mozilla/5.0 (Windows NT 10.0; Win64; x64) AppleWebKit/537.36 (KHTML, like Gecko) Chrome/145.0.0.0 Safari/537.36 (compatible; meta-externalagent/1.1 (+https://developers.facebook.com/docs/sharing/webmasters/crawler))"
57.141.24.23 - - [02/Sep/2026:11:00:33 -0500] "GET / HTTP/1.1" 403 199 "-" "facebookexternalhit/1.1 (+http://www.facebook.com/externalhit_uatext.php)"
136.111.68.24 - - [02/Sep/2026:11:01:05 -0500] "GET /shopdetail/3850875727 HTTP/1.1" 404 196 "-" "Mozilla/5.0 (compatible; Reflectionbot/1.0; +https://reflection.ai/bot)"
57.141.20.21 - - [02/Sep/2026:11:01:38 -0500] "GET /shopdetail/2404657705 HTTP/1.1" 404 196 "-" "Mozilla/5.0 (Macintosh; Intel Mac OS X 10_15_7) AppleWebKit/537.36 (KHTML, like Gecko) Chrome/145.0.0.0 Safari/537.36 (compatible; meta-externalagent/1.1 (+https://developers.facebook.com/docs/sharing/webmasters/crawler))"
57.141.20.52 - - [02/Sep/2026:11:01:48 -0500] "GET /shopdetail/2584322434 HTTP/1.1" 404 196 "-" "Mozilla/5.0 (Windows NT 10.0; Win64; x64) AppleWebKit/537.36 (KHTML, like Gecko) Chrome/145.0.0.0 Safari/537.36 (compatible; meta-externalagent/1.1 (+https://developers.facebook.com/docs/sharing/webmasters/crawler))"
34.132.91.139 - - [02/Sep/2026:11:01:55 -0500] "GET /shopdetail/3997072936 HTTP/1.1" 404 196 "-" "Mozilla/5.0 (compatible; Reflectionbot/1.0; +https://reflection.ai/bot)"
57.141.20.38 - - [02/Sep/2026:11:02:04 -0500] "GET /shopdetail/2779289428 HTTP/1.1" 404 196 "-" "Mozilla/5.0 (Macintosh; Intel Mac OS X 10_15_7) AppleWebKit/537.36 (KHTML, like Gecko) Chrome/145.0.0.0 Safari/537.36 (compatible; meta-externalagent/1.1 (+https://developers.facebook.com/docs/sharing/webmasters/crawler))"
57.141.20.45 - - [02/Sep/2026:11:02:34 -0500] "GET /shopdetail/4033316935 HTTP/1.1" 404 196 "-" "Mozilla/5.0 (Windows NT 10.0; Win64; x64) AppleWebKit/537.36 (KHTML, like Gecko) Chrome/145.0.0.0 Safari/537.36 (compatible; meta-externalagent/1.1 (+https://developers.facebook.com/docs/sharing/webmasters/crawler))"
57.141.20.12 - - [02/Sep/2026:11:02:41 -0500] "GET /shopdetail/3063648749 HTTP/1.1" 404 196 "-" "Mozilla/5.0 (Windows NT 10.0; Win64; x64) AppleWebKit/537.36 (KHTML, like Gecko) Chrome/145.0.0.0 Safari/537.36 (compatible; meta-externalagent/1.1 (+https://developers.facebook.com/docs/sharing/webmasters/crawler))"
57.141.20.33 - - [02/Sep/2026:11:03:16 -0500] "GET /shopdetail/2850241104 HTTP/1.1" 404 196 "-" "Mozilla/5.0 (Macintosh; Intel Mac OS X 10_15_7) AppleWebKit/537.36 (KHTML, like Gecko) Chrome/145.0.0.0 Safari/537.36 (compatible; meta-externalagent/1.1 (+https://developers.facebook.com/docs/sharing/webmasters/crawler))"
57.141.18.115 - - [02/Sep/2026:11:03:48 -0500] "GET / HTTP/1.1" 403 199 "-" "facebookexternalhit/1.1 (+http://www.facebook.com/externalhit_uatext.php)"
57.141.20.21 - - [02/Sep/2026:11:04:05 -0500] "GET /shopdetail/2895242603 HTTP/1.1" 404 196 "-" "Mozilla/5.0 (Windows NT 10.0; Win64; x64) AppleWebKit/537.36 (KHTML, like Gecko) Chrome/145.0.0.0 Safari/537.36 (compatible; meta-externalagent/1.1 (+https://developers.facebook.com/docs/sharing/webmasters/crawler))"
57.141.20.14 - - [02/Sep/2026:11:04:07 -0500] "GET /shopdetail/2724513524 HTTP/1.1" 404 196 "-" "Mozilla/5.0 (Macintosh; Intel Mac OS X 10_15_7) AppleWebKit/537.36 (KHTML, like Gecko) Chrome/145.0.0.0 Safari/537.36 (compatible; meta-externalagent/1.1 (+https://developers.facebook.com/docs/sharing/webmasters/crawler))"
57.141.20.44 - - [02/Sep/2026:11:05:47 -0500] "GET /shopdetail/4034529034 HTTP/1.1" 404 196 "-" "Mozilla/5.0 (Windows NT 10.0; Win64; x64) AppleWebKit/537.36 (KHTML, like Gecko) Chrome/145.0.0.0 Safari/537.36 (compatible; meta-externalagent/1.1 (+https://developers.facebook.com/docs/sharing/webmasters/crawler))"
57.141.20.16 - - [02/Sep/2026:11:05:53 -0500] "GET /shopdetail/1703072139 HTTP/1.1" 404 196 "-" "Mozilla/5.0 (Macintosh; Intel Mac OS X 10_15_7) AppleWebKit/537.36 (KHTML, like Gecko) Chrome/145.0.0.0 Safari/537.36 (compatible; meta-externalagent/1.1 (+https://developers.facebook.com/docs/sharing/webmasters/crawler))"
57.141.20.39 - - [02/Sep/2026:11:06:29 -0500] "GET /shopdetail/661607424 HTTP/1.1" 404 196 "-" "Mozilla/5.0 (Macintosh; Intel Mac OS X 10_15_7) AppleWebKit/537.36 (KHTML, like Gecko) Chrome/145.0.0.0 Safari/537.36 (compatible; meta-externalagent/1.1 (+https://developers.facebook.com/docs/sharing/webmasters/crawler))"
57.141.8.18 - - [02/Sep/2026:11:06:57 -0500] "GET / HTTP/1.1" 403 199 "-" "facebookexternalhit/1.1 (+http://www.facebook.com/externalhit_uatext.php)"
57.141.20.58 - - [02/Sep/2026:11:07:06 -0500] "GET /shopdetail/3612444255 HTTP/1.1" 404 196 "-" "Mozilla/5.0 (Windows NT 10.0; Win64; x64) AppleWebKit/537.36 (KHTML, like Gecko) Chrome/145.0.0.0 Safari/537.36 (compatible; meta-externalagent/1.1 (+https://developers.facebook.com/docs/sharing/webmasters/crawler))"
57.141.20.43 - - [02/Sep/2026:11:07:32 -0500] "GET /shopdetail/1836414698 HTTP/1.1" 404 196 "-" "Mozilla/5.0 (Macintosh; Intel Mac OS X 10_15_7) AppleWebKit/537.36 (KHTML, like Gecko) Chrome/145.0.0.0 Safari/537.36 (compatible; meta-externalagent/1.1 (+https://developers.facebook.com/docs/sharing/webmasters/crawler))"
57.141.20.64 - - [02/Sep/2026:11:07:55 -0500] "GET /shopdetail/1774920814 HTTP/1.1" 404 196 "-" "Mozilla/5.0 (Windows NT 10.0; Win64; x64) AppleWebKit/537.36 (KHTML, like Gecko) Chrome/145.0.0.0 Safari/537.36 Edg/145.0.0.0 (compatible; meta-externalagent/1.1 (+https://developers.facebook.com/docs/sharing/webmasters/crawler))"
57.141.20.62 - - [02/Sep/2026:11:08:48 -0500] "GET /shopdetail/3658267103 HTTP/1.1" 404 196 "-" "Mozilla/5.0 (Windows NT 10.0; Win64; x64) AppleWebKit/537.36 (KHTML, like Gecko) Chrome/145.0.0.0 Safari/537.36 (compatible; meta-externalagent/1.1 (+https://developers.facebook.com/docs/sharing/webmasters/crawler))"
57.141.20.26 - - [02/Sep/2026:11:08:50 -0500] "GET /shopdetail/887583694 HTTP/1.1" 404 196 "-" "Mozilla/5.0 (Windows NT 10.0; Win64; x64) AppleWebKit/537.36 (KHTML, like Gecko) Chrome/145.0.0.0 Safari/537.36 (compatible; meta-externalagent/1.1 (+https://developers.facebook.com/docs/sharing/webmasters/crawler))"
57.141.20.56 - - [02/Sep/2026:11:09:23 -0500] "GET /shopdetail/914690753 HTTP/1.1" 404 196 "-" "Mozilla/5.0 (Windows NT 10.0; Win64; x64) AppleWebKit/537.36 (KHTML, like Gecko) Chrome/145.0.0.0 Safari/537.36 (compatible; meta-externalagent/1.1 (+https://developers.facebook.com/docs/sharing/webmasters/crawler))"
57.141.20.51 - - [02/Sep/2026:11:09:25 -0500] "GET /shopdetail/3989168410 HTTP/1.1" 404 196 "-" "Mozilla/5.0 (Windows NT 10.0; Win64; x64) AppleWebKit/537.36 (KHTML, like Gecko) Chrome/145.0.0.0 Safari/537.36 (compatible; meta-externalagent/1.1 (+https://developers.facebook.com/docs/sharing/webmasters/crawler))"
57.141.20.21 - - [02/Sep/2026:11:09:43 -0500] "GET /shopdetail/675423499 HTTP/1.1" 404 196 "-" "Mozilla/5.0 (Windows NT 10.0; Win64; x64) AppleWebKit/537.36 (KHTML, like Gecko) Chrome/145.0.0.0 Safari/537.36 (compatible; meta-externalagent/1.1 (+https://developers.facebook.com/docs/sharing/webmasters/crawler))"
57.141.20.21 - - [02/Sep/2026:11:09:49 -0500] "GET /shopdetail/3989160305 HTTP/1.1" 404 196 "-" "Mozilla/5.0 (Windows NT 10.0; Win64; x64) AppleWebKit/537.36 (KHTML, like Gecko) Chrome/145.0.0.0 Safari/537.36 (compatible; meta-externalagent/1.1 (+https://developers.facebook.com/docs/sharing/webmasters/crawler))"
57.141.20.20 - - [02/Sep/2026:11:10:02 -0500] "GET /shopdetail/2308075027 HTTP/1.1" 404 196 "-" "Mozilla/5.0 (Windows NT 10.0; Win64; x64) AppleWebKit/537.36 (KHTML, like Gecko) Chrome/145.0.0.0 Safari/537.36 (compatible; meta-externalagent/1.1 (+https://developers.facebook.com/docs/sharing/webmasters/crawler))"
57.141.20.30 - - [02/Sep/2026:11:10:50 -0500] "GET /shopdetail/2937474562 HTTP/1.1" 404 196 "-" "Mozilla/5.0 (Macintosh; Intel Mac OS X 10_15_7) AppleWebKit/537.36 (KHTML, like Gecko) Chrome/145.0.0.0 Safari/537.36 (compatible; meta-externalagent/1.1 (+https://developers.facebook.com/docs/sharing/webmasters/crawler))"
146.148.85.172 - - [02/Sep/2026:11:11:19 -0500] "GET /shopdetail/1388389142 HTTP/1.1" 404 196 "-" "Mozilla/5.0 (compatible; Reflectionbot/1.0; +https://reflection.ai/bot)"
66.249.76.69 - - [02/Sep/2026:11:11:28 -0500] "GET /shopdetail/4071280839 HTTP/1.1" 404 196 "-" "Mozilla/5.0 (Linux; Android 6.0.1; Nexus 5X Build/MMB29P) AppleWebKit/537.36 (KHTML, like Gecko) Chrome/151.0.7922.173 Mobile Safari/537.36 (compatible; Googlebot/2.1; +http://www.google.com/bot.html)"
57.141.20.17 - - [02/Sep/2026:11:11:31 -0500] "GET /shopdetail/386742390 HTTP/1.1" 404 196 "-" "Mozilla/5.0 (Windows NT 10.0; Win64; x64) AppleWebKit/537.36 (KHTML, like Gecko) Chrome/145.0.0.0 Safari/537.36 (compatible; meta-externalagent/1.1 (+https://developers.facebook.com/docs/sharing/webmasters/crawler))"
57.141.20.6 - - [02/Sep/2026:11:11:46 -0500] "GET /shopdetail/2315375271 HTTP/1.1" 404 196 "-" "Mozilla/5.0 (Windows NT 10.0; Win64; x64) AppleWebKit/537.36 (KHTML, like Gecko) Chrome/145.0.0.0 Safari/537.36 (compatible; meta-externalagent/1.1 (+https://developers.facebook.com/docs/sharing/webmasters/crawler))"
57.141.20.33 - - [02/Sep/2026:11:11:50 -0500] "GET /shopdetail/636613621 HTTP/1.1" 404 196 "-" "Mozilla/5.0 (Windows NT 10.0; Win64; x64) AppleWebKit/537.36 (KHTML, like Gecko) Chrome/145.0.0.0 Safari/537.36 (compatible; meta-externalagent/1.1 (+https://developers.facebook.com/docs/sharing/webmasters/crawler))"
57.141.20.4 - - [02/Sep/2026:11:12:03 -0500] "GET /shopdetail/2331619141 HTTP/1.1" 404 196 "-" "Mozilla/5.0 (Windows NT 10.0; Win64; x64) AppleWebKit/537.36 (KHTML, like Gecko) Chrome/145.0.0.0 Safari/537.36 (compatible; meta-externalagent/1.1 (+https://developers.facebook.com/docs/sharing/webmasters/crawler))"
57.141.20.44 - - [02/Sep/2026:11:12:38 -0500] "GET /shopdetail/1272171572 HTTP/1.1" 404 196 "-" "Mozilla/5.0 (Windows NT 10.0; Win64; x64) AppleWebKit/537.36 (KHTML, like Gecko) Chrome/145.0.0.0 Safari/537.36 Edg/145.0.0.0 (compatible; meta-externalagent/1.1 (+https://developers.facebook.com/docs/sharing/webmasters/crawler))"
57.141.20.20 - - [02/Sep/2026:11:13:06 -0500] "GET /shopdetail/1946058105 HTTP/1.1" 404 196 "-" "Mozilla/5.0 (Macintosh; Intel Mac OS X 10_15_7) AppleWebKit/537.36 (KHTML, like Gecko) Chrome/145.0.0.0 Safari/537.36 (compatible; meta-externalagent/1.1 (+https://developers.facebook.com/docs/sharing/webmasters/crawler))"
57.141.20.64 - - [02/Sep/2026:11:13:33 -0500] "GET /shopdetail/2136390072 HTTP/1.1" 404 196 "-" "Mozilla/5.0 (Windows NT 10.0; Win64; x64) AppleWebKit/537.36 (KHTML, like Gecko) Chrome/145.0.0.0 Safari/537.36 (compatible; meta-externalagent/1.1 (+https://developers.facebook.com/docs/sharing/webmasters/crawler))"
57.141.20.66 - - [02/Sep/2026:11:14:01 -0500] "GET /shopdetail/3104292730 HTTP/1.1" 404 196 "-" "Mozilla/5.0 (Windows NT 10.0; Win64; x64) AppleWebKit/537.36 (KHTML, like Gecko) Chrome/145.0.0.0 Safari/537.36 (compatible; meta-externalagent/1.1 (+https://developers.facebook.com/docs/sharing/webmasters/crawler))"
57.141.20.51 - - [02/Sep/2026:11:14:07 -0500] "GET /shopdetail/538960933 HTTP/1.1" 404 196 "-" "Mozilla/5.0 (Windows NT 10.0; Win64; x64) AppleWebKit/537.36 (KHTML, like Gecko) Chrome/145.0.0.0 Safari/537.36 (compatible; meta-externalagent/1.1 (+https://developers.facebook.com/docs/sharing/webmasters/crawler))"
57.141.20.16 - - [02/Sep/2026:11:14:46 -0500] "GET /shopdetail/2923070592 HTTP/1.1" 404 196 "-" "Mozilla/5.0 (Windows NT 10.0; Win64; x64) AppleWebKit/537.36 (KHTML, like Gecko) Chrome/145.0.0.0 Safari/537.36 (compatible; meta-externalagent/1.1 (+https://developers.facebook.com/docs/sharing/webmasters/crawler))"
57.141.20.1 - - [02/Sep/2026:11:14:47 -0500] "GET /shopdetail/3417460307 HTTP/1.1" 404 196 "-" "Mozilla/5.0 (Macintosh; Intel Mac OS X 10_15_7) AppleWebKit/537.36 (KHTML, like Gecko) Chrome/145.0.0.0 Safari/537.36 (compatible; meta-externalagent/1.1 (+https://developers.facebook.com/docs/sharing/webmasters/crawler))"
57.141.20.61 - - [02/Sep/2026:11:15:25 -0500] "GET /shopdetail/2718541009 HTTP/1.1" 404 196 "-" "Mozilla/5.0 (Windows NT 10.0; Win64; x64) AppleWebKit/537.36 (KHTML, like Gecko) Chrome/145.0.0.0 Safari/537.36 (compatible; meta-externalagent/1.1 (+https://developers.facebook.com/docs/sharing/webmasters/crawler))"
57.141.20.20 - - [02/Sep/2026:11:15:31 -0500] "GET /shopdetail/3938100961 HTTP/1.1" 404 196 "-" "Mozilla/5.0 (X11; Linux x86_64) AppleWebKit/537.36 (KHTML, like Gecko) Chrome/145.0.0.0 Safari/537.36 (compatible; meta-externalagent/1.1 (+https://developers.facebook.com/docs/sharing/webmasters/crawler))"
57.141.20.61 - - [02/Sep/2026:11:15:32 -0500] "GET /shopdetail/2113977546 HTTP/1.1" 404 196 "-" "Mozilla/5.0 (Windows NT 10.0; Win64; x64) AppleWebKit/537.36 (KHTML, like Gecko) Chrome/145.0.0.0 Safari/537.36 (compatible; meta-externalagent/1.1 (+https://developers.facebook.com/docs/sharing/webmasters/crawler))"
44.215.67.168 - - [02/Sep/2026:11:15:49 -0500] "POST / HTTP/1.1" 404 196 "https://pastor.desarrollo.itsangee.com/" "Mozilla/5.0 (Macintosh; Intel Mac OS X 10_15_7) AppleWebKit/537.36 (KHTML, like Gecko) Chrome/146.0.0.0 Safari/537.36"
57.141.20.7 - - [02/Sep/2026:11:16:11 -0500] "GET /shopdetail/2557215375 HTTP/1.1" 404 196 "-" "Mozilla/5.0 (Windows NT 10.0; Win64; x64) AppleWebKit/537.36 (KHTML, like Gecko) Chrome/145.0.0.0 Safari/537.36 (compatible; meta-externalagent/1.1 (+https://developers.facebook.com/docs/sharing/webmasters/crawler))"
57.141.20.20 - - [02/Sep/2026:11:16:23 -0500] "GET /shopdetail/171480528 HTTP/1.1" 404 196 "-" "Mozilla/5.0 (Windows NT 10.0; Win64; x64) AppleWebKit/537.36 (KHTML, like Gecko) Chrome/145.0.0.0 Safari/537.36 (compatible; meta-externalagent/1.1 (+https://developers.facebook.com/docs/sharing/webmasters/crawler))"
57.141.20.8 - - [02/Sep/2026:11:16:28 -0500] "GET /shopdetail/3681225899 HTTP/1.1" 404 196 "-" "Mozilla/5.0 (Windows NT 10.0; Win64; x64) AppleWebKit/537.36 (KHTML, like Gecko) Chrome/145.0.0.0 Safari/537.36 (compatible; meta-externalagent/1.1 (+https://developers.facebook.com/docs/sharing/webmasters/crawler))"
57.141.20.62 - - [02/Sep/2026:11:16:42 -0500] "GET /shopdetail/2116265478 HTTP/1.1" 404 196 "-" "Mozilla/5.0 (Windows NT 10.0; Win64; x64) AppleWebKit/537.36 (KHTML, like Gecko) Chrome/145.0.0.0 Safari/537.36 (compatible; meta-externalagent/1.1 (+https://developers.facebook.com/docs/sharing/webmasters/crawler))"
57.141.20.3 - - [02/Sep/2026:11:16:56 -0500] "GET /shopdetail/1071761311 HTTP/1.1" 404 196 "-" "Mozilla/5.0 (Windows NT 10.0; Win64; x64) AppleWebKit/537.36 (KHTML, like Gecko) Chrome/145.0.0.0 Safari/537.36 (compatible; meta-externalagent/1.1 (+https://developers.facebook.com/docs/sharing/webmasters/crawler))"
57.141.20.33 - - [02/Sep/2026:11:17:09 -0500] "GET /shopdetail/2612096718 HTTP/1.1" 404 196 "-" "Mozilla/5.0 (Macintosh; Intel Mac OS X 10_15_7) AppleWebKit/537.36 (KHTML, like Gecko) Chrome/145.0.0.0 Safari/537.36 (compatible; meta-externalagent/1.1 (+https://developers.facebook.com/docs/sharing/webmasters/crawler))"
57.141.20.20 - - [02/Sep/2026:11:18:10 -0500] "GET /shopdetail/3094696143 HTTP/1.1" 404 196 "-" "Mozilla/5.0 (Macintosh; Intel Mac OS X 10_15_7) AppleWebKit/537.36 (KHTML, like Gecko) Chrome/145.0.0.0 Safari/537.36 (compatible; meta-externalagent/1.1 (+https://developers.facebook.com/docs/sharing/webmasters/crawler))"
57.141.20.26 - - [02/Sep/2026:11:18:11 -0500] "GET /shopdetail/1645896808 HTTP/1.1" 404 196 "-" "Mozilla/5.0 (Windows NT 10.0; Win64; x64) AppleWebKit/537.36 (KHTML, like Gecko) Chrome/145.0.0.0 Safari/537.36 (compatible; meta-externalagent/1.1 (+https://developers.facebook.com/docs/sharing/webmasters/crawler))"
57.141.20.10 - - [02/Sep/2026:11:18:19 -0500] "GET /shopdetail/3913489135 HTTP/1.1" 404 196 "-" "Mozilla/5.0 (Macintosh; Intel Mac OS X 10_15_7) AppleWebKit/537.36 (KHTML, like Gecko) Chrome/145.0.0.0 Safari/537.36 (compatible; meta-externalagent/1.1 (+https://developers.facebook.com/docs/sharing/webmasters/crawler))"
57.141.20.62 - - [02/Sep/2026:11:18:44 -0500] "GET /shopdetail/3112396539 HTTP/1.1" 404 196 "-" "Mozilla/5.0 (Macintosh; Intel Mac OS X 10_15_7) AppleWebKit/537.36 (KHTML, like Gecko) Chrome/145.0.0.0 Safari/537.36 (compatible; meta-externalagent/1.1 (+https://developers.facebook.com/docs/sharing/webmasters/crawler))"
57.141.20.52 - - [02/Sep/2026:11:19:03 -0500] "GET /shopdetail/267284413 HTTP/1.1" 404 196 "-" "Mozilla/5.0 (Windows NT 10.0; Win64; x64) AppleWebKit/537.36 (KHTML, like Gecko) Chrome/145.0.0.0 Safari/537.36 (compatible; meta-externalagent/1.1 (+https://developers.facebook.com/docs/sharing/webmasters/crawler))"
57.141.20.62 - - [02/Sep/2026:11:19:10 -0500] "GET /shopdetail/958438849 HTTP/1.1" 404 196 "-" "Mozilla/5.0 (Windows NT 10.0; Win64; x64) AppleWebKit/537.36 (KHTML, like Gecko) Chrome/145.0.0.0 Safari/537.36 (compatible; meta-externalagent/1.1 (+https://developers.facebook.com/docs/sharing/webmasters/crawler))"
57.141.20.47 - - [02/Sep/2026:11:19:53 -0500] "GET /shopdetail/1880038014 HTTP/1.1" 404 196 "-" "Mozilla/5.0 (Macintosh; Intel Mac OS X 10_15_7) AppleWebKit/537.36 (KHTML, like Gecko) Chrome/145.0.0.0 Safari/537.36 (compatible; meta-externalagent/1.1 (+https://developers.facebook.com/docs/sharing/webmasters/crawler))"
57.141.20.66 - - [02/Sep/2026:11:20:25 -0500] "GET /shopdetail/3318998437 HTTP/1.1" 404 196 "-" "Mozilla/5.0 (Windows NT 10.0; Win64; x64) AppleWebKit/537.36 (KHTML, like Gecko) Chrome/145.0.0.0 Safari/537.36 (compatible; meta-externalagent/1.1 (+https://developers.facebook.com/docs/sharing/webmasters/crawler))"
57.141.20.61 - - [02/Sep/2026:11:20:29 -0500] "GET /shopdetail/95274878 HTTP/1.1" 404 196 "-" "Mozilla/5.0 (Windows NT 10.0; Win64; x64) AppleWebKit/537.36 (KHTML, like Gecko) Chrome/145.0.0.0 Safari/537.36 (compatible; meta-externalagent/1.1 (+https://developers.facebook.com/docs/sharing/webmasters/crawler))"
57.141.20.21 - - [02/Sep/2026:11:20:33 -0500] "GET /shopdetail/267528183 HTTP/1.1" 404 196 "-" "Mozilla/5.0 (Macintosh; Intel Mac OS X 10_15_7) AppleWebKit/537.36 (KHTML, like Gecko) Chrome/145.0.0.0 Safari/537.36 (compatible; meta-externalagent/1.1 (+https://developers.facebook.com/docs/sharing/webmasters/crawler))"
57.141.20.37 - - [02/Sep/2026:11:21:07 -0500] "GET /shopdetail/3271227398 HTTP/1.1" 404 196 "-" "Mozilla/5.0 (X11; Linux x86_64) AppleWebKit/537.36 (KHTML, like Gecko) Chrome/145.0.0.0 Safari/537.36 (compatible; meta-externalagent/1.1 (+https://developers.facebook.com/docs/sharing/webmasters/crawler))"
57.141.20.18 - - [02/Sep/2026:11:21:58 -0500] "GET /shopdetail/165235713 HTTP/1.1" 404 196 "-" "Mozilla/5.0 (Windows NT 10.0; Win64; x64) AppleWebKit/537.36 (KHTML, like Gecko) Chrome/145.0.0.0 Safari/537.36 (compatible; meta-externalagent/1.1 (+https://developers.facebook.com/docs/sharing/webmasters/crawler))"
57.141.20.31 - - [02/Sep/2026:11:22:42 -0500] "GET /shopdetail/909907572 HTTP/1.1" 404 196 "-" "Mozilla/5.0 (Windows NT 10.0; Win64; x64) AppleWebKit/537.36 (KHTML, like Gecko) Chrome/145.0.0.0 Safari/537.36 (compatible; meta-externalagent/1.1 (+https://developers.facebook.com/docs/sharing/webmasters/crawler))"
66.249.70.200 - - [02/Sep/2026:11:22:53 -0500] "GET /shopdetail/2008890635 HTTP/1.1" 404 196 "-" "Mozilla/5.0 (Linux; Android 6.0.1; Nexus 5X Build/MMB29P) AppleWebKit/537.36 (KHTML, like Gecko) Chrome/151.0.7922.173 Mobile Safari/537.36 (compatible; Googlebot/2.1; +http://www.google.com/bot.html)"
57.141.20.28 - - [02/Sep/2026:11:22:59 -0500] "GET /shopdetail/2780589911 HTTP/1.1" 404 196 "-" "Mozilla/5.0 (Windows NT 10.0; Win64; x64) AppleWebKit/537.36 (KHTML, like Gecko) Chrome/145.0.0.0 Safari/537.36 (compatible; meta-externalagent/1.1 (+https://developers.facebook.com/docs/sharing/webmasters/crawler))"
57.141.20.30 - - [02/Sep/2026:11:24:07 -0500] "GET /shopdetail/1097000205 HTTP/1.1" 404 196 "-" "Mozilla/5.0 (Windows NT 10.0; Win64; x64) AppleWebKit/537.36 (KHTML, like Gecko) Chrome/145.0.0.0 Safari/537.36 (compatible; meta-externalagent/1.1 (+https://developers.facebook.com/docs/sharing/webmasters/crawler))"
57.141.20.14 - - [02/Sep/2026:11:24:16 -0500] "GET /shopdetail/543776421 HTTP/1.1" 404 196 "-" "Mozilla/5.0 (Windows NT 10.0; Win64; x64) AppleWebKit/537.36 (KHTML, like Gecko) Chrome/145.0.0.0 Safari/537.36 (compatible; meta-externalagent/1.1 (+https://developers.facebook.com/docs/sharing/webmasters/crawler))"
195.178.110.22 - - [02/Sep/2026:11:25:59 -0500] "GET /backup.zip HTTP/1.1" 404 196 "-" "-"
195.178.110.22 - - [02/Sep/2026:11:25:59 -0500] "GET /backup.zip HTTP/1.1" 404 196 "-" "-"
195.178.110.22 - - [02/Sep/2026:11:25:59 -0500] "GET /backup.tar.gz HTTP/1.1" 404 196 "-" "-"
195.178.110.22 - - [02/Sep/2026:11:26:00 -0500] "GET /backup.tgz HTTP/1.1" 404 196 "-" "-"
195.178.110.22 - - [02/Sep/2026:11:26:00 -0500] "GET /backup.rar HTTP/1.1" 404 196 "-" "-"
195.178.110.22 - - [02/Sep/2026:11:26:00 -0500] "GET /backup.7z HTTP/1.1" 404 196 "-" "-"
195.178.110.22 - - [02/Sep/2026:11:26:01 -0500] "GET /backups.zip HTTP/1.1" 404 196 "-" "-"
195.178.110.22 - - [02/Sep/2026:11:26:01 -0500] "GET /www.zip HTTP/1.1" 404 196 "-" "-"
195.178.110.22 - - [02/Sep/2026:11:26:01 -0500] "GET /www.tar.gz HTTP/1.1" 404 196 "-" "-"
195.178.110.22 - - [02/Sep/2026:11:26:01 -0500] "GET /wwwroot.zip HTTP/1.1" 404 196 "-" "-"
195.178.110.22 - - [02/Sep/2026:11:26:01 -0500] "GET /wwwroot.tar.gz HTTP/1.1" 404 196 "-" "-"
195.178.110.22 - - [02/Sep/2026:11:26:01 -0500] "GET /htdocs.zip HTTP/1.1" 404 196 "-" "-"
195.178.110.22 - - [02/Sep/2026:11:26:02 -0500] "GET /htdocs.tar.gz HTTP/1.1" 404 196 "-" "-"
195.178.110.22 - - [02/Sep/2026:11:26:02 -0500] "GET /public_html.zip HTTP/1.1" 404 196 "-" "-"
195.178.110.22 - - [02/Sep/2026:11:26:02 -0500] "GET /public_html.tar.gz HTTP/1.1" 404 196 "-" "-"
195.178.110.22 - - [02/Sep/2026:11:26:02 -0500] "GET /web.zip HTTP/1.1" 404 196 "-" "-"
195.178.110.22 - - [02/Sep/2026:11:26:02 -0500] "GET /website.zip HTTP/1.1" 404 196 "-" "-"
195.178.110.22 - - [02/Sep/2026:11:26:02 -0500] "GET /site.zip HTTP/1.1" 404 196 "-" "-"
195.178.110.22 - - [02/Sep/2026:11:26:03 -0500] "GET /html.zip HTTP/1.1" 404 196 "-" "-"
195.178.110.22 - - [02/Sep/2026:11:26:03 -0500] "GET /app.zip HTTP/1.1" 404 196 "-" "-"
195.178.110.22 - - [02/Sep/2026:11:26:03 -0500] "GET /old.zip HTTP/1.1" 404 196 "-" "-"
195.178.110.22 - - [02/Sep/2026:11:26:04 -0500] "GET /bak.zip HTTP/1.1" 404 196 "-" "-"
195.178.110.22 - - [02/Sep/2026:11:26:04 -0500] "GET /data.zip HTTP/1.1" 404 196 "-" "-"
195.178.110.22 - - [02/Sep/2026:11:26:04 -0500] "GET /backup.sql HTTP/1.1" 404 196 "-" "-"
195.178.110.22 - - [02/Sep/2026:11:26:04 -0500] "GET /db.sql HTTP/1.1" 404 196 "-" "-"
195.178.110.22 - - [02/Sep/2026:11:26:04 -0500] "GET /database.sql HTTP/1.1" 404 196 "-" "-"
195.178.110.22 - - [02/Sep/2026:11:26:04 -0500] "GET /dump.sql HTTP/1.1" 404 196 "-" "-"
195.178.110.22 - - [02/Sep/2026:11:26:05 -0500] "GET /db_backup.sql HTTP/1.1" 404 196 "-" "-"
195.178.110.22 - - [02/Sep/2026:11:26:05 -0500] "GET /dbdump.sql HTTP/1.1" 404 196 "-" "-"
195.178.110.22 - - [02/Sep/2026:11:26:05 -0500] "GET /mysql.sql HTTP/1.1" 404 196 "-" "-"
195.178.110.22 - - [02/Sep/2026:11:26:05 -0500] "GET /mysqldump.sql HTTP/1.1" 404 196 "-" "-"
195.178.110.22 - - [02/Sep/2026:11:26:05 -0500] "GET /data.sql HTTP/1.1" 404 196 "-" "-"
195.178.110.22 - - [02/Sep/2026:11:26:05 -0500] "GET /users.sql HTTP/1.1" 404 196 "-" "-"
195.178.110.22 - - [02/Sep/2026:11:26:06 -0500] "GET /www.sql HTTP/1.1" 404 196 "-" "-"
195.178.110.22 - - [02/Sep/2026:11:26:06 -0500] "GET /site.sql HTTP/1.1" 404 196 "-" "-"
195.178.110.22 - - [02/Sep/2026:11:26:06 -0500] "GET /sql.sql HTTP/1.1" 404 196 "-" "-"
195.178.110.22 - - [02/Sep/2026:11:26:06 -0500] "GET /1.sql HTTP/1.1" 404 196 "-" "-"
195.178.110.22 - - [02/Sep/2026:11:26:07 -0500] "GET /localhost.sql HTTP/1.1" 404 196 "-" "-"
195.178.110.22 - - [02/Sep/2026:11:26:07 -0500] "GET /backup.sql.gz HTTP/1.1" 404 196 "-" "-"
195.178.110.22 - - [02/Sep/2026:11:26:07 -0500] "GET /db.sql.gz HTTP/1.1" 404 196 "-" "-"
195.178.110.22 - - [02/Sep/2026:11:26:07 -0500] "GET /dump.sql.gz HTTP/1.1" 404 196 "-" "-"
195.178.110.22 - - [02/Sep/2026:11:26:07 -0500] "GET /database.sql.gz HTTP/1.1" 404 196 "-" "-"
195.178.110.22 - - [02/Sep/2026:11:26:08 -0500] "GET /db_backup.sql.gz HTTP/1.1" 404 196 "-" "-"
195.178.110.22 - - [02/Sep/2026:11:26:08 -0500] "GET /mysql.sql.gz HTTP/1.1" 404 196 "-" "-"
195.178.110.22 - - [02/Sep/2026:11:26:08 -0500] "GET /database.sqlite HTTP/1.1" 404 196 "-" "-"
195.178.110.22 - - [02/Sep/2026:11:26:08 -0500] "GET /db.sqlite HTTP/1.1" 404 196 "-" "-"
195.178.110.22 - - [02/Sep/2026:11:26:08 -0500] "GET /backup.bak HTTP/1.1" 404 196 "-" "-"
195.178.110.22 - - [02/Sep/2026:11:26:08 -0500] "GET /db.bak HTTP/1.1" 404 196 "-" "-"
195.178.110.22 - - [02/Sep/2026:11:26:09 -0500] "GET /database.bak HTTP/1.1" 404 196 "-" "-"
195.178.110.22 - - [02/Sep/2026:11:26:09 -0500] "GET /data.bak HTTP/1.1" 404 196 "-" "-"
195.178.110.22 - - [02/Sep/2026:11:26:09 -0500] "GET /wp-content/uploads/dump.sql HTTP/1.1" 404 196 "-" "-"
195.178.110.22 - - [02/Sep/2026:11:26:10 -0500] "GET /wp-content/uploads/backup.sql HTTP/1.1" 404 196 "-" "-"
195.178.110.22 - - [02/Sep/2026:11:26:10 -0500] "GET /wp-content/uploads/database.sql HTTP/1.1" 404 196 "-" "-"
195.178.110.22 - - [02/Sep/2026:11:26:10 -0500] "GET /wp-content/database.sql HTTP/1.1" 404 196 "-" "-"
195.178.110.22 - - [02/Sep/2026:11:26:10 -0500] "GET /wp-content/mysql.sql HTTP/1.1" 404 196 "-" "-"
195.178.110.22 - - [02/Sep/2026:11:26:10 -0500] "GET /backups/database.sql HTTP/1.1" 404 196 "-" "-"
195.178.110.22 - - [02/Sep/2026:11:26:11 -0500] "GET /pastor.desarrollo.itsangee.com.zip HTTP/1.1" 404 196 "-" "-"
195.178.110.22 - - [02/Sep/2026:11:26:11 -0500] "GET /pastor.desarrollo.itsangee.com.sql HTTP/1.1" 404 196 "-" "-"
195.178.110.22 - - [02/Sep/2026:11:26:11 -0500] "GET /pastor.desarrollo.itsangee.com_db.sql HTTP/1.1" 404 196 "-" "-"
195.178.110.22 - - [02/Sep/2026:11:26:11 -0500] "GET /pastor.zip HTTP/1.1" 404 196 "-" "-"
195.178.110.22 - - [02/Sep/2026:11:26:11 -0500] "GET /pastor.tar.gz HTTP/1.1" 404 196 "-" "-"
195.178.110.22 - - [02/Sep/2026:11:26:11 -0500] "GET /pastor.sql HTTP/1.1" 404 196 "-" "-"
195.178.110.22 - - [02/Sep/2026:11:26:11 -0500] "GET /2026.zip HTTP/1.1" 404 196 "-" "-"
57.141.20.37 - - [02/Sep/2026:11:26:14 -0500] "GET /shopdetail/3582454355 HTTP/1.1" 404 196 "-" "Mozilla/5.0 (Windows NT 10.0; Win64; x64) AppleWebKit/537.36 (KHTML, like Gecko) Chrome/145.0.0.0 Safari/537.36 (compatible; meta-externalagent/1.1 (+https://developers.facebook.com/docs/sharing/webmasters/crawler))"
57.141.20.26 - - [02/Sep/2026:11:27:00 -0500] "GET /shopdetail/3469198114 HTTP/1.1" 404 196 "-" "Mozilla/5.0 (Windows NT 10.0; Win64; x64) AppleWebKit/537.36 (KHTML, like Gecko) Chrome/145.0.0.0 Safari/537.36 (compatible; meta-externalagent/1.1 (+https://developers.facebook.com/docs/sharing/webmasters/crawler))"
57.141.20.72 - - [02/Sep/2026:11:27:11 -0500] "GET /shopdetail/1560217153 HTTP/1.1" 404 196 "-" "Mozilla/5.0 (Windows NT 10.0; Win64; x64) AppleWebKit/537.36 (KHTML, like Gecko) Chrome/145.0.0.0 Safari/537.36 (compatible; meta-externalagent/1.1 (+https://developers.facebook.com/docs/sharing/webmasters/crawler))"
57.141.20.0 - - [02/Sep/2026:11:27:16 -0500] "GET /shopdetail/3640831770 HTTP/1.1" 404 196 "-" "Mozilla/5.0 (Windows NT 10.0; Win64; x64) AppleWebKit/537.36 (KHTML, like Gecko) Chrome/145.0.0.0 Safari/537.36 (compatible; meta-externalagent/1.1 (+https://developers.facebook.com/docs/sharing/webmasters/crawler))"
57.141.20.16 - - [02/Sep/2026:11:27:35 -0500] "GET /shopdetail/2910859 HTTP/1.1" 404 196 "-" "Mozilla/5.0 (Windows NT 10.0; Win64; x64) AppleWebKit/537.36 (KHTML, like Gecko) Chrome/145.0.0.0 Safari/537.36 (compatible; meta-externalagent/1.1 (+https://developers.facebook.com/docs/sharing/webmasters/crawler))"
57.141.20.38 - - [02/Sep/2026:11:27:54 -0500] "GET /shopdetail/2680289842 HTTP/1.1" 404 196 "-" "Mozilla/5.0 (Macintosh; Intel Mac OS X 10_15_7) AppleWebKit/537.36 (KHTML, like Gecko) Chrome/145.0.0.0 Safari/537.36 (compatible; meta-externalagent/1.1 (+https://developers.facebook.com/docs/sharing/webmasters/crawler))"
57.141.20.74 - - [02/Sep/2026:11:28:40 -0500] "GET /shopdetail/762621590 HTTP/1.1" 404 196 "-" "Mozilla/5.0 (Macintosh; Intel Mac OS X 10_15_7) AppleWebKit/537.36 (KHTML, like Gecko) Chrome/145.0.0.0 Safari/537.36 (compatible; meta-externalagent/1.1 (+https://developers.facebook.com/docs/sharing/webmasters/crawler))"
66.249.76.68 - - [02/Sep/2026:11:28:47 -0500] "GET /shopdetail/3410079188 HTTP/1.1" 404 196 "-" "Mozilla/5.0 (Linux; Android 6.0.1; Nexus 5X Build/MMB29P) AppleWebKit/537.36 (KHTML, like Gecko) Chrome/151.0.7922.173 Mobile Safari/537.36 (compatible; Googlebot/2.1; +http://www.google.com/bot.html)"
57.141.20.14 - - [02/Sep/2026:11:29:50 -0500] "GET /shopdetail/1544197933 HTTP/1.1" 404 196 "-" "Mozilla/5.0 (Windows NT 10.0; Win64; x64) AppleWebKit/537.36 (KHTML, like Gecko) Chrome/145.0.0.0 Safari/537.36 (compatible; meta-externalagent/1.1 (+https://developers.facebook.com/docs/sharing/webmasters/crawler))"
57.141.20.18 - - [02/Sep/2026:11:30:07 -0500] "GET /shopdetail/4184113441 HTTP/1.1" 404 196 "-" "Mozilla/5.0 (Macintosh; Intel Mac OS X 10_15_7) AppleWebKit/537.36 (KHTML, like Gecko) Chrome/145.0.0.0 Safari/537.36 (compatible; meta-externalagent/1.1 (+https://developers.facebook.com/docs/sharing/webmasters/crawler))"
34.30.34.107 - - [02/Sep/2026:11:30:13 -0500] "GET /shopdetail/2338440397 HTTP/1.1" 404 196 "-" "Mozilla/5.0 (compatible; Reflectionbot/1.0; +https://reflection.ai/bot)"
57.141.20.21 - - [02/Sep/2026:11:30:41 -0500] "GET /shopdetail/1947615546 HTTP/1.1" 404 196 "-" "Mozilla/5.0 (Windows NT 10.0; Win64; x64) AppleWebKit/537.36 (KHTML, like Gecko) Chrome/145.0.0.0 Safari/537.36 (compatible; meta-externalagent/1.1 (+https://developers.facebook.com/docs/sharing/webmasters/crawler))"
57.141.20.3 - - [02/Sep/2026:11:31:06 -0500] "GET /shopdetail/3937025112 HTTP/1.1" 404 196 "-" "Mozilla/5.0 (Macintosh; Intel Mac OS X 10_15_7) AppleWebKit/537.36 (KHTML, like Gecko) Chrome/145.0.0.0 Safari/537.36 (compatible; meta-externalagent/1.1 (+https://developers.facebook.com/docs/sharing/webmasters/crawler))"
57.141.20.7 - - [02/Sep/2026:11:31:19 -0500] "GET /shopdetail/723456329 HTTP/1.1" 404 196 "-" "Mozilla/5.0 (Macintosh; Intel Mac OS X 10_15_7) AppleWebKit/537.36 (KHTML, like Gecko) Chrome/145.0.0.0 Safari/537.36 (compatible; meta-externalagent/1.1 (+https://developers.facebook.com/docs/sharing/webmasters/crawler))"
57.141.20.51 - - [02/Sep/2026:11:31:20 -0500] "GET /shopdetail/2183639841 HTTP/1.1" 404 196 "-" "Mozilla/5.0 (Macintosh; Intel Mac OS X 10_15_7) AppleWebKit/537.36 (KHTML, like Gecko) Chrome/145.0.0.0 Safari/537.36 (compatible; meta-externalagent/1.1 (+https://developers.facebook.com/docs/sharing/webmasters/crawler))"
57.141.20.65 - - [02/Sep/2026:11:31:43 -0500] "GET /shopdetail/147165478 HTTP/1.1" 404 196 "-" "Mozilla/5.0 (X11; Linux x86_64) AppleWebKit/537.36 (KHTML, like Gecko) Chrome/145.0.0.0 Safari/537.36 (compatible; meta-externalagent/1.1 (+https://developers.facebook.com/docs/sharing/webmasters/crawler))"
57.141.0.49 - - [02/Sep/2026:11:31:44 -0500] "GET / HTTP/1.1" 403 199 "-" "facebookexternalhit/1.1 (+http://www.facebook.com/externalhit_uatext.php)"
57.141.20.54 - - [02/Sep/2026:11:31:49 -0500] "GET /shopdetail/4144215215 HTTP/1.1" 404 196 "-" "Mozilla/5.0 (Windows NT 10.0; Win64; x64) AppleWebKit/537.36 (KHTML, like Gecko) Chrome/145.0.0.0 Safari/537.36 (compatible; meta-externalagent/1.1 (+https://developers.facebook.com/docs/sharing/webmasters/crawler))"
57.141.20.18 - - [02/Sep/2026:11:31:54 -0500] "GET /shopdetail/2625009452 HTTP/1.1" 404 196 "-" "Mozilla/5.0 (Windows NT 10.0; Win64; x64) AppleWebKit/537.36 (KHTML, like Gecko) Chrome/145.0.0.0 Safari/537.36 (compatible; meta-externalagent/1.1 (+https://developers.facebook.com/docs/sharing/webmasters/crawler))"
57.141.20.37 - - [02/Sep/2026:11:31:56 -0500] "GET /shopdetail/409469462 HTTP/1.1" 404 196 "-" "Mozilla/5.0 (Windows NT 10.0; Win64; x64) AppleWebKit/537.36 (KHTML, like Gecko) Chrome/145.0.0.0 Safari/537.36 (compatible; meta-externalagent/1.1 (+https://developers.facebook.com/docs/sharing/webmasters/crawler))"
57.141.20.5 - - [02/Sep/2026:11:31:58 -0500] "GET /shopdetail/2121986102 HTTP/1.1" 404 196 "-" "Mozilla/5.0 (Windows NT 10.0; Win64; x64) AppleWebKit/537.36 (KHTML, like Gecko) Chrome/145.0.0.0 Safari/537.36 (compatible; meta-externalagent/1.1 (+https://developers.facebook.com/docs/sharing/webmasters/crawler))"
57.141.20.69 - - [02/Sep/2026:11:32:02 -0500] "GET /shopdetail/4153057910 HTTP/1.1" 404 196 "-" "Mozilla/5.0 (Windows NT 10.0; Win64; x64) AppleWebKit/537.36 (KHTML, like Gecko) Chrome/145.0.0.0 Safari/537.36 (compatible; meta-externalagent/1.1 (+https://developers.facebook.com/docs/sharing/webmasters/crawler))"
57.141.20.17 - - [02/Sep/2026:11:32:04 -0500] "GET /shopdetail/2868808257 HTTP/1.1" 404 196 "-" "Mozilla/5.0 (Windows NT 10.0; Win64; x64) AppleWebKit/537.36 (KHTML, like Gecko) Chrome/145.0.0.0 Safari/537.36 (compatible; meta-externalagent/1.1 (+https://developers.facebook.com/docs/sharing/webmasters/crawler))"
57.141.20.29 - - [02/Sep/2026:11:32:11 -0500] "GET /shopdetail/381311342 HTTP/1.1" 404 196 "-" "Mozilla/5.0 (Macintosh; Intel Mac OS X 10_15_7) AppleWebKit/537.36 (KHTML, like Gecko) Chrome/145.0.0.0 Safari/537.36 (compatible; meta-externalagent/1.1 (+https://developers.facebook.com/docs/sharing/webmasters/crawler))"
57.141.20.52 - - [02/Sep/2026:11:32:13 -0500] "GET /shopdetail/694827513 HTTP/1.1" 404 196 "-" "Mozilla/5.0 (Windows NT 10.0; Win64; x64) AppleWebKit/537.36 (KHTML, like Gecko) Chrome/145.0.0.0 Safari/537.36 (compatible; meta-externalagent/1.1 (+https://developers.facebook.com/docs/sharing/webmasters/crawler))"
57.141.20.37 - - [02/Sep/2026:11:32:16 -0500] "GET /shopdetail/741257640 HTTP/1.1" 404 196 "-" "Mozilla/5.0 (Macintosh; Intel Mac OS X 10_15_7) AppleWebKit/537.36 (KHTML, like Gecko) Chrome/145.0.0.0 Safari/537.36 (compatible; meta-externalagent/1.1 (+https://developers.facebook.com/docs/sharing/webmasters/crawler))"
57.141.20.42 - - [02/Sep/2026:11:32:18 -0500] "GET /shopdetail/541263855 HTTP/1.1" 404 196 "-" "Mozilla/5.0 (Windows NT 10.0; Win64; x64) AppleWebKit/537.36 (KHTML, like Gecko) Chrome/144.0.0.0 Safari/537.36 Edg/144.0.0.0 (compatible; meta-externalagent/1.1 (+https://developers.facebook.com/docs/sharing/webmasters/crawler))"
57.141.20.41 - - [02/Sep/2026:11:32:50 -0500] "GET /shopdetail/3233337762 HTTP/1.1" 404 196 "-" "Mozilla/5.0 (Macintosh; Intel Mac OS X 10_15_7) AppleWebKit/537.36 (KHTML, like Gecko) Chrome/145.0.0.0 Safari/537.36 (compatible; meta-externalagent/1.1 (+https://developers.facebook.com/docs/sharing/webmasters/crawler))"
57.141.20.73 - - [02/Sep/2026:11:33:31 -0500] "GET /shopdetail/1235740500 HTTP/1.1" 404 196 "-" "Mozilla/5.0 (Macintosh; Intel Mac OS X 10_15_7) AppleWebKit/537.36 (KHTML, like Gecko) Chrome/145.0.0.0 Safari/537.36 (compatible; meta-externalagent/1.1 (+https://developers.facebook.com/docs/sharing/webmasters/crawler))"
57.141.20.41 - - [02/Sep/2026:11:34:14 -0500] "GET /shopdetail/3593287958 HTTP/1.1" 404 196 "-" "Mozilla/5.0 (Windows NT 10.0; Win64; x64) AppleWebKit/537.36 (KHTML, like Gecko) Chrome/145.0.0.0 Safari/537.36 (compatible; meta-externalagent/1.1 (+https://developers.facebook.com/docs/sharing/webmasters/crawler))"
57.141.20.69 - - [02/Sep/2026:11:34:52 -0500] "GET /shopdetail/3428170117 HTTP/1.1" 404 196 "-" "Mozilla/5.0 (Windows NT 10.0; Win64; x64) AppleWebKit/537.36 (KHTML, like Gecko) Chrome/145.0.0.0 Safari/537.36 (compatible; meta-externalagent/1.1 (+https://developers.facebook.com/docs/sharing/webmasters/crawler))"
57.141.20.26 - - [02/Sep/2026:11:35:26 -0500] "GET /shopdetail/2604920209 HTTP/1.1" 404 196 "-" "Mozilla/5.0 (X11; Linux x86_64) AppleWebKit/537.36 (KHTML, like Gecko) Chrome/145.0.0.0 Safari/537.36 (compatible; meta-externalagent/1.1 (+https://developers.facebook.com/docs/sharing/webmasters/crawler))"
57.141.20.62 - - [02/Sep/2026:11:35:28 -0500] "GET /shopdetail/1524433991 HTTP/1.1" 404 196 "-" "Mozilla/5.0 (Windows NT 10.0; Win64; x64) AppleWebKit/537.36 (KHTML, like Gecko) Chrome/145.0.0.0 Safari/537.36 (compatible; meta-externalagent/1.1 (+https://developers.facebook.com/docs/sharing/webmasters/crawler))"
57.141.14.83 - - [02/Sep/2026:11:35:28 -0500] "HEAD / HTTP/1.1" 403 - "-" "facebookexternalhit/1.1 (+http://www.facebook.com/externalhit_uatext.php)"
57.141.20.59 - - [02/Sep/2026:11:35:40 -0500] "GET /shopdetail/4261004831 HTTP/1.1" 404 196 "-" "Mozilla/5.0 (X11; Linux x86_64) AppleWebKit/537.36 (KHTML, like Gecko) Chrome/145.0.0.0 Safari/537.36 (compatible; meta-externalagent/1.1 (+https://developers.facebook.com/docs/sharing/webmasters/crawler))"
57.141.20.42 - - [02/Sep/2026:11:36:23 -0500] "GET / HTTP/1.1" 403 199 "-" "facebookexternalhit/1.1 (+http://www.facebook.com/externalhit_uatext.php)"
57.141.20.4 - - [02/Sep/2026:11:36:41 -0500] "GET /shopdetail/3427182684 HTTP/1.1" 404 196 "-" "Mozilla/5.0 (Macintosh; Intel Mac OS X 10_15_7) AppleWebKit/537.36 (KHTML, like Gecko) Chrome/145.0.0.0 Safari/537.36 (compatible; meta-externalagent/1.1 (+https://developers.facebook.com/docs/sharing/webmasters/crawler))"
57.141.20.39 - - [02/Sep/2026:11:36:57 -0500] "GET /shopdetail/3536513057 HTTP/1.1" 404 196 "-" "Mozilla/5.0 (Macintosh; Intel Mac OS X 10_15_7) AppleWebKit/537.36 (KHTML, like Gecko) Chrome/145.0.0.0 Safari/537.36 (compatible; meta-externalagent/1.1 (+https://developers.facebook.com/docs/sharing/webmasters/crawler))"
57.141.20.38 - - [02/Sep/2026:11:37:30 -0500] "GET /shopdetail/2181039428 HTTP/1.1" 404 196 "-" "Mozilla/5.0 (Windows NT 10.0; Win64; x64) AppleWebKit/537.36 (KHTML, like Gecko) Chrome/145.0.0.0 Safari/537.36 (compatible; meta-externalagent/1.1 (+https://developers.facebook.com/docs/sharing/webmasters/crawler))"
57.141.20.70 - - [02/Sep/2026:11:37:59 -0500] "GET /shopdetail/817705274 HTTP/1.1" 404 196 "-" "Mozilla/5.0 (Windows NT 10.0; Win64; x64) AppleWebKit/537.36 (KHTML, like Gecko) Chrome/145.0.0.0 Safari/537.36 (compatible; meta-externalagent/1.1 (+https://developers.facebook.com/docs/sharing/webmasters/crawler))"
57.141.10.21 - - [02/Sep/2026:11:38:16 -0500] "GET / HTTP/1.1" 403 199 "-" "facebookexternalhit/1.1 (+http://www.facebook.com/externalhit_uatext.php)"
57.141.20.18 - - [02/Sep/2026:11:38:24 -0500] "GET /shopdetail/537812027 HTTP/1.1" 404 196 "-" "Mozilla/5.0 (Windows NT 10.0; Win64; x64) AppleWebKit/537.36 (KHTML, like Gecko) Chrome/145.0.0.0 Safari/537.36 (compatible; meta-externalagent/1.1 (+https://developers.facebook.com/docs/sharing/webmasters/crawler))"
57.141.20.20 - - [02/Sep/2026:11:38:45 -0500] "GET /shopdetail/2237211751 HTTP/1.1" 404 196 "-" "Mozilla/5.0 (Macintosh; Intel Mac OS X 10_15_7) AppleWebKit/537.36 (KHTML, like Gecko) Chrome/145.0.0.0 Safari/537.36 (compatible; meta-externalagent/1.1 (+https://developers.facebook.com/docs/sharing/webmasters/crawler))"
57.141.20.72 - - [02/Sep/2026:11:38:53 -0500] "GET /shopdetail/1845544683 HTTP/1.1" 404 196 "-" "Mozilla/5.0 (Macintosh; Intel Mac OS X 10_15_7) AppleWebKit/537.36 (KHTML, like Gecko) Chrome/145.0.0.0 Safari/537.36 (compatible; meta-externalagent/1.1 (+https://developers.facebook.com/docs/sharing/webmasters/crawler))"
57.141.20.2 - - [02/Sep/2026:11:39:29 -0500] "GET /shopdetail/3127921868 HTTP/1.1" 404 196 "-" "Mozilla/5.0 (Windows NT 10.0; Win64; x64) AppleWebKit/537.36 (KHTML, like Gecko) Chrome/145.0.0.0 Safari/537.36 (compatible; meta-externalagent/1.1 (+https://developers.facebook.com/docs/sharing/webmasters/crawler))"
