66.249.78.7 - - [02/Sep/2026:10:22:21 -0500] "GET /?pid=1622463276 HTTP/1.1" 200 282546 "-" "Mozilla/5.0 (Linux; Android 6.0.1; Nexus 5X Build/MMB29P) AppleWebKit/537.36 (KHTML, like Gecko) Chrome/151.0.7922.173 Mobile Safari/537.36 (compatible; Googlebot/2.1; +http://www.google.com/bot.html)"
66.249.70.6 - - [02/Sep/2026:10:22:36 -0500] "GET /wp-content/plugins/brizy/public/editor-build/prod/editor/js/preview.min.js?ver=371-wp HTTP/1.1" 200 8234 "https://newbiomuseo.desarrollo.itsangee.com/?pid=1622463276" "Mozilla/5.0 (Linux; Android 6.0.1; Nexus 5X Build/MMB29P) AppleWebKit/537.36 (KHTML, like Gecko) Chrome/151.0.7922.173 Mobile Safari/537.36 (compatible; Googlebot/2.1; +http://www.google.com/bot.html)"
52.167.144.170 - - [02/Sep/2026:10:22:35 -0500] "GET /?pid=3539111099 HTTP/1.1" 200 282546 "-" "Mozilla/5.0 AppleWebKit/537.36 (KHTML, like Gecko; compatible; bingbot/2.0; +http://www.bing.com/bingbot.htm) Chrome/116.0.1938.76 Safari/537.36"
52.167.144.170 - - [02/Sep/2026:10:22:38 -0500] "GET /?pid=2288538637 HTTP/1.1" 200 282546 "-" "Mozilla/5.0 AppleWebKit/537.36 (KHTML, like Gecko; compatible; bingbot/2.0; +http://www.bing.com/bingbot.htm) Chrome/116.0.1938.76 Safari/537.36"
52.167.144.218 - - [02/Sep/2026:10:22:41 -0500] "GET /?pid=1524718472 HTTP/1.1" 200 282546 "-" "Mozilla/5.0 AppleWebKit/537.36 (KHTML, like Gecko; compatible; bingbot/2.0; +http://www.bing.com/bingbot.htm) Chrome/116.0.1938.76 Safari/537.36"
52.167.144.218 - - [02/Sep/2026:10:22:43 -0500] "GET /?pid=1909771930 HTTP/1.1" 200 282546 "-" "Mozilla/5.0 AppleWebKit/537.36 (KHTML, like Gecko; compatible; bingbot/2.0; +http://www.bing.com/bingbot.htm) Chrome/116.0.1938.76 Safari/537.36"
52.167.144.218 - - [02/Sep/2026:10:22:46 -0500] "GET /?pid=4031593266 HTTP/1.1" 200 282477 "-" "Mozilla/5.0 AppleWebKit/537.36 (KHTML, like Gecko; compatible; bingbot/2.0; +http://www.bing.com/bingbot.htm) Chrome/116.0.1938.76 Safari/537.36"
66.249.70.6 - - [02/Sep/2026:10:22:51 -0500] "GET /?pid=3088589530 HTTP/1.1" 200 282546 "-" "Mozilla/5.0 (Linux; Android 6.0.1; Nexus 5X Build/MMB29P) AppleWebKit/537.36 (KHTML, like Gecko) Chrome/151.0.7922.173 Mobile Safari/537.36 (compatible; Googlebot/2.1; +http://www.google.com/bot.html)"
66.249.78.7 - - [02/Sep/2026:10:23:12 -0500] "GET /?pid=594524875 HTTP/1.1" 200 282542 "-" "Mozilla/5.0 (Linux; Android 6.0.1; Nexus 5X Build/MMB29P) AppleWebKit/537.36 (KHTML, like Gecko) Chrome/151.0.7922.173 Mobile Safari/537.36 (compatible; Googlebot/2.1; +http://www.google.com/bot.html)"
66.249.78.7 - - [02/Sep/2026:10:23:47 -0500] "GET /?pid=4141005997 HTTP/1.1" 200 282546 "-" "Mozilla/5.0 (Linux; Android 6.0.1; Nexus 5X Build/MMB29P) AppleWebKit/537.36 (KHTML, like Gecko) Chrome/151.0.7922.173 Mobile Safari/537.36 (compatible; Googlebot/2.1; +http://www.google.com/bot.html)"
66.249.78.7 - - [02/Sep/2026:10:24:25 -0500] "GET /?pid=3823602991 HTTP/1.1" 200 282546 "-" "Mozilla/5.0 (Linux; Android 6.0.1; Nexus 5X Build/MMB29P) AppleWebKit/537.36 (KHTML, like Gecko) Chrome/151.0.7922.173 Mobile Safari/537.36 (compatible; Googlebot/2.1; +http://www.google.com/bot.html)"
66.249.78.6 - - [02/Sep/2026:10:24:31 -0500] "GET /wp-content/plugins/brizy/public/editor-build/prod/editor/js/preview.min.js?ver=371-wp HTTP/1.1" 200 8234 "https://newbiomuseo.desarrollo.itsangee.com/?pid=4141005997" "Mozilla/5.0 (Linux; Android 6.0.1; Nexus 5X Build/MMB29P) AppleWebKit/537.36 (KHTML, like Gecko) Chrome/151.0.7922.173 Mobile Safari/537.36 (compatible; Googlebot/2.1; +http://www.google.com/bot.html)"
40.77.167.1 - - [02/Sep/2026:10:24:38 -0500] "GET /?pid=45100599 HTTP/1.1" 200 282538 "-" "Mozilla/5.0 AppleWebKit/537.36 (KHTML, like Gecko; compatible; bingbot/2.0; +http://www.bing.com/bingbot.htm) Chrome/116.0.1938.76 Safari/537.36"
40.77.167.1 - - [02/Sep/2026:10:24:40 -0500] "GET /?pid=1901506664 HTTP/1.1" 200 282546 "-" "Mozilla/5.0 AppleWebKit/537.36 (KHTML, like Gecko; compatible; bingbot/2.0; +http://www.bing.com/bingbot.htm) Chrome/116.0.1938.76 Safari/537.36"
66.249.70.6 - - [02/Sep/2026:10:24:48 -0500] "GET /?pid=2155254961 HTTP/1.1" 200 282546 "-" "Mozilla/5.0 (Linux; Android 6.0.1; Nexus 5X Build/MMB29P) AppleWebKit/537.36 (KHTML, like Gecko) Chrome/151.0.7922.173 Mobile Safari/537.36 (compatible; Googlebot/2.1; +http://www.google.com/bot.html)"
66.249.70.8 - - [02/Sep/2026:10:25:33 -0500] "GET /wp-content/plugins/brizy/public/editor-build/prod/editor/js/preview.min.js?ver=371-wp HTTP/1.1" 200 8234 "https://newbiomuseo.desarrollo.itsangee.com/?pid=3088589530" "Mozilla/5.0 (Linux; Android 6.0.1; Nexus 5X Build/MMB29P) AppleWebKit/537.36 (KHTML, like Gecko) Chrome/151.0.7922.173 Mobile Safari/537.36 (compatible; Googlebot/2.1; +http://www.google.com/bot.html)"
66.249.70.8 - - [02/Sep/2026:10:25:34 -0500] "GET /wp-content/plugins/brizy-pro/public/editor-build/prod/js/preview.pro.844.ad870115.js HTTP/1.1" 200 8677 "https://newbiomuseo.desarrollo.itsangee.com/?pid=3088589530" "Mozilla/5.0 (Linux; Android 6.0.1; Nexus 5X Build/MMB29P) AppleWebKit/537.36 (KHTML, like Gecko) Chrome/151.0.7922.173 Mobile Safari/537.36 (compatible; Googlebot/2.1; +http://www.google.com/bot.html)"
66.249.70.6 - - [02/Sep/2026:10:25:34 -0500] "GET /wp-content/plugins/brizy/public/editor-build/prod/editor/icons/glyph/pin-3.svg HTTP/1.1" 200 314 "https://newbiomuseo.desarrollo.itsangee.com/?pid=3088589530" "Mozilla/5.0 (Linux; Android 6.0.1; Nexus 5X Build/MMB29P) AppleWebKit/537.36 (KHTML, like Gecko) Chrome/151.0.7922.173 Mobile Safari/537.36 (compatible; Googlebot/2.1; +http://www.google.com/bot.html)"
66.249.70.6 - - [02/Sep/2026:10:25:41 -0500] "GET /?pid=2430664542 HTTP/1.1" 200 282546 "-" "Mozilla/5.0 (Linux; Android 6.0.1; Nexus 5X Build/MMB29P) AppleWebKit/537.36 (KHTML, like Gecko) Chrome/151.0.7922.173 Mobile Safari/537.36 (compatible; Googlebot/2.1; +http://www.google.com/bot.html)"
66.249.70.7 - - [02/Sep/2026:10:26:13 -0500] "GET /?pid=3390334812 HTTP/1.1" 200 282546 "-" "Mozilla/5.0 (Linux; Android 6.0.1; Nexus 5X Build/MMB29P) AppleWebKit/537.36 (KHTML, like Gecko) Chrome/151.0.7922.173 Mobile Safari/537.36 (compatible; Googlebot/2.1; +http://www.google.com/bot.html)"
66.249.70.7 - - [02/Sep/2026:10:26:34 -0500] "GET /?pid=3244681646 HTTP/1.1" 200 282546 "-" "Mozilla/5.0 (Linux; Android 6.0.1; Nexus 5X Build/MMB29P) AppleWebKit/537.36 (KHTML, like Gecko) Chrome/151.0.7922.173 Mobile Safari/537.36 (compatible; Googlebot/2.1; +http://www.google.com/bot.html)"
66.249.70.7 - - [02/Sep/2026:10:27:48 -0500] "GET /wp-content/plugins/brizy/public/editor-build/prod/editor/js/preview.min.js?ver=371-wp HTTP/1.1" 200 8234 "https://newbiomuseo.desarrollo.itsangee.com/?pid=3088589530" "Mozilla/5.0 (Linux; Android 6.0.1; Nexus 5X Build/MMB29P) AppleWebKit/537.36 (KHTML, like Gecko) Chrome/151.0.7922.173 Mobile Safari/537.36 (compatible; Googlebot/2.1; +http://www.google.com/bot.html)"
66.249.78.6 - - [02/Sep/2026:10:27:48 -0500] "GET /?pid=2872116616 HTTP/1.1" 200 282546 "-" "Mozilla/5.0 (Linux; Android 6.0.1; Nexus 5X Build/MMB29P) AppleWebKit/537.36 (KHTML, like Gecko) Chrome/151.0.7922.173 Mobile Safari/537.36 (compatible; Googlebot/2.1; +http://www.google.com/bot.html)"
66.249.70.6 - - [02/Sep/2026:10:29:15 -0500] "GET /wp-content/plugins/photoblocks-grid-gallery/public/css/photoblocks-public.css?ver=1.3.4 HTTP/1.1" 200 7531 "https://newbiomuseo.desarrollo.itsangee.com/?pid=2872116616" "Mozilla/5.0 (Linux; Android 6.0.1; Nexus 5X Build/MMB29P) AppleWebKit/537.36 (KHTML, like Gecko) Chrome/151.0.7922.173 Mobile Safari/537.36 (compatible; Googlebot/2.1; +http://www.google.com/bot.html)"
66.249.70.6 - - [02/Sep/2026:10:29:34 -0500] "GET /?pid=2040486601 HTTP/1.1" 200 282546 "-" "Mozilla/5.0 (Linux; Android 6.0.1; Nexus 5X Build/MMB29P) AppleWebKit/537.36 (KHTML, like Gecko) Chrome/151.0.7922.173 Mobile Safari/537.36 (compatible; Googlebot/2.1; +http://www.google.com/bot.html)"
66.249.70.6 - - [02/Sep/2026:10:30:37 -0500] "GET /?pid=677344654 HTTP/1.1" 200 282542 "-" "Mozilla/5.0 (Linux; Android 6.0.1; Nexus 5X Build/MMB29P) AppleWebKit/537.36 (KHTML, like Gecko) Chrome/151.0.7922.173 Mobile Safari/537.36 (compatible; Googlebot/2.1; +http://www.google.com/bot.html)"
213.201.253.6 - - [02/Sep/2026:10:31:18 -0500] "GET /en/ HTTP/1.1" 200 285118 "-" "Mozilla/5.0 (Macintosh; Intel Mac OS X 10_15_7) AppleWebKit/537.36 (KHTML, like Gecko) Chrome/143.0.0.0 Safari/537.36"
92.71.35.46 - - [02/Sep/2026:10:31:19 -0500] "GET /en/ HTTP/1.1" 200 285118 "-" "Mozilla/5.0 (Macintosh; Intel Mac OS X 10_15_7) AppleWebKit/537.36 (KHTML, like Gecko) Chrome/142.0.0.0 Safari/537.36"
52.167.144.206 - - [02/Sep/2026:10:33:56 -0500] "GET /?pid=3200973707 HTTP/1.1" 200 282546 "-" "Mozilla/5.0 AppleWebKit/537.36 (KHTML, like Gecko; compatible; bingbot/2.0; +http://www.bing.com/bingbot.htm) Chrome/116.0.1938.76 Safari/537.36"
52.167.144.206 - - [02/Sep/2026:10:33:58 -0500] "GET /?pid=2960256342 HTTP/1.1" 200 282477 "-" "Mozilla/5.0 AppleWebKit/537.36 (KHTML, like Gecko; compatible; bingbot/2.0; +http://www.bing.com/bingbot.htm) Chrome/116.0.1938.76 Safari/537.36"
52.167.144.159 - - [02/Sep/2026:10:34:02 -0500] "GET /en/?pid=999668035 HTTP/1.1" 200 285174 "-" "Mozilla/5.0 AppleWebKit/537.36 (KHTML, like Gecko; compatible; bingbot/2.0; +http://www.bing.com/bingbot.htm) Chrome/116.0.1938.76 Safari/537.36"
66.249.70.6 - - [02/Sep/2026:10:34:10 -0500] "GET /?pid=653249963 HTTP/1.1" 200 282542 "-" "Mozilla/5.0 (Linux; Android 6.0.1; Nexus 5X Build/MMB29P) AppleWebKit/537.36 (KHTML, like Gecko) Chrome/151.0.7922.173 Mobile Safari/537.36 (compatible; Googlebot/2.1; +http://www.google.com/bot.html)"
66.249.78.7 - - [02/Sep/2026:10:35:45 -0500] "GET /?pid=3316725426 HTTP/1.1" 200 282546 "-" "Mozilla/5.0 (Linux; Android 6.0.1; Nexus 5X Build/MMB29P) AppleWebKit/537.36 (KHTML, like Gecko) Chrome/151.0.7922.173 Mobile Safari/537.36 (compatible; Googlebot/2.1; +http://www.google.com/bot.html)"
66.249.78.7 - - [02/Sep/2026:10:36:15 -0500] "GET /?pid=1779192915 HTTP/1.1" 200 282546 "-" "Mozilla/5.0 (Linux; Android 6.0.1; Nexus 5X Build/MMB29P) AppleWebKit/537.36 (KHTML, like Gecko) Chrome/151.0.7922.173 Mobile Safari/537.36 (compatible; Googlebot/2.1; +http://www.google.com/bot.html)"
66.249.78.7 - - [02/Sep/2026:10:36:17 -0500] "GET /?pid=3462516952 HTTP/1.1" 200 282546 "-" "Mozilla/5.0 (Linux; Android 6.0.1; Nexus 5X Build/MMB29P) AppleWebKit/537.36 (KHTML, like Gecko) Chrome/151.0.7922.173 Mobile Safari/537.36 (compatible; Googlebot/2.1; +http://www.google.com/bot.html)"
66.249.70.7 - - [02/Sep/2026:10:36:28 -0500] "GET /wp-content/plugins/brizy-pro/public/editor-build/prod/js/preview.pro.844.ad870115.js HTTP/1.1" 200 8677 "https://newbiomuseo.desarrollo.itsangee.com/?pid=3462516952" "Mozilla/5.0 (Linux; Android 6.0.1; Nexus 5X Build/MMB29P) AppleWebKit/537.36 (KHTML, like Gecko) Chrome/151.0.7922.173 Mobile Safari/537.36 (compatible; Googlebot/2.1; +http://www.google.com/bot.html)"
66.249.70.8 - - [02/Sep/2026:10:37:15 -0500] "GET /?pid=3947587845 HTTP/1.1" 200 282546 "-" "Mozilla/5.0 (Linux; Android 6.0.1; Nexus 5X Build/MMB29P) AppleWebKit/537.36 (KHTML, like Gecko) Chrome/151.0.7922.173 Mobile Safari/537.36 (compatible; Googlebot/2.1; +http://www.google.com/bot.html)"
66.249.70.6 - - [02/Sep/2026:10:37:17 -0500] "GET /?pid=3455913333 HTTP/1.1" 200 282546 "-" "Mozilla/5.0 (Linux; Android 6.0.1; Nexus 5X Build/MMB29P) AppleWebKit/537.36 (KHTML, like Gecko) Chrome/151.0.7922.173 Mobile Safari/537.36 (compatible; Googlebot/2.1; +http://www.google.com/bot.html)"
66.249.70.7 - - [02/Sep/2026:10:37:19 -0500] "GET /?pid=2913668239 HTTP/1.1" 200 282546 "-" "Mozilla/5.0 (Linux; Android 6.0.1; Nexus 5X Build/MMB29P) AppleWebKit/537.36 (KHTML, like Gecko) Chrome/151.0.7922.173 Mobile Safari/537.36 (compatible; Googlebot/2.1; +http://www.google.com/bot.html)"
66.249.70.7 - - [02/Sep/2026:10:37:32 -0500] "GET /?pid=1006406817 HTTP/1.1" 200 282546 "-" "Mozilla/5.0 (Linux; Android 6.0.1; Nexus 5X Build/MMB29P) AppleWebKit/537.36 (KHTML, like Gecko) Chrome/151.0.7922.173 Mobile Safari/537.36 (compatible; Googlebot/2.1; +http://www.google.com/bot.html)"
66.249.70.6 - - [02/Sep/2026:10:37:42 -0500] "GET /?pid=1508816907 HTTP/1.1" 200 282546 "-" "Mozilla/5.0 (Linux; Android 6.0.1; Nexus 5X Build/MMB29P) AppleWebKit/537.36 (KHTML, like Gecko) Chrome/151.0.7922.173 Mobile Safari/537.36 (compatible; Googlebot/2.1; +http://www.google.com/bot.html)"
66.249.70.6 - - [02/Sep/2026:10:38:47 -0500] "GET /?pid=394787316 HTTP/1.1" 200 282542 "-" "Mozilla/5.0 (Linux; Android 6.0.1; Nexus 5X Build/MMB29P) AppleWebKit/537.36 (KHTML, like Gecko) Chrome/151.0.7922.173 Mobile Safari/537.36 (compatible; Googlebot/2.1; +http://www.google.com/bot.html)"
74.7.227.150 - - [02/Sep/2026:10:38:49 -0500] "GET /sitemap.xml HTTP/1.1" 403 199 "-" "Mozilla/5.0 AppleWebKit/537.36 (KHTML, like Gecko; compatible; GPTBot/1.4; +https://openai.com/gptbot)"
74.7.230.39 - - [02/Sep/2026:10:38:49 -0500] "GET /robots.txt HTTP/1.1" 200 101 "-" "Mozilla/5.0 (Macintosh; Intel Mac OS X 10_15_7) AppleWebKit/537.36 (KHTML, like Gecko) Chrome/131.0.0.0 Safari/537.36; compatible; OAI-SearchBot/1.4; robots.txt; +https://openai.com/searchbot"
114.119.137.237 - - [02/Sep/2026:10:39:00 -0500] "GET /robots.txt HTTP/1.1" 200 101 "https://newbiomuseo.desarrollo.itsangee.com/robots.txt" "Mozilla/5.0 (compatible;PetalBot;+https://webmaster.petalsearch.com/site/petalbot)"
52.167.144.159 - - [02/Sep/2026:10:40:17 -0500] "GET /?pid=1819702 HTTP/1.1" 200 282534 "-" "Mozilla/5.0 AppleWebKit/537.36 (KHTML, like Gecko; compatible; bingbot/2.0; +http://www.bing.com/bingbot.htm) Chrome/116.0.1938.76 Safari/537.36"
52.167.144.159 - - [02/Sep/2026:10:40:19 -0500] "GET /?pid=3604436197 HTTP/1.1" 200 282546 "-" "Mozilla/5.0 AppleWebKit/537.36 (KHTML, like Gecko; compatible; bingbot/2.0; +http://www.bing.com/bingbot.htm) Chrome/116.0.1938.76 Safari/537.36"
40.77.167.77 - - [02/Sep/2026:10:40:26 -0500] "GET /?pid=2671022605 HTTP/1.1" 200 282546 "-" "Mozilla/5.0 AppleWebKit/537.36 (KHTML, like Gecko; compatible; bingbot/2.0; +http://www.bing.com/bingbot.htm) Chrome/116.0.1938.76 Safari/537.36"
52.167.144.159 - - [02/Sep/2026:10:40:37 -0500] "GET /?pid=1098275977 HTTP/1.1" 200 282477 "-" "Mozilla/5.0 AppleWebKit/537.36 (KHTML, like Gecko; compatible; bingbot/2.0; +http://www.bing.com/bingbot.htm) Chrome/116.0.1938.76 Safari/537.36"
66.249.70.8 - - [02/Sep/2026:10:40:40 -0500] "GET /?pid=2450785934 HTTP/1.1" 200 282546 "-" "Mozilla/5.0 (Linux; Android 6.0.1; Nexus 5X Build/MMB29P) AppleWebKit/537.36 (KHTML, like Gecko) Chrome/151.0.7922.173 Mobile Safari/537.36 (compatible; Googlebot/2.1; +http://www.google.com/bot.html)"
40.77.167.7 - - [02/Sep/2026:10:40:41 -0500] "GET /en/?pid=4035734864 HTTP/1.1" 200 285178 "-" "Mozilla/5.0 AppleWebKit/537.36 (KHTML, like Gecko; compatible; bingbot/2.0; +http://www.bing.com/bingbot.htm) Chrome/116.0.1938.76 Safari/537.36"
66.249.70.7 - - [02/Sep/2026:10:41:02 -0500] "GET /?pid=2764839006 HTTP/1.1" 200 282546 "-" "Mozilla/5.0 (Linux; Android 6.0.1; Nexus 5X Build/MMB29P) AppleWebKit/537.36 (KHTML, like Gecko) Chrome/151.0.7922.173 Mobile Safari/537.36 (compatible; Googlebot/2.1; +http://www.google.com/bot.html)"
40.77.167.77 - - [02/Sep/2026:10:43:38 -0500] "GET /?pid=2236751363 HTTP/1.1" 200 282546 "-" "Mozilla/5.0 AppleWebKit/537.36 (KHTML, like Gecko; compatible; bingbot/2.0; +http://www.bing.com/bingbot.htm) Chrome/116.0.1938.76 Safari/537.36"
40.77.167.7 - - [02/Sep/2026:10:43:42 -0500] "GET /?pid=747153432 HTTP/1.1" 200 282542 "-" "Mozilla/5.0 AppleWebKit/537.36 (KHTML, like Gecko; compatible; bingbot/2.0; +http://www.bing.com/bingbot.htm) Chrome/116.0.1938.76 Safari/537.36"
40.77.167.41 - - [02/Sep/2026:10:43:47 -0500] "GET /?pid=3472813076 HTTP/1.1" 200 282477 "-" "Mozilla/5.0 AppleWebKit/537.36 (KHTML, like Gecko; compatible; bingbot/2.0; +http://www.bing.com/bingbot.htm) Chrome/116.0.1938.76 Safari/537.36"
66.249.78.7 - - [02/Sep/2026:10:44:14 -0500] "GET /?pid=1410307854 HTTP/1.1" 200 282546 "-" "Mozilla/5.0 (Linux; Android 6.0.1; Nexus 5X Build/MMB29P) AppleWebKit/537.36 (KHTML, like Gecko) Chrome/151.0.7922.173 Mobile Safari/537.36 (compatible; Googlebot/2.1; +http://www.google.com/bot.html)"
66.249.78.8 - - [02/Sep/2026:10:45:33 -0500] "GET /?pid=2518988793 HTTP/1.1" 200 282546 "-" "Mozilla/5.0 (Linux; Android 6.0.1; Nexus 5X Build/MMB29P) AppleWebKit/537.36 (KHTML, like Gecko) Chrome/151.0.7922.173 Mobile Safari/537.36 (compatible; Googlebot/2.1; +http://www.google.com/bot.html)"
40.77.167.41 - - [02/Sep/2026:10:46:28 -0500] "GET /?pid=3730096538 HTTP/1.1" 200 282546 "-" "Mozilla/5.0 AppleWebKit/537.36 (KHTML, like Gecko; compatible; bingbot/2.0; +http://www.bing.com/bingbot.htm) Chrome/116.0.1938.76 Safari/537.36"
40.77.167.132 - - [02/Sep/2026:10:46:33 -0500] "GET /?pid=853245492 HTTP/1.1" 200 282542 "-" "Mozilla/5.0 AppleWebKit/537.36 (KHTML, like Gecko; compatible; bingbot/2.0; +http://www.bing.com/bingbot.htm) Chrome/116.0.1938.76 Safari/537.36"
40.77.167.132 - - [02/Sep/2026:10:46:35 -0500] "GET /en/?pid=660580304 HTTP/1.1" 200 285174 "-" "Mozilla/5.0 AppleWebKit/537.36 (KHTML, like Gecko; compatible; bingbot/2.0; +http://www.bing.com/bingbot.htm) Chrome/116.0.1938.76 Safari/537.36"
66.249.70.7 - - [02/Sep/2026:10:46:56 -0500] "GET /?pid=736049454 HTTP/1.1" 200 282542 "-" "Mozilla/5.0 (Linux; Android 6.0.1; Nexus 5X Build/MMB29P) AppleWebKit/537.36 (KHTML, like Gecko) Chrome/151.0.7922.173 Mobile Safari/537.36 (compatible; Googlebot/2.1; +http://www.google.com/bot.html)"
66.249.78.7 - - [02/Sep/2026:10:47:15 -0500] "GET /?pid=1299650641 HTTP/1.1" 200 282546 "-" "Mozilla/5.0 (Linux; Android 6.0.1; Nexus 5X Build/MMB29P) AppleWebKit/537.36 (KHTML, like Gecko) Chrome/151.0.7922.173 Mobile Safari/537.36 (compatible; Googlebot/2.1; +http://www.google.com/bot.html)"
66.249.78.6 - - [02/Sep/2026:10:47:22 -0500] "GET /wp-content/plugins/brizy-pro/public/editor-build/prod/js/preview.pro.844.ad870115.js HTTP/1.1" 200 8677 "https://newbiomuseo.desarrollo.itsangee.com/?pid=1299650641" "Mozilla/5.0 (Linux; Android 6.0.1; Nexus 5X Build/MMB29P) AppleWebKit/537.36 (KHTML, like Gecko) Chrome/151.0.7922.173 Mobile Safari/537.36 (compatible; Googlebot/2.1; +http://www.google.com/bot.html)"
66.249.78.6 - - [02/Sep/2026:10:48:34 -0500] "GET /?pid=3771307739 HTTP/1.1" 200 282546 "-" "Mozilla/5.0 (Linux; Android 6.0.1; Nexus 5X Build/MMB29P) AppleWebKit/537.36 (KHTML, like Gecko) Chrome/151.0.7922.173 Mobile Safari/537.36 (compatible; Googlebot/2.1; +http://www.google.com/bot.html)"
66.249.78.6 - - [02/Sep/2026:10:48:53 -0500] "GET /?pid=2353157739 HTTP/1.1" 200 282546 "-" "Mozilla/5.0 (Linux; Android 6.0.1; Nexus 5X Build/MMB29P) AppleWebKit/537.36 (KHTML, like Gecko) Chrome/151.0.7922.173 Mobile Safari/537.36 (compatible; Googlebot/2.1; +http://www.google.com/bot.html)"
66.249.78.6 - - [02/Sep/2026:10:49:09 -0500] "GET /?pid=851072359 HTTP/1.1" 200 282542 "-" "Mozilla/5.0 (Linux; Android 6.0.1; Nexus 5X Build/MMB29P) AppleWebKit/537.36 (KHTML, like Gecko) Chrome/151.0.7922.173 Mobile Safari/537.36 (compatible; Googlebot/2.1; +http://www.google.com/bot.html)"
66.249.78.8 - - [02/Sep/2026:10:49:10 -0500] "GET /?pid=1735510674 HTTP/1.1" 200 282546 "-" "Mozilla/5.0 (Linux; Android 6.0.1; Nexus 5X Build/MMB29P) AppleWebKit/537.36 (KHTML, like Gecko) Chrome/151.0.7922.173 Mobile Safari/537.36 (compatible; Googlebot/2.1; +http://www.google.com/bot.html)"
66.249.70.6 - - [02/Sep/2026:10:49:14 -0500] "GET /?pid=3393043445 HTTP/1.1" 200 282546 "-" "Mozilla/5.0 (Linux; Android 6.0.1; Nexus 5X Build/MMB29P) AppleWebKit/537.36 (KHTML, like Gecko) Chrome/151.0.7922.173 Mobile Safari/537.36 (compatible; Googlebot/2.1; +http://www.google.com/bot.html)"
66.249.70.6 - - [02/Sep/2026:10:49:22 -0500] "GET /?pid=3528361034 HTTP/1.1" 200 282546 "-" "Mozilla/5.0 (Linux; Android 6.0.1; Nexus 5X Build/MMB29P) AppleWebKit/537.36 (KHTML, like Gecko) Chrome/151.0.7922.173 Mobile Safari/537.36 (compatible; Googlebot/2.1; +http://www.google.com/bot.html)"
66.249.70.6 - - [02/Sep/2026:10:49:35 -0500] "GET /wp-content/plugins/brizy/public/editor-build/prod/editor/js/preview.min.js?ver=371-wp HTTP/1.1" 200 8234 "https://newbiomuseo.desarrollo.itsangee.com/?pid=3393043445" "Mozilla/5.0 (Linux; Android 6.0.1; Nexus 5X Build/MMB29P) AppleWebKit/537.36 (KHTML, like Gecko) Chrome/151.0.7922.173 Mobile Safari/537.36 (compatible; Googlebot/2.1; +http://www.google.com/bot.html)"
66.249.78.8 - - [02/Sep/2026:10:50:12 -0500] "GET /?pid=653137622 HTTP/1.1" 200 282542 "-" "Mozilla/5.0 (Linux; Android 6.0.1; Nexus 5X Build/MMB29P) AppleWebKit/537.36 (KHTML, like Gecko) Chrome/151.0.7922.173 Mobile Safari/537.36 (compatible; Googlebot/2.1; +http://www.google.com/bot.html)"
40.77.167.41 - - [02/Sep/2026:10:50:48 -0500] "GET /?pid=1979032302 HTTP/1.1" 200 282546 "-" "Mozilla/5.0 AppleWebKit/537.36 (KHTML, like Gecko; compatible; bingbot/2.0; +http://www.bing.com/bingbot.htm) Chrome/116.0.1938.76 Safari/537.36"
216.73.216.232 - - [02/Sep/2026:10:51:00 -0500] "GET /robots.txt HTTP/1.1" 200 101 "-" "Mozilla/5.0 AppleWebKit/537.36 (KHTML, like Gecko; compatible; ClaudeBot/1.0; +claudebot@anthropic.com)"
216.73.216.232 - - [02/Sep/2026:10:51:00 -0500] "GET /sitemap.xml HTTP/1.1" 301 - "-" "Mozilla/5.0 AppleWebKit/537.36 (KHTML, like Gecko; compatible; ClaudeBot/1.0; +claudebot@anthropic.com)"
66.249.70.7 - - [02/Sep/2026:10:51:00 -0500] "GET /?pid=3911723927 HTTP/1.1" 200 282546 "-" "Mozilla/5.0 (Linux; Android 6.0.1; Nexus 5X Build/MMB29P) AppleWebKit/537.36 (KHTML, like Gecko) Chrome/151.0.7922.173 Mobile Safari/537.36 (compatible; Googlebot/2.1; +http://www.google.com/bot.html)"
216.73.216.232 - - [02/Sep/2026:10:51:01 -0500] "GET /sitemap.xml/ HTTP/1.1" 200 282528 "https://newbiomuseo.desarrollo.itsangee.com/sitemap.xml" "Mozilla/5.0 AppleWebKit/537.36 (KHTML, like Gecko; compatible; ClaudeBot/1.0; +claudebot@anthropic.com)"
66.249.78.8 - - [02/Sep/2026:10:52:07 -0500] "GET /?pid=3182090465 HTTP/1.1" 200 282546 "-" "Mozilla/5.0 (Linux; Android 6.0.1; Nexus 5X Build/MMB29P) AppleWebKit/537.36 (KHTML, like Gecko) Chrome/151.0.7922.173 Mobile Safari/537.36 (compatible; Googlebot/2.1; +http://www.google.com/bot.html)"
66.249.70.7 - - [02/Sep/2026:10:52:28 -0500] "GET /?pid=225383492 HTTP/1.1" 200 282542 "-" "Mozilla/5.0 (Linux; Android 6.0.1; Nexus 5X Build/MMB29P) AppleWebKit/537.36 (KHTML, like Gecko) Chrome/151.0.7922.173 Mobile Safari/537.36 (compatible; Googlebot/2.1; +http://www.google.com/bot.html)"
66.249.78.6 - - [02/Sep/2026:10:53:05 -0500] "GET /?pid=3415323198 HTTP/1.1" 200 282546 "-" "Mozilla/5.0 (Linux; Android 6.0.1; Nexus 5X Build/MMB29P) AppleWebKit/537.36 (KHTML, like Gecko) Chrome/151.0.7922.173 Mobile Safari/537.36 (compatible; Googlebot/2.1; +http://www.google.com/bot.html)"
66.249.78.7 - - [02/Sep/2026:10:53:25 -0500] "GET /?pid=332659504 HTTP/1.1" 200 282542 "-" "Mozilla/5.0 (Linux; Android 6.0.1; Nexus 5X Build/MMB29P) AppleWebKit/537.36 (KHTML, like Gecko) Chrome/151.0.7922.173 Mobile Safari/537.36 (compatible; Googlebot/2.1; +http://www.google.com/bot.html)"
66.249.70.6 - - [02/Sep/2026:10:53:34 -0500] "GET /wp-content/plugins/translatepress-multilingual/assets/css/trp-language-switcher.css?ver=3.3.2 HTTP/1.1" 200 2944 "https://newbiomuseo.desarrollo.itsangee.com/?pid=332659504" "Mozilla/5.0 (Linux; Android 6.0.1; Nexus 5X Build/MMB29P) AppleWebKit/537.36 (KHTML, like Gecko) Chrome/151.0.7922.173 Mobile Safari/537.36 (compatible; Googlebot/2.1; +http://www.google.com/bot.html)"
66.249.70.6 - - [02/Sep/2026:10:53:37 -0500] "GET /?pid=1619316024 HTTP/1.1" 200 282546 "-" "Mozilla/5.0 (Linux; Android 6.0.1; Nexus 5X Build/MMB29P) AppleWebKit/537.36 (KHTML, like Gecko) Chrome/151.0.7922.173 Mobile Safari/537.36 (compatible; Googlebot/2.1; +http://www.google.com/bot.html)"
66.249.70.6 - - [02/Sep/2026:10:53:52 -0500] "GET /?pid=2496942511 HTTP/1.1" 200 282546 "-" "Mozilla/5.0 (Linux; Android 6.0.1; Nexus 5X Build/MMB29P) AppleWebKit/537.36 (KHTML, like Gecko) Chrome/151.0.7922.173 Mobile Safari/537.36 (compatible; Googlebot/2.1; +http://www.google.com/bot.html)"
66.249.70.7 - - [02/Sep/2026:10:54:14 -0500] "GET /?pid=1960669977 HTTP/1.1" 200 282546 "-" "Mozilla/5.0 (Linux; Android 6.0.1; Nexus 5X Build/MMB29P) AppleWebKit/537.36 (KHTML, like Gecko) Chrome/151.0.7922.173 Mobile Safari/537.36 (compatible; Googlebot/2.1; +http://www.google.com/bot.html)"
66.249.70.6 - - [02/Sep/2026:10:54:45 -0500] "GET /?pid=4192279641 HTTP/1.1" 200 282546 "-" "Mozilla/5.0 (Linux; Android 6.0.1; Nexus 5X Build/MMB29P) AppleWebKit/537.36 (KHTML, like Gecko) Chrome/151.0.7922.173 Mobile Safari/537.36 (compatible; Googlebot/2.1; +http://www.google.com/bot.html)"
66.249.70.6 - - [02/Sep/2026:10:54:47 -0500] "GET /?pid=1057749082 HTTP/1.1" 200 282546 "-" "Mozilla/5.0 (Linux; Android 6.0.1; Nexus 5X Build/MMB29P) AppleWebKit/537.36 (KHTML, like Gecko) Chrome/151.0.7922.173 Mobile Safari/537.36 (compatible; Googlebot/2.1; +http://www.google.com/bot.html)"
66.249.70.7 - - [02/Sep/2026:10:55:15 -0500] "GET /?pid=4151542109 HTTP/1.1" 200 282546 "-" "Mozilla/5.0 (Linux; Android 6.0.1; Nexus 5X Build/MMB29P) AppleWebKit/537.36 (KHTML, like Gecko) Chrome/151.0.7922.173 Mobile Safari/537.36 (compatible; Googlebot/2.1; +http://www.google.com/bot.html)"
66.249.78.6 - - [02/Sep/2026:10:56:30 -0500] "GET /?pid=3136777372 HTTP/1.1" 200 282546 "-" "Mozilla/5.0 (Linux; Android 6.0.1; Nexus 5X Build/MMB29P) AppleWebKit/537.36 (KHTML, like Gecko) Chrome/151.0.7922.173 Mobile Safari/537.36 (compatible; Googlebot/2.1; +http://www.google.com/bot.html)"
66.249.70.8 - - [02/Sep/2026:10:57:06 -0500] "GET /?pid=114240161 HTTP/1.1" 200 282542 "-" "Mozilla/5.0 (Linux; Android 6.0.1; Nexus 5X Build/MMB29P) AppleWebKit/537.36 (KHTML, like Gecko) Chrome/151.0.7922.173 Mobile Safari/537.36 (compatible; Googlebot/2.1; +http://www.google.com/bot.html)"
66.249.78.7 - - [02/Sep/2026:10:58:38 -0500] "GET /?pid=1497268081 HTTP/1.1" 200 282546 "-" "Mozilla/5.0 (Linux; Android 6.0.1; Nexus 5X Build/MMB29P) AppleWebKit/537.36 (KHTML, like Gecko) Chrome/151.0.7922.173 Mobile Safari/537.36 (compatible; Googlebot/2.1; +http://www.google.com/bot.html)"
66.249.70.7 - - [02/Sep/2026:10:58:43 -0500] "GET /?pid=1381063549 HTTP/1.1" 200 282546 "-" "Mozilla/5.0 (Linux; Android 6.0.1; Nexus 5X Build/MMB29P) AppleWebKit/537.36 (KHTML, like Gecko) Chrome/151.0.7922.173 Mobile Safari/537.36 (compatible; Googlebot/2.1; +http://www.google.com/bot.html)"
66.249.70.7 - - [02/Sep/2026:11:00:18 -0500] "GET /?pid=2413117775 HTTP/1.1" 200 282546 "-" "Mozilla/5.0 (Linux; Android 6.0.1; Nexus 5X Build/MMB29P) AppleWebKit/537.36 (KHTML, like Gecko) Chrome/151.0.7922.173 Mobile Safari/537.36 (compatible; Googlebot/2.1; +http://www.google.com/bot.html)"
66.249.70.8 - - [02/Sep/2026:11:00:20 -0500] "GET /?pid=1932396111 HTTP/1.1" 200 282546 "-" "Mozilla/5.0 (Linux; Android 6.0.1; Nexus 5X Build/MMB29P) AppleWebKit/537.36 (KHTML, like Gecko) Chrome/151.0.7922.173 Mobile Safari/537.36 (compatible; Googlebot/2.1; +http://www.google.com/bot.html)"
66.249.70.6 - - [02/Sep/2026:11:00:22 -0500] "GET /?pid=2931228687 HTTP/1.1" 200 282546 "-" "Mozilla/5.0 (Linux; Android 6.0.1; Nexus 5X Build/MMB29P) AppleWebKit/537.36 (KHTML, like Gecko) Chrome/151.0.7922.173 Mobile Safari/537.36 (compatible; Googlebot/2.1; +http://www.google.com/bot.html)"
66.249.70.6 - - [02/Sep/2026:11:01:15 -0500] "GET /?pid=1298052885 HTTP/1.1" 200 282546 "-" "Mozilla/5.0 (Linux; Android 6.0.1; Nexus 5X Build/MMB29P) AppleWebKit/537.36 (KHTML, like Gecko) Chrome/151.0.7922.173 Mobile Safari/537.36 (compatible; Googlebot/2.1; +http://www.google.com/bot.html)"
66.249.70.6 - - [02/Sep/2026:11:01:56 -0500] "GET /?pid=1249034687 HTTP/1.1" 200 282546 "-" "Mozilla/5.0 (Linux; Android 6.0.1; Nexus 5X Build/MMB29P) AppleWebKit/537.36 (KHTML, like Gecko) Chrome/151.0.7922.173 Mobile Safari/537.36 (compatible; Googlebot/2.1; +http://www.google.com/bot.html)"
66.249.78.6 - - [02/Sep/2026:11:02:00 -0500] "GET /?pid=2783452422 HTTP/1.1" 200 282546 "-" "Mozilla/5.0 (Linux; Android 6.0.1; Nexus 5X Build/MMB29P) AppleWebKit/537.36 (KHTML, like Gecko) Chrome/151.0.7922.173 Mobile Safari/537.36 (compatible; Googlebot/2.1; +http://www.google.com/bot.html)"
66.249.78.8 - - [02/Sep/2026:11:02:14 -0500] "GET /?pid=2962824985 HTTP/1.1" 200 282546 "-" "Mozilla/5.0 (Linux; Android 6.0.1; Nexus 5X Build/MMB29P) AppleWebKit/537.36 (KHTML, like Gecko) Chrome/151.0.7922.173 Mobile Safari/537.36 (compatible; Googlebot/2.1; +http://www.google.com/bot.html)"
34.207.86.197 - - [02/Sep/2026:11:03:02 -0500] "POST / HTTP/1.1" 200 282486 "https://newbiomuseo.desarrollo.itsangee.com/" "Mozilla/5.0 (Windows NT 10.0; Win64; x64) AppleWebKit/537.36 (KHTML, like Gecko) Chrome/146.0.0.0 Safari/537.36"
51.89.83.146 - - [02/Sep/2026:11:03:43 -0500] "GET /accesson.php HTTP/1.1" 301 - "-" "Mozilla/5.0 (Macintosh; Intel Mac OS X 10_15_7) AppleWebKit/537.36 (KHTML, like Gecko) Chrome/147.0.0.0 Safari/537.36"
51.89.83.146 - - [02/Sep/2026:11:03:44 -0500] "GET /accesson.php/ HTTP/1.1" 200 282538 "-" "Mozilla/5.0 (Macintosh; Intel Mac OS X 10_15_7) AppleWebKit/537.36 (KHTML, like Gecko) Chrome/147.0.0.0 Safari/537.36"
51.89.83.146 - - [02/Sep/2026:11:03:54 -0500] "GET /wp-content/plugins/cidaas-pro-master/composer.json HTTP/1.1" 301 - "-" "Mozilla/5.0 (Macintosh; Intel Mac OS X 10_15_7) AppleWebKit/537.36 (KHTML, like Gecko) Chrome/148.0.0.0 Safari/537.36"
51.89.83.146 - - [02/Sep/2026:11:03:55 -0500] "GET /wp-content/plugins/cidaas-pro-master/composer.json/ HTTP/1.1" 200 282690 "-" "Mozilla/5.0 (Macintosh; Intel Mac OS X 10_15_7) AppleWebKit/537.36 (KHTML, like Gecko) Chrome/148.0.0.0 Safari/537.36"
51.89.83.146 - - [02/Sep/2026:11:04:10 -0500] "GET /wp-content/plugins/background-image-cropper/background-image-cropper.js HTTP/1.1" 301 - "-" "Mozilla/5.0 (Macintosh; Intel Mac OS X 10_15_7; rv:149.0) Gecko/20100101 Firefox/149.0"
51.89.83.146 - - [02/Sep/2026:11:04:11 -0500] "GET /wp-content/plugins/background-image-cropper/background-image-cropper.js/ HTTP/1.1" 200 282774 "-" "Mozilla/5.0 (Macintosh; Intel Mac OS X 10_15_7; rv:149.0) Gecko/20100101 Firefox/149.0"
66.249.70.8 - - [02/Sep/2026:11:04:31 -0500] "GET /?pid=1256081043 HTTP/1.1" 200 282546 "-" "Mozilla/5.0 (Linux; Android 6.0.1; Nexus 5X Build/MMB29P) AppleWebKit/537.36 (KHTML, like Gecko) Chrome/151.0.7922.173 Mobile Safari/537.36 (compatible; Googlebot/2.1; +http://www.google.com/bot.html)"
66.249.70.7 - - [02/Sep/2026:11:04:55 -0500] "GET /?pid=2834818557 HTTP/1.1" 200 282546 "-" "Mozilla/5.0 (Linux; Android 6.0.1; Nexus 5X Build/MMB29P) AppleWebKit/537.36 (KHTML, like Gecko) Chrome/151.0.7922.173 Mobile Safari/537.36 (compatible; Googlebot/2.1; +http://www.google.com/bot.html)"
66.249.70.6 - - [02/Sep/2026:11:04:55 -0500] "GET /?pid=3589927340 HTTP/1.1" 200 282546 "-" "Mozilla/5.0 (Linux; Android 6.0.1; Nexus 5X Build/MMB29P) AppleWebKit/537.36 (KHTML, like Gecko) Chrome/151.0.7922.173 Mobile Safari/537.36 (compatible; Googlebot/2.1; +http://www.google.com/bot.html)"
40.77.167.2 - - [02/Sep/2026:11:04:59 -0500] "GET /?pid=899702762 HTTP/1.1" 200 282542 "-" "Mozilla/5.0 AppleWebKit/537.36 (KHTML, like Gecko; compatible; bingbot/2.0; +http://www.bing.com/bingbot.htm) Chrome/116.0.1938.76 Safari/537.36"
40.77.167.2 - - [02/Sep/2026:11:05:01 -0500] "GET /?pid=2095268630 HTTP/1.1" 200 282477 "-" "Mozilla/5.0 AppleWebKit/537.36 (KHTML, like Gecko; compatible; bingbot/2.0; +http://www.bing.com/bingbot.htm) Chrome/116.0.1938.76 Safari/537.36"
40.77.167.203 - - [02/Sep/2026:11:05:03 -0500] "GET /robots.txt HTTP/1.1" 200 101 "-" "Mozilla/5.0 AppleWebKit/537.36 (KHTML, like Gecko; compatible; bingbot/2.0; +http://www.bing.com/bingbot.htm) Chrome/116.0.1938.76 Safari/537.36"
40.77.167.38 - - [02/Sep/2026:11:05:05 -0500] "GET /?pid=1652997844 HTTP/1.1" 200 282546 "-" "Mozilla/5.0 AppleWebKit/537.36 (KHTML, like Gecko; compatible; bingbot/2.0; +http://www.bing.com/bingbot.htm) Chrome/116.0.1938.76 Safari/537.36"
66.249.70.7 - - [02/Sep/2026:11:05:04 -0500] "GET /?pid=983325027 HTTP/1.1" 200 282542 "-" "Mozilla/5.0 (Linux; Android 6.0.1; Nexus 5X Build/MMB29P) AppleWebKit/537.36 (KHTML, like Gecko) Chrome/151.0.7922.173 Mobile Safari/537.36 (compatible; Googlebot/2.1; +http://www.google.com/bot.html)"
66.249.70.8 - - [02/Sep/2026:11:05:05 -0500] "GET /?pid=174062008 HTTP/1.1" 200 282542 "-" "Mozilla/5.0 (Linux; Android 6.0.1; Nexus 5X Build/MMB29P) AppleWebKit/537.36 (KHTML, like Gecko) Chrome/151.0.7922.173 Mobile Safari/537.36 (compatible; Googlebot/2.1; +http://www.google.com/bot.html)"
66.249.78.6 - - [02/Sep/2026:11:05:11 -0500] "GET /?pid=4201944282 HTTP/1.1" 200 282546 "-" "Mozilla/5.0 (Linux; Android 6.0.1; Nexus 5X Build/MMB29P) AppleWebKit/537.36 (KHTML, like Gecko) Chrome/151.0.7922.173 Mobile Safari/537.36 (compatible; Googlebot/2.1; +http://www.google.com/bot.html)"
66.249.70.6 - - [02/Sep/2026:11:05:16 -0500] "GET /wp-content/plugins/photoblocks-grid-gallery/public/js/packery.pkgd.js?ver=7.1 HTTP/1.1" 200 84773 "https://newbiomuseo.desarrollo.itsangee.com/?pid=1249034687" "Mozilla/5.0 (Linux; Android 6.0.1; Nexus 5X Build/MMB29P) AppleWebKit/537.36 (KHTML, like Gecko) Chrome/151.0.7922.173 Mobile Safari/537.36 (compatible; Googlebot/2.1; +http://www.google.com/bot.html)"
66.249.70.6 - - [02/Sep/2026:11:05:30 -0500] "GET /?pid=2378190108 HTTP/1.1" 200 282546 "-" "Mozilla/5.0 (Linux; Android 6.0.1; Nexus 5X Build/MMB29P) AppleWebKit/537.36 (KHTML, like Gecko) Chrome/151.0.7922.173 Mobile Safari/537.36 (compatible; Googlebot/2.1; +http://www.google.com/bot.html)"
66.249.70.7 - - [02/Sep/2026:11:06:09 -0500] "GET /?pid=2054568266 HTTP/1.1" 200 282546 "-" "Mozilla/5.0 (Linux; Android 6.0.1; Nexus 5X Build/MMB29P) AppleWebKit/537.36 (KHTML, like Gecko) Chrome/151.0.7922.173 Mobile Safari/537.36 (compatible; Googlebot/2.1; +http://www.google.com/bot.html)"
66.249.70.6 - - [02/Sep/2026:11:06:30 -0500] "GET /wp-content/plugins/instagram-feed/css/sbi-styles.min.css?ver=6.12.0 HTTP/1.1" 200 42223 "https://newbiomuseo.desarrollo.itsangee.com/?pid=3589927340" "Mozilla/5.0 (Linux; Android 6.0.1; Nexus 5X Build/MMB29P) AppleWebKit/537.36 (KHTML, like Gecko) Chrome/151.0.7922.173 Mobile Safari/537.36 (compatible; Googlebot/2.1; +http://www.google.com/bot.html)"
66.249.70.6 - - [02/Sep/2026:11:06:32 -0500] "GET /wp-content/plugins/brizy-pro/public/editor-build/prod/js/preview.pro.844.ad870115.js HTTP/1.1" 200 8677 "https://newbiomuseo.desarrollo.itsangee.com/?pid=4201944282" "Mozilla/5.0 (Linux; Android 6.0.1; Nexus 5X Build/MMB29P) AppleWebKit/537.36 (KHTML, like Gecko) Chrome/151.0.7922.173 Mobile Safari/537.36 (compatible; Googlebot/2.1; +http://www.google.com/bot.html)"
66.249.78.7 - - [02/Sep/2026:11:07:11 -0500] "GET /?pid=3285563114 HTTP/1.1" 200 282546 "-" "Mozilla/5.0 (Linux; Android 6.0.1; Nexus 5X Build/MMB29P) AppleWebKit/537.36 (KHTML, like Gecko) Chrome/151.0.7922.173 Mobile Safari/537.36 (compatible; Googlebot/2.1; +http://www.google.com/bot.html)"
66.249.70.6 - - [02/Sep/2026:11:07:20 -0500] "GET /?pid=299494468 HTTP/1.1" 200 282542 "-" "Mozilla/5.0 (Linux; Android 6.0.1; Nexus 5X Build/MMB29P) AppleWebKit/537.36 (KHTML, like Gecko) Chrome/151.0.7922.173 Mobile Safari/537.36 (compatible; Googlebot/2.1; +http://www.google.com/bot.html)"
66.249.70.6 - - [02/Sep/2026:11:07:48 -0500] "GET /?pid=3142524089 HTTP/1.1" 200 282546 "-" "Mozilla/5.0 (Linux; Android 6.0.1; Nexus 5X Build/MMB29P) AppleWebKit/537.36 (KHTML, like Gecko) Chrome/151.0.7922.173 Mobile Safari/537.36 (compatible; Googlebot/2.1; +http://www.google.com/bot.html)"
66.249.78.6 - - [02/Sep/2026:11:08:19 -0500] "GET /?pid=4152022611 HTTP/1.1" 200 282546 "-" "Mozilla/5.0 (Linux; Android 6.0.1; Nexus 5X Build/MMB29P) AppleWebKit/537.36 (KHTML, like Gecko) Chrome/151.0.7922.173 Mobile Safari/537.36 (compatible; Googlebot/2.1; +http://www.google.com/bot.html)"
66.249.70.6 - - [02/Sep/2026:11:09:03 -0500] "GET /wp-content/plugins/instagram-feed/css/sbi-styles.min.css?ver=6.12.0 HTTP/1.1" 200 42223 "https://newbiomuseo.desarrollo.itsangee.com/?pid=2378190108" "Mozilla/5.0 (Linux; Android 6.0.1; Nexus 5X Build/MMB29P) AppleWebKit/537.36 (KHTML, like Gecko) Chrome/151.0.7922.173 Mobile Safari/537.36 (compatible; Googlebot/2.1; +http://www.google.com/bot.html)"
40.77.167.38 - - [02/Sep/2026:11:09:33 -0500] "GET /en/?pid=2813318122 HTTP/1.1" 200 285178 "-" "Mozilla/5.0 AppleWebKit/537.36 (KHTML, like Gecko; compatible; bingbot/2.0; +http://www.bing.com/bingbot.htm) Chrome/116.0.1938.76 Safari/537.36"
52.167.144.166 - - [02/Sep/2026:11:09:40 -0500] "GET /?pid=332221339 HTTP/1.1" 200 282542 "-" "Mozilla/5.0 AppleWebKit/537.36 (KHTML, like Gecko; compatible; bingbot/2.0; +http://www.bing.com/bingbot.htm) Chrome/116.0.1938.76 Safari/537.36"
66.249.78.6 - - [02/Sep/2026:11:09:44 -0500] "GET /?pid=1939544095 HTTP/1.1" 200 282546 "-" "Mozilla/5.0 (Linux; Android 6.0.1; Nexus 5X Build/MMB29P) AppleWebKit/537.36 (KHTML, like Gecko) Chrome/151.0.7922.173 Mobile Safari/537.36 (compatible; Googlebot/2.1; +http://www.google.com/bot.html)"
66.249.70.6 - - [02/Sep/2026:11:10:58 -0500] "GET /?pid=1739075715 HTTP/1.1" 200 282546 "-" "Mozilla/5.0 (Linux; Android 6.0.1; Nexus 5X Build/MMB29P) AppleWebKit/537.36 (KHTML, like Gecko) Chrome/151.0.7922.173 Mobile Safari/537.36 (compatible; Googlebot/2.1; +http://www.google.com/bot.html)"
52.167.144.147 - - [02/Sep/2026:11:11:31 -0500] "GET /?pid=3864264715 HTTP/1.1" 200 282546 "-" "Mozilla/5.0 AppleWebKit/537.36 (KHTML, like Gecko; compatible; bingbot/2.0; +http://www.bing.com/bingbot.htm) Chrome/116.0.1938.76 Safari/537.36"
52.167.144.147 - - [02/Sep/2026:11:11:33 -0500] "GET /?pid=2561946367 HTTP/1.1" 200 282477 "-" "Mozilla/5.0 AppleWebKit/537.36 (KHTML, like Gecko; compatible; bingbot/2.0; +http://www.bing.com/bingbot.htm) Chrome/116.0.1938.76 Safari/537.36"
52.167.144.147 - - [02/Sep/2026:11:12:20 -0500] "GET /?pid=1108471986 HTTP/1.1" 200 282546 "-" "Mozilla/5.0 AppleWebKit/537.36 (KHTML, like Gecko; compatible; bingbot/2.0; +http://www.bing.com/bingbot.htm) Chrome/116.0.1938.76 Safari/537.36"
52.167.144.166 - - [02/Sep/2026:11:12:24 -0500] "GET /?pid=2359370318 HTTP/1.1" 200 282546 "-" "Mozilla/5.0 AppleWebKit/537.36 (KHTML, like Gecko; compatible; bingbot/2.0; +http://www.bing.com/bingbot.htm) Chrome/116.0.1938.76 Safari/537.36"
52.167.144.166 - - [02/Sep/2026:11:12:26 -0500] "GET /?pid=3544971423 HTTP/1.1" 200 282546 "-" "Mozilla/5.0 AppleWebKit/537.36 (KHTML, like Gecko; compatible; bingbot/2.0; +http://www.bing.com/bingbot.htm) Chrome/116.0.1938.76 Safari/537.36"
52.167.144.237 - - [02/Sep/2026:11:12:33 -0500] "GET /?pid=1212739517 HTTP/1.1" 200 282546 "-" "Mozilla/5.0 AppleWebKit/537.36 (KHTML, like Gecko; compatible; bingbot/2.0; +http://www.bing.com/bingbot.htm) Chrome/116.0.1938.76 Safari/537.36"
66.249.78.6 - - [02/Sep/2026:11:15:02 -0500] "GET /?pid=2442393615 HTTP/1.1" 200 282546 "-" "Mozilla/5.0 (Linux; Android 6.0.1; Nexus 5X Build/MMB29P) AppleWebKit/537.36 (KHTML, like Gecko) Chrome/151.0.7922.173 Mobile Safari/537.36 (compatible; Googlebot/2.1; +http://www.google.com/bot.html)"
66.249.78.7 - - [02/Sep/2026:11:15:21 -0500] "GET /?pid=2226517168 HTTP/1.1" 200 282546 "-" "Mozilla/5.0 (Linux; Android 6.0.1; Nexus 5X Build/MMB29P) AppleWebKit/537.36 (KHTML, like Gecko) Chrome/151.0.7922.173 Mobile Safari/537.36 (compatible; Googlebot/2.1; +http://www.google.com/bot.html)"
206.81.24.227 - - [02/Sep/2026:11:15:29 -0500] "GET / HTTP/1.1" 200 282499 "-" "Mozilla/5.0 (l9scan/2.0.332313e2538313e20393e2735313; +https://leakix.net)"
206.81.24.227 - - [02/Sep/2026:11:15:30 -0500] "GET /console/ HTTP/1.1" 200 282449 "-" "Mozilla/5.0 (l9scan/2.0.332313e2538313e20393e2735313; +https://leakix.net)"
66.249.70.6 - - [02/Sep/2026:11:15:31 -0500] "GET /?pid=909316523 HTTP/1.1" 200 282542 "-" "Mozilla/5.0 (Linux; Android 6.0.1; Nexus 5X Build/MMB29P) AppleWebKit/537.36 (KHTML, like Gecko) Chrome/151.0.7922.173 Mobile Safari/537.36 (compatible; Googlebot/2.1; +http://www.google.com/bot.html)"
206.81.24.227 - - [02/Sep/2026:11:15:33 -0500] "GET /server HTTP/1.1" 301 - "-" "Mozilla/5.0 (l9scan/2.0.332313e2538313e20393e2735313; +https://leakix.net)"
206.81.24.227 - - [02/Sep/2026:11:15:35 -0500] "GET /server-status HTTP/1.1" 403 199 "-" "Mozilla/5.0 (l9scan/2.0.332313e2538313e20393e2735313; +https://leakix.net)"
206.81.24.227 - - [02/Sep/2026:11:15:36 -0500] "GET /about HTTP/1.1" 301 - "-" "Mozilla/5.0 (l9scan/2.0.332313e2538313e20393e2735313; +https://leakix.net)"
206.81.24.227 - - [02/Sep/2026:11:15:38 -0500] "GET /login.action HTTP/1.1" 301 - "-" "Mozilla/5.0 (l9scan/2.0.332313e2538313e20393e2735313; +https://leakix.net)"
206.81.24.227 - - [02/Sep/2026:11:15:40 -0500] "GET / HTTP/1.1" 200 282499 "-" "Mozilla/5.0 (l9scan/2.0.332313e2538313e20393e2735313; +https://leakix.net)"
206.81.24.227 - - [02/Sep/2026:11:15:41 -0500] "GET /___proxy_subdomain_whm/login HTTP/1.1" 301 - "-" "Mozilla/5.0 (l9scan/2.0.332313e2538313e20393e2735313; +https://leakix.net)"
206.81.24.227 - - [02/Sep/2026:11:15:43 -0500] "GET /___proxy_subdomain_cpanel HTTP/1.1" 301 - "-" "Mozilla/5.0 (l9scan/2.0.332313e2538313e20393e2735313; +https://leakix.net)"
206.81.24.227 - - [02/Sep/2026:11:15:45 -0500] "GET /v2/_catalog HTTP/1.1" 301 - "-" "Mozilla/5.0 (l9scan/2.0.332313e2538313e20393e2735313; +https://leakix.net)"
206.81.24.227 - - [02/Sep/2026:11:15:47 -0500] "GET /.DS_Store HTTP/1.1" 301 - "-" "Mozilla/5.0 (l9scan/2.0.332313e2538313e20393e2735313; +https://leakix.net)"
206.81.24.227 - - [02/Sep/2026:11:15:49 -0500] "GET /.env HTTP/1.1" 301 - "-" "Mozilla/5.0 (l9scan/2.0.332313e2538313e20393e2735313; +https://leakix.net)"
206.81.24.227 - - [02/Sep/2026:11:15:53 -0500] "GET /ecp/Current/exporttool/microsoft.exchange.ediscovery.exporttool.application HTTP/1.1" 301 - "-" "Mozilla/5.0 (l9scan/2.0.332313e2538313e20393e2735313; +https://leakix.net)"
206.81.24.227 - - [02/Sep/2026:11:15:56 -0500] "GET /.git/config HTTP/1.1" 301 - "-" "Mozilla/5.0 (l9scan/2.0.332313e2538313e20393e2735313; +https://leakix.net)"
206.81.24.227 - - [02/Sep/2026:11:15:58 -0500] "POST /graphql HTTP/1.1" 200 282447 "-" "Mozilla/5.0 (l9scan/2.0.332313e2538313e20393e2735313; +https://leakix.net)"
206.81.24.227 - - [02/Sep/2026:11:16:01 -0500] "POST /api HTTP/1.1" 200 282431 "-" "Mozilla/5.0 (l9scan/2.0.332313e2538313e20393e2735313; +https://leakix.net)"
206.81.24.227 - - [02/Sep/2026:11:16:03 -0500] "POST /api/graphql HTTP/1.1" 200 282463 "-" "Mozilla/5.0 (l9scan/2.0.332313e2538313e20393e2735313; +https://leakix.net)"
206.81.24.227 - - [02/Sep/2026:11:16:06 -0500] "POST /graphql/api HTTP/1.1" 200 282463 "-" "Mozilla/5.0 (l9scan/2.0.332313e2538313e20393e2735313; +https://leakix.net)"
206.81.24.227 - - [02/Sep/2026:11:16:08 -0500] "POST /api/gql HTTP/1.1" 200 282447 "-" "Mozilla/5.0 (l9scan/2.0.332313e2538313e20393e2735313; +https://leakix.net)"
206.81.24.227 - - [02/Sep/2026:11:16:11 -0500] "GET /s/332313e2538313e20393e2735313/_/;/META-INF/maven/com.atlassian.jira/jira-webapp-dist/pom.properties HTTP/1.1" 301 - "-" "Mozilla/5.0 (l9scan/2.0.332313e2538313e20393e2735313; +https://leakix.net)"
206.81.24.227 - - [02/Sep/2026:11:16:13 -0500] "GET /config.json HTTP/1.1" 301 - "-" "Mozilla/5.0 (l9scan/2.0.332313e2538313e20393e2735313; +https://leakix.net)"
206.81.24.227 - - [02/Sep/2026:11:16:15 -0500] "GET /telescope/requests HTTP/1.1" 301 - "-" "Mozilla/5.0 (l9scan/2.0.332313e2538313e20393e2735313; +https://leakix.net)"
206.81.24.227 - - [02/Sep/2026:11:16:17 -0500] "POST /php-cgi/php-cgi.exe?%ADd+cgi.force_redirect%3D0+%ADd+disable_functions%3D\"\"+%ADd+allow_url_include%3D1+%ADd+auto_prepend_file%3Dphp://input HTTP/1.1" 200 282991 "-" "Mozilla/5.0 (l9scan/2.0.332313e2538313e20393e2735313; +https://leakix.net)"
206.81.24.227 - - [02/Sep/2026:11:16:19 -0500] "GET /info.php HTTP/1.1" 200 282535 "-" "Mozilla/5.0 (l9scan/2.0.332313e2538313e20393e2735313; +https://leakix.net)"
206.81.24.227 - - [02/Sep/2026:11:16:20 -0500] "GET /.well-known/security.txt HTTP/1.1" 301 - "-" "Mozilla/5.0 (l9scan/2.0.332313e2538313e20393e2735313; +https://leakix.net)"
206.81.24.227 - - [02/Sep/2026:11:16:22 -0500] "GET /actuator/env HTTP/1.1" 301 - "-" "Mozilla/5.0 (l9scan/2.0.332313e2538313e20393e2735313; +https://leakix.net)"
206.81.24.227 - - [02/Sep/2026:11:16:24 -0500] "GET /trace.axd HTTP/1.1" 301 - "-" "Mozilla/5.0 (l9scan/2.0.332313e2538313e20393e2735313; +https://leakix.net)"
206.81.24.227 - - [02/Sep/2026:11:16:26 -0500] "GET /@vite/env HTTP/1.1" 301 - "-" "Mozilla/5.0 (l9scan/2.0.332313e2538313e20393e2735313; +https://leakix.net)"
206.81.24.227 - - [02/Sep/2026:11:16:28 -0500] "GET /.vscode/sftp.json HTTP/1.1" 301 - "-" "Mozilla/5.0 (l9scan/2.0.332313e2538313e20393e2735313; +https://leakix.net)"
206.81.24.227 - - [02/Sep/2026:11:16:30 -0500] "OPTIONS / HTTP/1.1" 200 282417 "-" "Mozilla/5.0 (l9scan/2.0.332313e2538313e20393e2735313; +https://leakix.net)"
206.81.24.227 - - [02/Sep/2026:11:16:32 -0500] "GET /?rest_route=/wp/v2/users/ HTTP/1.1" 200 1642 "-" "Mozilla/5.0 (l9scan/2.0.332313e2538313e20393e2735313; +https://leakix.net)"
206.81.24.227 - - [02/Sep/2026:11:16:34 -0500] "GET /debug/default/view?panel=config HTTP/1.1" 301 - "-" "Mozilla/5.0 (l9scan/2.0.332313e2538313e20393e2735313; +https://leakix.net)"
66.249.70.7 - - [02/Sep/2026:11:16:40 -0500] "GET /?pid=3932284328 HTTP/1.1" 200 282546 "-" "Mozilla/5.0 (Linux; Android 6.0.1; Nexus 5X Build/MMB29P) AppleWebKit/537.36 (KHTML, like Gecko) Chrome/151.0.7922.173 Mobile Safari/537.36 (compatible; Googlebot/2.1; +http://www.google.com/bot.html)"
66.249.78.7 - - [02/Sep/2026:11:16:43 -0500] "GET /?pid=2057068159 HTTP/1.1" 200 282546 "-" "Mozilla/5.0 (Linux; Android 6.0.1; Nexus 5X Build/MMB29P) AppleWebKit/537.36 (KHTML, like Gecko) Chrome/151.0.7922.173 Mobile Safari/537.36 (compatible; Googlebot/2.1; +http://www.google.com/bot.html)"
66.249.78.7 - - [02/Sep/2026:11:16:56 -0500] "GET /?pid=2184348821 HTTP/1.1" 200 282546 "-" "Mozilla/5.0 (Linux; Android 6.0.1; Nexus 5X Build/MMB29P) AppleWebKit/537.36 (KHTML, like Gecko) Chrome/151.0.7922.173 Mobile Safari/537.36 (compatible; Googlebot/2.1; +http://www.google.com/bot.html)"
52.167.144.159 - - [02/Sep/2026:11:17:11 -0500] "GET /?pid=3443915281 HTTP/1.1" 200 282546 "-" "Mozilla/5.0 AppleWebKit/537.36 (KHTML, like Gecko; compatible; bingbot/2.0; +http://www.bing.com/bingbot.htm) Chrome/116.0.1938.76 Safari/537.36"
52.167.144.237 - - [02/Sep/2026:11:17:16 -0500] "GET /f/towel/towel00/ HTTP/1.1" 200 282550 "-" "Mozilla/5.0 AppleWebKit/537.36 (KHTML, like Gecko; compatible; bingbot/2.0; +http://www.bing.com/bingbot.htm) Chrome/116.0.1938.76 Safari/537.36"
68.10.53.120 - - [02/Sep/2026:11:17:30 -0500] "GET /wp-login.php HTTP/1.1" 200 11232 "-" "Mozilla/5.0 (Windows NT 10.0; Win64; x64) AppleWebKit/537.36 (KHTML, like Gecko) Chrome/151.0.0.0 Safari/537.36"
68.10.53.120 - - [02/Sep/2026:11:17:31 -0500] "POST /wp-login.php HTTP/1.1" 200 11712 "https://newbiomuseo.desarrollo.itsangee.com/wp-login.php" "Mozilla/5.0 (Windows NT 10.0; Win64; x64) AppleWebKit/537.36 (KHTML, like Gecko) Chrome/151.0.0.0 Safari/537.36"
66.249.78.6 - - [02/Sep/2026:11:18:10 -0500] "GET /?pid=4280820875 HTTP/1.1" 200 282546 "-" "Mozilla/5.0 (Linux; Android 6.0.1; Nexus 5X Build/MMB29P) AppleWebKit/537.36 (KHTML, like Gecko) Chrome/151.0.7922.173 Mobile Safari/537.36 (compatible; Googlebot/2.1; +http://www.google.com/bot.html)"
66.249.78.7 - - [02/Sep/2026:11:18:37 -0500] "GET /?pid=2323782817 HTTP/1.1" 200 282546 "-" "Mozilla/5.0 (Linux; Android 6.0.1; Nexus 5X Build/MMB29P) AppleWebKit/537.36 (KHTML, like Gecko) Chrome/151.0.7922.173 Mobile Safari/537.36 (compatible; Googlebot/2.1; +http://www.google.com/bot.html)"
114.119.146.37 - - [02/Sep/2026:11:19:02 -0500] "GET /wp-content/uploads/2024/10/18-2.webp HTTP/1.1" 200 72812 "https://newbiomuseo.desarrollo.itsangee.com/?page_id=2886" "Mozilla/5.0 (Linux; Android 7.0;) AppleWebKit/537.36 (HTML, like Gecko) Mobile Safari/537.36 (compatible; PetalBot;+https://webmaster.petalsearch.com/site/petalbot)"
66.249.70.7 - - [02/Sep/2026:11:19:37 -0500] "GET /?pid=109770975 HTTP/1.1" 200 282542 "-" "Mozilla/5.0 (Linux; Android 6.0.1; Nexus 5X Build/MMB29P) AppleWebKit/537.36 (KHTML, like Gecko) Chrome/151.0.7922.173 Mobile Safari/537.36 (compatible; Googlebot/2.1; +http://www.google.com/bot.html)"
66.249.78.6 - - [02/Sep/2026:11:19:53 -0500] "GET /?pid=429452291 HTTP/1.1" 200 282542 "-" "Mozilla/5.0 (Linux; Android 6.0.1; Nexus 5X Build/MMB29P) AppleWebKit/537.36 (KHTML, like Gecko) Chrome/151.0.7922.173 Mobile Safari/537.36 (compatible; Googlebot/2.1; +http://www.google.com/bot.html)"
66.249.70.6 - - [02/Sep/2026:11:20:00 -0500] "GET /wp-content/themes/blocksy/static/bundle/main.js?ver=2.1.53 HTTP/1.1" 200 29751 "https://newbiomuseo.desarrollo.itsangee.com/?pid=429452291" "Mozilla/5.0 (Linux; Android 6.0.1; Nexus 5X Build/MMB29P) AppleWebKit/537.36 (KHTML, like Gecko) Chrome/151.0.7922.173 Mobile Safari/537.36 (compatible; Googlebot/2.1; +http://www.google.com/bot.html)"
66.249.70.6 - - [02/Sep/2026:11:20:02 -0500] "GET /wp-content/plugins/brizy-pro/public/editor-build/prod/js/preview.pro.844.ad870115.js HTTP/1.1" 200 8677 "https://newbiomuseo.desarrollo.itsangee.com/?pid=429452291" "Mozilla/5.0 (Linux; Android 6.0.1; Nexus 5X Build/MMB29P) AppleWebKit/537.36 (KHTML, like Gecko) Chrome/151.0.7922.173 Mobile Safari/537.36 (compatible; Googlebot/2.1; +http://www.google.com/bot.html)"
66.249.78.7 - - [02/Sep/2026:11:20:18 -0500] "GET /?pid=2894504663 HTTP/1.1" 200 282546 "-" "Mozilla/5.0 (Linux; Android 6.0.1; Nexus 5X Build/MMB29P) AppleWebKit/537.36 (KHTML, like Gecko) Chrome/151.0.7922.173 Mobile Safari/537.36 (compatible; Googlebot/2.1; +http://www.google.com/bot.html)"
66.249.70.7 - - [02/Sep/2026:11:20:25 -0500] "GET /?pid=876614513 HTTP/1.1" 200 282542 "-" "Mozilla/5.0 (Linux; Android 6.0.1; Nexus 5X Build/MMB29P) AppleWebKit/537.36 (KHTML, like Gecko) Chrome/151.0.7922.173 Mobile Safari/537.36 (compatible; Googlebot/2.1; +http://www.google.com/bot.html)"
