182.8.227.195 - - [02/Sep/2026:11:58:47 -0500] "POST /wp-admin/admin-ajax.php HTTP/1.1" 400 1 "-" "Mozilla/5.0 (Windows NT 10.0; Win64; x64) AppleWebKit/537.36 (KHTML, like Gecko) Chrome/120.0.0.0 Safari/537.36"
182.8.227.195 - - [02/Sep/2026:11:58:49 -0500] "POST /wp-admin/admin-ajax.php HTTP/1.1" 400 1 "-" "Mozilla/5.0 (Windows NT 10.0; Win64; x64) AppleWebKit/537.36 (KHTML, like Gecko) Chrome/120.0.0.0 Safari/537.36"
182.8.227.195 - - [02/Sep/2026:11:58:50 -0500] "POST /wp-admin/admin-ajax.php HTTP/1.1" 400 1 "-" "Mozilla/5.0 (Windows NT 10.0; Win64; x64) AppleWebKit/537.36 (KHTML, like Gecko) Chrome/120.0.0.0 Safari/537.36"
182.8.227.195 - - [02/Sep/2026:11:58:52 -0500] "POST /wp-admin/admin-ajax.php HTTP/1.1" 400 1 "-" "Mozilla/5.0 (Windows NT 10.0; Win64; x64) AppleWebKit/537.36 (KHTML, like Gecko) Chrome/120.0.0.0 Safari/537.36"
66.249.70.7 - - [02/Sep/2026:11:58:52 -0500] "GET /?pid=4179373545 HTTP/1.1" 200 282546 "-" "Mozilla/5.0 (Linux; Android 6.0.1; Nexus 5X Build/MMB29P) AppleWebKit/537.36 (KHTML, like Gecko) Chrome/151.0.7922.173 Mobile Safari/537.36 (compatible; Googlebot/2.1; +http://www.google.com/bot.html)"
182.8.227.195 - - [02/Sep/2026:11:58:54 -0500] "POST /wp-admin/admin-ajax.php HTTP/1.1" 400 1 "-" "Mozilla/5.0 (Windows NT 10.0; Win64; x64) AppleWebKit/537.36 (KHTML, like Gecko) Chrome/120.0.0.0 Safari/537.36"
52.167.144.238 - - [02/Sep/2026:11:58:54 -0500] "GET /?pid=3008150026 HTTP/1.1" 200 282546 "-" "Mozilla/5.0 AppleWebKit/537.36 (KHTML, like Gecko; compatible; bingbot/2.0; +http://www.bing.com/bingbot.htm) Chrome/116.0.1938.76 Safari/537.36"
182.8.227.195 - - [02/Sep/2026:11:58:56 -0500] "POST /wp-admin/admin-ajax.php HTTP/1.1" 400 1 "-" "Mozilla/5.0 (Windows NT 10.0; Win64; x64) AppleWebKit/537.36 (KHTML, like Gecko) Chrome/120.0.0.0 Safari/537.36"
52.167.144.238 - - [02/Sep/2026:11:58:57 -0500] "GET /?pid=1174092816 HTTP/1.1" 200 282546 "-" "Mozilla/5.0 AppleWebKit/537.36 (KHTML, like Gecko; compatible; bingbot/2.0; +http://www.bing.com/bingbot.htm) Chrome/116.0.1938.76 Safari/537.36"
182.8.227.195 - - [02/Sep/2026:11:58:57 -0500] "POST /wp-admin/admin-ajax.php HTTP/1.1" 400 1 "-" "Mozilla/5.0 (Windows NT 10.0; Win64; x64) AppleWebKit/537.36 (KHTML, like Gecko) Chrome/120.0.0.0 Safari/537.36"
182.8.227.195 - - [02/Sep/2026:11:58:59 -0500] "POST /wp-admin/admin-ajax.php HTTP/1.1" 400 1 "-" "Mozilla/5.0 (Windows NT 10.0; Win64; x64) AppleWebKit/537.36 (KHTML, like Gecko) Chrome/120.0.0.0 Safari/537.36"
66.249.70.6 - - [02/Sep/2026:11:58:59 -0500] "GET /?pid=2348016451 HTTP/1.1" 200 282546 "-" "Mozilla/5.0 (Linux; Android 6.0.1; Nexus 5X Build/MMB29P) AppleWebKit/537.36 (KHTML, like Gecko) Chrome/151.0.7922.173 Mobile Safari/537.36 (compatible; Googlebot/2.1; +http://www.google.com/bot.html)"
52.167.144.238 - - [02/Sep/2026:11:59:00 -0500] "GET /?pid=2066487395 HTTP/1.1" 200 282546 "-" "Mozilla/5.0 AppleWebKit/537.36 (KHTML, like Gecko; compatible; bingbot/2.0; +http://www.bing.com/bingbot.htm) Chrome/116.0.1938.76 Safari/537.36"
182.8.227.195 - - [02/Sep/2026:11:59:01 -0500] "POST /wp-admin/admin-ajax.php HTTP/1.1" 400 1 "-" "Mozilla/5.0 (Windows NT 10.0; Win64; x64) AppleWebKit/537.36 (KHTML, like Gecko) Chrome/120.0.0.0 Safari/537.36"
182.8.227.195 - - [02/Sep/2026:11:59:02 -0500] "POST /wp-admin/admin-ajax.php HTTP/1.1" 400 1 "-" "Mozilla/5.0 (Windows NT 10.0; Win64; x64) AppleWebKit/537.36 (KHTML, like Gecko) Chrome/120.0.0.0 Safari/537.36"
52.167.144.238 - - [02/Sep/2026:11:59:03 -0500] "GET /en/?pid=2793923479 HTTP/1.1" 200 285178 "-" "Mozilla/5.0 AppleWebKit/537.36 (KHTML, like Gecko; compatible; bingbot/2.0; +http://www.bing.com/bingbot.htm) Chrome/116.0.1938.76 Safari/537.36"
182.8.227.195 - - [02/Sep/2026:11:59:04 -0500] "POST /wp-admin/admin-ajax.php HTTP/1.1" 400 1 "-" "Mozilla/5.0 (Windows NT 10.0; Win64; x64) AppleWebKit/537.36 (KHTML, like Gecko) Chrome/120.0.0.0 Safari/537.36"
182.8.227.195 - - [02/Sep/2026:11:59:06 -0500] "POST /wp-admin/admin-ajax.php HTTP/1.1" 400 1 "-" "Mozilla/5.0 (Windows NT 10.0; Win64; x64) AppleWebKit/537.36 (KHTML, like Gecko) Chrome/120.0.0.0 Safari/537.36"
182.8.227.195 - - [02/Sep/2026:11:59:08 -0500] "POST /wp-admin/admin-ajax.php HTTP/1.1" 400 1 "-" "Mozilla/5.0 (Windows NT 10.0; Win64; x64) AppleWebKit/537.36 (KHTML, like Gecko) Chrome/120.0.0.0 Safari/537.36"
40.77.167.121 - - [02/Sep/2026:11:59:08 -0500] "GET /?pid=1484669473 HTTP/1.1" 200 282546 "-" "Mozilla/5.0 AppleWebKit/537.36 (KHTML, like Gecko; compatible; bingbot/2.0; +http://www.bing.com/bingbot.htm) Chrome/116.0.1938.76 Safari/537.36"
182.8.227.195 - - [02/Sep/2026:11:59:09 -0500] "POST /wp-admin/admin-ajax.php HTTP/1.1" 400 1 "-" "Mozilla/5.0 (Windows NT 10.0; Win64; x64) AppleWebKit/537.36 (KHTML, like Gecko) Chrome/120.0.0.0 Safari/537.36"
182.8.227.195 - - [02/Sep/2026:11:59:11 -0500] "POST /wp-admin/admin-ajax.php HTTP/1.1" 400 1 "-" "Mozilla/5.0 (Windows NT 10.0; Win64; x64) AppleWebKit/537.36 (KHTML, like Gecko) Chrome/120.0.0.0 Safari/537.36"
40.77.167.121 - - [02/Sep/2026:11:59:11 -0500] "GET /?pid=235450512 HTTP/1.1" 200 282542 "-" "Mozilla/5.0 AppleWebKit/537.36 (KHTML, like Gecko; compatible; bingbot/2.0; +http://www.bing.com/bingbot.htm) Chrome/116.0.1938.76 Safari/537.36"
182.8.227.195 - - [02/Sep/2026:11:59:13 -0500] "POST /wp-admin/admin-ajax.php HTTP/1.1" 400 1 "-" "Mozilla/5.0 (Windows NT 10.0; Win64; x64) AppleWebKit/537.36 (KHTML, like Gecko) Chrome/120.0.0.0 Safari/537.36"
40.77.167.121 - - [02/Sep/2026:11:59:13 -0500] "GET /?pid=4201171674 HTTP/1.1" 200 282546 "-" "Mozilla/5.0 AppleWebKit/537.36 (KHTML, like Gecko; compatible; bingbot/2.0; +http://www.bing.com/bingbot.htm) Chrome/116.0.1938.76 Safari/537.36"
66.249.78.6 - - [02/Sep/2026:11:59:13 -0500] "GET /?pid=1261254509 HTTP/1.1" 200 282546 "-" "Mozilla/5.0 (Linux; Android 6.0.1; Nexus 5X Build/MMB29P) AppleWebKit/537.36 (KHTML, like Gecko) Chrome/151.0.7922.173 Mobile Safari/537.36 (compatible; Googlebot/2.1; +http://www.google.com/bot.html)"
182.8.227.195 - - [02/Sep/2026:11:59:14 -0500] "POST /wp-admin/admin-ajax.php HTTP/1.1" 400 1 "-" "Mozilla/5.0 (Windows NT 10.0; Win64; x64) AppleWebKit/537.36 (KHTML, like Gecko) Chrome/120.0.0.0 Safari/537.36"
182.8.227.195 - - [02/Sep/2026:11:59:16 -0500] "POST /wp-admin/admin-ajax.php HTTP/1.1" 400 1 "-" "Mozilla/5.0 (Windows NT 10.0; Win64; x64) AppleWebKit/537.36 (KHTML, like Gecko) Chrome/120.0.0.0 Safari/537.36"
40.77.167.121 - - [02/Sep/2026:11:59:16 -0500] "GET /?pid=2892890201 HTTP/1.1" 200 282546 "-" "Mozilla/5.0 AppleWebKit/537.36 (KHTML, like Gecko; compatible; bingbot/2.0; +http://www.bing.com/bingbot.htm) Chrome/116.0.1938.76 Safari/537.36"
182.8.227.195 - - [02/Sep/2026:11:59:18 -0500] "POST /wp-admin/admin-ajax.php HTTP/1.1" 400 1 "-" "Mozilla/5.0 (Windows NT 10.0; Win64; x64) AppleWebKit/537.36 (KHTML, like Gecko) Chrome/120.0.0.0 Safari/537.36"
114.119.137.237 - - [02/Sep/2026:11:59:20 -0500] "GET /wp-content/uploads/2024/10/05-2.webp HTTP/1.1" 200 83570 "https://newbiomuseo.desarrollo.itsangee.com/?page_id=2886" "Mozilla/5.0 (Linux; Android 7.0;) AppleWebKit/537.36 (HTML, like Gecko) Mobile Safari/537.36 (compatible; PetalBot;+https://webmaster.petalsearch.com/site/petalbot)"
182.8.227.195 - - [02/Sep/2026:11:59:20 -0500] "POST /wp-admin/admin-ajax.php HTTP/1.1" 400 1 "-" "Mozilla/5.0 (Windows NT 10.0; Win64; x64) AppleWebKit/537.36 (KHTML, like Gecko) Chrome/120.0.0.0 Safari/537.36"
52.167.144.166 - - [02/Sep/2026:11:59:20 -0500] "GET /?pid=727799510 HTTP/1.1" 200 282542 "-" "Mozilla/5.0 AppleWebKit/537.36 (KHTML, like Gecko; compatible; bingbot/2.0; +http://www.bing.com/bingbot.htm) Chrome/116.0.1938.76 Safari/537.36"
182.8.227.195 - - [02/Sep/2026:11:59:21 -0500] "POST /wp-admin/admin-ajax.php HTTP/1.1" 400 1 "-" "Mozilla/5.0 (Windows NT 10.0; Win64; x64) AppleWebKit/537.36 (KHTML, like Gecko) Chrome/120.0.0.0 Safari/537.36"
182.8.227.195 - - [02/Sep/2026:11:59:23 -0500] "POST /wp-admin/admin-ajax.php HTTP/1.1" 400 1 "-" "Mozilla/5.0 (Windows NT 10.0; Win64; x64) AppleWebKit/537.36 (KHTML, like Gecko) Chrome/120.0.0.0 Safari/537.36"
182.8.227.195 - - [02/Sep/2026:11:59:25 -0500] "POST /wp-admin/admin-ajax.php HTTP/1.1" 400 1 "-" "Mozilla/5.0 (Windows NT 10.0; Win64; x64) AppleWebKit/537.36 (KHTML, like Gecko) Chrome/120.0.0.0 Safari/537.36"
182.8.227.195 - - [02/Sep/2026:11:59:26 -0500] "POST /wp-admin/admin-ajax.php HTTP/1.1" 400 1 "-" "Mozilla/5.0 (Windows NT 10.0; Win64; x64) AppleWebKit/537.36 (KHTML, like Gecko) Chrome/120.0.0.0 Safari/537.36"
182.8.227.195 - - [02/Sep/2026:11:59:28 -0500] "POST /wp-admin/admin-ajax.php HTTP/1.1" 400 1 "-" "Mozilla/5.0 (Windows NT 10.0; Win64; x64) AppleWebKit/537.36 (KHTML, like Gecko) Chrome/120.0.0.0 Safari/537.36"
182.8.227.195 - - [02/Sep/2026:11:59:30 -0500] "POST /wp-admin/admin-ajax.php HTTP/1.1" 400 1 "-" "Mozilla/5.0 (Windows NT 10.0; Win64; x64) AppleWebKit/537.36 (KHTML, like Gecko) Chrome/120.0.0.0 Safari/537.36"
182.8.227.195 - - [02/Sep/2026:11:59:31 -0500] "POST /wp-admin/admin-ajax.php HTTP/1.1" 400 1 "-" "Mozilla/5.0 (Windows NT 10.0; Win64; x64) AppleWebKit/537.36 (KHTML, like Gecko) Chrome/120.0.0.0 Safari/537.36"
66.249.70.6 - - [02/Sep/2026:11:59:32 -0500] "GET /?pid=142331583 HTTP/1.1" 200 282542 "-" "Mozilla/5.0 (Linux; Android 6.0.1; Nexus 5X Build/MMB29P) AppleWebKit/537.36 (KHTML, like Gecko) Chrome/151.0.7922.173 Mobile Safari/537.36 (compatible; Googlebot/2.1; +http://www.google.com/bot.html)"
182.8.227.195 - - [02/Sep/2026:11:59:33 -0500] "POST /wp-admin/admin-ajax.php HTTP/1.1" 400 1 "-" "Mozilla/5.0 (Windows NT 10.0; Win64; x64) AppleWebKit/537.36 (KHTML, like Gecko) Chrome/120.0.0.0 Safari/537.36"
182.8.227.195 - - [02/Sep/2026:11:59:35 -0500] "POST /wp-admin/admin-ajax.php HTTP/1.1" 400 1 "-" "Mozilla/5.0 (Windows NT 10.0; Win64; x64) AppleWebKit/537.36 (KHTML, like Gecko) Chrome/120.0.0.0 Safari/537.36"
182.8.227.195 - - [02/Sep/2026:11:59:37 -0500] "POST /wp-admin/admin-ajax.php HTTP/1.1" 400 1 "-" "Mozilla/5.0 (Windows NT 10.0; Win64; x64) AppleWebKit/537.36 (KHTML, like Gecko) Chrome/120.0.0.0 Safari/537.36"
182.8.227.195 - - [02/Sep/2026:11:59:39 -0500] "POST /wp-admin/admin-ajax.php HTTP/1.1" 400 1 "-" "Mozilla/5.0 (Windows NT 10.0; Win64; x64) AppleWebKit/537.36 (KHTML, like Gecko) Chrome/120.0.0.0 Safari/537.36"
182.8.227.195 - - [02/Sep/2026:11:59:41 -0500] "POST /wp-admin/admin-ajax.php HTTP/1.1" 400 1 "-" "Mozilla/5.0 (Windows NT 10.0; Win64; x64) AppleWebKit/537.36 (KHTML, like Gecko) Chrome/120.0.0.0 Safari/537.36"
182.8.227.195 - - [02/Sep/2026:11:59:44 -0500] "POST /wp-admin/admin-ajax.php HTTP/1.1" 400 1 "-" "Mozilla/5.0 (Windows NT 10.0; Win64; x64) AppleWebKit/537.36 (KHTML, like Gecko) Chrome/120.0.0.0 Safari/537.36"
182.8.227.195 - - [02/Sep/2026:11:59:45 -0500] "POST /wp-admin/admin-ajax.php HTTP/1.1" 400 1 "-" "Mozilla/5.0 (Windows NT 10.0; Win64; x64) AppleWebKit/537.36 (KHTML, like Gecko) Chrome/120.0.0.0 Safari/537.36"
182.8.227.195 - - [02/Sep/2026:11:59:47 -0500] "POST /wp-admin/admin-ajax.php HTTP/1.1" 400 1 "-" "Mozilla/5.0 (Windows NT 10.0; Win64; x64) AppleWebKit/537.36 (KHTML, like Gecko) Chrome/120.0.0.0 Safari/537.36"
182.8.227.195 - - [02/Sep/2026:11:59:50 -0500] "POST /wp-admin/admin-ajax.php HTTP/1.1" 400 1 "-" "Mozilla/5.0 (Windows NT 10.0; Win64; x64) AppleWebKit/537.36 (KHTML, like Gecko) Chrome/120.0.0.0 Safari/537.36"
182.8.227.195 - - [02/Sep/2026:11:59:52 -0500] "POST /wp-admin/admin-ajax.php HTTP/1.1" 400 1 "-" "Mozilla/5.0 (Windows NT 10.0; Win64; x64) AppleWebKit/537.36 (KHTML, like Gecko) Chrome/120.0.0.0 Safari/537.36"
182.8.227.195 - - [02/Sep/2026:11:59:54 -0500] "POST /wp-admin/admin-ajax.php HTTP/1.1" 400 1 "-" "Mozilla/5.0 (Windows NT 10.0; Win64; x64) AppleWebKit/537.36 (KHTML, like Gecko) Chrome/120.0.0.0 Safari/537.36"
182.8.227.195 - - [02/Sep/2026:11:59:56 -0500] "POST /wp-admin/admin-ajax.php HTTP/1.1" 400 1 "-" "Mozilla/5.0 (Windows NT 10.0; Win64; x64) AppleWebKit/537.36 (KHTML, like Gecko) Chrome/120.0.0.0 Safari/537.36"
182.8.227.195 - - [02/Sep/2026:11:59:58 -0500] "POST /wp-admin/admin-ajax.php HTTP/1.1" 400 1 "-" "Mozilla/5.0 (Windows NT 10.0; Win64; x64) AppleWebKit/537.36 (KHTML, like Gecko) Chrome/120.0.0.0 Safari/537.36"
182.8.227.195 - - [02/Sep/2026:12:00:00 -0500] "POST /wp-admin/admin-ajax.php HTTP/1.1" 400 1 "-" "Mozilla/5.0 (Windows NT 10.0; Win64; x64) AppleWebKit/537.36 (KHTML, like Gecko) Chrome/120.0.0.0 Safari/537.36"
182.8.227.195 - - [02/Sep/2026:12:00:01 -0500] "POST /wp-admin/admin-ajax.php HTTP/1.1" 400 1 "-" "Mozilla/5.0 (Windows NT 10.0; Win64; x64) AppleWebKit/537.36 (KHTML, like Gecko) Chrome/120.0.0.0 Safari/537.36"
182.8.227.195 - - [02/Sep/2026:12:00:03 -0500] "POST /wp-admin/admin-ajax.php HTTP/1.1" 400 1 "-" "Mozilla/5.0 (Windows NT 10.0; Win64; x64) AppleWebKit/537.36 (KHTML, like Gecko) Chrome/120.0.0.0 Safari/537.36"
182.8.227.195 - - [02/Sep/2026:12:00:05 -0500] "POST /wp-admin/admin-ajax.php HTTP/1.1" 400 1 "-" "Mozilla/5.0 (Windows NT 10.0; Win64; x64) AppleWebKit/537.36 (KHTML, like Gecko) Chrome/120.0.0.0 Safari/537.36"
182.8.227.195 - - [02/Sep/2026:12:00:06 -0500] "POST /wp-admin/admin-ajax.php HTTP/1.1" 400 1 "-" "Mozilla/5.0 (Windows NT 10.0; Win64; x64) AppleWebKit/537.36 (KHTML, like Gecko) Chrome/120.0.0.0 Safari/537.36"
182.8.227.195 - - [02/Sep/2026:12:00:08 -0500] "POST /wp-admin/admin-ajax.php HTTP/1.1" 400 1 "-" "Mozilla/5.0 (Windows NT 10.0; Win64; x64) AppleWebKit/537.36 (KHTML, like Gecko) Chrome/120.0.0.0 Safari/537.36"
182.8.227.195 - - [02/Sep/2026:12:00:10 -0500] "POST /wp-admin/admin-ajax.php HTTP/1.1" 400 1 "-" "Mozilla/5.0 (Windows NT 10.0; Win64; x64) AppleWebKit/537.36 (KHTML, like Gecko) Chrome/120.0.0.0 Safari/537.36"
182.8.227.195 - - [02/Sep/2026:12:00:12 -0500] "POST /wp-admin/admin-ajax.php HTTP/1.1" 400 1 "-" "Mozilla/5.0 (Windows NT 10.0; Win64; x64) AppleWebKit/537.36 (KHTML, like Gecko) Chrome/120.0.0.0 Safari/537.36"
182.8.227.195 - - [02/Sep/2026:12:00:13 -0500] "POST /wp-admin/admin-ajax.php HTTP/1.1" 400 1 "-" "Mozilla/5.0 (Windows NT 10.0; Win64; x64) AppleWebKit/537.36 (KHTML, like Gecko) Chrome/120.0.0.0 Safari/537.36"
182.8.227.195 - - [02/Sep/2026:12:00:15 -0500] "POST /wp-admin/admin-ajax.php HTTP/1.1" 400 1 "-" "Mozilla/5.0 (Windows NT 10.0; Win64; x64) AppleWebKit/537.36 (KHTML, like Gecko) Chrome/120.0.0.0 Safari/537.36"
182.8.227.195 - - [02/Sep/2026:12:00:17 -0500] "POST /wp-admin/admin-ajax.php HTTP/1.1" 400 1 "-" "Mozilla/5.0 (Windows NT 10.0; Win64; x64) AppleWebKit/537.36 (KHTML, like Gecko) Chrome/120.0.0.0 Safari/537.36"
182.8.227.195 - - [02/Sep/2026:12:00:19 -0500] "POST /wp-admin/admin-ajax.php HTTP/1.1" 400 1 "-" "Mozilla/5.0 (Windows NT 10.0; Win64; x64) AppleWebKit/537.36 (KHTML, like Gecko) Chrome/120.0.0.0 Safari/537.36"
182.8.227.195 - - [02/Sep/2026:12:00:20 -0500] "POST /wp-admin/admin-ajax.php HTTP/1.1" 400 1 "-" "Mozilla/5.0 (Windows NT 10.0; Win64; x64) AppleWebKit/537.36 (KHTML, like Gecko) Chrome/120.0.0.0 Safari/537.36"
182.8.227.195 - - [02/Sep/2026:12:00:22 -0500] "POST /wp-admin/admin-ajax.php HTTP/1.1" 400 1 "-" "Mozilla/5.0 (Windows NT 10.0; Win64; x64) AppleWebKit/537.36 (KHTML, like Gecko) Chrome/120.0.0.0 Safari/537.36"
182.8.227.195 - - [02/Sep/2026:12:00:24 -0500] "POST /wp-admin/admin-ajax.php HTTP/1.1" 400 1 "-" "Mozilla/5.0 (Windows NT 10.0; Win64; x64) AppleWebKit/537.36 (KHTML, like Gecko) Chrome/120.0.0.0 Safari/537.36"
182.8.227.195 - - [02/Sep/2026:12:00:26 -0500] "POST /wp-admin/admin-ajax.php HTTP/1.1" 400 1 "-" "Mozilla/5.0 (Windows NT 10.0; Win64; x64) AppleWebKit/537.36 (KHTML, like Gecko) Chrome/120.0.0.0 Safari/537.36"
182.8.227.195 - - [02/Sep/2026:12:00:27 -0500] "POST /wp-admin/admin-ajax.php HTTP/1.1" 400 1 "-" "Mozilla/5.0 (Windows NT 10.0; Win64; x64) AppleWebKit/537.36 (KHTML, like Gecko) Chrome/120.0.0.0 Safari/537.36"
182.8.227.195 - - [02/Sep/2026:12:00:29 -0500] "POST /wp-admin/admin-ajax.php HTTP/1.1" 400 1 "-" "Mozilla/5.0 (Windows NT 10.0; Win64; x64) AppleWebKit/537.36 (KHTML, like Gecko) Chrome/120.0.0.0 Safari/537.36"
182.8.227.195 - - [02/Sep/2026:12:00:31 -0500] "POST /wp-admin/admin-ajax.php HTTP/1.1" 400 1 "-" "Mozilla/5.0 (Windows NT 10.0; Win64; x64) AppleWebKit/537.36 (KHTML, like Gecko) Chrome/120.0.0.0 Safari/537.36"
182.8.227.195 - - [02/Sep/2026:12:00:33 -0500] "POST /wp-admin/admin-ajax.php HTTP/1.1" 400 1 "-" "Mozilla/5.0 (Windows NT 10.0; Win64; x64) AppleWebKit/537.36 (KHTML, like Gecko) Chrome/120.0.0.0 Safari/537.36"
182.8.227.195 - - [02/Sep/2026:12:00:34 -0500] "POST /wp-admin/admin-ajax.php HTTP/1.1" 400 1 "-" "Mozilla/5.0 (Windows NT 10.0; Win64; x64) AppleWebKit/537.36 (KHTML, like Gecko) Chrome/120.0.0.0 Safari/537.36"
182.8.227.195 - - [02/Sep/2026:12:00:36 -0500] "POST /wp-admin/admin-ajax.php HTTP/1.1" 400 1 "-" "Mozilla/5.0 (Windows NT 10.0; Win64; x64) AppleWebKit/537.36 (KHTML, like Gecko) Chrome/120.0.0.0 Safari/537.36"
182.8.227.195 - - [02/Sep/2026:12:00:38 -0500] "POST /wp-admin/admin-ajax.php HTTP/1.1" 400 1 "-" "Mozilla/5.0 (Windows NT 10.0; Win64; x64) AppleWebKit/537.36 (KHTML, like Gecko) Chrome/120.0.0.0 Safari/537.36"
182.8.227.195 - - [02/Sep/2026:12:00:39 -0500] "POST /wp-admin/admin-ajax.php HTTP/1.1" 400 1 "-" "Mozilla/5.0 (Windows NT 10.0; Win64; x64) AppleWebKit/537.36 (KHTML, like Gecko) Chrome/120.0.0.0 Safari/537.36"
182.8.227.195 - - [02/Sep/2026:12:00:41 -0500] "POST /wp-admin/admin-ajax.php HTTP/1.1" 400 1 "-" "Mozilla/5.0 (Windows NT 10.0; Win64; x64) AppleWebKit/537.36 (KHTML, like Gecko) Chrome/120.0.0.0 Safari/537.36"
182.8.227.195 - - [02/Sep/2026:12:00:43 -0500] "POST /wp-admin/admin-ajax.php HTTP/1.1" 400 1 "-" "Mozilla/5.0 (Windows NT 10.0; Win64; x64) AppleWebKit/537.36 (KHTML, like Gecko) Chrome/120.0.0.0 Safari/537.36"
182.8.227.195 - - [02/Sep/2026:12:00:45 -0500] "POST /wp-admin/admin-ajax.php HTTP/1.1" 400 1 "-" "Mozilla/5.0 (Windows NT 10.0; Win64; x64) AppleWebKit/537.36 (KHTML, like Gecko) Chrome/120.0.0.0 Safari/537.36"
182.8.227.195 - - [02/Sep/2026:12:00:46 -0500] "POST /wp-admin/admin-ajax.php HTTP/1.1" 400 1 "-" "Mozilla/5.0 (Windows NT 10.0; Win64; x64) AppleWebKit/537.36 (KHTML, like Gecko) Chrome/120.0.0.0 Safari/537.36"
182.8.227.195 - - [02/Sep/2026:12:00:48 -0500] "POST /wp-admin/admin-ajax.php HTTP/1.1" 400 1 "-" "Mozilla/5.0 (Windows NT 10.0; Win64; x64) AppleWebKit/537.36 (KHTML, like Gecko) Chrome/120.0.0.0 Safari/537.36"
182.8.227.195 - - [02/Sep/2026:12:00:50 -0500] "POST /wp-admin/admin-ajax.php HTTP/1.1" 400 1 "-" "Mozilla/5.0 (Windows NT 10.0; Win64; x64) AppleWebKit/537.36 (KHTML, like Gecko) Chrome/120.0.0.0 Safari/537.36"
182.8.227.195 - - [02/Sep/2026:12:00:52 -0500] "POST /wp-admin/admin-ajax.php HTTP/1.1" 400 1 "-" "Mozilla/5.0 (Windows NT 10.0; Win64; x64) AppleWebKit/537.36 (KHTML, like Gecko) Chrome/120.0.0.0 Safari/537.36"
182.8.227.195 - - [02/Sep/2026:12:00:53 -0500] "POST /wp-admin/admin-ajax.php HTTP/1.1" 400 1 "-" "Mozilla/5.0 (Windows NT 10.0; Win64; x64) AppleWebKit/537.36 (KHTML, like Gecko) Chrome/120.0.0.0 Safari/537.36"
66.249.70.7 - - [02/Sep/2026:12:00:53 -0500] "GET /?pid=1773474169 HTTP/1.1" 200 282546 "-" "Mozilla/5.0 (Linux; Android 6.0.1; Nexus 5X Build/MMB29P) AppleWebKit/537.36 (KHTML, like Gecko) Chrome/151.0.7922.173 Mobile Safari/537.36 (compatible; Googlebot/2.1; +http://www.google.com/bot.html)"
182.8.227.195 - - [02/Sep/2026:12:00:55 -0500] "POST /wp-admin/admin-ajax.php HTTP/1.1" 400 1 "-" "Mozilla/5.0 (Windows NT 10.0; Win64; x64) AppleWebKit/537.36 (KHTML, like Gecko) Chrome/120.0.0.0 Safari/537.36"
182.8.227.195 - - [02/Sep/2026:12:00:57 -0500] "POST /wp-admin/admin-ajax.php HTTP/1.1" 400 1 "-" "Mozilla/5.0 (Windows NT 10.0; Win64; x64) AppleWebKit/537.36 (KHTML, like Gecko) Chrome/120.0.0.0 Safari/537.36"
66.249.78.7 - - [02/Sep/2026:12:01:12 -0500] "GET /?pid=4031172127 HTTP/1.1" 200 282546 "-" "Mozilla/5.0 (Linux; Android 6.0.1; Nexus 5X Build/MMB29P) AppleWebKit/537.36 (KHTML, like Gecko) Chrome/151.0.7922.173 Mobile Safari/537.36 (compatible; Googlebot/2.1; +http://www.google.com/bot.html)"
114.119.149.232 - - [02/Sep/2026:12:01:16 -0500] "GET /eventos HTTP/1.1" 301 - "https://newbiomuseo.desarrollo.itsangee.com/eventos" "Mozilla/5.0 (Linux; Android 7.0;) AppleWebKit/537.36 (HTML, like Gecko) Mobile Safari/537.36 (compatible; PetalBot;+https://webmaster.petalsearch.com/site/petalbot)"
114.119.149.232 - - [02/Sep/2026:12:01:17 -0500] "GET /eventos/ HTTP/1.1" 200 282518 "https://newbiomuseo.desarrollo.itsangee.com/eventos" "Mozilla/5.0 (Linux; Android 7.0;) AppleWebKit/537.36 (HTML, like Gecko) Mobile Safari/537.36 (compatible; PetalBot;+https://webmaster.petalsearch.com/site/petalbot)"
66.249.78.7 - - [02/Sep/2026:12:01:30 -0500] "GET /?pid=77009104 HTTP/1.1" 200 282538 "-" "Mozilla/5.0 (Linux; Android 6.0.1; Nexus 5X Build/MMB29P) AppleWebKit/537.36 (KHTML, like Gecko) Chrome/151.0.7922.173 Mobile Safari/537.36 (compatible; Googlebot/2.1; +http://www.google.com/bot.html)"
40.77.167.121 - - [02/Sep/2026:12:01:38 -0500] "GET /?pid=1222021221 HTTP/1.1" 200 282477 "-" "Mozilla/5.0 AppleWebKit/537.36 (KHTML, like Gecko; compatible; bingbot/2.0; +http://www.bing.com/bingbot.htm) Chrome/116.0.1938.76 Safari/537.36"
66.249.70.6 - - [02/Sep/2026:12:02:32 -0500] "GET /?pid=2474923543 HTTP/1.1" 200 282546 "-" "Mozilla/5.0 (Linux; Android 6.0.1; Nexus 5X Build/MMB29P) AppleWebKit/537.36 (KHTML, like Gecko) Chrome/151.0.7922.173 Mobile Safari/537.36 (compatible; Googlebot/2.1; +http://www.google.com/bot.html)"
66.249.70.7 - - [02/Sep/2026:12:02:48 -0500] "GET /?pid=2747666744 HTTP/1.1" 200 282546 "-" "Mozilla/5.0 (Linux; Android 6.0.1; Nexus 5X Build/MMB29P) AppleWebKit/537.36 (KHTML, like Gecko) Chrome/151.0.7922.173 Mobile Safari/537.36 (compatible; Googlebot/2.1; +http://www.google.com/bot.html)"
66.249.78.6 - - [02/Sep/2026:12:02:54 -0500] "GET /?pid=211805978 HTTP/1.1" 200 282542 "-" "Mozilla/5.0 (Linux; Android 6.0.1; Nexus 5X Build/MMB29P) AppleWebKit/537.36 (KHTML, like Gecko) Chrome/151.0.7922.173 Mobile Safari/537.36 (compatible; Googlebot/2.1; +http://www.google.com/bot.html)"
66.249.70.8 - - [02/Sep/2026:12:03:10 -0500] "GET /?pid=1856247828 HTTP/1.1" 200 282546 "-" "Mozilla/5.0 (Linux; Android 6.0.1; Nexus 5X Build/MMB29P) AppleWebKit/537.36 (KHTML, like Gecko) Chrome/151.0.7922.173 Mobile Safari/537.36 (compatible; Googlebot/2.1; +http://www.google.com/bot.html)"
66.249.70.7 - - [02/Sep/2026:12:03:27 -0500] "GET /?pid=3063841411 HTTP/1.1" 200 282546 "-" "Mozilla/5.0 (Linux; Android 6.0.1; Nexus 5X Build/MMB29P) AppleWebKit/537.36 (KHTML, like Gecko) Chrome/151.0.7922.173 Mobile Safari/537.36 (compatible; Googlebot/2.1; +http://www.google.com/bot.html)"
40.77.167.121 - - [02/Sep/2026:12:03:28 -0500] "GET /?pid=345707222 HTTP/1.1" 200 282542 "-" "Mozilla/5.0 AppleWebKit/537.36 (KHTML, like Gecko; compatible; bingbot/2.0; +http://www.bing.com/bingbot.htm) Chrome/116.0.1938.76 Safari/537.36"
40.77.167.121 - - [02/Sep/2026:12:03:30 -0500] "GET /?pid=883058579 HTTP/1.1" 200 282473 "-" "Mozilla/5.0 AppleWebKit/537.36 (KHTML, like Gecko; compatible; bingbot/2.0; +http://www.bing.com/bingbot.htm) Chrome/116.0.1938.76 Safari/537.36"
66.249.70.6 - - [02/Sep/2026:12:03:30 -0500] "GET /?pid=552912594 HTTP/1.1" 200 282542 "-" "Mozilla/5.0 (Linux; Android 6.0.1; Nexus 5X Build/MMB29P) AppleWebKit/537.36 (KHTML, like Gecko) Chrome/151.0.7922.173 Mobile Safari/537.36 (compatible; Googlebot/2.1; +http://www.google.com/bot.html)"
52.167.144.166 - - [02/Sep/2026:12:03:35 -0500] "GET /?pid=2146901083 HTTP/1.1" 200 282546 "-" "Mozilla/5.0 AppleWebKit/537.36 (KHTML, like Gecko; compatible; bingbot/2.0; +http://www.bing.com/bingbot.htm) Chrome/116.0.1938.76 Safari/537.36"
52.167.144.166 - - [02/Sep/2026:12:03:37 -0500] "GET /?pid=3370514957 HTTP/1.1" 200 282546 "-" "Mozilla/5.0 AppleWebKit/537.36 (KHTML, like Gecko; compatible; bingbot/2.0; +http://www.bing.com/bingbot.htm) Chrome/116.0.1938.76 Safari/537.36"
52.167.144.166 - - [02/Sep/2026:12:03:41 -0500] "GET /?pid=2082834465 HTTP/1.1" 200 282546 "-" "Mozilla/5.0 AppleWebKit/537.36 (KHTML, like Gecko; compatible; bingbot/2.0; +http://www.bing.com/bingbot.htm) Chrome/116.0.1938.76 Safari/537.36"
66.249.70.7 - - [02/Sep/2026:12:04:04 -0500] "GET /?pid=3681761909 HTTP/1.1" 200 282546 "-" "Mozilla/5.0 (Linux; Android 6.0.1; Nexus 5X Build/MMB29P) AppleWebKit/537.36 (KHTML, like Gecko) Chrome/151.0.7922.173 Mobile Safari/537.36 (compatible; Googlebot/2.1; +http://www.google.com/bot.html)"
66.249.70.7 - - [02/Sep/2026:12:04:21 -0500] "GET /?pid=1973172940 HTTP/1.1" 200 282546 "-" "Mozilla/5.0 (Linux; Android 6.0.1; Nexus 5X Build/MMB29P) AppleWebKit/537.36 (KHTML, like Gecko) Chrome/151.0.7922.173 Mobile Safari/537.36 (compatible; Googlebot/2.1; +http://www.google.com/bot.html)"
66.249.78.8 - - [02/Sep/2026:12:05:27 -0500] "GET /?pid=3152733473 HTTP/1.1" 200 282546 "-" "Mozilla/5.0 (Linux; Android 6.0.1; Nexus 5X Build/MMB29P) AppleWebKit/537.36 (KHTML, like Gecko) Chrome/151.0.7922.173 Mobile Safari/537.36 (compatible; Googlebot/2.1; +http://www.google.com/bot.html)"
66.249.70.7 - - [02/Sep/2026:12:05:36 -0500] "GET /?pid=1007877546 HTTP/1.1" 200 282546 "-" "Mozilla/5.0 (Linux; Android 6.0.1; Nexus 5X Build/MMB29P) AppleWebKit/537.36 (KHTML, like Gecko) Chrome/151.0.7922.173 Mobile Safari/537.36 (compatible; Googlebot/2.1; +http://www.google.com/bot.html)"
66.249.70.6 - - [02/Sep/2026:12:06:48 -0500] "GET /?pid=1856349938 HTTP/1.1" 200 282546 "-" "Mozilla/5.0 (Linux; Android 6.0.1; Nexus 5X Build/MMB29P) AppleWebKit/537.36 (KHTML, like Gecko) Chrome/151.0.7922.173 Mobile Safari/537.36 (compatible; Googlebot/2.1; +http://www.google.com/bot.html)"
52.167.144.160 - - [02/Sep/2026:12:10:59 -0500] "GET /?pid=328930080 HTTP/1.1" 200 282542 "-" "Mozilla/5.0 AppleWebKit/537.36 (KHTML, like Gecko; compatible; bingbot/2.0; +http://www.bing.com/bingbot.htm) Chrome/116.0.1938.76 Safari/537.36"
168.144.101.7 - - [02/Sep/2026:12:11:02 -0500] "GET /wp-login.php HTTP/1.1" 200 11232 "-" "Mozilla/5.0 (Macintosh; Intel Mac OS X 13_6_1) AppleWebKit/605.1.15 (KHTML, like Gecko) Version/17.0 Safari/605.1.15"
52.167.144.169 - - [02/Sep/2026:12:11:06 -0500] "GET /?pid=700939834 HTTP/1.1" 200 282542 "-" "Mozilla/5.0 AppleWebKit/537.36 (KHTML, like Gecko; compatible; bingbot/2.0; +http://www.bing.com/bingbot.htm) Chrome/116.0.1938.76 Safari/537.36"
52.167.144.169 - - [02/Sep/2026:12:11:07 -0500] "GET /?pid=2194718454 HTTP/1.1" 200 282546 "-" "Mozilla/5.0 AppleWebKit/537.36 (KHTML, like Gecko; compatible; bingbot/2.0; +http://www.bing.com/bingbot.htm) Chrome/116.0.1938.76 Safari/537.36"
168.144.101.7 - - [02/Sep/2026:12:11:18 -0500] "GET /?author=1 HTTP/1.1" 301 - "" "Mozilla/5.0 (Macintosh; Intel Mac OS X 10_15_7) AppleWebKit/605.1.15 (KHTML, like Gecko) Version/17.2 Safari/605.1.15"
168.144.101.7 - - [02/Sep/2026:12:11:33 -0500] "GET /?author=1 HTTP/1.1" 200 64846 "" "Mozilla/5.0 (Macintosh; Intel Mac OS X 10_15_7) AppleWebKit/605.1.15 (KHTML, like Gecko) Version/17.2 Safari/605.1.15"
168.144.101.7 - - [02/Sep/2026:12:11:48 -0500] "GET /?author=2 HTTP/1.1" 301 - "-" "Mozilla/5.0 (Windows NT 10.0; Win64; x64) AppleWebKit/537.36 (KHTML, like Gecko) Chrome/119.0.0.0 Safari/537.36"
168.144.101.7 - - [02/Sep/2026:12:12:04 -0500] "GET /?author=2 HTTP/1.1" 200 62798 "-" "Mozilla/5.0 (Windows NT 10.0; Win64; x64) AppleWebKit/537.36 (KHTML, like Gecko) Chrome/119.0.0.0 Safari/537.36"
168.144.101.7 - - [02/Sep/2026:12:12:20 -0500] "GET /?author=3 HTTP/1.1" 301 - "https://www.bing.com/" "Mozilla/5.0 (Macintosh; Intel Mac OS X 10_15_7; rv:121.0) Gecko/20100101 Firefox/121.0"
168.144.101.7 - - [02/Sep/2026:12:12:35 -0500] "GET /?author=3 HTTP/1.1" 404 62044 "https://www.bing.com/" "Mozilla/5.0 (Macintosh; Intel Mac OS X 10_15_7; rv:121.0) Gecko/20100101 Firefox/121.0"
168.144.101.7 - - [02/Sep/2026:12:12:49 -0500] "GET /?author=4 HTTP/1.1" 301 - "https://duckduckgo.com/" "Mozilla/5.0 (Windows NT 11.0; Win64; x64) AppleWebKit/537.36 (KHTML, like Gecko) Chrome/119.0.0.0 Safari/537.36"
168.144.101.7 - - [02/Sep/2026:12:13:05 -0500] "GET /?author=4 HTTP/1.1" 404 62044 "https://duckduckgo.com/" "Mozilla/5.0 (Windows NT 11.0; Win64; x64) AppleWebKit/537.36 (KHTML, like Gecko) Chrome/119.0.0.0 Safari/537.36"
168.144.101.7 - - [02/Sep/2026:12:13:21 -0500] "GET /?author=5 HTTP/1.1" 301 - "" "Mozilla/5.0 (X11; Ubuntu; Linux x86_64) AppleWebKit/537.36 (KHTML, like Gecko) Chrome/121.0.0.0 Safari/537.36"
168.144.101.7 - - [02/Sep/2026:12:13:35 -0500] "GET /?author=5 HTTP/1.1" 404 62044 "" "Mozilla/5.0 (X11; Ubuntu; Linux x86_64) AppleWebKit/537.36 (KHTML, like Gecko) Chrome/121.0.0.0 Safari/537.36"
168.144.101.7 - - [02/Sep/2026:12:13:52 -0500] "GET /wp-json/wp/v2/users HTTP/1.1" 301 - "https://wordpress.org/" "Mozilla/5.0 (X11; Linux x86_64) AppleWebKit/537.36 (KHTML, like Gecko) Chrome/120.0.0.0 Safari/537.36"
168.144.101.7 - - [02/Sep/2026:12:14:08 -0500] "GET /wp-json/wp/v2/users/ HTTP/1.1" 200 282560 "https://wordpress.org/" "Mozilla/5.0 (X11; Linux x86_64) AppleWebKit/537.36 (KHTML, like Gecko) Chrome/120.0.0.0 Safari/537.36"
168.144.101.7 - - [02/Sep/2026:12:14:26 -0500] "POST /wp-login.php HTTP/1.1" 200 11661 "https://www.newbiomuseo.desarrollo.itsangee.com/wp-login.php" "Mozilla/5.0 (Macintosh; Intel Mac OS X 10_15_7) AppleWebKit/605.1.15 (KHTML, like Gecko) Version/17.1 Safari/605.1.15"
168.144.101.7 - - [02/Sep/2026:12:14:39 -0500] "GET /wp-admin/index.php HTTP/1.1" 302 - "https://www.newbiomuseo.desarrollo.itsangee.com/wp-login.php" "Mozilla/5.0 (X11; Ubuntu; Linux x86_64) AppleWebKit/537.36 (KHTML, like Gecko) Chrome/121.0.0.0 Safari/537.36"
168.144.101.7 - - [02/Sep/2026:12:14:55 -0500] "GET /wp-login.php?redirect_to=https%3A%2F%2Fwww.newbiomuseo.desarrollo.itsangee.com%2Fwp-admin%2Findex.php&reauth=1 HTTP/1.1" 200 11374 "https://www.newbiomuseo.desarrollo.itsangee.com/wp-login.php" "Mozilla/5.0 (X11; Ubuntu; Linux x86_64) AppleWebKit/537.36 (KHTML, like Gecko) Chrome/121.0.0.0 Safari/537.36"
168.144.101.7 - - [02/Sep/2026:12:15:12 -0500] "POST /wp-login.php HTTP/1.1" 200 11655 "https://www.newbiomuseo.desarrollo.itsangee.com/wp-login.php" "Mozilla/5.0 (Windows NT 11.0; Win64; x64; rv:119.0) Gecko/20100101 Firefox/119.0"
168.144.101.7 - - [02/Sep/2026:12:15:27 -0500] "GET /wp-admin/index.php HTTP/1.1" 302 - "https://www.newbiomuseo.desarrollo.itsangee.com/wp-login.php" "Mozilla/5.0 (Windows NT 10.0; Win64; x64; rv:119.0) Gecko/20100101 Firefox/119.0"
168.144.101.7 - - [02/Sep/2026:12:15:43 -0500] "GET /wp-login.php?redirect_to=https%3A%2F%2Fwww.newbiomuseo.desarrollo.itsangee.com%2Fwp-admin%2Findex.php&reauth=1 HTTP/1.1" 200 11374 "https://www.newbiomuseo.desarrollo.itsangee.com/wp-login.php" "Mozilla/5.0 (Windows NT 10.0; Win64; x64; rv:119.0) Gecko/20100101 Firefox/119.0"
168.144.101.7 - - [02/Sep/2026:12:15:58 -0500] "POST /wp-login.php HTTP/1.1" 200 11656 "https://www.newbiomuseo.desarrollo.itsangee.com/wp-login.php" "Mozilla/5.0 (Windows NT 10.0; Win64; x64; rv:118.0) Gecko/20100101 Firefox/118.0"
168.144.101.7 - - [02/Sep/2026:12:16:13 -0500] "GET /wp-admin/index.php HTTP/1.1" 302 - "https://www.newbiomuseo.desarrollo.itsangee.com/wp-login.php" "Mozilla/5.0 (X11; Linux x86_64) AppleWebKit/537.36 (KHTML, like Gecko) Chrome/119.0.0.0 Safari/537.36"
40.77.167.123 - - [02/Sep/2026:12:16:15 -0500] "GET /?pid=452503546 HTTP/1.1" 200 282542 "-" "Mozilla/5.0 AppleWebKit/537.36 (KHTML, like Gecko; compatible; bingbot/2.0; +http://www.bing.com/bingbot.htm) Chrome/116.0.1938.76 Safari/537.36"
168.144.101.7 - - [02/Sep/2026:12:16:24 -0500] "GET /wp-login.php?redirect_to=https%3A%2F%2Fwww.newbiomuseo.desarrollo.itsangee.com%2Fwp-admin%2Findex.php&reauth=1 HTTP/1.1" 200 11374 "https://www.newbiomuseo.desarrollo.itsangee.com/wp-login.php" "Mozilla/5.0 (X11; Linux x86_64) AppleWebKit/537.36 (KHTML, like Gecko) Chrome/119.0.0.0 Safari/537.36"
40.77.167.123 - - [02/Sep/2026:12:16:26 -0500] "GET /?pid=588319935 HTTP/1.1" 200 282473 "-" "Mozilla/5.0 AppleWebKit/537.36 (KHTML, like Gecko; compatible; bingbot/2.0; +http://www.bing.com/bingbot.htm) Chrome/116.0.1938.76 Safari/537.36"
52.167.144.206 - - [02/Sep/2026:12:16:31 -0500] "GET /?pid=2526903434 HTTP/1.1" 200 282546 "-" "Mozilla/5.0 AppleWebKit/537.36 (KHTML, like Gecko; compatible; bingbot/2.0; +http://www.bing.com/bingbot.htm) Chrome/116.0.1938.76 Safari/537.36"
168.144.101.7 - - [02/Sep/2026:12:16:39 -0500] "POST /wp-login.php HTTP/1.1" 200 11657 "https://www.newbiomuseo.desarrollo.itsangee.com/wp-login.php" "Mozilla/5.0 (Windows NT 11.0; Win64; x64) AppleWebKit/537.36 (KHTML, like Gecko) Chrome/120.0.0.0 Safari/537.36"
168.144.101.7 - - [02/Sep/2026:12:16:53 -0500] "GET /wp-admin/index.php HTTP/1.1" 302 - "https://www.newbiomuseo.desarrollo.itsangee.com/wp-login.php" "Mozilla/5.0 (X11; Ubuntu; Linux x86_64) AppleWebKit/537.36 (KHTML, like Gecko) Chrome/119.0.0.0 Safari/537.36"
168.144.101.7 - - [02/Sep/2026:12:17:09 -0500] "GET /wp-login.php?redirect_to=https%3A%2F%2Fwww.newbiomuseo.desarrollo.itsangee.com%2Fwp-admin%2Findex.php&reauth=1 HTTP/1.1" 200 11374 "https://www.newbiomuseo.desarrollo.itsangee.com/wp-login.php" "Mozilla/5.0 (X11; Ubuntu; Linux x86_64) AppleWebKit/537.36 (KHTML, like Gecko) Chrome/119.0.0.0 Safari/537.36"
168.144.101.7 - - [02/Sep/2026:12:17:24 -0500] "POST /wp-login.php HTTP/1.1" 200 11659 "https://www.newbiomuseo.desarrollo.itsangee.com/wp-login.php" "Mozilla/5.0 (Macintosh; Intel Mac OS X 13_6_1) AppleWebKit/537.36 (KHTML, like Gecko) Chrome/118.0.0.0 Safari/537.36"
168.144.101.7 - - [02/Sep/2026:12:17:40 -0500] "GET /wp-admin/index.php HTTP/1.1" 302 - "https://www.newbiomuseo.desarrollo.itsangee.com/wp-login.php" "Mozilla/5.0 (Macintosh; Intel Mac OS X 10_15_7) AppleWebKit/537.36 (KHTML, like Gecko) Chrome/121.0.0.0 Safari/537.36"
168.144.101.7 - - [02/Sep/2026:12:17:55 -0500] "GET /wp-login.php?redirect_to=https%3A%2F%2Fwww.newbiomuseo.desarrollo.itsangee.com%2Fwp-admin%2Findex.php&reauth=1 HTTP/1.1" 200 11374 "https://www.newbiomuseo.desarrollo.itsangee.com/wp-login.php" "Mozilla/5.0 (Macintosh; Intel Mac OS X 10_15_7) AppleWebKit/537.36 (KHTML, like Gecko) Chrome/121.0.0.0 Safari/537.36"
168.144.101.7 - - [02/Sep/2026:12:18:11 -0500] "POST /wp-login.php HTTP/1.1" 200 11662 "https://www.newbiomuseo.desarrollo.itsangee.com/wp-login.php" "Mozilla/5.0 (X11; Linux x86_64) AppleWebKit/537.36 (KHTML, like Gecko) Chrome/121.0.0.0 Safari/537.36"
168.144.101.7 - - [02/Sep/2026:12:18:28 -0500] "GET /wp-admin/index.php HTTP/1.1" 302 - "https://www.newbiomuseo.desarrollo.itsangee.com/wp-login.php" "Mozilla/5.0 (X11; Ubuntu; Linux x86_64) AppleWebKit/537.36 (KHTML, like Gecko) Chrome/120.0.0.0 Safari/537.36"
168.144.101.7 - - [02/Sep/2026:12:18:43 -0500] "GET /wp-login.php?redirect_to=https%3A%2F%2Fwww.newbiomuseo.desarrollo.itsangee.com%2Fwp-admin%2Findex.php&reauth=1 HTTP/1.1" 200 11374 "https://www.newbiomuseo.desarrollo.itsangee.com/wp-login.php" "Mozilla/5.0 (X11; Ubuntu; Linux x86_64) AppleWebKit/537.36 (KHTML, like Gecko) Chrome/120.0.0.0 Safari/537.36"
168.144.101.7 - - [02/Sep/2026:12:18:59 -0500] "POST /wp-login.php HTTP/1.1" 200 11659 "https://www.newbiomuseo.desarrollo.itsangee.com/wp-login.php" "Mozilla/5.0 (Macintosh; Intel Mac OS X 13_6_1; rv:121.0) Gecko/20100101 Firefox/121.0"
40.77.167.123 - - [02/Sep/2026:12:19:07 -0500] "GET /?pid=887784899 HTTP/1.1" 200 282542 "-" "Mozilla/5.0 AppleWebKit/537.36 (KHTML, like Gecko; compatible; bingbot/2.0; +http://www.bing.com/bingbot.htm) Chrome/116.0.1938.76 Safari/537.36"
66.249.70.6 - - [02/Sep/2026:12:19:10 -0500] "GET /?pid=298865841 HTTP/1.1" 200 282542 "-" "Mozilla/5.0 (Linux; Android 6.0.1; Nexus 5X Build/MMB29P) AppleWebKit/537.36 (KHTML, like Gecko) Chrome/151.0.7922.173 Mobile Safari/537.36 (compatible; Googlebot/2.1; +http://www.google.com/bot.html)"
168.144.101.7 - - [02/Sep/2026:12:19:15 -0500] "GET /wp-admin/index.php HTTP/1.1" 302 - "https://www.newbiomuseo.desarrollo.itsangee.com/wp-login.php" "Mozilla/5.0 (Macintosh; Intel Mac OS X 10_15_7; rv:120.0) Gecko/20100101 Firefox/120.0"
52.167.144.204 - - [02/Sep/2026:12:19:29 -0500] "GET /?pid=1741849346 HTTP/1.1" 200 282546 "-" "Mozilla/5.0 AppleWebKit/537.36 (KHTML, like Gecko; compatible; bingbot/2.0; +http://www.bing.com/bingbot.htm) Chrome/116.0.1938.76 Safari/537.36"
168.144.101.7 - - [02/Sep/2026:12:19:31 -0500] "GET /wp-login.php?redirect_to=https%3A%2F%2Fwww.newbiomuseo.desarrollo.itsangee.com%2Fwp-admin%2Findex.php&reauth=1 HTTP/1.1" 200 11374 "https://www.newbiomuseo.desarrollo.itsangee.com/wp-login.php" "Mozilla/5.0 (Macintosh; Intel Mac OS X 10_15_7; rv:120.0) Gecko/20100101 Firefox/120.0"
168.144.101.7 - - [02/Sep/2026:12:19:46 -0500] "POST /wp-login.php HTTP/1.1" 200 11659 "https://www.newbiomuseo.desarrollo.itsangee.com/wp-login.php" "Mozilla/5.0 (X11; Linux x86_64) AppleWebKit/537.36 (KHTML, like Gecko) Chrome/119.0.0.0 Safari/537.36"
168.144.101.7 - - [02/Sep/2026:12:20:02 -0500] "GET /wp-admin/index.php HTTP/1.1" 302 - "https://www.newbiomuseo.desarrollo.itsangee.com/wp-login.php" "Mozilla/5.0 (Windows NT 10.0; Win64; x64; rv:119.0) Gecko/20100101 Firefox/119.0"
168.144.101.7 - - [02/Sep/2026:12:20:19 -0500] "GET /wp-login.php?redirect_to=https%3A%2F%2Fwww.newbiomuseo.desarrollo.itsangee.com%2Fwp-admin%2Findex.php&reauth=1 HTTP/1.1" 200 11374 "https://www.newbiomuseo.desarrollo.itsangee.com/wp-login.php" "Mozilla/5.0 (Windows NT 10.0; Win64; x64; rv:119.0) Gecko/20100101 Firefox/119.0"
66.249.70.6 - - [02/Sep/2026:12:20:28 -0500] "GET /?pid=330959174 HTTP/1.1" 200 282542 "-" "Mozilla/5.0 (Linux; Android 6.0.1; Nexus 5X Build/MMB29P) AppleWebKit/537.36 (KHTML, like Gecko) Chrome/151.0.7922.173 Mobile Safari/537.36 (compatible; Googlebot/2.1; +http://www.google.com/bot.html)"
168.144.101.7 - - [02/Sep/2026:12:20:34 -0500] "POST /wp-login.php HTTP/1.1" 200 11658 "https://www.newbiomuseo.desarrollo.itsangee.com/wp-login.php" "Mozilla/5.0 (Windows NT 10.0; Win64; x64; rv:119.0) Gecko/20100101 Firefox/119.0"
168.144.101.7 - - [02/Sep/2026:12:20:49 -0500] "GET /wp-admin/index.php HTTP/1.1" 302 - "https://www.newbiomuseo.desarrollo.itsangee.com/wp-login.php" "Mozilla/5.0 (Macintosh; Intel Mac OS X 13_6_1; rv:118.0) Gecko/20100101 Firefox/118.0"
168.144.101.7 - - [02/Sep/2026:12:21:05 -0500] "GET /wp-login.php?redirect_to=https%3A%2F%2Fwww.newbiomuseo.desarrollo.itsangee.com%2Fwp-admin%2Findex.php&reauth=1 HTTP/1.1" 200 11374 "https://www.newbiomuseo.desarrollo.itsangee.com/wp-login.php" "Mozilla/5.0 (Macintosh; Intel Mac OS X 13_6_1; rv:118.0) Gecko/20100101 Firefox/118.0"
168.144.101.7 - - [02/Sep/2026:12:21:20 -0500] "POST /wp-login.php HTTP/1.1" 200 11656 "https://www.newbiomuseo.desarrollo.itsangee.com/wp-login.php" "Mozilla/5.0 (Windows NT 11.0; Win64; x64; rv:121.0) Gecko/20100101 Firefox/121.0"
168.144.101.7 - - [02/Sep/2026:12:21:35 -0500] "GET /wp-admin/index.php HTTP/1.1" 302 - "https://www.newbiomuseo.desarrollo.itsangee.com/wp-login.php" "Mozilla/5.0 (Macintosh; Intel Mac OS X 13_6_1) AppleWebKit/537.36 (KHTML, like Gecko) Chrome/118.0.0.0 Safari/537.36"
168.144.101.7 - - [02/Sep/2026:12:21:50 -0500] "GET /wp-login.php?redirect_to=https%3A%2F%2Fwww.newbiomuseo.desarrollo.itsangee.com%2Fwp-admin%2Findex.php&reauth=1 HTTP/1.1" 200 11374 "https://www.newbiomuseo.desarrollo.itsangee.com/wp-login.php" "Mozilla/5.0 (Macintosh; Intel Mac OS X 13_6_1) AppleWebKit/537.36 (KHTML, like Gecko) Chrome/118.0.0.0 Safari/537.36"
168.144.101.7 - - [02/Sep/2026:12:22:04 -0500] "POST /wp-login.php HTTP/1.1" 200 11662 "https://www.newbiomuseo.desarrollo.itsangee.com/wp-login.php" "Mozilla/5.0 (Windows NT 10.0; Win64; x64) AppleWebKit/537.36 (KHTML, like Gecko) Chrome/118.0.0.0 Safari/537.36"
168.144.101.7 - - [02/Sep/2026:12:22:19 -0500] "GET /wp-admin/index.php HTTP/1.1" 302 - "https://www.newbiomuseo.desarrollo.itsangee.com/wp-login.php" "Mozilla/5.0 (Macintosh; Intel Mac OS X 13_6_1) AppleWebKit/537.36 (KHTML, like Gecko) Chrome/121.0.0.0 Safari/537.36"
168.144.101.7 - - [02/Sep/2026:12:22:35 -0500] "GET /wp-login.php?redirect_to=https%3A%2F%2Fwww.newbiomuseo.desarrollo.itsangee.com%2Fwp-admin%2Findex.php&reauth=1 HTTP/1.1" 200 11374 "https://www.newbiomuseo.desarrollo.itsangee.com/wp-login.php" "Mozilla/5.0 (Macintosh; Intel Mac OS X 13_6_1) AppleWebKit/537.36 (KHTML, like Gecko) Chrome/121.0.0.0 Safari/537.36"
168.144.101.7 - - [02/Sep/2026:12:22:50 -0500] "POST /wp-login.php HTTP/1.1" 200 11659 "https://www.newbiomuseo.desarrollo.itsangee.com/wp-login.php" "Mozilla/5.0 (Windows NT 11.0; Win64; x64; rv:120.0) Gecko/20100101 Firefox/120.0"
168.144.101.7 - - [02/Sep/2026:12:23:07 -0500] "GET /wp-admin/index.php HTTP/1.1" 302 - "https://www.newbiomuseo.desarrollo.itsangee.com/wp-login.php" "Mozilla/5.0 (Windows NT 10.0; Win64; x64; rv:119.0) Gecko/20100101 Firefox/119.0"
40.77.167.123 - - [02/Sep/2026:12:23:17 -0500] "GET /?pid=367207454 HTTP/1.1" 200 282542 "-" "Mozilla/5.0 AppleWebKit/537.36 (KHTML, like Gecko; compatible; bingbot/2.0; +http://www.bing.com/bingbot.htm) Chrome/116.0.1938.76 Safari/537.36"
168.144.101.7 - - [02/Sep/2026:12:23:22 -0500] "GET /wp-login.php?redirect_to=https%3A%2F%2Fwww.newbiomuseo.desarrollo.itsangee.com%2Fwp-admin%2Findex.php&reauth=1 HTTP/1.1" 200 11374 "https://www.newbiomuseo.desarrollo.itsangee.com/wp-login.php" "Mozilla/5.0 (Windows NT 10.0; Win64; x64; rv:119.0) Gecko/20100101 Firefox/119.0"
168.144.101.7 - - [02/Sep/2026:12:23:37 -0500] "POST /wp-login.php HTTP/1.1" 200 11659 "https://www.newbiomuseo.desarrollo.itsangee.com/wp-login.php" "Mozilla/5.0 (Macintosh; Intel Mac OS X 10_15_7) AppleWebKit/537.36 (KHTML, like Gecko) Chrome/118.0.0.0 Safari/537.36"
52.167.144.174 - - [02/Sep/2026:12:23:38 -0500] "GET /?pid=1472767707 HTTP/1.1" 200 282546 "-" "Mozilla/5.0 AppleWebKit/537.36 (KHTML, like Gecko; compatible; bingbot/2.0; +http://www.bing.com/bingbot.htm) Chrome/116.0.1938.76 Safari/537.36"
168.144.101.7 - - [02/Sep/2026:12:23:53 -0500] "GET /wp-admin/index.php HTTP/1.1" 302 - "https://www.newbiomuseo.desarrollo.itsangee.com/wp-login.php" "Mozilla/5.0 (Windows NT 11.0; Win64; x64; rv:121.0) Gecko/20100101 Firefox/121.0"
168.144.101.7 - - [02/Sep/2026:12:24:08 -0500] "GET /wp-login.php?redirect_to=https%3A%2F%2Fwww.newbiomuseo.desarrollo.itsangee.com%2Fwp-admin%2Findex.php&reauth=1 HTTP/1.1" 200 11374 "https://www.newbiomuseo.desarrollo.itsangee.com/wp-login.php" "Mozilla/5.0 (Windows NT 11.0; Win64; x64; rv:121.0) Gecko/20100101 Firefox/121.0"
168.144.101.7 - - [02/Sep/2026:12:24:23 -0500] "POST /wp-login.php HTTP/1.1" 200 11654 "https://www.newbiomuseo.desarrollo.itsangee.com/wp-login.php" "Mozilla/5.0 (Windows NT 10.0; Win64; x64; rv:120.0) Gecko/20100101 Firefox/120.0"
168.144.101.7 - - [02/Sep/2026:12:24:38 -0500] "GET /wp-admin/index.php HTTP/1.1" 302 - "https://www.newbiomuseo.desarrollo.itsangee.com/wp-login.php" "Mozilla/5.0 (Macintosh; Intel Mac OS X 13_6_1) AppleWebKit/537.36 (KHTML, like Gecko) Chrome/119.0.0.0 Safari/537.36"
57.141.20.55 - - [02/Sep/2026:12:24:48 -0500] "GET /?p=4172 HTTP/1.1" 200 62692 "-" "Mozilla/5.0 (Macintosh; Intel Mac OS X 10_15_7) AppleWebKit/537.36 (KHTML, like Gecko) Chrome/145.0.0.0 Safari/537.36 (compatible; meta-externalagent/1.1 (+https://developers.facebook.com/docs/sharing/webmasters/crawler))"
168.144.101.7 - - [02/Sep/2026:12:24:53 -0500] "GET /wp-login.php?redirect_to=https%3A%2F%2Fwww.newbiomuseo.desarrollo.itsangee.com%2Fwp-admin%2Findex.php&reauth=1 HTTP/1.1" 200 11374 "https://www.newbiomuseo.desarrollo.itsangee.com/wp-login.php" "Mozilla/5.0 (Macintosh; Intel Mac OS X 13_6_1) AppleWebKit/537.36 (KHTML, like Gecko) Chrome/119.0.0.0 Safari/537.36"
168.144.101.7 - - [02/Sep/2026:12:25:10 -0500] "POST /wp-login.php HTTP/1.1" 200 11663 "https://www.newbiomuseo.desarrollo.itsangee.com/wp-login.php" "Mozilla/5.0 (Windows NT 11.0; Win64; x64) AppleWebKit/537.36 (KHTML, like Gecko) Chrome/118.0.0.0 Safari/537.36"
168.144.101.7 - - [02/Sep/2026:12:25:28 -0500] "GET /wp-admin/index.php HTTP/1.1" 302 - "https://www.newbiomuseo.desarrollo.itsangee.com/wp-login.php" "Mozilla/5.0 (Macintosh; Intel Mac OS X 10_15_7) AppleWebKit/537.36 (KHTML, like Gecko) Chrome/121.0.0.0 Safari/537.36"
66.249.70.6 - - [02/Sep/2026:12:25:27 -0500] "GET /?pid=936650152 HTTP/1.1" 200 282542 "-" "Mozilla/5.0 (Linux; Android 6.0.1; Nexus 5X Build/MMB29P) AppleWebKit/537.36 (KHTML, like Gecko) Chrome/151.0.7922.173 Mobile Safari/537.36 (compatible; Googlebot/2.1; +http://www.google.com/bot.html)"
168.144.101.7 - - [02/Sep/2026:12:25:44 -0500] "GET /wp-login.php?redirect_to=https%3A%2F%2Fwww.newbiomuseo.desarrollo.itsangee.com%2Fwp-admin%2Findex.php&reauth=1 HTTP/1.1" 200 11374 "https://www.newbiomuseo.desarrollo.itsangee.com/wp-login.php" "Mozilla/5.0 (Macintosh; Intel Mac OS X 10_15_7) AppleWebKit/537.36 (KHTML, like Gecko) Chrome/121.0.0.0 Safari/537.36"
168.144.101.7 - - [02/Sep/2026:12:26:00 -0500] "POST /wp-login.php HTTP/1.1" 200 11659 "https://www.newbiomuseo.desarrollo.itsangee.com/wp-login.php" "Mozilla/5.0 (Windows NT 11.0; Win64; x64) AppleWebKit/537.36 (KHTML, like Gecko) Chrome/121.0.0.0 Safari/537.36"
168.144.101.7 - - [02/Sep/2026:12:26:16 -0500] "GET /wp-admin/index.php HTTP/1.1" 302 - "https://www.newbiomuseo.desarrollo.itsangee.com/wp-login.php" "Mozilla/5.0 (Windows NT 11.0; Win64; x64) AppleWebKit/537.36 (KHTML, like Gecko) Chrome/118.0.0.0 Safari/537.36"
51.89.71.148 - - [02/Sep/2026:12:26:24 -0500] "GET /sitemap.xml HTTP/1.1" 301 - "-" "Mozilla/5.0 (compatible; AhrefsBot/7.0; +http://ahrefs.com/robot/)"
51.89.71.148 - - [02/Sep/2026:12:26:25 -0500] "GET /sitemap.xml/ HTTP/1.1" 200 282528 "-" "Mozilla/5.0 (compatible; AhrefsBot/7.0; +http://ahrefs.com/robot/)"
168.144.101.7 - - [02/Sep/2026:12:26:28 -0500] "GET /wp-login.php?redirect_to=https%3A%2F%2Fwww.newbiomuseo.desarrollo.itsangee.com%2Fwp-admin%2Findex.php&reauth=1 HTTP/1.1" 200 11374 "https://www.newbiomuseo.desarrollo.itsangee.com/wp-login.php" "Mozilla/5.0 (Windows NT 11.0; Win64; x64) AppleWebKit/537.36 (KHTML, like Gecko) Chrome/118.0.0.0 Safari/537.36"
168.144.101.7 - - [02/Sep/2026:12:26:42 -0500] "POST /wp-login.php HTTP/1.1" 200 11655 "https://www.newbiomuseo.desarrollo.itsangee.com/wp-login.php" "Mozilla/5.0 (Windows NT 11.0; Win64; x64; rv:118.0) Gecko/20100101 Firefox/118.0"
168.144.101.7 - - [02/Sep/2026:12:26:56 -0500] "GET /wp-admin/index.php HTTP/1.1" 302 - "https://www.newbiomuseo.desarrollo.itsangee.com/wp-login.php" "Mozilla/5.0 (Macintosh; Intel Mac OS X 10_15_7) AppleWebKit/537.36 (KHTML, like Gecko) Chrome/119.0.0.0 Safari/537.36"
168.144.101.7 - - [02/Sep/2026:12:27:09 -0500] "GET /wp-login.php?redirect_to=https%3A%2F%2Fwww.newbiomuseo.desarrollo.itsangee.com%2Fwp-admin%2Findex.php&reauth=1 HTTP/1.1" 200 11374 "https://www.newbiomuseo.desarrollo.itsangee.com/wp-login.php" "Mozilla/5.0 (Macintosh; Intel Mac OS X 10_15_7) AppleWebKit/537.36 (KHTML, like Gecko) Chrome/119.0.0.0 Safari/537.36"
168.144.101.7 - - [02/Sep/2026:12:27:24 -0500] "POST /wp-login.php HTTP/1.1" 200 11659 "https://www.newbiomuseo.desarrollo.itsangee.com/wp-login.php" "Mozilla/5.0 (Macintosh; Intel Mac OS X 10_15_7; rv:120.0) Gecko/20100101 Firefox/120.0"
168.144.101.7 - - [02/Sep/2026:12:27:38 -0500] "GET /wp-admin/index.php HTTP/1.1" 302 - "https://www.newbiomuseo.desarrollo.itsangee.com/wp-login.php" "Mozilla/5.0 (Windows NT 11.0; Win64; x64; rv:121.0) Gecko/20100101 Firefox/121.0"
168.144.101.7 - - [02/Sep/2026:12:27:52 -0500] "GET /wp-login.php?redirect_to=https%3A%2F%2Fwww.newbiomuseo.desarrollo.itsangee.com%2Fwp-admin%2Findex.php&reauth=1 HTTP/1.1" 200 11374 "https://www.newbiomuseo.desarrollo.itsangee.com/wp-login.php" "Mozilla/5.0 (Windows NT 11.0; Win64; x64; rv:121.0) Gecko/20100101 Firefox/121.0"
168.144.101.7 - - [02/Sep/2026:12:28:08 -0500] "POST /wp-login.php HTTP/1.1" 200 11667 "https://www.newbiomuseo.desarrollo.itsangee.com/wp-login.php" "Mozilla/5.0 (Macintosh; Intel Mac OS X 10_15_7; rv:119.0) Gecko/20100101 Firefox/119.0"
168.144.101.7 - - [02/Sep/2026:12:28:31 -0500] "GET /wp-admin/index.php HTTP/1.1" 302 - "https://www.newbiomuseo.desarrollo.itsangee.com/wp-login.php" "Mozilla/5.0 (Windows NT 10.0; Win64; x64; rv:118.0) Gecko/20100101 Firefox/118.0"
168.144.101.7 - - [02/Sep/2026:12:28:50 -0500] "GET /wp-login.php?redirect_to=https%3A%2F%2Fwww.newbiomuseo.desarrollo.itsangee.com%2Fwp-admin%2Findex.php&reauth=1 HTTP/1.1" 200 11374 "https://www.newbiomuseo.desarrollo.itsangee.com/wp-login.php" "Mozilla/5.0 (Windows NT 10.0; Win64; x64; rv:118.0) Gecko/20100101 Firefox/118.0"
168.144.101.7 - - [02/Sep/2026:12:29:08 -0500] "POST /wp-login.php HTTP/1.1" 200 11659 "https://www.newbiomuseo.desarrollo.itsangee.com/wp-login.php" "Mozilla/5.0 (Windows NT 11.0; Win64; x64) AppleWebKit/537.36 (KHTML, like Gecko) Chrome/119.0.0.0 Safari/537.36"
168.144.101.7 - - [02/Sep/2026:12:29:25 -0500] "GET /wp-admin/index.php HTTP/1.1" 302 - "https://www.newbiomuseo.desarrollo.itsangee.com/wp-login.php" "Mozilla/5.0 (Windows NT 11.0; Win64; x64) AppleWebKit/537.36 (KHTML, like Gecko) Chrome/119.0.0.0 Safari/537.36"
168.144.101.7 - - [02/Sep/2026:12:29:43 -0500] "GET /wp-login.php?redirect_to=https%3A%2F%2Fwww.newbiomuseo.desarrollo.itsangee.com%2Fwp-admin%2Findex.php&reauth=1 HTTP/1.1" 200 11374 "https://www.newbiomuseo.desarrollo.itsangee.com/wp-login.php" "Mozilla/5.0 (Windows NT 11.0; Win64; x64) AppleWebKit/537.36 (KHTML, like Gecko) Chrome/119.0.0.0 Safari/537.36"
168.144.101.7 - - [02/Sep/2026:12:30:01 -0500] "POST /wp-login.php HTTP/1.1" 200 11659 "https://www.newbiomuseo.desarrollo.itsangee.com/wp-login.php" "Mozilla/5.0 (X11; Linux x86_64) AppleWebKit/537.36 (KHTML, like Gecko) Chrome/121.0.0.0 Safari/537.36"
168.144.101.7 - - [02/Sep/2026:12:30:23 -0500] "GET /wp-admin/index.php HTTP/1.1" 302 - "https://www.newbiomuseo.desarrollo.itsangee.com/wp-login.php" "Mozilla/5.0 (X11; Linux x86_64) AppleWebKit/537.36 (KHTML, like Gecko) Chrome/119.0.0.0 Safari/537.36"
