66.249.70.6 - - [02/Sep/2026:12:30:32 -0500] "GET /?pid=3527975333 HTTP/1.1" 200 282546 "-" "Mozilla/5.0 (Linux; Android 6.0.1; Nexus 5X Build/MMB29P) AppleWebKit/537.36 (KHTML, like Gecko) Chrome/151.0.7922.173 Mobile Safari/537.36 (compatible; Googlebot/2.1; +http://www.google.com/bot.html)"
168.144.101.7 - - [02/Sep/2026:12:30:42 -0500] "GET /wp-login.php?redirect_to=https%3A%2F%2Fwww.newbiomuseo.desarrollo.itsangee.com%2Fwp-admin%2Findex.php&reauth=1 HTTP/1.1" 200 11374 "https://www.newbiomuseo.desarrollo.itsangee.com/wp-login.php" "Mozilla/5.0 (X11; Linux x86_64) AppleWebKit/537.36 (KHTML, like Gecko) Chrome/119.0.0.0 Safari/537.36"
168.144.101.7 - - [02/Sep/2026:12:30:59 -0500] "POST /wp-login.php HTTP/1.1" 200 11658 "https://www.newbiomuseo.desarrollo.itsangee.com/wp-login.php" "Mozilla/5.0 (Macintosh; Intel Mac OS X 13_6_1) AppleWebKit/605.1.15 (KHTML, like Gecko) Version/17.0 Safari/605.1.15"
168.144.101.7 - - [02/Sep/2026:12:31:16 -0500] "GET /wp-admin/index.php HTTP/1.1" 302 - "https://www.newbiomuseo.desarrollo.itsangee.com/wp-login.php" "Mozilla/5.0 (Macintosh; Intel Mac OS X 13_6_1; rv:121.0) Gecko/20100101 Firefox/121.0"
168.144.101.7 - - [02/Sep/2026:12:31:33 -0500] "GET /wp-login.php?redirect_to=https%3A%2F%2Fwww.newbiomuseo.desarrollo.itsangee.com%2Fwp-admin%2Findex.php&reauth=1 HTTP/1.1" 200 11374 "https://www.newbiomuseo.desarrollo.itsangee.com/wp-login.php" "Mozilla/5.0 (Macintosh; Intel Mac OS X 13_6_1; rv:121.0) Gecko/20100101 Firefox/121.0"
168.144.101.7 - - [02/Sep/2026:12:31:50 -0500] "POST /wp-login.php HTTP/1.1" 200 11663 "https://www.newbiomuseo.desarrollo.itsangee.com/wp-login.php" "Mozilla/5.0 (Windows NT 10.0; Win64; x64) AppleWebKit/537.36 (KHTML, like Gecko) Chrome/121.0.0.0 Safari/537.36"
168.144.101.7 - - [02/Sep/2026:12:32:07 -0500] "GET /wp-admin/index.php HTTP/1.1" 302 - "https://www.newbiomuseo.desarrollo.itsangee.com/wp-login.php" "Mozilla/5.0 (Macintosh; Intel Mac OS X 13_6_1) AppleWebKit/537.36 (KHTML, like Gecko) Chrome/119.0.0.0 Safari/537.36"
168.144.101.7 - - [02/Sep/2026:12:32:25 -0500] "GET /wp-login.php?redirect_to=https%3A%2F%2Fwww.newbiomuseo.desarrollo.itsangee.com%2Fwp-admin%2Findex.php&reauth=1 HTTP/1.1" 200 11374 "https://www.newbiomuseo.desarrollo.itsangee.com/wp-login.php" "Mozilla/5.0 (Macintosh; Intel Mac OS X 13_6_1) AppleWebKit/537.36 (KHTML, like Gecko) Chrome/119.0.0.0 Safari/537.36"
168.144.101.7 - - [02/Sep/2026:12:32:43 -0500] "POST /wp-login.php HTTP/1.1" 200 11659 "https://www.newbiomuseo.desarrollo.itsangee.com/wp-login.php" "Mozilla/5.0 (X11; Linux x86_64) AppleWebKit/537.36 (KHTML, like Gecko) Chrome/121.0.0.0 Safari/537.36"
168.144.101.7 - - [02/Sep/2026:12:33:00 -0500] "GET /wp-admin/index.php HTTP/1.1" 302 - "https://www.newbiomuseo.desarrollo.itsangee.com/wp-login.php" "Mozilla/5.0 (Macintosh; Intel Mac OS X 13_6_1; rv:118.0) Gecko/20100101 Firefox/118.0"
168.144.101.7 - - [02/Sep/2026:12:33:19 -0500] "GET /wp-login.php?redirect_to=https%3A%2F%2Fwww.newbiomuseo.desarrollo.itsangee.com%2Fwp-admin%2Findex.php&reauth=1 HTTP/1.1" 200 11374 "https://www.newbiomuseo.desarrollo.itsangee.com/wp-login.php" "Mozilla/5.0 (Macintosh; Intel Mac OS X 13_6_1; rv:118.0) Gecko/20100101 Firefox/118.0"
66.249.78.8 - - [02/Sep/2026:12:33:31 -0500] "GET /?pid=383153482 HTTP/1.1" 200 282542 "-" "Mozilla/5.0 (Linux; Android 6.0.1; Nexus 5X Build/MMB29P) AppleWebKit/537.36 (KHTML, like Gecko) Chrome/151.0.7922.173 Mobile Safari/537.36 (compatible; Googlebot/2.1; +http://www.google.com/bot.html)"
168.144.101.7 - - [02/Sep/2026:12:33:51 -0500] "POST /wp-login.php HTTP/1.1" 200 11661 "https://www.newbiomuseo.desarrollo.itsangee.com/wp-login.php" "Mozilla/5.0 (Windows NT 11.0; Win64; x64; rv:119.0) Gecko/20100101 Firefox/119.0"
168.144.101.7 - - [02/Sep/2026:12:34:09 -0500] "GET /wp-admin/index.php HTTP/1.1" 302 - "https://www.newbiomuseo.desarrollo.itsangee.com/wp-login.php" "Mozilla/5.0 (Macintosh; Intel Mac OS X 10_15_7) AppleWebKit/605.1.15 (KHTML, like Gecko) Version/17.2 Safari/605.1.15"
168.144.101.7 - - [02/Sep/2026:12:34:26 -0500] "GET /wp-login.php?redirect_to=https%3A%2F%2Fwww.newbiomuseo.desarrollo.itsangee.com%2Fwp-admin%2Findex.php&reauth=1 HTTP/1.1" 200 11374 "https://www.newbiomuseo.desarrollo.itsangee.com/wp-login.php" "Mozilla/5.0 (Macintosh; Intel Mac OS X 10_15_7) AppleWebKit/605.1.15 (KHTML, like Gecko) Version/17.2 Safari/605.1.15"
168.144.101.7 - - [02/Sep/2026:12:34:44 -0500] "POST /wp-login.php HTTP/1.1" 200 11659 "https://www.newbiomuseo.desarrollo.itsangee.com/wp-login.php" "Mozilla/5.0 (Macintosh; Intel Mac OS X 10_15_7) AppleWebKit/537.36 (KHTML, like Gecko) Chrome/118.0.0.0 Safari/537.36"
168.144.101.7 - - [02/Sep/2026:12:34:59 -0500] "GET /wp-admin/index.php HTTP/1.1" 302 - "https://www.newbiomuseo.desarrollo.itsangee.com/wp-login.php" "Mozilla/5.0 (Windows NT 11.0; Win64; x64) AppleWebKit/537.36 (KHTML, like Gecko) Chrome/118.0.0.0 Safari/537.36"
168.144.101.7 - - [02/Sep/2026:12:35:20 -0500] "GET /wp-login.php?redirect_to=https%3A%2F%2Fwww.newbiomuseo.desarrollo.itsangee.com%2Fwp-admin%2Findex.php&reauth=1 HTTP/1.1" 200 11374 "https://www.newbiomuseo.desarrollo.itsangee.com/wp-login.php" "Mozilla/5.0 (Windows NT 11.0; Win64; x64) AppleWebKit/537.36 (KHTML, like Gecko) Chrome/118.0.0.0 Safari/537.36"
168.144.101.7 - - [02/Sep/2026:12:35:37 -0500] "POST /wp-login.php HTTP/1.1" 200 11660 "https://www.newbiomuseo.desarrollo.itsangee.com/wp-login.php" "Mozilla/5.0 (Macintosh; Intel Mac OS X 13_6_1) AppleWebKit/537.36 (KHTML, like Gecko) Chrome/118.0.0.0 Safari/537.36"
168.144.101.7 - - [02/Sep/2026:12:35:52 -0500] "GET /wp-admin/index.php HTTP/1.1" 302 - "https://www.newbiomuseo.desarrollo.itsangee.com/wp-login.php" "Mozilla/5.0 (X11; Linux x86_64) AppleWebKit/537.36 (KHTML, like Gecko) Chrome/119.0.0.0 Safari/537.36"
168.144.101.7 - - [02/Sep/2026:12:36:09 -0500] "GET /wp-login.php?redirect_to=https%3A%2F%2Fwww.newbiomuseo.desarrollo.itsangee.com%2Fwp-admin%2Findex.php&reauth=1 HTTP/1.1" 200 11374 "https://www.newbiomuseo.desarrollo.itsangee.com/wp-login.php" "Mozilla/5.0 (X11; Linux x86_64) AppleWebKit/537.36 (KHTML, like Gecko) Chrome/119.0.0.0 Safari/537.36"
168.144.101.7 - - [02/Sep/2026:12:36:25 -0500] "POST /wp-login.php HTTP/1.1" 200 11659 "https://www.newbiomuseo.desarrollo.itsangee.com/wp-login.php" "Mozilla/5.0 (Macintosh; Intel Mac OS X 10_15_7; rv:120.0) Gecko/20100101 Firefox/120.0"
168.144.101.7 - - [02/Sep/2026:12:36:37 -0500] "GET /wp-admin/index.php HTTP/1.1" 302 - "https://www.newbiomuseo.desarrollo.itsangee.com/wp-login.php" "Mozilla/5.0 (Windows NT 11.0; Win64; x64) AppleWebKit/537.36 (KHTML, like Gecko) Chrome/119.0.0.0 Safari/537.36"
168.144.101.7 - - [02/Sep/2026:12:36:51 -0500] "GET /wp-login.php?redirect_to=https%3A%2F%2Fwww.newbiomuseo.desarrollo.itsangee.com%2Fwp-admin%2Findex.php&reauth=1 HTTP/1.1" 200 11374 "https://www.newbiomuseo.desarrollo.itsangee.com/wp-login.php" "Mozilla/5.0 (Windows NT 11.0; Win64; x64) AppleWebKit/537.36 (KHTML, like Gecko) Chrome/119.0.0.0 Safari/537.36"
52.167.144.231 - - [02/Sep/2026:12:36:58 -0500] "GET /?pid=3110296060 HTTP/1.1" 200 282546 "-" "Mozilla/5.0 AppleWebKit/537.36 (KHTML, like Gecko; compatible; bingbot/2.0; +http://www.bing.com/bingbot.htm) Chrome/116.0.1938.76 Safari/537.36"
40.77.167.24 - - [02/Sep/2026:12:37:03 -0500] "GET /en/?pid=83842249 HTTP/1.1" 200 285170 "-" "Mozilla/5.0 AppleWebKit/537.36 (KHTML, like Gecko; compatible; bingbot/2.0; +http://www.bing.com/bingbot.htm) Chrome/116.0.1938.76 Safari/537.36"
40.77.167.24 - - [02/Sep/2026:12:37:06 -0500] "GET /?pid=2891807091 HTTP/1.1" 200 282546 "-" "Mozilla/5.0 AppleWebKit/537.36 (KHTML, like Gecko; compatible; bingbot/2.0; +http://www.bing.com/bingbot.htm) Chrome/116.0.1938.76 Safari/537.36"
52.167.144.237 - - [02/Sep/2026:12:37:08 -0500] "GET /?pid=2725789328 HTTP/1.1" 200 282477 "-" "Mozilla/5.0 AppleWebKit/537.36 (KHTML, like Gecko; compatible; bingbot/2.0; +http://www.bing.com/bingbot.htm) Chrome/116.0.1938.76 Safari/537.36"
168.144.101.7 - - [02/Sep/2026:12:37:09 -0500] "POST /wp-login.php HTTP/1.1" 200 11670 "https://www.newbiomuseo.desarrollo.itsangee.com/wp-login.php" "Mozilla/5.0 (Windows NT 10.0; Win64; x64; rv:120.0) Gecko/20100101 Firefox/120.0"
168.144.101.7 - - [02/Sep/2026:12:37:25 -0500] "GET /wp-admin/index.php HTTP/1.1" 302 - "https://www.newbiomuseo.desarrollo.itsangee.com/wp-login.php" "Mozilla/5.0 (X11; Linux x86_64) AppleWebKit/537.36 (KHTML, like Gecko) Chrome/121.0.0.0 Safari/537.36"
168.144.101.7 - - [02/Sep/2026:12:37:39 -0500] "GET /wp-login.php?redirect_to=https%3A%2F%2Fwww.newbiomuseo.desarrollo.itsangee.com%2Fwp-admin%2Findex.php&reauth=1 HTTP/1.1" 200 11374 "https://www.newbiomuseo.desarrollo.itsangee.com/wp-login.php" "Mozilla/5.0 (X11; Linux x86_64) AppleWebKit/537.36 (KHTML, like Gecko) Chrome/121.0.0.0 Safari/537.36"
168.144.101.7 - - [02/Sep/2026:12:37:53 -0500] "POST /wp-login.php HTTP/1.1" 200 11660 "https://www.newbiomuseo.desarrollo.itsangee.com/wp-login.php" "Mozilla/5.0 (Macintosh; Intel Mac OS X 13_6_1) AppleWebKit/605.1.15 (KHTML, like Gecko) Version/17.1 Safari/605.1.15"
57.141.20.65 - - [02/Sep/2026:12:37:55 -0500] "GET /index.php?rest_route=/ HTTP/1.1" 200 226943 "-" "Mozilla/5.0 (X11; Linux x86_64; rv:147.0) Gecko/20100101 Firefox/147.0 (compatible; meta-externalagent/1.1 (+https://developers.facebook.com/docs/sharing/webmasters/crawler))"
168.144.101.7 - - [02/Sep/2026:12:38:11 -0500] "GET /wp-admin/index.php HTTP/1.1" 302 - "https://www.newbiomuseo.desarrollo.itsangee.com/wp-login.php" "Mozilla/5.0 (Macintosh; Intel Mac OS X 10_15_7; rv:120.0) Gecko/20100101 Firefox/120.0"
168.144.101.7 - - [02/Sep/2026:12:38:24 -0500] "GET /wp-login.php?redirect_to=https%3A%2F%2Fwww.newbiomuseo.desarrollo.itsangee.com%2Fwp-admin%2Findex.php&reauth=1 HTTP/1.1" 200 11374 "https://www.newbiomuseo.desarrollo.itsangee.com/wp-login.php" "Mozilla/5.0 (Macintosh; Intel Mac OS X 10_15_7; rv:120.0) Gecko/20100101 Firefox/120.0"
168.144.101.7 - - [02/Sep/2026:12:38:40 -0500] "POST /wp-login.php HTTP/1.1" 200 11664 "https://www.newbiomuseo.desarrollo.itsangee.com/wp-login.php" "Mozilla/5.0 (Windows NT 10.0; Win64; x64; rv:121.0) Gecko/20100101 Firefox/121.0"
168.144.101.7 - - [02/Sep/2026:12:38:52 -0500] "GET /wp-admin/index.php HTTP/1.1" 302 - "https://www.newbiomuseo.desarrollo.itsangee.com/wp-login.php" "Mozilla/5.0 (Macintosh; Intel Mac OS X 13_6_1) AppleWebKit/605.1.15 (KHTML, like Gecko) Version/17.0 Safari/605.1.15"
168.144.101.7 - - [02/Sep/2026:12:39:08 -0500] "GET /wp-login.php?redirect_to=https%3A%2F%2Fwww.newbiomuseo.desarrollo.itsangee.com%2Fwp-admin%2Findex.php&reauth=1 HTTP/1.1" 200 11374 "https://www.newbiomuseo.desarrollo.itsangee.com/wp-login.php" "Mozilla/5.0 (Macintosh; Intel Mac OS X 13_6_1) AppleWebKit/605.1.15 (KHTML, like Gecko) Version/17.0 Safari/605.1.15"
168.144.101.7 - - [02/Sep/2026:12:39:23 -0500] "POST /wp-login.php HTTP/1.1" 200 11655 "https://www.newbiomuseo.desarrollo.itsangee.com/wp-login.php" "Mozilla/5.0 (X11; Ubuntu; Linux x86_64) AppleWebKit/537.36 (KHTML, like Gecko) Chrome/118.0.0.0 Safari/537.36"
66.249.70.7 - - [02/Sep/2026:12:39:36 -0500] "GET /?pid=906884248 HTTP/1.1" 200 282542 "-" "Mozilla/5.0 (Linux; Android 6.0.1; Nexus 5X Build/MMB29P) AppleWebKit/537.36 (KHTML, like Gecko) Chrome/151.0.7922.173 Mobile Safari/537.36 (compatible; Googlebot/2.1; +http://www.google.com/bot.html)"
168.144.101.7 - - [02/Sep/2026:12:39:38 -0500] "GET /wp-admin/index.php HTTP/1.1" 302 - "https://www.newbiomuseo.desarrollo.itsangee.com/wp-login.php" "Mozilla/5.0 (Windows NT 10.0; Win64; x64; rv:121.0) Gecko/20100101 Firefox/121.0"
168.144.101.7 - - [02/Sep/2026:12:39:53 -0500] "GET /wp-login.php?redirect_to=https%3A%2F%2Fwww.newbiomuseo.desarrollo.itsangee.com%2Fwp-admin%2Findex.php&reauth=1 HTTP/1.1" 200 11374 "https://www.newbiomuseo.desarrollo.itsangee.com/wp-login.php" "Mozilla/5.0 (Windows NT 10.0; Win64; x64; rv:121.0) Gecko/20100101 Firefox/121.0"
168.144.101.7 - - [02/Sep/2026:12:40:12 -0500] "POST /wp-login.php HTTP/1.1" 200 11659 "https://www.newbiomuseo.desarrollo.itsangee.com/wp-login.php" "Mozilla/5.0 (Windows NT 10.0; Win64; x64; rv:120.0) Gecko/20100101 Firefox/120.0"
168.144.101.7 - - [02/Sep/2026:12:40:29 -0500] "GET /wp-admin/index.php HTTP/1.1" 302 - "https://www.newbiomuseo.desarrollo.itsangee.com/wp-login.php" "Mozilla/5.0 (Macintosh; Intel Mac OS X 13_6_1) AppleWebKit/605.1.15 (KHTML, like Gecko) Version/17.0 Safari/605.1.15"
168.144.101.7 - - [02/Sep/2026:12:40:46 -0500] "GET /wp-login.php?redirect_to=https%3A%2F%2Fwww.newbiomuseo.desarrollo.itsangee.com%2Fwp-admin%2Findex.php&reauth=1 HTTP/1.1" 200 11374 "https://www.newbiomuseo.desarrollo.itsangee.com/wp-login.php" "Mozilla/5.0 (Macintosh; Intel Mac OS X 13_6_1) AppleWebKit/605.1.15 (KHTML, like Gecko) Version/17.0 Safari/605.1.15"
168.144.101.7 - - [02/Sep/2026:12:41:00 -0500] "POST /wp-login.php HTTP/1.1" 200 11698 "https://www.newbiomuseo.desarrollo.itsangee.com/wp-login.php" "Mozilla/5.0 (Macintosh; Intel Mac OS X 13_6_1) AppleWebKit/605.1.15 (KHTML, like Gecko) Version/16.6 Safari/605.1.15"
168.144.101.7 - - [02/Sep/2026:12:41:16 -0500] "GET /wp-admin/index.php HTTP/1.1" 302 - "https://www.newbiomuseo.desarrollo.itsangee.com/wp-login.php" "Mozilla/5.0 (Macintosh; Intel Mac OS X 13_6_1; rv:119.0) Gecko/20100101 Firefox/119.0"
168.144.101.7 - - [02/Sep/2026:12:41:31 -0500] "GET /wp-login.php?redirect_to=https%3A%2F%2Fwww.newbiomuseo.desarrollo.itsangee.com%2Fwp-admin%2Findex.php&reauth=1 HTTP/1.1" 200 11374 "https://www.newbiomuseo.desarrollo.itsangee.com/wp-login.php" "Mozilla/5.0 (Macintosh; Intel Mac OS X 13_6_1; rv:119.0) Gecko/20100101 Firefox/119.0"
216.73.216.232 - - [02/Sep/2026:12:41:34 -0500] "GET /robots.txt HTTP/1.1" 200 101 "-" "Mozilla/5.0 AppleWebKit/537.36 (KHTML, like Gecko; compatible; ClaudeBot/1.0; +claudebot@anthropic.com)"
216.73.216.232 - - [02/Sep/2026:12:41:34 -0500] "GET /sitemap.xml HTTP/1.1" 301 - "-" "Mozilla/5.0 AppleWebKit/537.36 (KHTML, like Gecko; compatible; ClaudeBot/1.0; +claudebot@anthropic.com)"
216.73.216.232 - - [02/Sep/2026:12:41:35 -0500] "GET /sitemap.xml/ HTTP/1.1" 200 282528 "https://newbiomuseo.desarrollo.itsangee.com/sitemap.xml" "Mozilla/5.0 AppleWebKit/537.36 (KHTML, like Gecko; compatible; ClaudeBot/1.0; +claudebot@anthropic.com)"
168.144.101.7 - - [02/Sep/2026:12:41:48 -0500] "POST /wp-login.php HTTP/1.1" 200 11661 "https://www.newbiomuseo.desarrollo.itsangee.com/wp-login.php" "Mozilla/5.0 (X11; Ubuntu; Linux x86_64) AppleWebKit/537.36 (KHTML, like Gecko) Chrome/119.0.0.0 Safari/537.36"
52.167.144.231 - - [02/Sep/2026:12:41:52 -0500] "GET /en/?pid=3113618959 HTTP/1.1" 200 285178 "-" "Mozilla/5.0 AppleWebKit/537.36 (KHTML, like Gecko; compatible; bingbot/2.0; +http://www.bing.com/bingbot.htm) Chrome/116.0.1938.76 Safari/537.36"
52.167.144.237 - - [02/Sep/2026:12:41:59 -0500] "GET /?pid=3136938407 HTTP/1.1" 200 282546 "-" "Mozilla/5.0 AppleWebKit/537.36 (KHTML, like Gecko; compatible; bingbot/2.0; +http://www.bing.com/bingbot.htm) Chrome/116.0.1938.76 Safari/537.36"
40.77.167.121 - - [02/Sep/2026:12:42:01 -0500] "GET /?pid=1824713512 HTTP/1.1" 200 282546 "-" "Mozilla/5.0 AppleWebKit/537.36 (KHTML, like Gecko; compatible; bingbot/2.0; +http://www.bing.com/bingbot.htm) Chrome/116.0.1938.76 Safari/537.36"
168.144.101.7 - - [02/Sep/2026:12:42:02 -0500] "GET /wp-admin/index.php HTTP/1.1" 302 - "https://www.newbiomuseo.desarrollo.itsangee.com/wp-login.php" "Mozilla/5.0 (Macintosh; Intel Mac OS X 13_6_1; rv:118.0) Gecko/20100101 Firefox/118.0"
52.167.144.231 - - [02/Sep/2026:12:42:03 -0500] "GET /?pid=1066006227 HTTP/1.1" 200 282546 "-" "Mozilla/5.0 AppleWebKit/537.36 (KHTML, like Gecko; compatible; bingbot/2.0; +http://www.bing.com/bingbot.htm) Chrome/116.0.1938.76 Safari/537.36"
66.249.78.8 - - [02/Sep/2026:12:42:11 -0500] "GET /?pid=4090022986 HTTP/1.1" 200 282546 "-" "Mozilla/5.0 (Linux; Android 6.0.1; Nexus 5X Build/MMB29P) AppleWebKit/537.36 (KHTML, like Gecko) Chrome/151.0.7922.173 Mobile Safari/537.36 (compatible; Googlebot/2.1; +http://www.google.com/bot.html)"
168.144.101.7 - - [02/Sep/2026:12:42:19 -0500] "GET /wp-login.php?redirect_to=https%3A%2F%2Fwww.newbiomuseo.desarrollo.itsangee.com%2Fwp-admin%2Findex.php&reauth=1 HTTP/1.1" 200 11374 "https://www.newbiomuseo.desarrollo.itsangee.com/wp-login.php" "Mozilla/5.0 (Macintosh; Intel Mac OS X 13_6_1; rv:118.0) Gecko/20100101 Firefox/118.0"
168.144.101.7 - - [02/Sep/2026:12:42:33 -0500] "POST /wp-login.php HTTP/1.1" 200 11698 "https://www.newbiomuseo.desarrollo.itsangee.com/wp-login.php" "Mozilla/5.0 (Macintosh; Intel Mac OS X 10_15_7; rv:121.0) Gecko/20100101 Firefox/121.0"
168.144.101.7 - - [02/Sep/2026:12:42:48 -0500] "GET /wp-admin/index.php HTTP/1.1" 302 - "https://www.newbiomuseo.desarrollo.itsangee.com/wp-login.php" "Mozilla/5.0 (Windows NT 10.0; Win64; x64; rv:121.0) Gecko/20100101 Firefox/121.0"
168.144.101.7 - - [02/Sep/2026:12:43:02 -0500] "GET /wp-login.php?redirect_to=https%3A%2F%2Fwww.newbiomuseo.desarrollo.itsangee.com%2Fwp-admin%2Findex.php&reauth=1 HTTP/1.1" 200 11374 "https://www.newbiomuseo.desarrollo.itsangee.com/wp-login.php" "Mozilla/5.0 (Windows NT 10.0; Win64; x64; rv:121.0) Gecko/20100101 Firefox/121.0"
168.144.101.7 - - [02/Sep/2026:12:43:18 -0500] "POST /wp-login.php HTTP/1.1" 200 11670 "https://www.newbiomuseo.desarrollo.itsangee.com/wp-login.php" "Mozilla/5.0 (X11; Ubuntu; Linux x86_64) AppleWebKit/537.36 (KHTML, like Gecko) Chrome/120.0.0.0 Safari/537.36"
168.144.101.7 - - [02/Sep/2026:12:43:31 -0500] "GET /wp-admin/index.php HTTP/1.1" 302 - "https://www.newbiomuseo.desarrollo.itsangee.com/wp-login.php" "Mozilla/5.0 (X11; Ubuntu; Linux x86_64) AppleWebKit/537.36 (KHTML, like Gecko) Chrome/121.0.0.0 Safari/537.36"
168.144.101.7 - - [02/Sep/2026:12:43:46 -0500] "GET /wp-login.php?redirect_to=https%3A%2F%2Fwww.newbiomuseo.desarrollo.itsangee.com%2Fwp-admin%2Findex.php&reauth=1 HTTP/1.1" 200 11374 "https://www.newbiomuseo.desarrollo.itsangee.com/wp-login.php" "Mozilla/5.0 (X11; Ubuntu; Linux x86_64) AppleWebKit/537.36 (KHTML, like Gecko) Chrome/121.0.0.0 Safari/537.36"
168.144.101.7 - - [02/Sep/2026:12:43:59 -0500] "POST /wp-login.php HTTP/1.1" 200 11658 "https://www.newbiomuseo.desarrollo.itsangee.com/wp-login.php" "Mozilla/5.0 (Windows NT 11.0; Win64; x64) AppleWebKit/537.36 (KHTML, like Gecko) Chrome/118.0.0.0 Safari/537.36"
168.144.101.7 - - [02/Sep/2026:12:44:16 -0500] "GET /wp-admin/index.php HTTP/1.1" 302 - "https://www.newbiomuseo.desarrollo.itsangee.com/wp-login.php" "Mozilla/5.0 (X11; Ubuntu; Linux x86_64) AppleWebKit/537.36 (KHTML, like Gecko) Chrome/118.0.0.0 Safari/537.36"
168.144.101.7 - - [02/Sep/2026:12:44:32 -0500] "GET /wp-login.php?redirect_to=https%3A%2F%2Fwww.newbiomuseo.desarrollo.itsangee.com%2Fwp-admin%2Findex.php&reauth=1 HTTP/1.1" 200 11374 "https://www.newbiomuseo.desarrollo.itsangee.com/wp-login.php" "Mozilla/5.0 (X11; Ubuntu; Linux x86_64) AppleWebKit/537.36 (KHTML, like Gecko) Chrome/118.0.0.0 Safari/537.36"
168.144.101.7 - - [02/Sep/2026:12:44:46 -0500] "POST /wp-login.php HTTP/1.1" 200 11664 "https://www.newbiomuseo.desarrollo.itsangee.com/wp-login.php" "Mozilla/5.0 (X11; Linux x86_64) AppleWebKit/537.36 (KHTML, like Gecko) Chrome/121.0.0.0 Safari/537.36"
66.249.70.6 - - [02/Sep/2026:12:44:54 -0500] "GET /wp-content/plugins/brizy-pro/public/editor-build/prod/css/main.base.pro.min.css?ver=244-wp HTTP/1.1" 200 36973 "https://newbiomuseo.desarrollo.itsangee.com/?pid=4090022986" "Mozilla/5.0 (Linux; Android 6.0.1; Nexus 5X Build/MMB29P) AppleWebKit/537.36 (KHTML, like Gecko) Chrome/151.0.7922.173 Mobile Safari/537.36 (compatible; Googlebot/2.1; +http://www.google.com/bot.html)"
168.144.101.7 - - [02/Sep/2026:12:45:00 -0500] "GET /wp-admin/index.php HTTP/1.1" 302 - "https://www.newbiomuseo.desarrollo.itsangee.com/wp-login.php" "Mozilla/5.0 (Macintosh; Intel Mac OS X 13_6_1) AppleWebKit/537.36 (KHTML, like Gecko) Chrome/120.0.0.0 Safari/537.36"
66.249.70.6 - - [02/Sep/2026:12:45:12 -0500] "GET /?pid=1840663544 HTTP/1.1" 200 282546 "-" "Mozilla/5.0 (Linux; Android 6.0.1; Nexus 5X Build/MMB29P) AppleWebKit/537.36 (KHTML, like Gecko) Chrome/151.0.7922.173 Mobile Safari/537.36 (compatible; Googlebot/2.1; +http://www.google.com/bot.html)"
168.144.101.7 - - [02/Sep/2026:12:45:22 -0500] "GET /wp-login.php?redirect_to=https%3A%2F%2Fwww.newbiomuseo.desarrollo.itsangee.com%2Fwp-admin%2Findex.php&reauth=1 HTTP/1.1" 200 11374 "https://www.newbiomuseo.desarrollo.itsangee.com/wp-login.php" "Mozilla/5.0 (Macintosh; Intel Mac OS X 13_6_1) AppleWebKit/537.36 (KHTML, like Gecko) Chrome/120.0.0.0 Safari/537.36"
168.144.101.7 - - [02/Sep/2026:12:45:42 -0500] "POST /wp-login.php HTTP/1.1" 200 11655 "https://www.newbiomuseo.desarrollo.itsangee.com/wp-login.php" "Mozilla/5.0 (Macintosh; Intel Mac OS X 10_15_7) AppleWebKit/537.36 (KHTML, like Gecko) Chrome/118.0.0.0 Safari/537.36"
168.144.101.7 - - [02/Sep/2026:12:45:59 -0500] "GET /wp-admin/index.php HTTP/1.1" 302 - "https://www.newbiomuseo.desarrollo.itsangee.com/wp-login.php" "Mozilla/5.0 (Macintosh; Intel Mac OS X 10_15_7) AppleWebKit/537.36 (KHTML, like Gecko) Chrome/118.0.0.0 Safari/537.36"
52.167.144.229 - - [02/Sep/2026:12:45:59 -0500] "GET /?pid=755488308 HTTP/1.1" 200 282542 "-" "Mozilla/5.0 AppleWebKit/537.36 (KHTML, like Gecko; compatible; bingbot/2.0; +http://www.bing.com/bingbot.htm) Chrome/116.0.1938.76 Safari/537.36"
52.167.144.229 - - [02/Sep/2026:12:46:02 -0500] "GET /?pid=1502302369 HTTP/1.1" 200 282546 "-" "Mozilla/5.0 AppleWebKit/537.36 (KHTML, like Gecko; compatible; bingbot/2.0; +http://www.bing.com/bingbot.htm) Chrome/116.0.1938.76 Safari/537.36"
40.77.167.121 - - [02/Sep/2026:12:46:12 -0500] "GET /?pid=1415937821 HTTP/1.1" 200 282546 "-" "Mozilla/5.0 AppleWebKit/537.36 (KHTML, like Gecko; compatible; bingbot/2.0; +http://www.bing.com/bingbot.htm) Chrome/116.0.1938.76 Safari/537.36"
40.77.167.121 - - [02/Sep/2026:12:46:15 -0500] "GET /?pid=74740294 HTTP/1.1" 200 282538 "-" "Mozilla/5.0 AppleWebKit/537.36 (KHTML, like Gecko; compatible; bingbot/2.0; +http://www.bing.com/bingbot.htm) Chrome/116.0.1938.76 Safari/537.36"
168.144.101.7 - - [02/Sep/2026:12:46:19 -0500] "GET /wp-login.php?redirect_to=https%3A%2F%2Fwww.newbiomuseo.desarrollo.itsangee.com%2Fwp-admin%2Findex.php&reauth=1 HTTP/1.1" 200 11374 "https://www.newbiomuseo.desarrollo.itsangee.com/wp-login.php" "Mozilla/5.0 (Macintosh; Intel Mac OS X 10_15_7) AppleWebKit/537.36 (KHTML, like Gecko) Chrome/118.0.0.0 Safari/537.36"
168.144.101.7 - - [02/Sep/2026:12:46:32 -0500] "POST /wp-login.php HTTP/1.1" 200 11661 "https://www.newbiomuseo.desarrollo.itsangee.com/wp-login.php" "Mozilla/5.0 (Macintosh; Intel Mac OS X 13_6_1) AppleWebKit/537.36 (KHTML, like Gecko) Chrome/120.0.0.0 Safari/537.36"
168.144.101.7 - - [02/Sep/2026:12:46:45 -0500] "GET /wp-admin/index.php HTTP/1.1" 302 - "https://www.newbiomuseo.desarrollo.itsangee.com/wp-login.php" "Mozilla/5.0 (Macintosh; Intel Mac OS X 10_15_7; rv:119.0) Gecko/20100101 Firefox/119.0"
168.144.101.7 - - [02/Sep/2026:12:46:57 -0500] "GET /wp-login.php?redirect_to=https%3A%2F%2Fwww.newbiomuseo.desarrollo.itsangee.com%2Fwp-admin%2Findex.php&reauth=1 HTTP/1.1" 200 11374 "https://www.newbiomuseo.desarrollo.itsangee.com/wp-login.php" "Mozilla/5.0 (Macintosh; Intel Mac OS X 10_15_7; rv:119.0) Gecko/20100101 Firefox/119.0"
66.249.78.7 - - [02/Sep/2026:12:47:09 -0500] "GET /?pid=930593837 HTTP/1.1" 200 282542 "-" "Mozilla/5.0 (Linux; Android 6.0.1; Nexus 5X Build/MMB29P) AppleWebKit/537.36 (KHTML, like Gecko) Chrome/151.0.7922.173 Mobile Safari/537.36 (compatible; Googlebot/2.1; +http://www.google.com/bot.html)"
168.144.101.7 - - [02/Sep/2026:12:47:11 -0500] "POST /wp-login.php HTTP/1.1" 200 11698 "https://www.newbiomuseo.desarrollo.itsangee.com/wp-login.php" "Mozilla/5.0 (Macintosh; Intel Mac OS X 13_6_1; rv:120.0) Gecko/20100101 Firefox/120.0"
168.144.101.7 - - [02/Sep/2026:12:47:22 -0500] "GET /wp-admin/index.php HTTP/1.1" 302 - "https://www.newbiomuseo.desarrollo.itsangee.com/wp-login.php" "Mozilla/5.0 (Macintosh; Intel Mac OS X 13_6_1) AppleWebKit/537.36 (KHTML, like Gecko) Chrome/121.0.0.0 Safari/537.36"
168.144.101.7 - - [02/Sep/2026:12:47:35 -0500] "GET /wp-login.php?redirect_to=https%3A%2F%2Fwww.newbiomuseo.desarrollo.itsangee.com%2Fwp-admin%2Findex.php&reauth=1 HTTP/1.1" 200 11374 "https://www.newbiomuseo.desarrollo.itsangee.com/wp-login.php" "Mozilla/5.0 (Macintosh; Intel Mac OS X 13_6_1) AppleWebKit/537.36 (KHTML, like Gecko) Chrome/121.0.0.0 Safari/537.36"
66.249.78.8 - - [02/Sep/2026:12:47:38 -0500] "GET /?pid=3515819418 HTTP/1.1" 200 282546 "-" "Mozilla/5.0 (Linux; Android 6.0.1; Nexus 5X Build/MMB29P) AppleWebKit/537.36 (KHTML, like Gecko) Chrome/151.0.7922.173 Mobile Safari/537.36 (compatible; Googlebot/2.1; +http://www.google.com/bot.html)"
168.144.101.7 - - [02/Sep/2026:12:47:48 -0500] "POST /wp-login.php HTTP/1.1" 200 11658 "https://www.newbiomuseo.desarrollo.itsangee.com/wp-login.php" "Mozilla/5.0 (Macintosh; Intel Mac OS X 10_15_7) AppleWebKit/605.1.15 (KHTML, like Gecko) Version/17.2 Safari/605.1.15"
168.144.101.7 - - [02/Sep/2026:12:48:00 -0500] "GET /wp-admin/index.php HTTP/1.1" 302 - "https://www.newbiomuseo.desarrollo.itsangee.com/wp-login.php" "Mozilla/5.0 (X11; Ubuntu; Linux x86_64) AppleWebKit/537.36 (KHTML, like Gecko) Chrome/119.0.0.0 Safari/537.36"
66.249.70.6 - - [02/Sep/2026:12:48:08 -0500] "GET /?pid=3367980546 HTTP/1.1" 200 282546 "-" "Mozilla/5.0 (Linux; Android 6.0.1; Nexus 5X Build/MMB29P) AppleWebKit/537.36 (KHTML, like Gecko) Chrome/151.0.7922.173 Mobile Safari/537.36 (compatible; Googlebot/2.1; +http://www.google.com/bot.html)"
168.144.101.7 - - [02/Sep/2026:12:48:13 -0500] "GET /wp-login.php?redirect_to=https%3A%2F%2Fwww.newbiomuseo.desarrollo.itsangee.com%2Fwp-admin%2Findex.php&reauth=1 HTTP/1.1" 200 11374 "https://www.newbiomuseo.desarrollo.itsangee.com/wp-login.php" "Mozilla/5.0 (X11; Ubuntu; Linux x86_64) AppleWebKit/537.36 (KHTML, like Gecko) Chrome/119.0.0.0 Safari/537.36"
66.249.70.7 - - [02/Sep/2026:12:48:17 -0500] "GET /?pid=2225495109 HTTP/1.1" 200 282546 "-" "Mozilla/5.0 (Linux; Android 6.0.1; Nexus 5X Build/MMB29P) AppleWebKit/537.36 (KHTML, like Gecko) Chrome/151.0.7922.173 Mobile Safari/537.36 (compatible; Googlebot/2.1; +http://www.google.com/bot.html)"
168.144.101.7 - - [02/Sep/2026:12:48:27 -0500] "POST /wp-login.php HTTP/1.1" 200 11663 "https://www.newbiomuseo.desarrollo.itsangee.com/wp-login.php" "Mozilla/5.0 (Windows NT 11.0; Win64; x64; rv:119.0) Gecko/20100101 Firefox/119.0"
168.144.101.7 - - [02/Sep/2026:12:48:40 -0500] "GET /wp-admin/index.php HTTP/1.1" 302 - "https://www.newbiomuseo.desarrollo.itsangee.com/wp-login.php" "Mozilla/5.0 (X11; Linux x86_64) AppleWebKit/537.36 (KHTML, like Gecko) Chrome/120.0.0.0 Safari/537.36"
168.144.101.7 - - [02/Sep/2026:12:48:52 -0500] "GET /wp-login.php?redirect_to=https%3A%2F%2Fwww.newbiomuseo.desarrollo.itsangee.com%2Fwp-admin%2Findex.php&reauth=1 HTTP/1.1" 200 11374 "https://www.newbiomuseo.desarrollo.itsangee.com/wp-login.php" "Mozilla/5.0 (X11; Linux x86_64) AppleWebKit/537.36 (KHTML, like Gecko) Chrome/120.0.0.0 Safari/537.36"
168.144.101.7 - - [02/Sep/2026:12:49:06 -0500] "POST /wp-login.php HTTP/1.1" 200 11660 "https://www.newbiomuseo.desarrollo.itsangee.com/wp-login.php" "Mozilla/5.0 (Macintosh; Intel Mac OS X 10_15_7; rv:120.0) Gecko/20100101 Firefox/120.0"
168.144.101.7 - - [02/Sep/2026:12:49:18 -0500] "GET /wp-admin/index.php HTTP/1.1" 302 - "https://www.newbiomuseo.desarrollo.itsangee.com/wp-login.php" "Mozilla/5.0 (Windows NT 10.0; Win64; x64) AppleWebKit/537.36 (KHTML, like Gecko) Chrome/118.0.0.0 Safari/537.36"
66.249.70.6 - - [02/Sep/2026:12:49:25 -0500] "GET /?pid=3697207442 HTTP/1.1" 200 282546 "-" "Mozilla/5.0 (Linux; Android 6.0.1; Nexus 5X Build/MMB29P) AppleWebKit/537.36 (KHTML, like Gecko) Chrome/151.0.7922.173 Mobile Safari/537.36 (compatible; Googlebot/2.1; +http://www.google.com/bot.html)"
168.144.101.7 - - [02/Sep/2026:12:49:30 -0500] "GET /wp-login.php?redirect_to=https%3A%2F%2Fwww.newbiomuseo.desarrollo.itsangee.com%2Fwp-admin%2Findex.php&reauth=1 HTTP/1.1" 200 11374 "https://www.newbiomuseo.desarrollo.itsangee.com/wp-login.php" "Mozilla/5.0 (Windows NT 10.0; Win64; x64) AppleWebKit/537.36 (KHTML, like Gecko) Chrome/118.0.0.0 Safari/537.36"
168.144.101.7 - - [02/Sep/2026:12:49:43 -0500] "POST /wp-login.php HTTP/1.1" 200 11657 "https://www.newbiomuseo.desarrollo.itsangee.com/wp-login.php" "Mozilla/5.0 (Macintosh; Intel Mac OS X 10_15_7) AppleWebKit/537.36 (KHTML, like Gecko) Chrome/118.0.0.0 Safari/537.36"
66.249.78.7 - - [02/Sep/2026:12:49:50 -0500] "GET /?pid=3874637666 HTTP/1.1" 200 282546 "-" "Mozilla/5.0 (Linux; Android 6.0.1; Nexus 5X Build/MMB29P) AppleWebKit/537.36 (KHTML, like Gecko) Chrome/151.0.7922.173 Mobile Safari/537.36 (compatible; Googlebot/2.1; +http://www.google.com/bot.html)"
168.144.101.7 - - [02/Sep/2026:12:49:55 -0500] "GET /wp-admin/index.php HTTP/1.1" 302 - "https://www.newbiomuseo.desarrollo.itsangee.com/wp-login.php" "Mozilla/5.0 (Macintosh; Intel Mac OS X 13_6_1) AppleWebKit/605.1.15 (KHTML, like Gecko) Version/16.6 Safari/605.1.15"
66.249.70.6 - - [02/Sep/2026:12:50:01 -0500] "GET /wp-content/plugins/translatepress-multilingual/assets/css/trp-language-switcher.css?ver=3.3.2 HTTP/1.1" 200 2944 "https://newbiomuseo.desarrollo.itsangee.com/?pid=3697207442" "Mozilla/5.0 (Linux; Android 6.0.1; Nexus 5X Build/MMB29P) AppleWebKit/537.36 (KHTML, like Gecko) Chrome/151.0.7922.173 Mobile Safari/537.36 (compatible; Googlebot/2.1; +http://www.google.com/bot.html)"
168.144.101.7 - - [02/Sep/2026:12:50:09 -0500] "GET /wp-login.php?redirect_to=https%3A%2F%2Fwww.newbiomuseo.desarrollo.itsangee.com%2Fwp-admin%2Findex.php&reauth=1 HTTP/1.1" 200 11374 "https://www.newbiomuseo.desarrollo.itsangee.com/wp-login.php" "Mozilla/5.0 (Macintosh; Intel Mac OS X 13_6_1) AppleWebKit/605.1.15 (KHTML, like Gecko) Version/16.6 Safari/605.1.15"
114.119.141.100 - - [02/Sep/2026:12:50:15 -0500] "GET /x/ HTTP/1.1" 200 282494 "https://newbiomuseo.desarrollo.itsangee.com/x/" "Mozilla/5.0 (Linux; Android 7.0;) AppleWebKit/537.36 (HTML, like Gecko) Mobile Safari/537.36 (compatible; PetalBot;+https://webmaster.petalsearch.com/site/petalbot)"
168.144.101.7 - - [02/Sep/2026:12:50:24 -0500] "POST /wp-login.php HTTP/1.1" 200 11668 "https://www.newbiomuseo.desarrollo.itsangee.com/wp-login.php" "Mozilla/5.0 (Macintosh; Intel Mac OS X 10_15_7) AppleWebKit/537.36 (KHTML, like Gecko) Chrome/118.0.0.0 Safari/537.36"
66.249.70.7 - - [02/Sep/2026:12:50:25 -0500] "GET /?pid=3186774838 HTTP/1.1" 200 282546 "-" "Mozilla/5.0 (Linux; Android 6.0.1; Nexus 5X Build/MMB29P) AppleWebKit/537.36 (KHTML, like Gecko) Chrome/151.0.7922.173 Mobile Safari/537.36 (compatible; Googlebot/2.1; +http://www.google.com/bot.html)"
66.249.70.7 - - [02/Sep/2026:12:50:28 -0500] "GET /wp-content/plugins/brizy/public/editor-build/prod/editor/js/preview.455.90346628.js HTTP/1.1" 200 74517 "https://newbiomuseo.desarrollo.itsangee.com/?pid=3367980546" "Mozilla/5.0 (Linux; Android 6.0.1; Nexus 5X Build/MMB29P) AppleWebKit/537.36 (KHTML, like Gecko) Chrome/151.0.7922.173 Mobile Safari/537.36 (compatible; Googlebot/2.1; +http://www.google.com/bot.html)"
66.249.70.6 - - [02/Sep/2026:12:50:30 -0500] "GET /wp-content/plugins/translatepress-multilingual/assets/css/trp-language-switcher.css?ver=3.3.2 HTTP/1.1" 200 2944 "https://newbiomuseo.desarrollo.itsangee.com/?pid=3874637666" "Mozilla/5.0 (Linux; Android 6.0.1; Nexus 5X Build/MMB29P) AppleWebKit/537.36 (KHTML, like Gecko) Chrome/151.0.7922.173 Mobile Safari/537.36 (compatible; Googlebot/2.1; +http://www.google.com/bot.html)"
168.144.101.7 - - [02/Sep/2026:12:50:38 -0500] "GET /wp-admin/index.php HTTP/1.1" 302 - "https://www.newbiomuseo.desarrollo.itsangee.com/wp-login.php" "Mozilla/5.0 (Macintosh; Intel Mac OS X 13_6_1) AppleWebKit/605.1.15 (KHTML, like Gecko) Version/17.0 Safari/605.1.15"
66.249.70.6 - - [02/Sep/2026:12:50:37 -0500] "GET /?pid=1774959702 HTTP/1.1" 200 282546 "-" "Mozilla/5.0 (Linux; Android 6.0.1; Nexus 5X Build/MMB29P) AppleWebKit/537.36 (KHTML, like Gecko) Chrome/151.0.7922.173 Mobile Safari/537.36 (compatible; Googlebot/2.1; +http://www.google.com/bot.html)"
168.144.101.7 - - [02/Sep/2026:12:50:54 -0500] "GET /wp-login.php?redirect_to=https%3A%2F%2Fwww.newbiomuseo.desarrollo.itsangee.com%2Fwp-admin%2Findex.php&reauth=1 HTTP/1.1" 200 11374 "https://www.newbiomuseo.desarrollo.itsangee.com/wp-login.php" "Mozilla/5.0 (Macintosh; Intel Mac OS X 13_6_1) AppleWebKit/605.1.15 (KHTML, like Gecko) Version/17.0 Safari/605.1.15"
52.167.144.229 - - [02/Sep/2026:12:51:00 -0500] "GET /?pid=977215344 HTTP/1.1" 200 282542 "-" "Mozilla/5.0 AppleWebKit/537.36 (KHTML, like Gecko; compatible; bingbot/2.0; +http://www.bing.com/bingbot.htm) Chrome/116.0.1938.76 Safari/537.36"
66.249.70.6 - - [02/Sep/2026:12:51:08 -0500] "GET /wp-content/plugins/translatepress-multilingual/assets/css/trp-language-switcher.css?ver=3.3.2 HTTP/1.1" 200 2944 "https://newbiomuseo.desarrollo.itsangee.com/?pid=930593837" "Mozilla/5.0 (Linux; Android 6.0.1; Nexus 5X Build/MMB29P) AppleWebKit/537.36 (KHTML, like Gecko) Chrome/151.0.7922.173 Mobile Safari/537.36 (compatible; Googlebot/2.1; +http://www.google.com/bot.html)"
168.144.101.7 - - [02/Sep/2026:12:51:08 -0500] "POST /wp-login.php HTTP/1.1" 200 11665 "https://www.newbiomuseo.desarrollo.itsangee.com/wp-login.php" "Mozilla/5.0 (Macintosh; Intel Mac OS X 13_6_1) AppleWebKit/537.36 (KHTML, like Gecko) Chrome/119.0.0.0 Safari/537.36"
168.144.101.7 - - [02/Sep/2026:12:51:21 -0500] "GET /wp-admin/index.php HTTP/1.1" 302 - "https://www.newbiomuseo.desarrollo.itsangee.com/wp-login.php" "Mozilla/5.0 (X11; Linux x86_64) AppleWebKit/537.36 (KHTML, like Gecko) Chrome/120.0.0.0 Safari/537.36"
66.249.70.6 - - [02/Sep/2026:12:51:31 -0500] "GET /?pid=3633694951 HTTP/1.1" 200 282546 "-" "Mozilla/5.0 (Linux; Android 6.0.1; Nexus 5X Build/MMB29P) AppleWebKit/537.36 (KHTML, like Gecko) Chrome/151.0.7922.173 Mobile Safari/537.36 (compatible; Googlebot/2.1; +http://www.google.com/bot.html)"
168.144.101.7 - - [02/Sep/2026:12:51:33 -0500] "GET /wp-login.php?redirect_to=https%3A%2F%2Fwww.newbiomuseo.desarrollo.itsangee.com%2Fwp-admin%2Findex.php&reauth=1 HTTP/1.1" 200 11374 "https://www.newbiomuseo.desarrollo.itsangee.com/wp-login.php" "Mozilla/5.0 (X11; Linux x86_64) AppleWebKit/537.36 (KHTML, like Gecko) Chrome/120.0.0.0 Safari/537.36"
114.119.137.237 - - [02/Sep/2026:12:51:38 -0500] "GET /eventos/ HTTP/1.1" 200 282518 "https://newbiomuseo.desarrollo.itsangee.com/eventos/" "Mozilla/5.0 (Linux; Android 7.0;) AppleWebKit/537.36 (HTML, like Gecko) Mobile Safari/537.36 (compatible; PetalBot;+https://webmaster.petalsearch.com/site/petalbot)"
168.144.101.7 - - [02/Sep/2026:12:51:46 -0500] "POST /wp-login.php HTTP/1.1" 200 11698 "https://www.newbiomuseo.desarrollo.itsangee.com/wp-login.php" "Mozilla/5.0 (Windows NT 10.0; Win64; x64; rv:118.0) Gecko/20100101 Firefox/118.0"
66.249.70.6 - - [02/Sep/2026:12:52:02 -0500] "GET /?pid=1493304180 HTTP/1.1" 200 282546 "-" "Mozilla/5.0 (Linux; Android 6.0.1; Nexus 5X Build/MMB29P) AppleWebKit/537.36 (KHTML, like Gecko) Chrome/151.0.7922.173 Mobile Safari/537.36 (compatible; Googlebot/2.1; +http://www.google.com/bot.html)"
168.144.101.7 - - [02/Sep/2026:12:52:05 -0500] "GET /wp-admin/index.php HTTP/1.1" 302 - "https://www.newbiomuseo.desarrollo.itsangee.com/wp-login.php" "Mozilla/5.0 (Macintosh; Intel Mac OS X 10_15_7) AppleWebKit/537.36 (KHTML, like Gecko) Chrome/119.0.0.0 Safari/537.36"
168.144.101.7 - - [02/Sep/2026:12:52:23 -0500] "GET /wp-login.php?redirect_to=https%3A%2F%2Fwww.newbiomuseo.desarrollo.itsangee.com%2Fwp-admin%2Findex.php&reauth=1 HTTP/1.1" 200 11374 "https://www.newbiomuseo.desarrollo.itsangee.com/wp-login.php" "Mozilla/5.0 (Macintosh; Intel Mac OS X 10_15_7) AppleWebKit/537.36 (KHTML, like Gecko) Chrome/119.0.0.0 Safari/537.36"
168.144.101.7 - - [02/Sep/2026:12:52:38 -0500] "POST /wp-login.php HTTP/1.1" 200 11658 "https://www.newbiomuseo.desarrollo.itsangee.com/wp-login.php" "Mozilla/5.0 (Windows NT 10.0; Win64; x64) AppleWebKit/537.36 (KHTML, like Gecko) Chrome/118.0.0.0 Safari/537.36"
168.144.101.7 - - [02/Sep/2026:12:52:51 -0500] "GET /wp-admin/index.php HTTP/1.1" 302 - "https://www.newbiomuseo.desarrollo.itsangee.com/wp-login.php" "Mozilla/5.0 (Windows NT 10.0; Win64; x64) AppleWebKit/537.36 (KHTML, like Gecko) Chrome/118.0.0.0 Safari/537.36"
168.144.101.7 - - [02/Sep/2026:12:53:05 -0500] "GET /wp-login.php?redirect_to=https%3A%2F%2Fwww.newbiomuseo.desarrollo.itsangee.com%2Fwp-admin%2Findex.php&reauth=1 HTTP/1.1" 200 11374 "https://www.newbiomuseo.desarrollo.itsangee.com/wp-login.php" "Mozilla/5.0 (Windows NT 10.0; Win64; x64) AppleWebKit/537.36 (KHTML, like Gecko) Chrome/118.0.0.0 Safari/537.36"
168.144.101.7 - - [02/Sep/2026:12:53:21 -0500] "POST /wp-login.php HTTP/1.1" 200 11665 "https://www.newbiomuseo.desarrollo.itsangee.com/wp-login.php" "Mozilla/5.0 (Windows NT 10.0; Win64; x64; rv:121.0) Gecko/20100101 Firefox/121.0"
40.77.167.235 - - [02/Sep/2026:12:53:32 -0500] "GET /?pid=1592252521 HTTP/1.1" 200 282546 "-" "Mozilla/5.0 AppleWebKit/537.36 (KHTML, like Gecko; compatible; bingbot/2.0; +http://www.bing.com/bingbot.htm) Chrome/116.0.1938.76 Safari/537.36"
66.249.70.6 - - [02/Sep/2026:12:53:32 -0500] "GET /?pid=1257069774 HTTP/1.1" 200 282546 "-" "Mozilla/5.0 (Linux; Android 6.0.1; Nexus 5X Build/MMB29P) AppleWebKit/537.36 (KHTML, like Gecko) Chrome/151.0.7922.173 Mobile Safari/537.36 (compatible; Googlebot/2.1; +http://www.google.com/bot.html)"
168.144.101.7 - - [02/Sep/2026:12:53:37 -0500] "GET /wp-admin/index.php HTTP/1.1" 302 - "https://www.newbiomuseo.desarrollo.itsangee.com/wp-login.php" "Mozilla/5.0 (Macintosh; Intel Mac OS X 10_15_7) AppleWebKit/605.1.15 (KHTML, like Gecko) Version/17.0 Safari/605.1.15"
52.167.144.137 - - [02/Sep/2026:12:53:42 -0500] "GET /?pid=3913545109 HTTP/1.1" 200 282546 "-" "Mozilla/5.0 AppleWebKit/537.36 (KHTML, like Gecko; compatible; bingbot/2.0; +http://www.bing.com/bingbot.htm) Chrome/116.0.1938.76 Safari/537.36"
52.167.144.137 - - [02/Sep/2026:12:53:45 -0500] "GET /?pid=2389529418 HTTP/1.1" 200 282546 "-" "Mozilla/5.0 AppleWebKit/537.36 (KHTML, like Gecko; compatible; bingbot/2.0; +http://www.bing.com/bingbot.htm) Chrome/116.0.1938.76 Safari/537.36"
168.144.101.7 - - [02/Sep/2026:12:53:50 -0500] "GET /wp-login.php?redirect_to=https%3A%2F%2Fwww.newbiomuseo.desarrollo.itsangee.com%2Fwp-admin%2Findex.php&reauth=1 HTTP/1.1" 200 11374 "https://www.newbiomuseo.desarrollo.itsangee.com/wp-login.php" "Mozilla/5.0 (Macintosh; Intel Mac OS X 10_15_7) AppleWebKit/605.1.15 (KHTML, like Gecko) Version/17.0 Safari/605.1.15"
66.249.70.6 - - [02/Sep/2026:12:53:52 -0500] "GET /?pid=697787389 HTTP/1.1" 200 282542 "-" "Mozilla/5.0 (Linux; Android 6.0.1; Nexus 5X Build/MMB29P) AppleWebKit/537.36 (KHTML, like Gecko) Chrome/151.0.7922.173 Mobile Safari/537.36 (compatible; Googlebot/2.1; +http://www.google.com/bot.html)"
168.144.101.7 - - [02/Sep/2026:12:54:06 -0500] "POST /wp-login.php HTTP/1.1" 200 11661 "https://www.newbiomuseo.desarrollo.itsangee.com/wp-login.php" "Mozilla/5.0 (Macintosh; Intel Mac OS X 13_6_1) AppleWebKit/537.36 (KHTML, like Gecko) Chrome/119.0.0.0 Safari/537.36"
168.144.101.7 - - [02/Sep/2026:12:54:20 -0500] "GET /wp-admin/index.php HTTP/1.1" 302 - "https://www.newbiomuseo.desarrollo.itsangee.com/wp-login.php" "Mozilla/5.0 (X11; Linux x86_64) AppleWebKit/537.36 (KHTML, like Gecko) Chrome/121.0.0.0 Safari/537.36"
66.249.70.6 - - [02/Sep/2026:12:54:27 -0500] "GET /?pid=2887149553 HTTP/1.1" 200 282477 "-" "Mozilla/5.0 (Linux; Android 6.0.1; Nexus 5X Build/MMB29P) AppleWebKit/537.36 (KHTML, like Gecko) Chrome/151.0.7922.173 Mobile Safari/537.36 (compatible; Googlebot/2.1; +http://www.google.com/bot.html)"
66.249.78.5 - - [02/Sep/2026:12:54:32 -0500] "GET /wp-includes/js/jquery/jquery.min.js?ver=3.7.1 HTTP/1.1" 200 87553 "http://newbiomuseo.desarrollo.itsangee.com/?pid=2887149553" "Mozilla/5.0 (Linux; Android 6.0.1; Nexus 5X Build/MMB29P) AppleWebKit/537.36 (KHTML, like Gecko) Chrome/151.0.7922.173 Mobile Safari/537.36 (compatible; Googlebot/2.1; +http://www.google.com/bot.html)"
66.249.78.5 - - [02/Sep/2026:12:54:33 -0500] "GET /wp-content/plugins/photoblocks-grid-gallery/public/js/anime.min.js?ver=1.3.4 HTTP/1.1" 200 14420 "http://newbiomuseo.desarrollo.itsangee.com/?pid=2887149553" "Mozilla/5.0 (Linux; Android 6.0.1; Nexus 5X Build/MMB29P) AppleWebKit/537.36 (KHTML, like Gecko) Chrome/151.0.7922.173 Mobile Safari/537.36 (compatible; Googlebot/2.1; +http://www.google.com/bot.html)"
66.249.78.5 - - [02/Sep/2026:12:54:33 -0500] "GET /wp-content/plugins/brizy/public/editor-build/prod/editor/js/preview.min.js?ver=371-wp HTTP/1.1" 200 8234 "http://newbiomuseo.desarrollo.itsangee.com/?pid=2887149553" "Mozilla/5.0 (Linux; Android 6.0.1; Nexus 5X Build/MMB29P) AppleWebKit/537.36 (KHTML, like Gecko) Chrome/151.0.7922.173 Mobile Safari/537.36 (compatible; Googlebot/2.1; +http://www.google.com/bot.html)"
66.249.78.5 - - [02/Sep/2026:12:54:35 -0500] "GET /wp-content/plugins/brizy-pro/public/editor-build/prod/css/main.base.pro.min.css?ver=244-wp HTTP/1.1" 200 36973 "http://newbiomuseo.desarrollo.itsangee.com/?pid=2887149553" "Mozilla/5.0 (Linux; Android 6.0.1; Nexus 5X Build/MMB29P) AppleWebKit/537.36 (KHTML, like Gecko) Chrome/151.0.7922.173 Mobile Safari/537.36 (compatible; Googlebot/2.1; +http://www.google.com/bot.html)"
168.144.101.7 - - [02/Sep/2026:12:54:35 -0500] "GET /wp-login.php?redirect_to=https%3A%2F%2Fwww.newbiomuseo.desarrollo.itsangee.com%2Fwp-admin%2Findex.php&reauth=1 HTTP/1.1" 200 11374 "https://www.newbiomuseo.desarrollo.itsangee.com/wp-login.php" "Mozilla/5.0 (X11; Linux x86_64) AppleWebKit/537.36 (KHTML, like Gecko) Chrome/121.0.0.0 Safari/537.36"
66.249.70.6 - - [02/Sep/2026:12:54:37 -0500] "GET /wp-content/plugins/brizy/public/editor-build/prod/editor/icons/glyph/ticket-75.svg HTTP/1.1" 200 366 "http://newbiomuseo.desarrollo.itsangee.com/?pid=2887149553" "Mozilla/5.0 (Linux; Android 6.0.1; Nexus 5X Build/MMB29P) AppleWebKit/537.36 (KHTML, like Gecko) Chrome/151.0.7922.173 Mobile Safari/537.36 (compatible; Googlebot/2.1; +http://www.google.com/bot.html)"
66.249.78.4 - - [02/Sep/2026:12:54:38 -0500] "GET /wp-content/plugins/brizy-pro/public/editor-build/prod/js/preview.pro.844.ad870115.js HTTP/1.1" 200 8677 "http://newbiomuseo.desarrollo.itsangee.com/?pid=2887149553" "Mozilla/5.0 (Linux; Android 6.0.1; Nexus 5X Build/MMB29P) AppleWebKit/537.36 (KHTML, like Gecko) Chrome/151.0.7922.173 Mobile Safari/537.36 (compatible; Googlebot/2.1; +http://www.google.com/bot.html)"
66.249.70.6 - - [02/Sep/2026:12:54:43 -0500] "GET /?pid=3666087363 HTTP/1.1" 200 282546 "-" "Mozilla/5.0 (Linux; Android 6.0.1; Nexus 5X Build/MMB29P) AppleWebKit/537.36 (KHTML, like Gecko) Chrome/151.0.7922.173 Mobile Safari/537.36 (compatible; Googlebot/2.1; +http://www.google.com/bot.html)"
66.249.70.6 - - [02/Sep/2026:12:54:47 -0500] "GET /?pid=1800297697 HTTP/1.1" 200 282546 "-" "Mozilla/5.0 (Linux; Android 6.0.1; Nexus 5X Build/MMB29P) AppleWebKit/537.36 (KHTML, like Gecko) Chrome/151.0.7922.173 Mobile Safari/537.36 (compatible; Googlebot/2.1; +http://www.google.com/bot.html)"
168.144.101.7 - - [02/Sep/2026:12:54:51 -0500] "POST /wp-login.php HTTP/1.1" 200 11660 "https://www.newbiomuseo.desarrollo.itsangee.com/wp-login.php" "Mozilla/5.0 (Windows NT 10.0; Win64; x64) AppleWebKit/537.36 (KHTML, like Gecko) Chrome/120.0.0.0 Safari/537.36"
66.249.78.6 - - [02/Sep/2026:12:54:51 -0500] "GET /?pid=366408795 HTTP/1.1" 200 282542 "-" "Mozilla/5.0 (Linux; Android 6.0.1; Nexus 5X Build/MMB29P) AppleWebKit/537.36 (KHTML, like Gecko) Chrome/151.0.7922.173 Mobile Safari/537.36 (compatible; Googlebot/2.1; +http://www.google.com/bot.html)"
66.249.70.7 - - [02/Sep/2026:12:55:04 -0500] "GET /wp-content/plugins/photoblocks-grid-gallery/public/css/photoblocks-public.css?ver=1.3.4 HTTP/1.1" 200 7531 "https://newbiomuseo.desarrollo.itsangee.com/?pid=1800297697" "Mozilla/5.0 (Linux; Android 6.0.1; Nexus 5X Build/MMB29P) AppleWebKit/537.36 (KHTML, like Gecko) Chrome/151.0.7922.173 Mobile Safari/537.36 (compatible; Googlebot/2.1; +http://www.google.com/bot.html)"
168.144.101.7 - - [02/Sep/2026:12:55:04 -0500] "GET /wp-admin/index.php HTTP/1.1" 302 - "https://www.newbiomuseo.desarrollo.itsangee.com/wp-login.php" "Mozilla/5.0 (X11; Ubuntu; Linux x86_64) AppleWebKit/537.36 (KHTML, like Gecko) Chrome/120.0.0.0 Safari/537.36"
66.249.70.7 - - [02/Sep/2026:12:55:04 -0500] "GET /?pid=2430749550 HTTP/1.1" 200 282546 "-" "Mozilla/5.0 (Linux; Android 6.0.1; Nexus 5X Build/MMB29P) AppleWebKit/537.36 (KHTML, like Gecko) Chrome/151.0.7922.173 Mobile Safari/537.36 (compatible; Googlebot/2.1; +http://www.google.com/bot.html)"
66.249.70.7 - - [02/Sep/2026:12:55:11 -0500] "GET /?pid=3546124549 HTTP/1.1" 200 282546 "-" "Mozilla/5.0 (Linux; Android 6.0.1; Nexus 5X Build/MMB29P) AppleWebKit/537.36 (KHTML, like Gecko) Chrome/151.0.7922.173 Mobile Safari/537.36 (compatible; Googlebot/2.1; +http://www.google.com/bot.html)"
66.249.70.6 - - [02/Sep/2026:12:55:16 -0500] "GET /?pid=3979592797 HTTP/1.1" 200 282546 "-" "Mozilla/5.0 (Linux; Android 6.0.1; Nexus 5X Build/MMB29P) AppleWebKit/537.36 (KHTML, like Gecko) Chrome/151.0.7922.173 Mobile Safari/537.36 (compatible; Googlebot/2.1; +http://www.google.com/bot.html)"
168.144.101.7 - - [02/Sep/2026:12:55:21 -0500] "GET /wp-login.php?redirect_to=https%3A%2F%2Fwww.newbiomuseo.desarrollo.itsangee.com%2Fwp-admin%2Findex.php&reauth=1 HTTP/1.1" 200 11374 "https://www.newbiomuseo.desarrollo.itsangee.com/wp-login.php" "Mozilla/5.0 (X11; Ubuntu; Linux x86_64) AppleWebKit/537.36 (KHTML, like Gecko) Chrome/120.0.0.0 Safari/537.36"
168.144.101.7 - - [02/Sep/2026:12:55:36 -0500] "POST /wp-login.php HTTP/1.1" 200 11667 "https://www.newbiomuseo.desarrollo.itsangee.com/wp-login.php" "Mozilla/5.0 (Windows NT 11.0; Win64; x64) AppleWebKit/537.36 (KHTML, like Gecko) Chrome/118.0.0.0 Safari/537.36"
66.249.70.6 - - [02/Sep/2026:12:55:37 -0500] "GET /?pid=1130634655 HTTP/1.1" 200 282546 "-" "Mozilla/5.0 (Linux; Android 6.0.1; Nexus 5X Build/MMB29P) AppleWebKit/537.36 (KHTML, like Gecko) Chrome/151.0.7922.173 Mobile Safari/537.36 (compatible; Googlebot/2.1; +http://www.google.com/bot.html)"
66.249.78.6 - - [02/Sep/2026:12:55:46 -0500] "GET /?pid=151001324 HTTP/1.1" 200 282542 "-" "Mozilla/5.0 (Linux; Android 6.0.1; Nexus 5X Build/MMB29P) AppleWebKit/537.36 (KHTML, like Gecko) Chrome/151.0.7922.173 Mobile Safari/537.36 (compatible; Googlebot/2.1; +http://www.google.com/bot.html)"
168.144.101.7 - - [02/Sep/2026:12:55:51 -0500] "GET /wp-admin/index.php HTTP/1.1" 302 - "https://www.newbiomuseo.desarrollo.itsangee.com/wp-login.php" "Mozilla/5.0 (Macintosh; Intel Mac OS X 10_15_7; rv:118.0) Gecko/20100101 Firefox/118.0"
66.249.70.7 - - [02/Sep/2026:12:55:52 -0500] "GET /?pid=4170023919 HTTP/1.1" 200 282546 "-" "Mozilla/5.0 (Linux; Android 6.0.1; Nexus 5X Build/MMB29P) AppleWebKit/537.36 (KHTML, like Gecko) Chrome/151.0.7922.173 Mobile Safari/537.36 (compatible; Googlebot/2.1; +http://www.google.com/bot.html)"
168.144.101.7 - - [02/Sep/2026:12:56:08 -0500] "GET /wp-login.php?redirect_to=https%3A%2F%2Fwww.newbiomuseo.desarrollo.itsangee.com%2Fwp-admin%2Findex.php&reauth=1 HTTP/1.1" 200 11374 "https://www.newbiomuseo.desarrollo.itsangee.com/wp-login.php" "Mozilla/5.0 (Macintosh; Intel Mac OS X 10_15_7; rv:118.0) Gecko/20100101 Firefox/118.0"
66.249.70.7 - - [02/Sep/2026:12:56:15 -0500] "GET /?pid=4101885052 HTTP/1.1" 200 282546 "-" "Mozilla/5.0 (Linux; Android 6.0.1; Nexus 5X Build/MMB29P) AppleWebKit/537.36 (KHTML, like Gecko) Chrome/151.0.7922.173 Mobile Safari/537.36 (compatible; Googlebot/2.1; +http://www.google.com/bot.html)"
168.144.101.7 - - [02/Sep/2026:12:56:23 -0500] "POST /wp-login.php HTTP/1.1" 200 11664 "https://www.newbiomuseo.desarrollo.itsangee.com/wp-login.php" "Mozilla/5.0 (Windows NT 11.0; Win64; x64; rv:121.0) Gecko/20100101 Firefox/121.0"
66.249.70.6 - - [02/Sep/2026:12:56:39 -0500] "GET /?pid=7845195 HTTP/1.1" 200 282534 "-" "Mozilla/5.0 (Linux; Android 6.0.1; Nexus 5X Build/MMB29P) AppleWebKit/537.36 (KHTML, like Gecko) Chrome/151.0.7922.173 Mobile Safari/537.36 (compatible; Googlebot/2.1; +http://www.google.com/bot.html)"
168.144.101.7 - - [02/Sep/2026:12:56:41 -0500] "GET /wp-admin/index.php HTTP/1.1" 302 - "https://www.newbiomuseo.desarrollo.itsangee.com/wp-login.php" "Mozilla/5.0 (Macintosh; Intel Mac OS X 10_15_7) AppleWebKit/605.1.15 (KHTML, like Gecko) Version/16.6 Safari/605.1.15"
168.144.101.7 - - [02/Sep/2026:12:56:57 -0500] "GET /wp-login.php?redirect_to=https%3A%2F%2Fwww.newbiomuseo.desarrollo.itsangee.com%2Fwp-admin%2Findex.php&reauth=1 HTTP/1.1" 200 11374 "https://www.newbiomuseo.desarrollo.itsangee.com/wp-login.php" "Mozilla/5.0 (Macintosh; Intel Mac OS X 10_15_7) AppleWebKit/605.1.15 (KHTML, like Gecko) Version/16.6 Safari/605.1.15"
66.249.70.7 - - [02/Sep/2026:12:56:59 -0500] "GET /?pid=4276068548 HTTP/1.1" 200 282546 "-" "Mozilla/5.0 (Linux; Android 6.0.1; Nexus 5X Build/MMB29P) AppleWebKit/537.36 (KHTML, like Gecko) Chrome/151.0.7922.173 Mobile Safari/537.36 (compatible; Googlebot/2.1; +http://www.google.com/bot.html)"
66.249.70.8 - - [02/Sep/2026:12:57:10 -0500] "GET /?pid=1874473509 HTTP/1.1" 200 282546 "-" "Mozilla/5.0 (Linux; Android 6.0.1; Nexus 5X Build/MMB29P) AppleWebKit/537.36 (KHTML, like Gecko) Chrome/151.0.7922.173 Mobile Safari/537.36 (compatible; Googlebot/2.1; +http://www.google.com/bot.html)"
168.144.101.7 - - [02/Sep/2026:12:57:13 -0500] "POST /wp-login.php HTTP/1.1" 200 11659 "https://www.newbiomuseo.desarrollo.itsangee.com/wp-login.php" "Mozilla/5.0 (Macintosh; Intel Mac OS X 13_6_1; rv:121.0) Gecko/20100101 Firefox/121.0"
168.144.101.7 - - [02/Sep/2026:12:57:27 -0500] "GET /wp-admin/index.php HTTP/1.1" 302 - "https://www.newbiomuseo.desarrollo.itsangee.com/wp-login.php" "Mozilla/5.0 (Windows NT 11.0; Win64; x64; rv:119.0) Gecko/20100101 Firefox/119.0"
