8.228.252.131 - - [04/Sep/2026:05:18:23 -0500] "GET /aws.json HTTP/1.1" 301 - "-" "Mozilla/5.0 AppleWebKit/537.36 (KHTML, like Gecko; compatible; Slackbot-LinkExpanding/1.0; +https://api.slack.com/robots)"
8.228.252.131 - - [04/Sep/2026:05:18:23 -0500] "GET /aws-credentials HTTP/1.1" 301 - "-" "Mozilla/5.0 AppleWebKit/537.36 (KHTML, like Gecko; compatible; Twitterbot/1.0)"
8.228.252.131 - - [04/Sep/2026:05:18:29 -0500] "GET /aws_credentials HTTP/1.1" 301 - "-" "Mozilla/5.0 (compatible; Bytespider; +https://zhanzhang.toutiao.com/)"
8.228.252.131 - - [04/Sep/2026:05:18:29 -0500] "GET /.azure/credentials HTTP/1.1" 301 - "-" "Mozilla/5.0 AppleWebKit/537.36 (KHTML, like Gecko); compatible; TelegramBot/1.0"
8.228.252.131 - - [04/Sep/2026:05:18:30 -0500] "GET /.gcloud/credentials HTTP/1.1" 301 - "-" "Mozilla/5.0 AppleWebKit/537.36 (KHTML, like Gecko); compatible; PerplexityBot/1.0; +https://perplexity.ai/perplexitybot"
8.228.252.131 - - [04/Sep/2026:05:18:32 -0500] "GET /.aws/config HTTP/1.1" 301 - "-" "Mozilla/5.0 AppleWebKit/537.36 (KHTML, like Gecko); compatible; Claude-User/1.0; +Claude-User@anthropic.com"
66.249.70.7 - - [04/Sep/2026:05:20:32 -0500] "GET /?pid=3463497984 HTTP/1.1" 200 282546 "-" "Mozilla/5.0 (Linux; Android 6.0.1; Nexus 5X Build/MMB29P) AppleWebKit/537.36 (KHTML, like Gecko) Chrome/151.0.7922.173 Mobile Safari/537.36 (compatible; Googlebot/2.1; +http://www.google.com/bot.html)"
66.249.78.8 - - [04/Sep/2026:05:22:15 -0500] "GET /?pid=960951141 HTTP/1.1" 200 282542 "-" "Mozilla/5.0 (Linux; Android 6.0.1; Nexus 5X Build/MMB29P) AppleWebKit/537.36 (KHTML, like Gecko) Chrome/151.0.7922.173 Mobile Safari/537.36 (compatible; Googlebot/2.1; +http://www.google.com/bot.html)"
66.249.78.7 - - [04/Sep/2026:05:22:21 -0500] "GET /?pid=468221725 HTTP/1.1" 200 282542 "-" "Mozilla/5.0 (Linux; Android 6.0.1; Nexus 5X Build/MMB29P) AppleWebKit/537.36 (KHTML, like Gecko) Chrome/151.0.7922.173 Mobile Safari/537.36 (compatible; Googlebot/2.1; +http://www.google.com/bot.html)"
66.249.70.7 - - [04/Sep/2026:05:22:25 -0500] "GET /wp-content/plugins/brizy/public/editor-build/prod/editor/icons/editor/close-popup.svg HTTP/1.1" 200 222 "https://newbiomuseo.desarrollo.itsangee.com/?pid=960951141" "Mozilla/5.0 (Linux; Android 6.0.1; Nexus 5X Build/MMB29P) AppleWebKit/537.36 (KHTML, like Gecko) Chrome/151.0.7922.173 Mobile Safari/537.36 (compatible; Googlebot/2.1; +http://www.google.com/bot.html)"
66.249.70.8 - - [04/Sep/2026:05:24:30 -0500] "GET /?pid=2467594062 HTTP/1.1" 200 282546 "-" "Mozilla/5.0 (Linux; Android 6.0.1; Nexus 5X Build/MMB29P) AppleWebKit/537.36 (KHTML, like Gecko) Chrome/151.0.7922.173 Mobile Safari/537.36 (compatible; Googlebot/2.1; +http://www.google.com/bot.html)"
66.249.78.8 - - [04/Sep/2026:05:25:08 -0500] "GET /?pid=4090244682 HTTP/1.1" 200 282546 "-" "Mozilla/5.0 (Linux; Android 6.0.1; Nexus 5X Build/MMB29P) AppleWebKit/537.36 (KHTML, like Gecko) Chrome/151.0.7922.173 Mobile Safari/537.36 (compatible; Googlebot/2.1; +http://www.google.com/bot.html)"
66.249.78.6 - - [04/Sep/2026:05:25:31 -0500] "GET /wp-content/plugins/brizy/public/editor-build/prod/editor/js/preview.455.90346628.js HTTP/1.1" 200 74517 "https://newbiomuseo.desarrollo.itsangee.com/?pid=4090244682" "Mozilla/5.0 (Linux; Android 6.0.1; Nexus 5X Build/MMB29P) AppleWebKit/537.36 (KHTML, like Gecko) Chrome/151.0.7922.173 Mobile Safari/537.36 (compatible; Googlebot/2.1; +http://www.google.com/bot.html)"
66.249.70.8 - - [04/Sep/2026:05:26:45 -0500] "GET /?pid=361046117 HTTP/1.1" 200 282542 "-" "Mozilla/5.0 (Linux; Android 6.0.1; Nexus 5X Build/MMB29P) AppleWebKit/537.36 (KHTML, like Gecko) Chrome/151.0.7922.173 Mobile Safari/537.36 (compatible; Googlebot/2.1; +http://www.google.com/bot.html)"
66.249.78.6 - - [04/Sep/2026:05:28:33 -0500] "GET /?pid=291795512 HTTP/1.1" 200 282542 "-" "Mozilla/5.0 (Linux; Android 6.0.1; Nexus 5X Build/MMB29P) AppleWebKit/537.36 (KHTML, like Gecko) Chrome/151.0.7922.173 Mobile Safari/537.36 (compatible; Googlebot/2.1; +http://www.google.com/bot.html)"
66.249.70.6 - - [04/Sep/2026:05:29:18 -0500] "GET /?pid=2573520806 HTTP/1.1" 200 282546 "-" "Mozilla/5.0 (Linux; Android 6.0.1; Nexus 5X Build/MMB29P) AppleWebKit/537.36 (KHTML, like Gecko) Chrome/151.0.7922.173 Mobile Safari/537.36 (compatible; Googlebot/2.1; +http://www.google.com/bot.html)"
52.167.144.141 - - [04/Sep/2026:05:30:06 -0500] "GET /?pid=1408853713 HTTP/1.1" 200 282546 "-" "Mozilla/5.0 AppleWebKit/537.36 (KHTML, like Gecko; compatible; bingbot/2.0; +http://www.bing.com/bingbot.htm) Chrome/116.0.1938.76 Safari/537.36"
52.167.144.141 - - [04/Sep/2026:05:30:08 -0500] "GET /?pid=3020268380 HTTP/1.1" 200 282477 "-" "Mozilla/5.0 AppleWebKit/537.36 (KHTML, like Gecko; compatible; bingbot/2.0; +http://www.bing.com/bingbot.htm) Chrome/116.0.1938.76 Safari/537.36"
66.249.70.7 - - [04/Sep/2026:05:30:35 -0500] "GET /?pid=2953922473 HTTP/1.1" 200 282546 "-" "Mozilla/5.0 (Linux; Android 6.0.1; Nexus 5X Build/MMB29P) AppleWebKit/537.36 (KHTML, like Gecko) Chrome/151.0.7922.173 Mobile Safari/537.36 (compatible; Googlebot/2.1; +http://www.google.com/bot.html)"
52.167.144.141 - - [04/Sep/2026:05:31:57 -0500] "GET /en/?pid=437844626 HTTP/1.1" 200 285174 "-" "Mozilla/5.0 AppleWebKit/537.36 (KHTML, like Gecko; compatible; bingbot/2.0; +http://www.bing.com/bingbot.htm) Chrome/116.0.1938.76 Safari/537.36"
66.249.78.8 - - [04/Sep/2026:05:33:07 -0500] "GET /?pid=3501598167 HTTP/1.1" 200 282546 "-" "Mozilla/5.0 (Linux; Android 6.0.1; Nexus 5X Build/MMB29P) AppleWebKit/537.36 (KHTML, like Gecko) Chrome/151.0.7922.173 Mobile Safari/537.36 (compatible; Googlebot/2.1; +http://www.google.com/bot.html)"
66.249.70.6 - - [04/Sep/2026:05:33:50 -0500] "GET /?pid=4006098108 HTTP/1.1" 200 282546 "-" "Mozilla/5.0 (Linux; Android 6.0.1; Nexus 5X Build/MMB29P) AppleWebKit/537.36 (KHTML, like Gecko) Chrome/151.0.7922.173 Mobile Safari/537.36 (compatible; Googlebot/2.1; +http://www.google.com/bot.html)"
66.249.78.7 - - [04/Sep/2026:05:35:41 -0500] "GET /?pid=3199670109 HTTP/1.1" 200 282546 "-" "Mozilla/5.0 (Linux; Android 6.0.1; Nexus 5X Build/MMB29P) AppleWebKit/537.36 (KHTML, like Gecko) Chrome/151.0.7922.173 Mobile Safari/537.36 (compatible; Googlebot/2.1; +http://www.google.com/bot.html)"
66.249.78.8 - - [04/Sep/2026:05:36:13 -0500] "GET /?pid=1419055672 HTTP/1.1" 200 282546 "-" "Mozilla/5.0 (Linux; Android 6.0.1; Nexus 5X Build/MMB29P) AppleWebKit/537.36 (KHTML, like Gecko) Chrome/151.0.7922.173 Mobile Safari/537.36 (compatible; Googlebot/2.1; +http://www.google.com/bot.html)"
66.249.78.6 - - [04/Sep/2026:05:36:39 -0500] "GET /?pid=309176195 HTTP/1.1" 200 282542 "-" "Mozilla/5.0 (Linux; Android 6.0.1; Nexus 5X Build/MMB29P) AppleWebKit/537.36 (KHTML, like Gecko) Chrome/151.0.7922.173 Mobile Safari/537.36 (compatible; Googlebot/2.1; +http://www.google.com/bot.html)"
216.73.216.232 - - [04/Sep/2026:05:37:34 -0500] "GET /robots.txt HTTP/1.1" 200 101 "-" "Mozilla/5.0 AppleWebKit/537.36 (KHTML, like Gecko; compatible; ClaudeBot/1.0; +claudebot@anthropic.com)"
216.73.216.232 - - [04/Sep/2026:05:37:36 -0500] "GET /sitemap.xml HTTP/1.1" 301 - "-" "Mozilla/5.0 AppleWebKit/537.36 (KHTML, like Gecko; compatible; ClaudeBot/1.0; +claudebot@anthropic.com)"
216.73.216.232 - - [04/Sep/2026:05:37:37 -0500] "GET /sitemap.xml/ HTTP/1.1" 200 282528 "https://newbiomuseo.desarrollo.itsangee.com/sitemap.xml" "Mozilla/5.0 AppleWebKit/537.36 (KHTML, like Gecko; compatible; ClaudeBot/1.0; +claudebot@anthropic.com)"
66.249.78.6 - - [04/Sep/2026:05:38:47 -0500] "GET /?pid=1647216593 HTTP/1.1" 200 282546 "-" "Mozilla/5.0 (Linux; Android 6.0.1; Nexus 5X Build/MMB29P) AppleWebKit/537.36 (KHTML, like Gecko) Chrome/151.0.7922.173 Mobile Safari/537.36 (compatible; Googlebot/2.1; +http://www.google.com/bot.html)"
40.77.167.45 - - [04/Sep/2026:05:39:07 -0500] "GET /?pid=927712700 HTTP/1.1" 200 282542 "-" "Mozilla/5.0 AppleWebKit/537.36 (KHTML, like Gecko; compatible; bingbot/2.0; +http://www.bing.com/bingbot.htm) Chrome/116.0.1938.76 Safari/537.36"
66.249.78.8 - - [04/Sep/2026:05:43:00 -0500] "GET /?pid=1437781867 HTTP/1.1" 200 282546 "-" "Mozilla/5.0 (Linux; Android 6.0.1; Nexus 5X Build/MMB29P) AppleWebKit/537.36 (KHTML, like Gecko) Chrome/151.0.7922.173 Mobile Safari/537.36 (compatible; Googlebot/2.1; +http://www.google.com/bot.html)"
40.77.167.61 - - [04/Sep/2026:05:44:01 -0500] "GET /?pid=923382734 HTTP/1.1" 200 282542 "-" "Mozilla/5.0 AppleWebKit/537.36 (KHTML, like Gecko; compatible; bingbot/2.0; +http://www.bing.com/bingbot.htm) Chrome/116.0.1938.76 Safari/537.36"
87.58.197.138 - - [04/Sep/2026:05:44:01 -0500] "GET / HTTP/1.1" 301 - "-" "Mozilla/5.0 (Macintosh; Intel Mac OS X 10_15_7) AppleWebKit/537.36 (KHTML, like Gecko) Chrome/124.0.0.0 Safari/537.36"
87.58.197.138 - - [04/Sep/2026:05:44:03 -0500] "GET / HTTP/1.1" 200 282569 "https://www.newbiomuseo.desarrollo.itsangee.com:443" "Mozilla/5.0 (Macintosh; Intel Mac OS X 10_15_7) AppleWebKit/537.36 (KHTML, like Gecko) Chrome/124.0.0.0 Safari/537.36"
40.77.167.45 - - [04/Sep/2026:05:44:07 -0500] "GET /?pid=1179846096 HTTP/1.1" 200 282546 "-" "Mozilla/5.0 AppleWebKit/537.36 (KHTML, like Gecko; compatible; bingbot/2.0; +http://www.bing.com/bingbot.htm) Chrome/116.0.1938.76 Safari/537.36"
40.77.167.45 - - [04/Sep/2026:05:44:10 -0500] "GET /?pid=411655042 HTTP/1.1" 200 282542 "-" "Mozilla/5.0 AppleWebKit/537.36 (KHTML, like Gecko; compatible; bingbot/2.0; +http://www.bing.com/bingbot.htm) Chrome/116.0.1938.76 Safari/537.36"
66.249.78.6 - - [04/Sep/2026:05:46:41 -0500] "GET /?pid=3839622095 HTTP/1.1" 200 282546 "-" "Mozilla/5.0 (Linux; Android 6.0.1; Nexus 5X Build/MMB29P) AppleWebKit/537.36 (KHTML, like Gecko) Chrome/151.0.7922.173 Mobile Safari/537.36 (compatible; Googlebot/2.1; +http://www.google.com/bot.html)"
40.77.167.61 - - [04/Sep/2026:05:47:51 -0500] "GET /?pid=4154334120 HTTP/1.1" 200 282546 "-" "Mozilla/5.0 AppleWebKit/537.36 (KHTML, like Gecko; compatible; bingbot/2.0; +http://www.bing.com/bingbot.htm) Chrome/116.0.1938.76 Safari/537.36"
40.77.167.48 - - [04/Sep/2026:05:48:16 -0500] "GET /?pid=1828777801 HTTP/1.1" 200 282546 "-" "Mozilla/5.0 AppleWebKit/537.36 (KHTML, like Gecko; compatible; bingbot/2.0; +http://www.bing.com/bingbot.htm) Chrome/116.0.1938.76 Safari/537.36"
66.249.70.6 - - [04/Sep/2026:05:50:52 -0500] "GET /?pid=96867161 HTTP/1.1" 200 282538 "-" "Mozilla/5.0 (Linux; Android 6.0.1; Nexus 5X Build/MMB29P) AppleWebKit/537.36 (KHTML, like Gecko) Chrome/151.0.7922.173 Mobile Safari/537.36 (compatible; Googlebot/2.1; +http://www.google.com/bot.html)"
66.249.70.7 - - [04/Sep/2026:05:51:33 -0500] "GET /?pid=2652693202 HTTP/1.1" 200 282546 "-" "Mozilla/5.0 (Linux; Android 6.0.1; Nexus 5X Build/MMB29P) AppleWebKit/537.36 (KHTML, like Gecko) Chrome/151.0.7922.173 Mobile Safari/537.36 (compatible; Googlebot/2.1; +http://www.google.com/bot.html)"
66.249.78.6 - - [04/Sep/2026:05:51:38 -0500] "GET /?pid=795058511 HTTP/1.1" 200 282542 "-" "Mozilla/5.0 (Linux; Android 6.0.1; Nexus 5X Build/MMB29P) AppleWebKit/537.36 (KHTML, like Gecko) Chrome/151.0.7922.173 Mobile Safari/537.36 (compatible; Googlebot/2.1; +http://www.google.com/bot.html)"
40.77.167.37 - - [04/Sep/2026:05:53:42 -0500] "GET /?pid=3800967125 HTTP/1.1" 200 282546 "-" "Mozilla/5.0 AppleWebKit/537.36 (KHTML, like Gecko; compatible; bingbot/2.0; +http://www.bing.com/bingbot.htm) Chrome/116.0.1938.76 Safari/537.36"
52.167.144.195 - - [04/Sep/2026:05:53:46 -0500] "GET /?pid=1172717540 HTTP/1.1" 200 282546 "-" "Mozilla/5.0 AppleWebKit/537.36 (KHTML, like Gecko; compatible; bingbot/2.0; +http://www.bing.com/bingbot.htm) Chrome/116.0.1938.76 Safari/537.36"
40.77.167.154 - - [04/Sep/2026:05:53:51 -0500] "GET /?pid=63127695 HTTP/1.1" 200 282538 "-" "Mozilla/5.0 AppleWebKit/537.36 (KHTML, like Gecko; compatible; bingbot/2.0; +http://www.bing.com/bingbot.htm) Chrome/116.0.1938.76 Safari/537.36"
114.119.146.37 - - [04/Sep/2026:05:56:39 -0500] "GET /pagina-ejemplo HTTP/1.1" 301 - "http://newbiomuseo.desarrollo.itsangee.com/pagina-ejemplo" "Mozilla/5.0 (Linux; Android 7.0;) AppleWebKit/537.36 (HTML, like Gecko) Mobile Safari/537.36 (compatible; PetalBot;+https://webmaster.petalsearch.com/site/petalbot)"
114.119.146.37 - - [04/Sep/2026:05:56:42 -0500] "GET /pagina-ejemplo/ HTTP/1.1" 200 282477 "http://newbiomuseo.desarrollo.itsangee.com/pagina-ejemplo" "Mozilla/5.0 (Linux; Android 7.0;) AppleWebKit/537.36 (HTML, like Gecko) Mobile Safari/537.36 (compatible; PetalBot;+https://webmaster.petalsearch.com/site/petalbot)"
66.249.70.6 - - [04/Sep/2026:05:57:37 -0500] "GET /?pid=3530965857 HTTP/1.1" 200 282546 "-" "Mozilla/5.0 (Linux; Android 6.0.1; Nexus 5X Build/MMB29P) AppleWebKit/537.36 (KHTML, like Gecko) Chrome/151.0.7922.173 Mobile Safari/537.36 (compatible; Googlebot/2.1; +http://www.google.com/bot.html)"
40.77.167.37 - - [04/Sep/2026:05:57:52 -0500] "GET /?pid=2375551069 HTTP/1.1" 200 282546 "-" "Mozilla/5.0 AppleWebKit/537.36 (KHTML, like Gecko; compatible; bingbot/2.0; +http://www.bing.com/bingbot.htm) Chrome/116.0.1938.76 Safari/537.36"
52.167.144.195 - - [04/Sep/2026:05:57:57 -0500] "GET /?pid=3180939417 HTTP/1.1" 200 282546 "-" "Mozilla/5.0 AppleWebKit/537.36 (KHTML, like Gecko; compatible; bingbot/2.0; +http://www.bing.com/bingbot.htm) Chrome/116.0.1938.76 Safari/537.36"
66.249.70.6 - - [04/Sep/2026:05:58:18 -0500] "GET /?pid=1207585424 HTTP/1.1" 200 282546 "-" "Mozilla/5.0 (Linux; Android 6.0.1; Nexus 5X Build/MMB29P) AppleWebKit/537.36 (KHTML, like Gecko) Chrome/151.0.7922.173 Mobile Safari/537.36 (compatible; Googlebot/2.1; +http://www.google.com/bot.html)"
66.249.70.7 - - [04/Sep/2026:06:00:10 -0500] "GET /?pid=1614807079 HTTP/1.1" 200 282546 "-" "Mozilla/5.0 (Linux; Android 6.0.1; Nexus 5X Build/MMB29P) AppleWebKit/537.36 (KHTML, like Gecko) Chrome/151.0.7922.173 Mobile Safari/537.36 (compatible; Googlebot/2.1; +http://www.google.com/bot.html)"
66.249.70.7 - - [04/Sep/2026:06:01:01 -0500] "GET /wp-content/plugins/instagram-feed/js/sbi-scripts.min.js?ver=6.12.0 HTTP/1.1" 200 24803 "https://newbiomuseo.desarrollo.itsangee.com/?pid=1614807079" "Mozilla/5.0 (Linux; Android 6.0.1; Nexus 5X Build/MMB29P) AppleWebKit/537.36 (KHTML, like Gecko) Chrome/151.0.7922.173 Mobile Safari/537.36 (compatible; Googlebot/2.1; +http://www.google.com/bot.html)"
66.249.70.6 - - [04/Sep/2026:06:01:04 -0500] "GET /?pid=4071033198 HTTP/1.1" 200 282546 "-" "Mozilla/5.0 (Linux; Android 6.0.1; Nexus 5X Build/MMB29P) AppleWebKit/537.36 (KHTML, like Gecko) Chrome/151.0.7922.173 Mobile Safari/537.36 (compatible; Googlebot/2.1; +http://www.google.com/bot.html)"
66.249.78.8 - - [04/Sep/2026:06:01:05 -0500] "GET /?pid=4171347001 HTTP/1.1" 200 282546 "-" "Mozilla/5.0 (Linux; Android 6.0.1; Nexus 5X Build/MMB29P) AppleWebKit/537.36 (KHTML, like Gecko) Chrome/151.0.7922.173 Mobile Safari/537.36 (compatible; Googlebot/2.1; +http://www.google.com/bot.html)"
114.119.133.1 - - [04/Sep/2026:06:02:03 -0500] "GET /robots.txt HTTP/1.1" 200 101 "http://newbiomuseo.desarrollo.itsangee.com/robots.txt" "Mozilla/5.0 (compatible;PetalBot;+https://webmaster.petalsearch.com/site/petalbot)"
66.249.70.6 - - [04/Sep/2026:06:02:40 -0500] "GET /?pid=4032255221 HTTP/1.1" 200 282546 "-" "Mozilla/5.0 (Linux; Android 6.0.1; Nexus 5X Build/MMB29P) AppleWebKit/537.36 (KHTML, like Gecko) Chrome/151.0.7922.173 Mobile Safari/537.36 (compatible; Googlebot/2.1; +http://www.google.com/bot.html)"
66.249.78.8 - - [04/Sep/2026:06:06:00 -0500] "GET /?pid=1757240954 HTTP/1.1" 200 282546 "-" "Mozilla/5.0 (Linux; Android 6.0.1; Nexus 5X Build/MMB29P) AppleWebKit/537.36 (KHTML, like Gecko) Chrome/151.0.7922.173 Mobile Safari/537.36 (compatible; Googlebot/2.1; +http://www.google.com/bot.html)"
66.249.70.8 - - [04/Sep/2026:06:06:58 -0500] "GET /?pid=566487634 HTTP/1.1" 200 282542 "-" "Mozilla/5.0 (Linux; Android 6.0.1; Nexus 5X Build/MMB29P) AppleWebKit/537.36 (KHTML, like Gecko) Chrome/151.0.7922.173 Mobile Safari/537.36 (compatible; Googlebot/2.1; +http://www.google.com/bot.html)"
66.249.70.7 - - [04/Sep/2026:06:08:00 -0500] "GET /?pid=2796029476 HTTP/1.1" 200 282546 "-" "Mozilla/5.0 (Linux; Android 6.0.1; Nexus 5X Build/MMB29P) AppleWebKit/537.36 (KHTML, like Gecko) Chrome/151.0.7922.173 Mobile Safari/537.36 (compatible; Googlebot/2.1; +http://www.google.com/bot.html)"
66.249.70.7 - - [04/Sep/2026:06:08:22 -0500] "GET /?pid=834655260 HTTP/1.1" 200 282542 "-" "Mozilla/5.0 (Linux; Android 6.0.1; Nexus 5X Build/MMB29P) AppleWebKit/537.36 (KHTML, like Gecko) Chrome/151.0.7922.173 Mobile Safari/537.36 (compatible; Googlebot/2.1; +http://www.google.com/bot.html)"
66.249.78.7 - - [04/Sep/2026:06:09:32 -0500] "GET /?pid=245951186 HTTP/1.1" 200 282542 "-" "Mozilla/5.0 (Linux; Android 6.0.1; Nexus 5X Build/MMB29P) AppleWebKit/537.36 (KHTML, like Gecko) Chrome/151.0.7922.173 Mobile Safari/537.36 (compatible; Googlebot/2.1; +http://www.google.com/bot.html)"
57.141.20.43 - - [04/Sep/2026:06:10:13 -0500] "GET /wp-content/uploads/sb-instagram-feed-images/464385201_571492655345326_6066145473709291183_nlow.jpg HTTP/1.1" 200 22540 "-" "Mozilla/5.0 (Windows NT 10.0; Win64; x64) AppleWebKit/537.36 (KHTML, like Gecko) Chrome/145.0.0.0 Safari/537.36 (compatible; meta-externalagent/1.1 (+https://developers.facebook.com/docs/sharing/webmasters/crawler))"
114.119.146.37 - - [04/Sep/2026:06:11:53 -0500] "GET /en/audiotours/ HTTP/1.1" 200 285090 "http://newbiomuseo.desarrollo.itsangee.com/en/audiotours/" "Mozilla/5.0 (Linux; Android 7.0;) AppleWebKit/537.36 (HTML, like Gecko) Mobile Safari/537.36 (compatible; PetalBot;+https://webmaster.petalsearch.com/site/petalbot)"
66.249.70.8 - - [04/Sep/2026:06:13:17 -0500] "GET /?pid=3120791902 HTTP/1.1" 200 282546 "-" "Mozilla/5.0 (Linux; Android 6.0.1; Nexus 5X Build/MMB29P) AppleWebKit/537.36 (KHTML, like Gecko) Chrome/151.0.7922.173 Mobile Safari/537.36 (compatible; Googlebot/2.1; +http://www.google.com/bot.html)"
40.77.167.57 - - [04/Sep/2026:06:13:50 -0500] "GET /?pid=3402055342 HTTP/1.1" 200 282546 "-" "Mozilla/5.0 AppleWebKit/537.36 (KHTML, like Gecko; compatible; bingbot/2.0; +http://www.bing.com/bingbot.htm) Chrome/116.0.1938.76 Safari/537.36"
66.249.78.6 - - [04/Sep/2026:06:14:57 -0500] "GET /?pid=425413647 HTTP/1.1" 200 282542 "-" "Mozilla/5.0 (Linux; Android 6.0.1; Nexus 5X Build/MMB29P) AppleWebKit/537.36 (KHTML, like Gecko) Chrome/151.0.7922.173 Mobile Safari/537.36 (compatible; Googlebot/2.1; +http://www.google.com/bot.html)"
66.249.78.6 - - [04/Sep/2026:06:15:33 -0500] "GET /?pid=2196094136 HTTP/1.1" 200 282546 "-" "Mozilla/5.0 (Linux; Android 6.0.1; Nexus 5X Build/MMB29P) AppleWebKit/537.36 (KHTML, like Gecko) Chrome/151.0.7922.173 Mobile Safari/537.36 (compatible; Googlebot/2.1; +http://www.google.com/bot.html)"
66.249.78.6 - - [04/Sep/2026:06:17:35 -0500] "GET /?pid=1079378516 HTTP/1.1" 200 282546 "-" "Mozilla/5.0 (Linux; Android 6.0.1; Nexus 5X Build/MMB29P) AppleWebKit/537.36 (KHTML, like Gecko) Chrome/151.0.7922.173 Mobile Safari/537.36 (compatible; Googlebot/2.1; +http://www.google.com/bot.html)"
66.249.70.6 - - [04/Sep/2026:06:18:54 -0500] "GET /?pid=1222115632 HTTP/1.1" 200 282546 "-" "Mozilla/5.0 (Linux; Android 6.0.1; Nexus 5X Build/MMB29P) AppleWebKit/537.36 (KHTML, like Gecko) Chrome/151.0.7922.173 Mobile Safari/537.36 (compatible; Googlebot/2.1; +http://www.google.com/bot.html)"
66.249.70.6 - - [04/Sep/2026:06:21:20 -0500] "GET /?pid=162215707 HTTP/1.1" 200 282542 "-" "Mozilla/5.0 (Linux; Android 6.0.1; Nexus 5X Build/MMB29P) AppleWebKit/537.36 (KHTML, like Gecko) Chrome/151.0.7922.173 Mobile Safari/537.36 (compatible; Googlebot/2.1; +http://www.google.com/bot.html)"
66.249.70.7 - - [04/Sep/2026:06:23:33 -0500] "GET /?pid=690027350 HTTP/1.1" 200 282542 "-" "Mozilla/5.0 (Linux; Android 6.0.1; Nexus 5X Build/MMB29P) AppleWebKit/537.36 (KHTML, like Gecko) Chrome/151.0.7922.173 Mobile Safari/537.36 (compatible; Googlebot/2.1; +http://www.google.com/bot.html)"
66.249.78.7 - - [04/Sep/2026:06:24:51 -0500] "GET /?pid=1241790256 HTTP/1.1" 200 282546 "-" "Mozilla/5.0 (Linux; Android 6.0.1; Nexus 5X Build/MMB29P) AppleWebKit/537.36 (KHTML, like Gecko) Chrome/151.0.7922.173 Mobile Safari/537.36 (compatible; Googlebot/2.1; +http://www.google.com/bot.html)"
66.249.78.6 - - [04/Sep/2026:06:25:05 -0500] "GET /?pid=4286972445 HTTP/1.1" 200 282546 "-" "Mozilla/5.0 (Linux; Android 6.0.1; Nexus 5X Build/MMB29P) AppleWebKit/537.36 (KHTML, like Gecko) Chrome/151.0.7922.173 Mobile Safari/537.36 (compatible; Googlebot/2.1; +http://www.google.com/bot.html)"
66.249.70.6 - - [04/Sep/2026:06:25:44 -0500] "GET /?pid=1779897195 HTTP/1.1" 200 282546 "-" "Mozilla/5.0 (Linux; Android 6.0.1; Nexus 5X Build/MMB29P) AppleWebKit/537.36 (KHTML, like Gecko) Chrome/151.0.7922.173 Mobile Safari/537.36 (compatible; Googlebot/2.1; +http://www.google.com/bot.html)"
66.249.70.7 - - [04/Sep/2026:06:26:10 -0500] "GET /wp-content/plugins/brizy/public/editor-build/prod/editor/css/main.base.min.css?ver=371-wp HTTP/1.1" 200 129584 "https://newbiomuseo.desarrollo.itsangee.com/?pid=1241790256" "Mozilla/5.0 (Linux; Android 6.0.1; Nexus 5X Build/MMB29P) AppleWebKit/537.36 (KHTML, like Gecko) Chrome/151.0.7922.173 Mobile Safari/537.36 (compatible; Googlebot/2.1; +http://www.google.com/bot.html)"
66.249.70.7 - - [04/Sep/2026:06:26:20 -0500] "GET /?pid=1661745738 HTTP/1.1" 200 282546 "-" "Mozilla/5.0 (Linux; Android 6.0.1; Nexus 5X Build/MMB29P) AppleWebKit/537.36 (KHTML, like Gecko) Chrome/151.0.7922.173 Mobile Safari/537.36 (compatible; Googlebot/2.1; +http://www.google.com/bot.html)"
52.167.144.20 - - [04/Sep/2026:06:27:31 -0500] "GET /?pid=879716966 HTTP/1.1" 200 282542 "-" "Mozilla/5.0 AppleWebKit/537.36 (KHTML, like Gecko; compatible; bingbot/2.0; +http://www.bing.com/bingbot.htm) Chrome/116.0.1938.76 Safari/537.36"
52.167.144.213 - - [04/Sep/2026:06:27:55 -0500] "GET /?pid=990181705 HTTP/1.1" 200 282542 "-" "Mozilla/5.0 AppleWebKit/537.36 (KHTML, like Gecko; compatible; bingbot/2.0; +http://www.bing.com/bingbot.htm) Chrome/116.0.1938.76 Safari/537.36"
66.249.70.8 - - [04/Sep/2026:06:28:08 -0500] "GET /?pid=2101146826 HTTP/1.1" 200 282546 "-" "Mozilla/5.0 (Linux; Android 6.0.1; Nexus 5X Build/MMB29P) AppleWebKit/537.36 (KHTML, like Gecko) Chrome/151.0.7922.173 Mobile Safari/537.36 (compatible; Googlebot/2.1; +http://www.google.com/bot.html)"
66.249.78.7 - - [04/Sep/2026:06:28:16 -0500] "GET /?pid=3097784554 HTTP/1.1" 200 282546 "-" "Mozilla/5.0 (Linux; Android 6.0.1; Nexus 5X Build/MMB29P) AppleWebKit/537.36 (KHTML, like Gecko) Chrome/151.0.7922.173 Mobile Safari/537.36 (compatible; Googlebot/2.1; +http://www.google.com/bot.html)"
66.249.70.6 - - [04/Sep/2026:06:29:00 -0500] "GET /?pid=2515624693 HTTP/1.1" 200 282546 "-" "Mozilla/5.0 (Linux; Android 6.0.1; Nexus 5X Build/MMB29P) AppleWebKit/537.36 (KHTML, like Gecko) Chrome/151.0.7922.173 Mobile Safari/537.36 (compatible; Googlebot/2.1; +http://www.google.com/bot.html)"
66.249.70.8 - - [04/Sep/2026:06:29:20 -0500] "GET /wp-content/plugins/photoblocks-grid-gallery/public/js/photoblocks.public.js?ver=1.3.4 HTTP/1.1" 200 16703 "https://newbiomuseo.desarrollo.itsangee.com/?pid=2515624693" "Mozilla/5.0 (Linux; Android 6.0.1; Nexus 5X Build/MMB29P) AppleWebKit/537.36 (KHTML, like Gecko) Chrome/151.0.7922.173 Mobile Safari/537.36 (compatible; Googlebot/2.1; +http://www.google.com/bot.html)"
66.249.70.6 - - [04/Sep/2026:06:29:21 -0500] "GET /wp-includes/js/jquery/jquery.min.js?ver=3.7.1 HTTP/1.1" 200 87553 "https://newbiomuseo.desarrollo.itsangee.com/?pid=2515624693" "Mozilla/5.0 (Linux; Android 6.0.1; Nexus 5X Build/MMB29P) AppleWebKit/537.36 (KHTML, like Gecko) Chrome/151.0.7922.173 Mobile Safari/537.36 (compatible; Googlebot/2.1; +http://www.google.com/bot.html)"
66.249.70.7 - - [04/Sep/2026:06:30:07 -0500] "GET /?pid=2725660323 HTTP/1.1" 200 282546 "-" "Mozilla/5.0 (Linux; Android 6.0.1; Nexus 5X Build/MMB29P) AppleWebKit/537.36 (KHTML, like Gecko) Chrome/151.0.7922.173 Mobile Safari/537.36 (compatible; Googlebot/2.1; +http://www.google.com/bot.html)"
40.77.167.116 - - [04/Sep/2026:06:31:00 -0500] "GET /en/?pid=1149215895 HTTP/1.1" 200 285178 "-" "Mozilla/5.0 AppleWebKit/537.36 (KHTML, like Gecko; compatible; bingbot/2.0; +http://www.bing.com/bingbot.htm) Chrome/116.0.1938.76 Safari/537.36"
52.167.144.20 - - [04/Sep/2026:06:31:04 -0500] "GET /?pid=662426635 HTTP/1.1" 200 282542 "-" "Mozilla/5.0 AppleWebKit/537.36 (KHTML, like Gecko; compatible; bingbot/2.0; +http://www.bing.com/bingbot.htm) Chrome/116.0.1938.76 Safari/537.36"
66.249.70.7 - - [04/Sep/2026:06:32:12 -0500] "GET /?pid=3333488481 HTTP/1.1" 200 282546 "-" "Mozilla/5.0 (Linux; Android 6.0.1; Nexus 5X Build/MMB29P) AppleWebKit/537.36 (KHTML, like Gecko) Chrome/151.0.7922.173 Mobile Safari/537.36 (compatible; Googlebot/2.1; +http://www.google.com/bot.html)"
66.249.70.6 - - [04/Sep/2026:06:32:52 -0500] "GET /?pid=4155073400 HTTP/1.1" 200 282546 "-" "Mozilla/5.0 (Linux; Android 6.0.1; Nexus 5X Build/MMB29P) AppleWebKit/537.36 (KHTML, like Gecko) Chrome/151.0.7922.173 Mobile Safari/537.36 (compatible; Googlebot/2.1; +http://www.google.com/bot.html)"
66.249.70.6 - - [04/Sep/2026:06:33:40 -0500] "GET /?pid=2685953886 HTTP/1.1" 200 282546 "-" "Mozilla/5.0 (Linux; Android 6.0.1; Nexus 5X Build/MMB29P) AppleWebKit/537.36 (KHTML, like Gecko) Chrome/151.0.7922.173 Mobile Safari/537.36 (compatible; Googlebot/2.1; +http://www.google.com/bot.html)"
66.249.70.7 - - [04/Sep/2026:06:33:50 -0500] "GET /wp-content/plugins/photoblocks-grid-gallery/public/js/photoblocks.public.js?ver=1.3.4 HTTP/1.1" 200 16703 "https://newbiomuseo.desarrollo.itsangee.com/?pid=2685953886" "Mozilla/5.0 (Linux; Android 6.0.1; Nexus 5X Build/MMB29P) AppleWebKit/537.36 (KHTML, like Gecko) Chrome/151.0.7922.173 Mobile Safari/537.36 (compatible; Googlebot/2.1; +http://www.google.com/bot.html)"
66.249.78.6 - - [04/Sep/2026:06:35:49 -0500] "GET /?pid=1270362821 HTTP/1.1" 200 282546 "-" "Mozilla/5.0 (Linux; Android 6.0.1; Nexus 5X Build/MMB29P) AppleWebKit/537.36 (KHTML, like Gecko) Chrome/151.0.7922.173 Mobile Safari/537.36 (compatible; Googlebot/2.1; +http://www.google.com/bot.html)"
66.249.78.8 - - [04/Sep/2026:06:36:17 -0500] "GET /wp-content/plugins/brizy/public/editor-build/prod/editor/icons/editor/right-arrow-thin.svg HTTP/1.1" 200 222 "https://newbiomuseo.desarrollo.itsangee.com/?pid=1270362821" "Mozilla/5.0 (Linux; Android 6.0.1; Nexus 5X Build/MMB29P) AppleWebKit/537.36 (KHTML, like Gecko) Chrome/151.0.7922.173 Mobile Safari/537.36 (compatible; Googlebot/2.1; +http://www.google.com/bot.html)"
52.167.144.147 - - [04/Sep/2026:06:36:33 -0500] "GET /?pid=2621477871 HTTP/1.1" 200 282546 "-" "Mozilla/5.0 AppleWebKit/537.36 (KHTML, like Gecko; compatible; bingbot/2.0; +http://www.bing.com/bingbot.htm) Chrome/116.0.1938.76 Safari/537.36"
52.167.144.215 - - [04/Sep/2026:06:36:37 -0500] "GET /?pid=1743714917 HTTP/1.1" 200 282546 "-" "Mozilla/5.0 AppleWebKit/537.36 (KHTML, like Gecko; compatible; bingbot/2.0; +http://www.bing.com/bingbot.htm) Chrome/116.0.1938.76 Safari/537.36"
52.167.144.147 - - [04/Sep/2026:06:36:43 -0500] "GET /search/ HTTP/1.1" 200 282514 "-" "Mozilla/5.0 AppleWebKit/537.36 (KHTML, like Gecko; compatible; bingbot/2.0; +http://www.bing.com/bingbot.htm) Chrome/116.0.1938.76 Safari/537.36"
52.167.144.147 - - [04/Sep/2026:06:39:24 -0500] "GET /?pid=1400441106 HTTP/1.1" 200 282546 "-" "Mozilla/5.0 AppleWebKit/537.36 (KHTML, like Gecko; compatible; bingbot/2.0; +http://www.bing.com/bingbot.htm) Chrome/116.0.1938.76 Safari/537.36"
66.249.78.7 - - [04/Sep/2026:06:43:40 -0500] "GET /?pid=519600214 HTTP/1.1" 200 282542 "-" "Mozilla/5.0 (Linux; Android 6.0.1; Nexus 5X Build/MMB29P) AppleWebKit/537.36 (KHTML, like Gecko) Chrome/151.0.7922.173 Mobile Safari/537.36 (compatible; Googlebot/2.1; +http://www.google.com/bot.html)"
66.249.78.6 - - [04/Sep/2026:06:43:56 -0500] "GET /?pid=465788140 HTTP/1.1" 200 282542 "-" "Mozilla/5.0 (Linux; Android 6.0.1; Nexus 5X Build/MMB29P) AppleWebKit/537.36 (KHTML, like Gecko) Chrome/151.0.7922.173 Mobile Safari/537.36 (compatible; Googlebot/2.1; +http://www.google.com/bot.html)"
66.249.70.7 - - [04/Sep/2026:06:45:01 -0500] "GET /?pid=2906749648 HTTP/1.1" 200 282546 "-" "Mozilla/5.0 (Linux; Android 6.0.1; Nexus 5X Build/MMB29P) AppleWebKit/537.36 (KHTML, like Gecko) Chrome/151.0.7922.173 Mobile Safari/537.36 (compatible; Googlebot/2.1; +http://www.google.com/bot.html)"
66.249.78.6 - - [04/Sep/2026:06:45:20 -0500] "GET /?pid=996042831 HTTP/1.1" 200 282542 "-" "Mozilla/5.0 (Linux; Android 6.0.1; Nexus 5X Build/MMB29P) AppleWebKit/537.36 (KHTML, like Gecko) Chrome/151.0.7922.173 Mobile Safari/537.36 (compatible; Googlebot/2.1; +http://www.google.com/bot.html)"
66.249.78.6 - - [04/Sep/2026:06:47:42 -0500] "GET /?pid=2374081836 HTTP/1.1" 200 282546 "-" "Mozilla/5.0 (Linux; Android 6.0.1; Nexus 5X Build/MMB29P) AppleWebKit/537.36 (KHTML, like Gecko) Chrome/151.0.7922.173 Mobile Safari/537.36 (compatible; Googlebot/2.1; +http://www.google.com/bot.html)"
66.249.70.7 - - [04/Sep/2026:06:48:01 -0500] "GET /?pid=2377382002 HTTP/1.1" 200 282546 "-" "Mozilla/5.0 (Linux; Android 6.0.1; Nexus 5X Build/MMB29P) AppleWebKit/537.36 (KHTML, like Gecko) Chrome/151.0.7922.173 Mobile Safari/537.36 (compatible; Googlebot/2.1; +http://www.google.com/bot.html)"
45.227.253.15 - - [04/Sep/2026:06:48:30 -0500] "GET /index.php/jk HTTP/1.1" 301 - "-" "Mozilla/5.0 (iPad; U; CPU OS 4_2_3 like Mac OS X; ja) AppleWebKit/533.17.9 (KHTML, like Gecko) Version/5.0.2 Mobile/8J2 Safari/6533.18.5"
45.227.253.15 - - [04/Sep/2026:06:48:31 -0500] "GET /jk/ HTTP/1.1" 200 282498 "https://newbiomuseo.desarrollo.itsangee.com/index.php/jk" "Mozilla/5.0 (iPad; U; CPU OS 4_2_3 like Mac OS X; ja) AppleWebKit/533.17.9 (KHTML, like Gecko) Version/5.0.2 Mobile/8J2 Safari/6533.18.5"
52.167.144.188 - - [04/Sep/2026:06:49:34 -0500] "GET /?pid=3883943387 HTTP/1.1" 200 282546 "-" "Mozilla/5.0 AppleWebKit/537.36 (KHTML, like Gecko; compatible; bingbot/2.0; +http://www.bing.com/bingbot.htm) Chrome/116.0.1938.76 Safari/537.36"
66.249.78.7 - - [04/Sep/2026:06:49:47 -0500] "GET /?pid=4124355673 HTTP/1.1" 504 247 "-" "Mozilla/5.0 (Linux; Android 6.0.1; Nexus 5X Build/MMB29P) AppleWebKit/537.36 (KHTML, like Gecko) Chrome/151.0.7922.173 Mobile Safari/537.36 (compatible; Googlebot/2.1; +http://www.google.com/bot.html)"
52.167.144.188 - - [04/Sep/2026:06:51:03 -0500] "GET /?pid=2101128912 HTTP/1.1" 200 282546 "-" "Mozilla/5.0 AppleWebKit/537.36 (KHTML, like Gecko; compatible; bingbot/2.0; +http://www.bing.com/bingbot.htm) Chrome/116.0.1938.76 Safari/537.36"
66.249.70.6 - - [04/Sep/2026:06:51:38 -0500] "GET /?pid=3184101281 HTTP/1.1" 200 282546 "-" "Mozilla/5.0 (Linux; Android 6.0.1; Nexus 5X Build/MMB29P) AppleWebKit/537.36 (KHTML, like Gecko) Chrome/151.0.7922.173 Mobile Safari/537.36 (compatible; Googlebot/2.1; +http://www.google.com/bot.html)"
66.249.78.6 - - [04/Sep/2026:06:52:58 -0500] "GET /?pid=3236569716 HTTP/1.1" 200 282546 "-" "Mozilla/5.0 (Linux; Android 6.0.1; Nexus 5X Build/MMB29P) AppleWebKit/537.36 (KHTML, like Gecko) Chrome/151.0.7922.173 Mobile Safari/537.36 (compatible; Googlebot/2.1; +http://www.google.com/bot.html)"
66.249.70.7 - - [04/Sep/2026:06:53:45 -0500] "GET /?pid=3925594029 HTTP/1.1" 200 282546 "-" "Mozilla/5.0 (Linux; Android 6.0.1; Nexus 5X Build/MMB29P) AppleWebKit/537.36 (KHTML, like Gecko) Chrome/151.0.7922.173 Mobile Safari/537.36 (compatible; Googlebot/2.1; +http://www.google.com/bot.html)"
66.249.70.8 - - [04/Sep/2026:06:54:40 -0500] "GET /?pid=1587431444 HTTP/1.1" 200 282546 "-" "Mozilla/5.0 (Linux; Android 6.0.1; Nexus 5X Build/MMB29P) AppleWebKit/537.36 (KHTML, like Gecko) Chrome/151.0.7922.173 Mobile Safari/537.36 (compatible; Googlebot/2.1; +http://www.google.com/bot.html)"
66.249.78.7 - - [04/Sep/2026:06:56:11 -0500] "GET /?pid=4113149833 HTTP/1.1" 200 282546 "-" "Mozilla/5.0 (Linux; Android 6.0.1; Nexus 5X Build/MMB29P) AppleWebKit/537.36 (KHTML, like Gecko) Chrome/151.0.7922.173 Mobile Safari/537.36 (compatible; Googlebot/2.1; +http://www.google.com/bot.html)"
40.77.167.32 - - [04/Sep/2026:06:56:28 -0500] "GET /?pid=2509126035 HTTP/1.1" 200 282546 "-" "Mozilla/5.0 AppleWebKit/537.36 (KHTML, like Gecko; compatible; bingbot/2.0; +http://www.bing.com/bingbot.htm) Chrome/116.0.1938.76 Safari/537.36"
66.249.78.6 - - [04/Sep/2026:06:57:11 -0500] "GET /?pid=1164604798 HTTP/1.1" 200 282546 "-" "Mozilla/5.0 (Linux; Android 6.0.1; Nexus 5X Build/MMB29P) AppleWebKit/537.36 (KHTML, like Gecko) Chrome/151.0.7922.173 Mobile Safari/537.36 (compatible; Googlebot/2.1; +http://www.google.com/bot.html)"
66.249.78.7 - - [04/Sep/2026:06:59:17 -0500] "GET /?pid=3562901285 HTTP/1.1" 200 282546 "-" "Mozilla/5.0 (Linux; Android 6.0.1; Nexus 5X Build/MMB29P) AppleWebKit/537.36 (KHTML, like Gecko) Chrome/151.0.7922.173 Mobile Safari/537.36 (compatible; Googlebot/2.1; +http://www.google.com/bot.html)"
66.249.70.8 - - [04/Sep/2026:07:00:19 -0500] "GET /?pid=1331313582 HTTP/1.1" 200 282546 "-" "Mozilla/5.0 (Linux; Android 6.0.1; Nexus 5X Build/MMB29P) AppleWebKit/537.36 (KHTML, like Gecko) Chrome/151.0.7922.173 Mobile Safari/537.36 (compatible; Googlebot/2.1; +http://www.google.com/bot.html)"
66.249.70.6 - - [04/Sep/2026:07:00:49 -0500] "GET /?pid=3536018497 HTTP/1.1" 200 282546 "-" "Mozilla/5.0 (Linux; Android 6.0.1; Nexus 5X Build/MMB29P) AppleWebKit/537.36 (KHTML, like Gecko) Chrome/151.0.7922.173 Mobile Safari/537.36 (compatible; Googlebot/2.1; +http://www.google.com/bot.html)"
66.249.70.6 - - [04/Sep/2026:07:01:58 -0500] "GET /?pid=632053582 HTTP/1.1" 200 282542 "-" "Mozilla/5.0 (Linux; Android 6.0.1; Nexus 5X Build/MMB29P) AppleWebKit/537.36 (KHTML, like Gecko) Chrome/151.0.7922.173 Mobile Safari/537.36 (compatible; Googlebot/2.1; +http://www.google.com/bot.html)"
70.188.207.173 - - [04/Sep/2026:07:02:07 -0500] "GET / HTTP/1.1" 200 282569 "https://www.google.com/" "Mozilla/5.0 (Windows NT 10.0; Win64; x64) AppleWebKit/537.36 (KHTML, like Gecko) Chrome/151.0.0.0 Safari/537.36 Edg/151.0.0.0"
160.224.116.29 - - [04/Sep/2026:07:02:09 -0500] "GET /wp-content/plugins/instagram-feed/css/sbi-styles.min.css?ver=6.12.0 HTTP/1.1" 200 42223 "https://newbiomuseo.desarrollo.itsangee.com/" "Mozilla/5.0 (iPhone; CPU iPhone OS 18_3 like Mac OS X) AppleWebKit/605.1.15 (KHTML, like Gecko) CriOS/148.0.0.0 Mobile/15E148 Safari/604.1"
151.240.166.101 - - [04/Sep/2026:07:02:09 -0500] "GET /wp-content/plugins/instagram-feed/assets/tokens/sb-tokens-local.css?ver=6.12.0 HTTP/1.1" 200 2739 "https://newbiomuseo.desarrollo.itsangee.com/" "Mozilla/5.0 (iPhone; CPU iPhone OS 18_3 like Mac OS X) AppleWebKit/605.1.15 (KHTML, like Gecko) CriOS/148.0.0.0 Mobile/15E148 Safari/604.1"
209.20.167.30 - - [04/Sep/2026:07:02:10 -0500] "GET /wp-content/plugins/translatepress-multilingual/assets/css/trp-language-switcher.css?ver=3.3.2 HTTP/1.1" 200 2944 "https://newbiomuseo.desarrollo.itsangee.com/" "Mozilla/5.0 (iPhone; CPU iPhone OS 18_3 like Mac OS X) AppleWebKit/605.1.15 (KHTML, like Gecko) CriOS/148.0.0.0 Mobile/15E148 Safari/604.1"
185.223.40.41 - - [04/Sep/2026:07:02:10 -0500] "GET /wp-content/plugins/photoblocks-grid-gallery/public/css/photoblocks-public.css?ver=1.3.4 HTTP/1.1" 200 7531 "https://newbiomuseo.desarrollo.itsangee.com/" "Mozilla/5.0 (iPhone; CPU iPhone OS 18_3 like Mac OS X) AppleWebKit/605.1.15 (KHTML, like Gecko) CriOS/148.0.0.0 Mobile/15E148 Safari/604.1"
155.94.168.91 - - [04/Sep/2026:07:02:10 -0500] "GET /wp-content/themes/blocksy/static/bundle/brizy.min.css?ver=2.1.53 HTTP/1.1" 200 1425 "https://newbiomuseo.desarrollo.itsangee.com/" "Mozilla/5.0 (iPhone; CPU iPhone OS 18_3 like Mac OS X) AppleWebKit/605.1.15 (KHTML, like Gecko) CriOS/148.0.0.0 Mobile/15E148 Safari/604.1"
167.234.108.39 - - [04/Sep/2026:07:02:10 -0500] "GET /wp-content/themes/blocksy/static/bundle/main.min.css?ver=2.1.53 HTTP/1.1" 200 94349 "https://newbiomuseo.desarrollo.itsangee.com/" "Mozilla/5.0 (iPhone; CPU iPhone OS 18_3 like Mac OS X) AppleWebKit/605.1.15 (KHTML, like Gecko) CriOS/148.0.0.0 Mobile/15E148 Safari/604.1"
151.240.168.61 - - [04/Sep/2026:07:02:10 -0500] "GET /wp-content/plugins/brizy/public/editor-build/prod/editor/css/main.base.min.css?ver=371-wp HTTP/1.1" 200 129584 "https://newbiomuseo.desarrollo.itsangee.com/" "Mozilla/5.0 (iPhone; CPU iPhone OS 18_3 like Mac OS X) AppleWebKit/605.1.15 (KHTML, like Gecko) CriOS/148.0.0.0 Mobile/15E148 Safari/604.1"
103.245.40.186 - - [04/Sep/2026:07:02:12 -0500] "GET /wp-content/plugins/brizy/public/editor-build/prod/editor/icons/glyph/tail-right.svg HTTP/1.1" 206 267 "https://newbiomuseo.desarrollo.itsangee.com/" "Mozilla/5.0 (iPhone; CPU iPhone OS 18_3 like Mac OS X) AppleWebKit/605.1.15 (KHTML, like Gecko) CriOS/148.0.0.0 Mobile/15E148 Safari/604.1"
198.55.96.233 - - [04/Sep/2026:07:02:12 -0500] "GET /wp-content/uploads/2025/03/3.png HTTP/1.1" 206 500 "https://newbiomuseo.desarrollo.itsangee.com/" "Mozilla/5.0 (iPhone; CPU iPhone OS 18_3 like Mac OS X) AppleWebKit/605.1.15 (KHTML, like Gecko) CriOS/148.0.0.0 Mobile/15E148 Safari/604.1"
144.230.147.249 - - [04/Sep/2026:07:02:12 -0500] "GET / HTTP/1.1" 200 282569 "-" "Mozilla/5.0 (Windows NT 10.0; Win64; x64) AppleWebKit/537.36 (KHTML, like Gecko) Chrome/151.0.0.0 Safari/537.36"
192.210.155.101 - - [04/Sep/2026:07:02:12 -0500] "GET /wp-content/plugins/brizy/public/editor-build/prod/editor/icons/glyph/time-3.svg HTTP/1.1" 206 247 "https://newbiomuseo.desarrollo.itsangee.com/" "Mozilla/5.0 (iPhone; CPU iPhone OS 18_3 like Mac OS X) AppleWebKit/605.1.15 (KHTML, like Gecko) CriOS/148.0.0.0 Mobile/15E148 Safari/604.1"
204.152.209.141 - - [04/Sep/2026:07:02:12 -0500] "GET /wp-content/plugins/brizy/public/editor-build/prod/editor/icons/editor/right-arrow-thin.svg HTTP/1.1" 206 222 "https://newbiomuseo.desarrollo.itsangee.com/" "Mozilla/5.0 (iPhone; CPU iPhone OS 18_3 like Mac OS X) AppleWebKit/605.1.15 (KHTML, like Gecko) CriOS/148.0.0.0 Mobile/15E148 Safari/604.1"
216.194.83.187 - - [04/Sep/2026:07:02:13 -0500] "GET /wp-content/plugins/brizy/public/editor-build/prod/editor/icons/glyph/ticket-75.svg HTTP/1.1" 206 366 "https://newbiomuseo.desarrollo.itsangee.com/" "Mozilla/5.0 (iPhone; CPU iPhone OS 18_3 like Mac OS X) AppleWebKit/605.1.15 (KHTML, like Gecko) CriOS/148.0.0.0 Mobile/15E148 Safari/604.1"
130.94.215.99 - - [04/Sep/2026:07:02:13 -0500] "GET /wp-content/plugins/brizy/public/editor-build/prod/editor/icons/editor/close-popup.svg HTTP/1.1" 206 222 "https://newbiomuseo.desarrollo.itsangee.com/" "Mozilla/5.0 (iPhone; CPU iPhone OS 18_3 like Mac OS X) AppleWebKit/605.1.15 (KHTML, like Gecko) CriOS/148.0.0.0 Mobile/15E148 Safari/604.1"
198.55.113.172 - - [04/Sep/2026:07:02:13 -0500] "GET /wp-content/plugins/brizy/public/editor-build/prod/editor/icons/glyph/pin-3.svg HTTP/1.1" 206 314 "https://newbiomuseo.desarrollo.itsangee.com/" "Mozilla/5.0 (iPhone; CPU iPhone OS 18_3 like Mac OS X) AppleWebKit/605.1.15 (KHTML, like Gecko) CriOS/148.0.0.0 Mobile/15E148 Safari/604.1"
144.230.147.249 - - [04/Sep/2026:07:02:13 -0500] "GET /wp-content/plugins/instagram-feed/assets/tokens/sb-tokens-local.css?ver=6.12.0 HTTP/1.1" 200 2739 "https://newbiomuseo.desarrollo.itsangee.com/" "Mozilla/5.0 (Windows NT 10.0; Win64; x64) AppleWebKit/537.36 (KHTML, like Gecko) Chrome/151.0.0.0 Safari/537.36"
93.180.202.231 - - [04/Sep/2026:07:02:13 -0500] "GET /wp-content/plugins/brizy/public/editor-build/prod/editor/css/group-1_2.min.css?ver=371-wp HTTP/1.1" 200 33065 "https://newbiomuseo.desarrollo.itsangee.com/" "Mozilla/5.0 (iPhone; CPU iPhone OS 18_3 like Mac OS X) AppleWebKit/605.1.15 (KHTML, like Gecko) CriOS/148.0.0.0 Mobile/15E148 Safari/604.1"
151.245.47.168 - - [04/Sep/2026:07:02:14 -0500] "GET /wp-content/plugins/brizy-pro/public/editor-build/prod/css/main.base.pro.min.css?ver=244-wp HTTP/1.1" 200 36973 "https://newbiomuseo.desarrollo.itsangee.com/" "Mozilla/5.0 (iPhone; CPU iPhone OS 18_3 like Mac OS X) AppleWebKit/605.1.15 (KHTML, like Gecko) CriOS/148.0.0.0 Mobile/15E148 Safari/604.1"
144.230.147.249 - - [04/Sep/2026:07:02:14 -0500] "GET /wp-content/plugins/instagram-feed/css/sbi-styles.min.css?ver=6.12.0 HTTP/1.1" 200 42223 "https://newbiomuseo.desarrollo.itsangee.com/" "Mozilla/5.0 (Windows NT 10.0; Win64; x64) AppleWebKit/537.36 (KHTML, like Gecko) Chrome/151.0.0.0 Safari/537.36"
144.230.147.249 - - [04/Sep/2026:07:02:14 -0500] "GET /wp-content/plugins/photoblocks-grid-gallery/public/css/photoblocks-public.css?ver=1.3.4 HTTP/1.1" 200 7531 "https://newbiomuseo.desarrollo.itsangee.com/" "Mozilla/5.0 (Windows NT 10.0; Win64; x64) AppleWebKit/537.36 (KHTML, like Gecko) Chrome/151.0.0.0 Safari/537.36"
144.230.147.249 - - [04/Sep/2026:07:02:14 -0500] "GET /wp-content/plugins/translatepress-multilingual/assets/css/trp-language-switcher.css?ver=3.3.2 HTTP/1.1" 200 2944 "https://newbiomuseo.desarrollo.itsangee.com/" "Mozilla/5.0 (Windows NT 10.0; Win64; x64) AppleWebKit/537.36 (KHTML, like Gecko) Chrome/151.0.0.0 Safari/537.36"
144.230.147.249 - - [04/Sep/2026:07:02:14 -0500] "GET /wp-content/themes/blocksy/static/bundle/main.min.css?ver=2.1.53 HTTP/1.1" 200 94349 "https://newbiomuseo.desarrollo.itsangee.com/" "Mozilla/5.0 (Windows NT 10.0; Win64; x64) AppleWebKit/537.36 (KHTML, like Gecko) Chrome/151.0.0.0 Safari/537.36"
144.230.147.249 - - [04/Sep/2026:07:02:15 -0500] "GET /wp-content/themes/blocksy/static/bundle/brizy.min.css?ver=2.1.53 HTTP/1.1" 200 1425 "https://newbiomuseo.desarrollo.itsangee.com/" "Mozilla/5.0 (Windows NT 10.0; Win64; x64) AppleWebKit/537.36 (KHTML, like Gecko) Chrome/151.0.0.0 Safari/537.36"
144.230.147.249 - - [04/Sep/2026:07:02:16 -0500] "GET /wp-content/plugins/photoblocks-grid-gallery/public/js/anime.min.js?ver=1.3.4 HTTP/1.1" 200 14420 "https://newbiomuseo.desarrollo.itsangee.com/" "Mozilla/5.0 (Windows NT 10.0; Win64; x64) AppleWebKit/537.36 (KHTML, like Gecko) Chrome/151.0.0.0 Safari/537.36"
144.230.147.249 - - [04/Sep/2026:07:02:16 -0500] "GET /wp-content/plugins/brizy/public/editor-build/prod/editor/css/main.base.min.css?ver=371-wp HTTP/1.1" 200 129584 "https://newbiomuseo.desarrollo.itsangee.com/" "Mozilla/5.0 (Windows NT 10.0; Win64; x64) AppleWebKit/537.36 (KHTML, like Gecko) Chrome/151.0.0.0 Safari/537.36"
144.230.147.249 - - [04/Sep/2026:07:02:16 -0500] "GET /wp-includes/js/jquery/jquery-migrate.min.js?ver=3.4.1 HTTP/1.1" 200 13577 "https://newbiomuseo.desarrollo.itsangee.com/" "Mozilla/5.0 (Windows NT 10.0; Win64; x64) AppleWebKit/537.36 (KHTML, like Gecko) Chrome/151.0.0.0 Safari/537.36"
144.230.147.249 - - [04/Sep/2026:07:02:16 -0500] "GET /wp-includes/js/jquery/jquery.min.js?ver=3.7.1 HTTP/1.1" 200 87553 "https://newbiomuseo.desarrollo.itsangee.com/" "Mozilla/5.0 (Windows NT 10.0; Win64; x64) AppleWebKit/537.36 (KHTML, like Gecko) Chrome/151.0.0.0 Safari/537.36"
144.230.147.249 - - [04/Sep/2026:07:02:16 -0500] "GET /wp-content/plugins/photoblocks-grid-gallery/public/js/packery.pkgd.js?ver=7.1 HTTP/1.1" 200 84773 "https://newbiomuseo.desarrollo.itsangee.com/" "Mozilla/5.0 (Windows NT 10.0; Win64; x64) AppleWebKit/537.36 (KHTML, like Gecko) Chrome/151.0.0.0 Safari/537.36"
144.230.147.249 - - [04/Sep/2026:07:02:17 -0500] "GET /wp-content/plugins/photoblocks-grid-gallery/public/js/photoblocks.public.js?ver=1.3.4 HTTP/1.1" 200 16703 "https://newbiomuseo.desarrollo.itsangee.com/" "Mozilla/5.0 (Windows NT 10.0; Win64; x64) AppleWebKit/537.36 (KHTML, like Gecko) Chrome/151.0.0.0 Safari/537.36"
144.230.147.249 - - [04/Sep/2026:07:02:17 -0500] "GET /wp-content/themes/blocksy/static/bundle/main.js?ver=2.1.53 HTTP/1.1" 200 29751 "https://newbiomuseo.desarrollo.itsangee.com/" "Mozilla/5.0 (Windows NT 10.0; Win64; x64) AppleWebKit/537.36 (KHTML, like Gecko) Chrome/151.0.0.0 Safari/537.36"
144.230.147.249 - - [04/Sep/2026:07:02:17 -0500] "GET /wp-content/plugins/instagram-feed/js/sbi-scripts.min.js?ver=6.12.0 HTTP/1.1" 200 24803 "https://newbiomuseo.desarrollo.itsangee.com/" "Mozilla/5.0 (Windows NT 10.0; Win64; x64) AppleWebKit/537.36 (KHTML, like Gecko) Chrome/151.0.0.0 Safari/537.36"
144.230.147.249 - - [04/Sep/2026:07:02:19 -0500] "GET /wp-content/uploads/2025/03/3.png HTTP/1.1" 200 547475 "https://newbiomuseo.desarrollo.itsangee.com/" "Mozilla/5.0 (Windows NT 10.0; Win64; x64) AppleWebKit/537.36 (KHTML, like Gecko) Chrome/151.0.0.0 Safari/537.36"
144.230.147.249 - - [04/Sep/2026:07:02:19 -0500] "GET /wp-content/plugins/brizy/public/editor-build/prod/editor/js/group-1_2.min.js?ver=371-wp HTTP/1.1" 200 199977 "https://newbiomuseo.desarrollo.itsangee.com/" "Mozilla/5.0 (Windows NT 10.0; Win64; x64) AppleWebKit/537.36 (KHTML, like Gecko) Chrome/151.0.0.0 Safari/537.36"
144.230.147.249 - - [04/Sep/2026:07:02:20 -0500] "GET /wp-content/plugins/brizy/public/editor-build/prod/editor/js/preview.min.js?ver=371-wp HTTP/1.1" 200 8234 "https://newbiomuseo.desarrollo.itsangee.com/" "Mozilla/5.0 (Windows NT 10.0; Win64; x64) AppleWebKit/537.36 (KHTML, like Gecko) Chrome/151.0.0.0 Safari/537.36"
144.230.147.249 - - [04/Sep/2026:07:02:22 -0500] "GET /wp-content/plugins/brizy-pro/public/editor-build/prod/js/preview.pro.min.js?ver=244-wp HTTP/1.1" 200 6373 "https://newbiomuseo.desarrollo.itsangee.com/" "Mozilla/5.0 (Windows NT 10.0; Win64; x64) AppleWebKit/537.36 (KHTML, like Gecko) Chrome/151.0.0.0 Safari/537.36"
144.230.147.249 - - [04/Sep/2026:07:02:22 -0500] "GET /wp-content/plugins/brizy/public/editor-build/prod/editor/icons/editor/right-arrow-thin.svg HTTP/1.1" 200 222 "https://newbiomuseo.desarrollo.itsangee.com/" "Mozilla/5.0 (Windows NT 10.0; Win64; x64) AppleWebKit/537.36 (KHTML, like Gecko) Chrome/151.0.0.0 Safari/537.36"
144.230.147.249 - - [04/Sep/2026:07:02:22 -0500] "GET /wp-content/plugins/brizy/public/editor-build/prod/editor/icons/glyph/tail-right.svg HTTP/1.1" 200 267 "https://newbiomuseo.desarrollo.itsangee.com/" "Mozilla/5.0 (Windows NT 10.0; Win64; x64) AppleWebKit/537.36 (KHTML, like Gecko) Chrome/151.0.0.0 Safari/537.36"
144.230.147.249 - - [04/Sep/2026:07:02:24 -0500] "GET /wp-content/plugins/brizy/public/editor-build/prod/editor/icons/editor/close-popup.svg HTTP/1.1" 200 222 "https://newbiomuseo.desarrollo.itsangee.com/" "Mozilla/5.0 (Windows NT 10.0; Win64; x64) AppleWebKit/537.36 (KHTML, like Gecko) Chrome/151.0.0.0 Safari/537.36"
144.230.147.249 - - [04/Sep/2026:07:02:24 -0500] "GET /wp-content/plugins/brizy/public/editor-build/prod/editor/icons/glyph/time-3.svg HTTP/1.1" 200 247 "https://newbiomuseo.desarrollo.itsangee.com/" "Mozilla/5.0 (Windows NT 10.0; Win64; x64) AppleWebKit/537.36 (KHTML, like Gecko) Chrome/151.0.0.0 Safari/537.36"
144.230.147.249 - - [04/Sep/2026:07:02:24 -0500] "GET /wp-content/plugins/brizy/public/editor-build/prod/editor/icons/glyph/ticket-75.svg HTTP/1.1" 200 366 "https://newbiomuseo.desarrollo.itsangee.com/" "Mozilla/5.0 (Windows NT 10.0; Win64; x64) AppleWebKit/537.36 (KHTML, like Gecko) Chrome/151.0.0.0 Safari/537.36"
144.230.147.249 - - [04/Sep/2026:07:02:24 -0500] "GET /wp-content/plugins/brizy/public/editor-build/prod/editor/icons/glyph/pin-3.svg HTTP/1.1" 200 314 "https://newbiomuseo.desarrollo.itsangee.com/" "Mozilla/5.0 (Windows NT 10.0; Win64; x64) AppleWebKit/537.36 (KHTML, like Gecko) Chrome/151.0.0.0 Safari/537.36"
144.230.147.249 - - [04/Sep/2026:07:02:25 -0500] "GET /wp-content/plugins/brizy-pro/public/editor-build/prod/js/preview.pro.844.ad870115.js HTTP/1.1" 200 8677 "https://newbiomuseo.desarrollo.itsangee.com/" "Mozilla/5.0 (Windows NT 10.0; Win64; x64) AppleWebKit/537.36 (KHTML, like Gecko) Chrome/151.0.0.0 Safari/537.36"
144.230.147.249 - - [04/Sep/2026:07:02:25 -0500] "GET /wp-content/plugins/brizy/public/editor-build/prod/editor/js/preview.326.857bedb2.js HTTP/1.1" 200 61914 "https://newbiomuseo.desarrollo.itsangee.com/" "Mozilla/5.0 (Windows NT 10.0; Win64; x64) AppleWebKit/537.36 (KHTML, like Gecko) Chrome/151.0.0.0 Safari/537.36"
144.230.147.249 - - [04/Sep/2026:07:02:26 -0500] "GET /wp-content/plugins/brizy/public/editor-build/prod/editor/js/preview.455.90346628.js HTTP/1.1" 200 74517 "https://newbiomuseo.desarrollo.itsangee.com/" "Mozilla/5.0 (Windows NT 10.0; Win64; x64) AppleWebKit/537.36 (KHTML, like Gecko) Chrome/151.0.0.0 Safari/537.36"
144.230.147.249 - - [04/Sep/2026:07:02:26 -0500] "GET /wp-content/plugins/brizy/public/editor-build/prod/editor/css/group-1_2.min.css?ver=371-wp HTTP/1.1" 200 33065 "https://newbiomuseo.desarrollo.itsangee.com/" "Mozilla/5.0 (Windows NT 10.0; Win64; x64) AppleWebKit/537.36 (KHTML, like Gecko) Chrome/151.0.0.0 Safari/537.36"
144.230.147.249 - - [04/Sep/2026:07:02:26 -0500] "GET /wp-content/plugins/brizy-pro/public/editor-build/prod/css/main.base.pro.min.css?ver=244-wp HTTP/1.1" 200 36973 "https://newbiomuseo.desarrollo.itsangee.com/" "Mozilla/5.0 (Windows NT 10.0; Win64; x64) AppleWebKit/537.36 (KHTML, like Gecko) Chrome/151.0.0.0 Safari/537.36"
144.230.147.249 - - [04/Sep/2026:07:02:29 -0500] "GET /wp-content/uploads/2024/10/Banners-web-Panama-es-el-Museo.webp HTTP/1.1" 200 37104 "https://newbiomuseo.desarrollo.itsangee.com/" "Mozilla/5.0 (Windows NT 10.0; Win64; x64) AppleWebKit/537.36 (KHTML, like Gecko) Chrome/151.0.0.0 Safari/537.36"
144.230.147.249 - - [04/Sep/2026:07:02:29 -0500] "GET /wp-content/uploads/2024/09/Exhibiciones.webp HTTP/1.1" 200 339480 "https://newbiomuseo.desarrollo.itsangee.com/" "Mozilla/5.0 (Windows NT 10.0; Win64; x64) AppleWebKit/537.36 (KHTML, like Gecko) Chrome/151.0.0.0 Safari/537.36"
66.249.70.6 - - [04/Sep/2026:07:02:29 -0500] "GET /?pid=2591837696 HTTP/1.1" 200 282546 "-" "Mozilla/5.0 (Linux; Android 6.0.1; Nexus 5X Build/MMB29P) AppleWebKit/537.36 (KHTML, like Gecko) Chrome/151.0.7922.173 Mobile Safari/537.36 (compatible; Googlebot/2.1; +http://www.google.com/bot.html)"
144.230.147.249 - - [04/Sep/2026:07:02:32 -0500] "GET /wp-content/uploads/2024/09/favicon-32x32-2.png HTTP/1.1" 200 1222 "https://newbiomuseo.desarrollo.itsangee.com/" "Mozilla/5.0 (Windows NT 10.0; Win64; x64) AppleWebKit/537.36 (KHTML, like Gecko) Chrome/151.0.0.0 Safari/537.36"
144.230.147.249 - - [04/Sep/2026:07:02:35 -0500] "GET / HTTP/1.1" 200 282569 "-" "Mozilla/5.0 (Windows NT 10.0; Win64; x64) AppleWebKit/537.36 (KHTML, like Gecko) Chrome/151.0.0.0 Safari/537.36"
