HEX
Server: Apache/2.4.57 (Unix) OpenSSL/1.0.2k-fips
System: Linux panel19.servidoresrapidos.net 3.10.0-1160.el7.x86_64 #1 SMP Mon Oct 19 16:18:59 UTC 2020 x86_64
User: pastorfi (1081)
PHP: 8.1.34
Disabled: NONE
Upload Files
File: //usr/local/apache/domlogs/newbiomuseo.desarrollo.itsangee.com.log
52.167.144.195 - - [01/Sep/2026:03:06:39 -0500] "GET /?pid=1995769728 HTTP/1.1" 200 282546 "-" "Mozilla/5.0 AppleWebKit/537.36 (KHTML, like Gecko; compatible; bingbot/2.0; +http://www.bing.com/bingbot.htm) Chrome/116.0.1938.76 Safari/537.36"
40.77.167.1 - - [01/Sep/2026:03:12:00 -0500] "GET /?pid=355754289 HTTP/1.1" 200 282542 "-" "Mozilla/5.0 AppleWebKit/537.36 (KHTML, like Gecko; compatible; bingbot/2.0; +http://www.bing.com/bingbot.htm) Chrome/116.0.1938.76 Safari/537.36"
40.77.167.1 - - [01/Sep/2026:03:12:02 -0500] "GET /?pid=2595462494 HTTP/1.1" 200 282546 "-" "Mozilla/5.0 AppleWebKit/537.36 (KHTML, like Gecko; compatible; bingbot/2.0; +http://www.bing.com/bingbot.htm) Chrome/116.0.1938.76 Safari/537.36"
40.77.167.1 - - [01/Sep/2026:03:12:05 -0500] "GET /?pid=3965482301 HTTP/1.1" 200 282477 "-" "Mozilla/5.0 AppleWebKit/537.36 (KHTML, like Gecko; compatible; bingbot/2.0; +http://www.bing.com/bingbot.htm) Chrome/116.0.1938.76 Safari/537.36"
114.119.153.97 - - [01/Sep/2026:03:13:58 -0500] "GET /wp-content/uploads/2024/10/44-2.webp HTTP/1.1" 200 63464 "https://newbiomuseo.desarrollo.itsangee.com/?page_id=2886" "Mozilla/5.0 (Linux; Android 7.0;) AppleWebKit/537.36 (HTML, like Gecko) Mobile Safari/537.36 (compatible; PetalBot;+https://webmaster.petalsearch.com/site/petalbot)"
52.167.144.20 - - [01/Sep/2026:03:16:35 -0500] "GET /?pid=651341223 HTTP/1.1" 200 282542 "-" "Mozilla/5.0 AppleWebKit/537.36 (KHTML, like Gecko; compatible; bingbot/2.0; +http://www.bing.com/bingbot.htm) Chrome/116.0.1938.76 Safari/537.36"
52.167.144.229 - - [01/Sep/2026:03:20:00 -0500] "GET /?pid=1063180526 HTTP/1.1" 200 282546 "-" "Mozilla/5.0 AppleWebKit/537.36 (KHTML, like Gecko; compatible; bingbot/2.0; +http://www.bing.com/bingbot.htm) Chrome/116.0.1938.76 Safari/537.36"
40.77.167.126 - - [01/Sep/2026:03:24:05 -0500] "GET /?pid=1215412668 HTTP/1.1" 200 282546 "-" "Mozilla/5.0 AppleWebKit/537.36 (KHTML, like Gecko; compatible; bingbot/2.0; +http://www.bing.com/bingbot.htm) Chrome/116.0.1938.76 Safari/537.36"
52.167.144.167 - - [01/Sep/2026:03:26:31 -0500] "GET /?pid=523904551 HTTP/1.1" 200 282542 "-" "Mozilla/5.0 AppleWebKit/537.36 (KHTML, like Gecko; compatible; bingbot/2.0; +http://www.bing.com/bingbot.htm) Chrome/116.0.1938.76 Safari/537.36"
52.167.144.167 - - [01/Sep/2026:03:28:11 -0500] "GET /?pid=50016071 HTTP/1.1" 200 282538 "-" "Mozilla/5.0 AppleWebKit/537.36 (KHTML, like Gecko; compatible; bingbot/2.0; +http://www.bing.com/bingbot.htm) Chrome/116.0.1938.76 Safari/537.36"
114.119.133.1 - - [01/Sep/2026:03:32:03 -0500] "GET /wp-content/uploads/2024/10/42-2.webp HTTP/1.1" 200 87782 "https://newbiomuseo.desarrollo.itsangee.com/?page_id=2886" "Mozilla/5.0 (Linux; Android 7.0;) AppleWebKit/537.36 (HTML, like Gecko) Mobile Safari/537.36 (compatible; PetalBot;+https://webmaster.petalsearch.com/site/petalbot)"
51.89.38.135 - - [01/Sep/2026:03:32:15 -0500] "GET /sitemap.xml HTTP/1.1" 301 - "-" "Mozilla/5.0 (compatible; AhrefsBot/7.0; +http://ahrefs.com/robot/)"
51.89.38.135 - - [01/Sep/2026:03:32:17 -0500] "GET /sitemap.xml/ HTTP/1.1" 200 282528 "-" "Mozilla/5.0 (compatible; AhrefsBot/7.0; +http://ahrefs.com/robot/)"
52.167.144.213 - - [01/Sep/2026:03:32:17 -0500] "GET /?pid=4009113385 HTTP/1.1" 200 282546 "-" "Mozilla/5.0 AppleWebKit/537.36 (KHTML, like Gecko; compatible; bingbot/2.0; +http://www.bing.com/bingbot.htm) Chrome/116.0.1938.76 Safari/537.36"
52.167.144.213 - - [01/Sep/2026:03:32:19 -0500] "GET /?pid=3284978452 HTTP/1.1" 200 282546 "-" "Mozilla/5.0 AppleWebKit/537.36 (KHTML, like Gecko; compatible; bingbot/2.0; +http://www.bing.com/bingbot.htm) Chrome/116.0.1938.76 Safari/537.36"
40.77.167.42 - - [01/Sep/2026:03:36:32 -0500] "GET /?pid=4017055359 HTTP/1.1" 200 282477 "-" "Mozilla/5.0 AppleWebKit/537.36 (KHTML, like Gecko; compatible; bingbot/2.0; +http://www.bing.com/bingbot.htm) Chrome/116.0.1938.76 Safari/537.36"
52.167.144.213 - - [01/Sep/2026:03:36:38 -0500] "GET /?pid=1134458518 HTTP/1.1" 200 282477 "-" "Mozilla/5.0 AppleWebKit/537.36 (KHTML, like Gecko; compatible; bingbot/2.0; +http://www.bing.com/bingbot.htm) Chrome/116.0.1938.76 Safari/537.36"
52.167.144.213 - - [01/Sep/2026:03:37:48 -0500] "GET /?pid=55927171 HTTP/1.1" 200 282538 "-" "Mozilla/5.0 AppleWebKit/537.36 (KHTML, like Gecko; compatible; bingbot/2.0; +http://www.bing.com/bingbot.htm) Chrome/116.0.1938.76 Safari/537.36"
40.77.167.42 - - [01/Sep/2026:03:37:52 -0500] "GET /?pid=337500507 HTTP/1.1" 200 282542 "-" "Mozilla/5.0 AppleWebKit/537.36 (KHTML, like Gecko; compatible; bingbot/2.0; +http://www.bing.com/bingbot.htm) Chrome/116.0.1938.76 Safari/537.36"
40.77.167.255 - - [01/Sep/2026:03:37:52 -0500] "GET /?pid=2550011275 HTTP/1.1" 200 282546 "-" "Mozilla/5.0 AppleWebKit/537.36 (KHTML, like Gecko; compatible; bingbot/2.0; +http://www.bing.com/bingbot.htm) Chrome/116.0.1938.76 Safari/537.36"
40.77.167.255 - - [01/Sep/2026:03:37:55 -0500] "GET /?pid=2008376441 HTTP/1.1" 200 282546 "-" "Mozilla/5.0 AppleWebKit/537.36 (KHTML, like Gecko; compatible; bingbot/2.0; +http://www.bing.com/bingbot.htm) Chrome/116.0.1938.76 Safari/537.36"
40.77.167.5 - - [01/Sep/2026:03:45:08 -0500] "GET /?pid=195888968 HTTP/1.1" 200 282542 "-" "Mozilla/5.0 AppleWebKit/537.36 (KHTML, like Gecko; compatible; bingbot/2.0; +http://www.bing.com/bingbot.htm) Chrome/116.0.1938.76 Safari/537.36"
52.167.144.170 - - [01/Sep/2026:03:45:12 -0500] "GET /?pid=3526178108 HTTP/1.1" 200 282546 "-" "Mozilla/5.0 AppleWebKit/537.36 (KHTML, like Gecko; compatible; bingbot/2.0; +http://www.bing.com/bingbot.htm) Chrome/116.0.1938.76 Safari/537.36"
52.167.144.198 - - [01/Sep/2026:03:45:12 -0500] "GET /?pid=2656543478 HTTP/1.1" 200 282477 "-" "Mozilla/5.0 AppleWebKit/537.36 (KHTML, like Gecko; compatible; bingbot/2.0; +http://www.bing.com/bingbot.htm) Chrome/116.0.1938.76 Safari/537.36"
40.77.167.28 - - [01/Sep/2026:03:54:12 -0500] "GET /?pid=836544786 HTTP/1.1" 200 282542 "-" "Mozilla/5.0 AppleWebKit/537.36 (KHTML, like Gecko; compatible; bingbot/2.0; +http://www.bing.com/bingbot.htm) Chrome/116.0.1938.76 Safari/537.36"
40.77.167.28 - - [01/Sep/2026:03:54:14 -0500] "GET /?pid=1138341310 HTTP/1.1" 200 282546 "-" "Mozilla/5.0 AppleWebKit/537.36 (KHTML, like Gecko; compatible; bingbot/2.0; +http://www.bing.com/bingbot.htm) Chrome/116.0.1938.76 Safari/537.36"
40.77.167.77 - - [01/Sep/2026:04:02:15 -0500] "GET /?pid=2807206749 HTTP/1.1" 200 282546 "-" "Mozilla/5.0 AppleWebKit/537.36 (KHTML, like Gecko; compatible; bingbot/2.0; +http://www.bing.com/bingbot.htm) Chrome/116.0.1938.76 Safari/537.36"
40.77.167.77 - - [01/Sep/2026:04:02:17 -0500] "GET /?pid=3793569706 HTTP/1.1" 200 282546 "-" "Mozilla/5.0 AppleWebKit/537.36 (KHTML, like Gecko; compatible; bingbot/2.0; +http://www.bing.com/bingbot.htm) Chrome/116.0.1938.76 Safari/537.36"
40.77.167.152 - - [01/Sep/2026:04:07:54 -0500] "GET /?pid=3838160561 HTTP/1.1" 200 282546 "-" "Mozilla/5.0 AppleWebKit/537.36 (KHTML, like Gecko; compatible; bingbot/2.0; +http://www.bing.com/bingbot.htm) Chrome/116.0.1938.76 Safari/537.36"
114.119.133.1 - - [01/Sep/2026:04:08:22 -0500] "GET /wp-content/uploads/2024/10/34-2.webp HTTP/1.1" 200 103982 "https://newbiomuseo.desarrollo.itsangee.com/?page_id=2886" "Mozilla/5.0 (Linux; Android 7.0;) AppleWebKit/537.36 (HTML, like Gecko) Mobile Safari/537.36 (compatible; PetalBot;+https://webmaster.petalsearch.com/site/petalbot)"
52.167.144.185 - - [01/Sep/2026:04:12:02 -0500] "GET /?pid=3374036877 HTTP/1.1" 200 282546 "-" "Mozilla/5.0 AppleWebKit/537.36 (KHTML, like Gecko; compatible; bingbot/2.0; +http://www.bing.com/bingbot.htm) Chrome/116.0.1938.76 Safari/537.36"
40.77.167.152 - - [01/Sep/2026:04:13:25 -0500] "GET /?pid=4046288062 HTTP/1.1" 200 282546 "-" "Mozilla/5.0 AppleWebKit/537.36 (KHTML, like Gecko; compatible; bingbot/2.0; +http://www.bing.com/bingbot.htm) Chrome/116.0.1938.76 Safari/537.36"
52.167.144.147 - - [01/Sep/2026:04:17:55 -0500] "GET /?pid=3364412171 HTTP/1.1" 200 282546 "-" "Mozilla/5.0 AppleWebKit/537.36 (KHTML, like Gecko; compatible; bingbot/2.0; +http://www.bing.com/bingbot.htm) Chrome/116.0.1938.76 Safari/537.36"
52.167.144.147 - - [01/Sep/2026:04:17:57 -0500] "GET /?pid=3136974283 HTTP/1.1" 200 282546 "-" "Mozilla/5.0 AppleWebKit/537.36 (KHTML, like Gecko; compatible; bingbot/2.0; +http://www.bing.com/bingbot.htm) Chrome/116.0.1938.76 Safari/537.36"
40.77.167.74 - - [01/Sep/2026:04:18:00 -0500] "GET /?pid=2032649707 HTTP/1.1" 200 282546 "-" "Mozilla/5.0 AppleWebKit/537.36 (KHTML, like Gecko; compatible; bingbot/2.0; +http://www.bing.com/bingbot.htm) Chrome/116.0.1938.76 Safari/537.36"
52.167.144.211 - - [01/Sep/2026:04:23:47 -0500] "GET /?pid=3075810066 HTTP/1.1" 200 282546 "-" "Mozilla/5.0 AppleWebKit/537.36 (KHTML, like Gecko; compatible; bingbot/2.0; +http://www.bing.com/bingbot.htm) Chrome/116.0.1938.76 Safari/537.36"
52.167.144.165 - - [01/Sep/2026:04:31:48 -0500] "GET /?pid=2743353036 HTTP/1.1" 200 282546 "-" "Mozilla/5.0 AppleWebKit/537.36 (KHTML, like Gecko; compatible; bingbot/2.0; +http://www.bing.com/bingbot.htm) Chrome/116.0.1938.76 Safari/537.36"
40.77.167.155 - - [01/Sep/2026:04:39:43 -0500] "GET /?pid=1824781012 HTTP/1.1" 200 282546 "-" "Mozilla/5.0 AppleWebKit/537.36 (KHTML, like Gecko; compatible; bingbot/2.0; +http://www.bing.com/bingbot.htm) Chrome/116.0.1938.76 Safari/537.36"
40.77.167.155 - - [01/Sep/2026:04:39:45 -0500] "GET /?pid=3772139288 HTTP/1.1" 200 282546 "-" "Mozilla/5.0 AppleWebKit/537.36 (KHTML, like Gecko; compatible; bingbot/2.0; +http://www.bing.com/bingbot.htm) Chrome/116.0.1938.76 Safari/537.36"
52.167.144.230 - - [01/Sep/2026:04:39:48 -0500] "GET /?pid=2335100562 HTTP/1.1" 200 282546 "-" "Mozilla/5.0 AppleWebKit/537.36 (KHTML, like Gecko; compatible; bingbot/2.0; +http://www.bing.com/bingbot.htm) Chrome/116.0.1938.76 Safari/537.36"
132.243.161.99 - - [01/Sep/2026:04:39:49 -0500] "GET /membresias/ HTTP/1.0" 200 282530 "https://newbiomuseo.desarrollo.itsangee.com/membresias/" "Mozilla/5.0 (Windows NT 10.0; Win64; x64) AppleWebKit/537.36 (KHTML, like Gecko) Chrome/131.0.0.0 Safari/537.36 Avast/131.0.0.0"
40.77.167.77 - - [01/Sep/2026:04:39:52 -0500] "GET /?pid=2736710339 HTTP/1.1" 200 282546 "-" "Mozilla/5.0 AppleWebKit/537.36 (KHTML, like Gecko; compatible; bingbot/2.0; +http://www.bing.com/bingbot.htm) Chrome/116.0.1938.76 Safari/537.36"
132.243.161.99 - - [01/Sep/2026:04:39:54 -0500] "GET /?page_id=2697 HTTP/1.0" 200 240941 "https://newbiomuseo.desarrollo.itsangee.com/?page_id=2697" "Mozilla/5.0 (Windows NT 10.0; Win64; x64) AppleWebKit/537.36 (KHTML, like Gecko) Chrome/131.0.0.0 Safari/537.36 Avast/131.0.0.0"
40.77.167.77 - - [01/Sep/2026:04:39:56 -0500] "GET /?pid=3293548895 HTTP/1.1" 200 282546 "-" "Mozilla/5.0 AppleWebKit/537.36 (KHTML, like Gecko; compatible; bingbot/2.0; +http://www.bing.com/bingbot.htm) Chrome/116.0.1938.76 Safari/537.36"
40.77.167.77 - - [01/Sep/2026:04:39:58 -0500] "GET /?pid=1724542830 HTTP/1.1" 200 282546 "-" "Mozilla/5.0 AppleWebKit/537.36 (KHTML, like Gecko; compatible; bingbot/2.0; +http://www.bing.com/bingbot.htm) Chrome/116.0.1938.76 Safari/537.36"
57.141.20.28 - - [01/Sep/2026:04:40:20 -0500] "GET /xmlrpc.php?rsd HTTP/1.1" 403 199 "-" "Mozilla/5.0 (Macintosh; Intel Mac OS X 10_15_7) AppleWebKit/537.36 (KHTML, like Gecko) Chrome/145.0.0.0 Safari/537.36 (compatible; meta-externalagent/1.1 (+https://developers.facebook.com/docs/sharing/webmasters/crawler))"
40.77.167.77 - - [01/Sep/2026:04:40:59 -0500] "GET /?pid=4162600027 HTTP/1.1" 200 282477 "-" "Mozilla/5.0 AppleWebKit/537.36 (KHTML, like Gecko; compatible; bingbot/2.0; +http://www.bing.com/bingbot.htm) Chrome/116.0.1938.76 Safari/537.36"
52.167.144.230 - - [01/Sep/2026:04:41:08 -0500] "GET /?pid=2771455562 HTTP/1.1" 200 282546 "-" "Mozilla/5.0 AppleWebKit/537.36 (KHTML, like Gecko; compatible; bingbot/2.0; +http://www.bing.com/bingbot.htm) Chrome/116.0.1938.76 Safari/537.36"
216.73.216.232 - - [01/Sep/2026:04:41:32 -0500] "GET /robots.txt HTTP/1.1" 200 101 "-" "Mozilla/5.0 AppleWebKit/537.36 (KHTML, like Gecko; compatible; ClaudeBot/1.0; +claudebot@anthropic.com)"
216.73.216.232 - - [01/Sep/2026:04:41:32 -0500] "GET /sitemap.xml HTTP/1.1" 301 - "-" "Mozilla/5.0 AppleWebKit/537.36 (KHTML, like Gecko; compatible; ClaudeBot/1.0; +claudebot@anthropic.com)"
216.73.216.232 - - [01/Sep/2026:04:41:33 -0500] "GET /sitemap.xml/ HTTP/1.1" 200 282528 "https://newbiomuseo.desarrollo.itsangee.com/sitemap.xml" "Mozilla/5.0 AppleWebKit/537.36 (KHTML, like Gecko; compatible; ClaudeBot/1.0; +claudebot@anthropic.com)"
52.167.144.237 - - [01/Sep/2026:04:44:40 -0500] "GET /?pid=2864340427 HTTP/1.1" 200 282546 "-" "Mozilla/5.0 AppleWebKit/537.36 (KHTML, like Gecko; compatible; bingbot/2.0; +http://www.bing.com/bingbot.htm) Chrome/116.0.1938.76 Safari/537.36"
40.77.167.155 - - [01/Sep/2026:04:44:46 -0500] "GET /?pid=1469191997 HTTP/1.1" 200 282546 "-" "Mozilla/5.0 AppleWebKit/537.36 (KHTML, like Gecko; compatible; bingbot/2.0; +http://www.bing.com/bingbot.htm) Chrome/116.0.1938.76 Safari/537.36"
40.77.167.155 - - [01/Sep/2026:04:44:48 -0500] "GET /?pid=4090220741 HTTP/1.1" 200 282546 "-" "Mozilla/5.0 AppleWebKit/537.36 (KHTML, like Gecko; compatible; bingbot/2.0; +http://www.bing.com/bingbot.htm) Chrome/116.0.1938.76 Safari/537.36"
52.167.144.237 - - [01/Sep/2026:04:44:51 -0500] "GET /?pid=3594427074 HTTP/1.1" 200 282546 "-" "Mozilla/5.0 AppleWebKit/537.36 (KHTML, like Gecko; compatible; bingbot/2.0; +http://www.bing.com/bingbot.htm) Chrome/116.0.1938.76 Safari/537.36"
40.77.167.155 - - [01/Sep/2026:04:45:52 -0500] "GET /en/amador-ayer-y-hoy/ HTTP/1.1" 200 285190 "-" "Mozilla/5.0 AppleWebKit/537.36 (KHTML, like Gecko; compatible; bingbot/2.0; +http://www.bing.com/bingbot.htm) Chrome/116.0.1938.76 Safari/537.36"
67.205.0.102 - - [01/Sep/2026:04:47:05 -0500] "GET /rss/ HTTP/1.1" 200 282502 "-" "Mozilla/5.0 (Windows NT 10.0; Win64; x64) AppleWebKit/537.36 (KHTML, like Gecko) Chrome/151.0.0.0 Safari/537.36, Mozilla/5.0 (Macintosh; Intel Mac OS X 10_15_7) AppleWebKit/537.36 (KHTML, like Gecko) Chrome/151.0.0.0 Safari/537.36"
67.205.0.102 - - [01/Sep/2026:04:47:15 -0500] "GET /author-sitemap.xml HTTP/1.1" 301 - "-" "Mozilla/5.0 (Windows NT 10.0; Win64; x64) AppleWebKit/537.36 (KHTML, like Gecko) Chrome/151.0.0.0 Safari/537.36, Mozilla/5.0 (Windows NT 10.0; Win64; x64) AppleWebKit/537.36 (KHTML, like Gecko) Chrome/151.0.0.0 Safari/537.36"
67.205.0.102 - - [01/Sep/2026:04:47:19 -0500] "GET /author-sitemap.xml/ HTTP/1.1" 200 282556 "-" "Mozilla/5.0 (Windows NT 10.0; Win64; x64) AppleWebKit/537.36 (KHTML, like Gecko) Chrome/151.0.0.0 Safari/537.36, Mozilla/5.0 (Windows NT 10.0; Win64; x64) AppleWebKit/537.36 (KHTML, like Gecko) Chrome/151.0.0.0 Safari/537.36"
213.32.77.104 - - [01/Sep/2026:04:47:26 -0500] "POST /graphql HTTP/1.1" 200 282516 "-" "Mozilla/5.0 (Windows NT 10.0; Win64; x64) AppleWebKit/537.36 (KHTML, like Gecko) Chrome/151.0.0.0 Safari/537.36, Mozilla/5.0 (Windows NT 10.0; Win64; x64) AppleWebKit/537.36 (KHTML, like Gecko) Chrome/151.0.0.0 Safari/537.36"
66.116.251.167 - - [01/Sep/2026:04:47:34 -0500] "GET /?rest_route=/wp/v2/users&_jsonp=callback&per_page=100&_fields=id,slug HTTP/1.1" 200 65 "-" "Mozilla/5.0 (Windows NT 10.0; Win64; x64) AppleWebKit/537.36 (KHTML, like Gecko) Chrome/151.0.0.0 Safari/537.36, Mozilla/5.0 (Windows NT 10.0; Win64; x64) AppleWebKit/537.36 (KHTML, like Gecko) Chrome/151.0.0.0 Safari/537.36"
52.167.144.167 - - [01/Sep/2026:04:47:49 -0500] "GET /?pid=266273535 HTTP/1.1" 200 282542 "-" "Mozilla/5.0 AppleWebKit/537.36 (KHTML, like Gecko; compatible; bingbot/2.0; +http://www.bing.com/bingbot.htm) Chrome/116.0.1938.76 Safari/537.36"
52.167.144.165 - - [01/Sep/2026:04:51:15 -0500] "GET /?pid=3808785623 HTTP/1.1" 200 282546 "-" "Mozilla/5.0 AppleWebKit/537.36 (KHTML, like Gecko; compatible; bingbot/2.0; +http://www.bing.com/bingbot.htm) Chrome/116.0.1938.76 Safari/537.36"
52.167.144.167 - - [01/Sep/2026:04:52:39 -0500] "GET /?pid=356380460 HTTP/1.1" 200 282542 "-" "Mozilla/5.0 AppleWebKit/537.36 (KHTML, like Gecko; compatible; bingbot/2.0; +http://www.bing.com/bingbot.htm) Chrome/116.0.1938.76 Safari/537.36"
52.167.144.141 - - [01/Sep/2026:04:56:10 -0500] "GET /?pid=3580053199 HTTP/1.1" 200 282546 "-" "Mozilla/5.0 AppleWebKit/537.36 (KHTML, like Gecko; compatible; bingbot/2.0; +http://www.bing.com/bingbot.htm) Chrome/116.0.1938.76 Safari/537.36"
52.167.144.141 - - [01/Sep/2026:04:56:12 -0500] "GET /?pid=2316384116 HTTP/1.1" 200 282546 "-" "Mozilla/5.0 AppleWebKit/537.36 (KHTML, like Gecko; compatible; bingbot/2.0; +http://www.bing.com/bingbot.htm) Chrome/116.0.1938.76 Safari/537.36"
52.167.144.141 - - [01/Sep/2026:04:56:16 -0500] "GET /?pid=2170592152 HTTP/1.1" 200 282477 "-" "Mozilla/5.0 AppleWebKit/537.36 (KHTML, like Gecko; compatible; bingbot/2.0; +http://www.bing.com/bingbot.htm) Chrome/116.0.1938.76 Safari/537.36"
52.167.144.167 - - [01/Sep/2026:04:56:19 -0500] "GET /?pid=2302937965 HTTP/1.1" 200 282546 "-" "Mozilla/5.0 AppleWebKit/537.36 (KHTML, like Gecko; compatible; bingbot/2.0; +http://www.bing.com/bingbot.htm) Chrome/116.0.1938.76 Safari/537.36"
52.167.144.165 - - [01/Sep/2026:04:58:23 -0500] "GET /wp-includes/js/jquery/jquery.min.js?ver=3.7.1 HTTP/1.1" 200 87553 "https://newbiomuseo.desarrollo.itsangee.com/en/amador-ayer-y-hoy/" "Mozilla/5.0 AppleWebKit/537.36 (KHTML, like Gecko; compatible; bingbot/2.0; +http://www.bing.com/bingbot.htm) Chrome/136.0.0.0 Safari/537.36 AppleWebKit/537.36 (KHTML, like Gecko; compatible; bingbot/2.0; +http://www.bing.com/bingbot.htm) Chrome/116.0.1938.76 Safari/537.36"
52.167.144.165 - - [01/Sep/2026:04:58:25 -0500] "GET /wp-content/plugins/brizy/public/editor-build/prod/editor/css/main.base.min.css?ver=371-wp HTTP/1.1" 200 129584 "https://newbiomuseo.desarrollo.itsangee.com/en/amador-ayer-y-hoy/" "Mozilla/5.0 AppleWebKit/537.36 (KHTML, like Gecko; compatible; bingbot/2.0; +http://www.bing.com/bingbot.htm) Chrome/136.0.0.0 Safari/537.36 AppleWebKit/537.36 (KHTML, like Gecko; compatible; bingbot/2.0; +http://www.bing.com/bingbot.htm) Chrome/116.0.1938.76 Safari/537.36"
52.167.144.165 - - [01/Sep/2026:04:58:28 -0500] "GET /wp-content/plugins/instagram-feed/assets/tokens/sb-tokens-local.css?ver=6.12.0 HTTP/1.1" 200 2739 "https://newbiomuseo.desarrollo.itsangee.com/en/amador-ayer-y-hoy/" "Mozilla/5.0 AppleWebKit/537.36 (KHTML, like Gecko; compatible; bingbot/2.0; +http://www.bing.com/bingbot.htm) Chrome/136.0.0.0 Safari/537.36 AppleWebKit/537.36 (KHTML, like Gecko; compatible; bingbot/2.0; +http://www.bing.com/bingbot.htm) Chrome/116.0.1938.76 Safari/537.36"
52.167.144.165 - - [01/Sep/2026:04:58:31 -0500] "GET /wp-content/plugins/photoblocks-grid-gallery/public/js/photoblocks.public.js?ver=1.3.4 HTTP/1.1" 200 16703 "https://newbiomuseo.desarrollo.itsangee.com/en/amador-ayer-y-hoy/" "Mozilla/5.0 AppleWebKit/537.36 (KHTML, like Gecko; compatible; bingbot/2.0; +http://www.bing.com/bingbot.htm) Chrome/136.0.0.0 Safari/537.36 AppleWebKit/537.36 (KHTML, like Gecko; compatible; bingbot/2.0; +http://www.bing.com/bingbot.htm) Chrome/116.0.1938.76 Safari/537.36"
52.167.144.210 - - [01/Sep/2026:04:58:34 -0500] "GET /wp-content/themes/blocksy/static/bundle/brizy.min.css?ver=2.1.53 HTTP/1.1" 200 1425 "https://newbiomuseo.desarrollo.itsangee.com/en/amador-ayer-y-hoy/" "Mozilla/5.0 AppleWebKit/537.36 (KHTML, like Gecko; compatible; bingbot/2.0; +http://www.bing.com/bingbot.htm) Chrome/136.0.0.0 Safari/537.36 AppleWebKit/537.36 (KHTML, like Gecko; compatible; bingbot/2.0; +http://www.bing.com/bingbot.htm) Chrome/116.0.1938.76 Safari/537.36"
52.167.144.210 - - [01/Sep/2026:04:58:37 -0500] "GET /wp-content/themes/blocksy/static/bundle/main.js?ver=2.1.53 HTTP/1.1" 200 29751 "https://newbiomuseo.desarrollo.itsangee.com/en/amador-ayer-y-hoy/" "Mozilla/5.0 AppleWebKit/537.36 (KHTML, like Gecko; compatible; bingbot/2.0; +http://www.bing.com/bingbot.htm) Chrome/136.0.0.0 Safari/537.36 AppleWebKit/537.36 (KHTML, like Gecko; compatible; bingbot/2.0; +http://www.bing.com/bingbot.htm) Chrome/116.0.1938.76 Safari/537.36"
52.167.144.210 - - [01/Sep/2026:04:58:40 -0500] "GET /wp-content/plugins/instagram-feed/js/sbi-scripts.min.js?ver=6.12.0 HTTP/1.1" 200 24803 "https://newbiomuseo.desarrollo.itsangee.com/en/amador-ayer-y-hoy/" "Mozilla/5.0 AppleWebKit/537.36 (KHTML, like Gecko; compatible; bingbot/2.0; +http://www.bing.com/bingbot.htm) Chrome/136.0.0.0 Safari/537.36 AppleWebKit/537.36 (KHTML, like Gecko; compatible; bingbot/2.0; +http://www.bing.com/bingbot.htm) Chrome/116.0.1938.76 Safari/537.36"
52.167.144.210 - - [01/Sep/2026:04:58:44 -0500] "GET /wp-content/plugins/brizy/public/editor-build/prod/editor/js/preview.min.js?ver=371-wp HTTP/1.1" 200 8234 "https://newbiomuseo.desarrollo.itsangee.com/en/amador-ayer-y-hoy/" "Mozilla/5.0 AppleWebKit/537.36 (KHTML, like Gecko; compatible; bingbot/2.0; +http://www.bing.com/bingbot.htm) Chrome/136.0.0.0 Safari/537.36 AppleWebKit/537.36 (KHTML, like Gecko; compatible; bingbot/2.0; +http://www.bing.com/bingbot.htm) Chrome/116.0.1938.76 Safari/537.36"
52.167.144.210 - - [01/Sep/2026:04:58:46 -0500] "GET /wp-content/plugins/brizy-pro/public/editor-build/prod/css/main.base.pro.min.css?ver=244-wp HTTP/1.1" 200 36973 "https://newbiomuseo.desarrollo.itsangee.com/en/amador-ayer-y-hoy/" "Mozilla/5.0 AppleWebKit/537.36 (KHTML, like Gecko; compatible; bingbot/2.0; +http://www.bing.com/bingbot.htm) Chrome/136.0.0.0 Safari/537.36 AppleWebKit/537.36 (KHTML, like Gecko; compatible; bingbot/2.0; +http://www.bing.com/bingbot.htm) Chrome/116.0.1938.76 Safari/537.36"
52.167.144.210 - - [01/Sep/2026:04:58:49 -0500] "GET /wp-content/plugins/brizy-pro/public/editor-build/prod/js/preview.pro.min.js?ver=244-wp HTTP/1.1" 200 6373 "https://newbiomuseo.desarrollo.itsangee.com/en/amador-ayer-y-hoy/" "Mozilla/5.0 AppleWebKit/537.36 (KHTML, like Gecko; compatible; bingbot/2.0; +http://www.bing.com/bingbot.htm) Chrome/136.0.0.0 Safari/537.36 AppleWebKit/537.36 (KHTML, like Gecko; compatible; bingbot/2.0; +http://www.bing.com/bingbot.htm) Chrome/116.0.1938.76 Safari/537.36"
52.167.144.141 - - [01/Sep/2026:04:58:52 -0500] "GET /wp-content/plugins/translatepress-multilingual/assets/css/trp-language-switcher.css?ver=3.3.2 HTTP/1.1" 200 2944 "https://newbiomuseo.desarrollo.itsangee.com/en/amador-ayer-y-hoy/" "Mozilla/5.0 AppleWebKit/537.36 (KHTML, like Gecko; compatible; bingbot/2.0; +http://www.bing.com/bingbot.htm) Chrome/136.0.0.0 Safari/537.36 AppleWebKit/537.36 (KHTML, like Gecko; compatible; bingbot/2.0; +http://www.bing.com/bingbot.htm) Chrome/116.0.1938.76 Safari/537.36"
52.167.144.141 - - [01/Sep/2026:04:58:55 -0500] "GET /wp-content/plugins/photoblocks-grid-gallery/public/css/photoblocks-public.css?ver=1.3.4 HTTP/1.1" 200 7531 "https://newbiomuseo.desarrollo.itsangee.com/en/amador-ayer-y-hoy/" "Mozilla/5.0 AppleWebKit/537.36 (KHTML, like Gecko; compatible; bingbot/2.0; +http://www.bing.com/bingbot.htm) Chrome/136.0.0.0 Safari/537.36 AppleWebKit/537.36 (KHTML, like Gecko; compatible; bingbot/2.0; +http://www.bing.com/bingbot.htm) Chrome/116.0.1938.76 Safari/537.36"
52.167.144.141 - - [01/Sep/2026:04:58:58 -0500] "GET /wp-content/themes/blocksy/static/bundle/main.min.css?ver=2.1.53 HTTP/1.1" 200 94349 "https://newbiomuseo.desarrollo.itsangee.com/en/amador-ayer-y-hoy/" "Mozilla/5.0 AppleWebKit/537.36 (KHTML, like Gecko; compatible; bingbot/2.0; +http://www.bing.com/bingbot.htm) Chrome/136.0.0.0 Safari/537.36 AppleWebKit/537.36 (KHTML, like Gecko; compatible; bingbot/2.0; +http://www.bing.com/bingbot.htm) Chrome/116.0.1938.76 Safari/537.36"
52.167.144.141 - - [01/Sep/2026:04:59:01 -0500] "GET /wp-content/plugins/instagram-feed/css/sbi-styles.min.css?ver=6.12.0 HTTP/1.1" 200 42223 "https://newbiomuseo.desarrollo.itsangee.com/en/amador-ayer-y-hoy/" "Mozilla/5.0 AppleWebKit/537.36 (KHTML, like Gecko; compatible; bingbot/2.0; +http://www.bing.com/bingbot.htm) Chrome/136.0.0.0 Safari/537.36 AppleWebKit/537.36 (KHTML, like Gecko; compatible; bingbot/2.0; +http://www.bing.com/bingbot.htm) Chrome/116.0.1938.76 Safari/537.36"
52.167.144.141 - - [01/Sep/2026:04:59:04 -0500] "GET /wp-includes/js/jquery/jquery-migrate.min.js?ver=3.4.1 HTTP/1.1" 200 13577 "https://newbiomuseo.desarrollo.itsangee.com/en/amador-ayer-y-hoy/" "Mozilla/5.0 AppleWebKit/537.36 (KHTML, like Gecko; compatible; bingbot/2.0; +http://www.bing.com/bingbot.htm) Chrome/136.0.0.0 Safari/537.36 AppleWebKit/537.36 (KHTML, like Gecko; compatible; bingbot/2.0; +http://www.bing.com/bingbot.htm) Chrome/116.0.1938.76 Safari/537.36"
52.167.144.141 - - [01/Sep/2026:04:59:07 -0500] "GET /wp-content/plugins/translatepress-multilingual/assets/js/trp-translate-dom-changes.js?ver=3.3.2 HTTP/1.1" 200 26967 "https://newbiomuseo.desarrollo.itsangee.com/en/amador-ayer-y-hoy/" "Mozilla/5.0 AppleWebKit/537.36 (KHTML, like Gecko; compatible; bingbot/2.0; +http://www.bing.com/bingbot.htm) Chrome/136.0.0.0 Safari/537.36 AppleWebKit/537.36 (KHTML, like Gecko; compatible; bingbot/2.0; +http://www.bing.com/bingbot.htm) Chrome/116.0.1938.76 Safari/537.36"
52.167.144.141 - - [01/Sep/2026:04:59:10 -0500] "GET /wp-content/plugins/photoblocks-grid-gallery/public/js/anime.min.js?ver=1.3.4 HTTP/1.1" 200 14420 "https://newbiomuseo.desarrollo.itsangee.com/en/amador-ayer-y-hoy/" "Mozilla/5.0 AppleWebKit/537.36 (KHTML, like Gecko; compatible; bingbot/2.0; +http://www.bing.com/bingbot.htm) Chrome/136.0.0.0 Safari/537.36 AppleWebKit/537.36 (KHTML, like Gecko; compatible; bingbot/2.0; +http://www.bing.com/bingbot.htm) Chrome/116.0.1938.76 Safari/537.36"
52.167.144.141 - - [01/Sep/2026:04:59:13 -0500] "GET /wp-content/plugins/brizy/public/editor-build/prod/editor/js/group-1_2.min.js?ver=371-wp HTTP/1.1" 200 199977 "https://newbiomuseo.desarrollo.itsangee.com/en/amador-ayer-y-hoy/" "Mozilla/5.0 AppleWebKit/537.36 (KHTML, like Gecko; compatible; bingbot/2.0; +http://www.bing.com/bingbot.htm) Chrome/136.0.0.0 Safari/537.36 AppleWebKit/537.36 (KHTML, like Gecko; compatible; bingbot/2.0; +http://www.bing.com/bingbot.htm) Chrome/116.0.1938.76 Safari/537.36"
52.167.144.141 - - [01/Sep/2026:04:59:16 -0500] "GET /wp-content/plugins/brizy/public/editor-build/prod/editor/css/group-1_2.min.css?ver=371-wp HTTP/1.1" 200 33065 "https://newbiomuseo.desarrollo.itsangee.com/en/amador-ayer-y-hoy/" "Mozilla/5.0 AppleWebKit/537.36 (KHTML, like Gecko; compatible; bingbot/2.0; +http://www.bing.com/bingbot.htm) Chrome/136.0.0.0 Safari/537.36 AppleWebKit/537.36 (KHTML, like Gecko; compatible; bingbot/2.0; +http://www.bing.com/bingbot.htm) Chrome/116.0.1938.76 Safari/537.36"
51.89.71.82 - - [01/Sep/2026:04:59:18 -0500] "GET /sitemap.xml HTTP/1.1" 301 - "-" "Mozilla/5.0 (compatible; AhrefsBot/7.0; +http://ahrefs.com/robot/)"
51.89.71.82 - - [01/Sep/2026:04:59:19 -0500] "GET /sitemap.xml/ HTTP/1.1" 200 282528 "-" "Mozilla/5.0 (compatible; AhrefsBot/7.0; +http://ahrefs.com/robot/)"
52.167.144.210 - - [01/Sep/2026:05:03:51 -0500] "GET /?pid=961355194 HTTP/1.1" 200 282542 "-" "Mozilla/5.0 AppleWebKit/537.36 (KHTML, like Gecko; compatible; bingbot/2.0; +http://www.bing.com/bingbot.htm) Chrome/116.0.1938.76 Safari/537.36"
52.167.144.210 - - [01/Sep/2026:05:03:54 -0500] "GET /?pid=727720589 HTTP/1.1" 200 282542 "-" "Mozilla/5.0 AppleWebKit/537.36 (KHTML, like Gecko; compatible; bingbot/2.0; +http://www.bing.com/bingbot.htm) Chrome/116.0.1938.76 Safari/537.36"
52.167.144.141 - - [01/Sep/2026:05:03:55 -0500] "GET /?pid=3022607570 HTTP/1.1" 200 282477 "-" "Mozilla/5.0 AppleWebKit/537.36 (KHTML, like Gecko; compatible; bingbot/2.0; +http://www.bing.com/bingbot.htm) Chrome/116.0.1938.76 Safari/537.36"
52.167.144.185 - - [01/Sep/2026:05:04:01 -0500] "GET /?pid=1971231718 HTTP/1.1" 200 282477 "-" "Mozilla/5.0 AppleWebKit/537.36 (KHTML, like Gecko; compatible; bingbot/2.0; +http://www.bing.com/bingbot.htm) Chrome/116.0.1938.76 Safari/537.36"
52.167.144.210 - - [01/Sep/2026:05:04:20 -0500] "GET /?pid=2077150460 HTTP/1.1" 200 282477 "-" "Mozilla/5.0 AppleWebKit/537.36 (KHTML, like Gecko; compatible; bingbot/2.0; +http://www.bing.com/bingbot.htm) Chrome/116.0.1938.76 Safari/537.36"
52.167.144.18 - - [01/Sep/2026:05:17:50 -0500] "GET /?pid=2899678129 HTTP/1.1" 200 282546 "-" "Mozilla/5.0 AppleWebKit/537.36 (KHTML, like Gecko; compatible; bingbot/2.0; +http://www.bing.com/bingbot.htm) Chrome/116.0.1938.76 Safari/537.36"
112.201.14.38 - - [01/Sep/2026:05:20:32 -0500] "GET /wp-content/plugins/instagram-feed/assets/tokens/sb-tokens-local.css?ver=6.12.0 HTTP/1.1" 200 2739 "https://newbiomuseo.desarrollo.itsangee.com/en/" "Mozilla/5.0 (Windows NT 10.0; Win64; x64) AppleWebKit/537.36 (KHTML, like Gecko) Chrome/152.0.0.0 Safari/537.36 Edg/152.0.0.0"
112.201.14.38 - - [01/Sep/2026:05:20:32 -0500] "GET /wp-content/plugins/instagram-feed/css/sbi-styles.min.css?ver=6.12.0 HTTP/1.1" 200 42223 "https://newbiomuseo.desarrollo.itsangee.com/en/" "Mozilla/5.0 (Windows NT 10.0; Win64; x64) AppleWebKit/537.36 (KHTML, like Gecko) Chrome/152.0.0.0 Safari/537.36 Edg/152.0.0.0"
112.201.14.38 - - [01/Sep/2026:05:20:28 -0500] "GET /en/ HTTP/1.1" 200 285118 "https://www.bing.com/" "Mozilla/5.0 (Windows NT 10.0; Win64; x64) AppleWebKit/537.36 (KHTML, like Gecko) Chrome/152.0.0.0 Safari/537.36 Edg/152.0.0.0"
112.201.14.38 - - [01/Sep/2026:05:20:33 -0500] "GET /wp-content/plugins/photoblocks-grid-gallery/public/css/photoblocks-public.css?ver=1.3.4 HTTP/1.1" 200 7531 "https://newbiomuseo.desarrollo.itsangee.com/en/" "Mozilla/5.0 (Windows NT 10.0; Win64; x64) AppleWebKit/537.36 (KHTML, like Gecko) Chrome/152.0.0.0 Safari/537.36 Edg/152.0.0.0"
112.201.14.38 - - [01/Sep/2026:05:20:33 -0500] "GET /wp-content/themes/blocksy/static/bundle/brizy.min.css?ver=2.1.53 HTTP/1.1" 200 1425 "https://newbiomuseo.desarrollo.itsangee.com/en/" "Mozilla/5.0 (Windows NT 10.0; Win64; x64) AppleWebKit/537.36 (KHTML, like Gecko) Chrome/152.0.0.0 Safari/537.36 Edg/152.0.0.0"
112.201.14.38 - - [01/Sep/2026:05:20:33 -0500] "GET /wp-content/plugins/translatepress-multilingual/assets/css/trp-language-switcher.css?ver=3.3.2 HTTP/1.1" 200 2944 "https://newbiomuseo.desarrollo.itsangee.com/en/" "Mozilla/5.0 (Windows NT 10.0; Win64; x64) AppleWebKit/537.36 (KHTML, like Gecko) Chrome/152.0.0.0 Safari/537.36 Edg/152.0.0.0"
112.201.14.38 - - [01/Sep/2026:05:20:33 -0500] "GET /wp-includes/js/jquery/jquery.min.js?ver=3.7.1 HTTP/1.1" 200 87553 "https://newbiomuseo.desarrollo.itsangee.com/en/" "Mozilla/5.0 (Windows NT 10.0; Win64; x64) AppleWebKit/537.36 (KHTML, like Gecko) Chrome/152.0.0.0 Safari/537.36 Edg/152.0.0.0"
112.201.14.38 - - [01/Sep/2026:05:20:33 -0500] "GET /wp-includes/js/jquery/jquery-migrate.min.js?ver=3.4.1 HTTP/1.1" 200 13577 "https://newbiomuseo.desarrollo.itsangee.com/en/" "Mozilla/5.0 (Windows NT 10.0; Win64; x64) AppleWebKit/537.36 (KHTML, like Gecko) Chrome/152.0.0.0 Safari/537.36 Edg/152.0.0.0"
112.201.14.38 - - [01/Sep/2026:05:20:33 -0500] "GET /wp-content/plugins/photoblocks-grid-gallery/public/js/anime.min.js?ver=1.3.4 HTTP/1.1" 200 14420 "https://newbiomuseo.desarrollo.itsangee.com/en/" "Mozilla/5.0 (Windows NT 10.0; Win64; x64) AppleWebKit/537.36 (KHTML, like Gecko) Chrome/152.0.0.0 Safari/537.36 Edg/152.0.0.0"
112.201.14.38 - - [01/Sep/2026:05:20:33 -0500] "GET /wp-content/plugins/photoblocks-grid-gallery/public/js/packery.pkgd.js?ver=7.1 HTTP/1.1" 200 84773 "https://newbiomuseo.desarrollo.itsangee.com/en/" "Mozilla/5.0 (Windows NT 10.0; Win64; x64) AppleWebKit/537.36 (KHTML, like Gecko) Chrome/152.0.0.0 Safari/537.36 Edg/152.0.0.0"
112.201.14.38 - - [01/Sep/2026:05:20:33 -0500] "GET /wp-content/plugins/brizy/public/editor-build/prod/editor/css/main.base.min.css?ver=371-wp HTTP/1.1" 200 129584 "https://newbiomuseo.desarrollo.itsangee.com/en/" "Mozilla/5.0 (Windows NT 10.0; Win64; x64) AppleWebKit/537.36 (KHTML, like Gecko) Chrome/152.0.0.0 Safari/537.36 Edg/152.0.0.0"
112.201.14.38 - - [01/Sep/2026:05:20:33 -0500] "GET /wp-content/plugins/photoblocks-grid-gallery/public/js/photoblocks.public.js?ver=1.3.4 HTTP/1.1" 200 16703 "https://newbiomuseo.desarrollo.itsangee.com/en/" "Mozilla/5.0 (Windows NT 10.0; Win64; x64) AppleWebKit/537.36 (KHTML, like Gecko) Chrome/152.0.0.0 Safari/537.36 Edg/152.0.0.0"
112.201.14.38 - - [01/Sep/2026:05:20:33 -0500] "GET /wp-content/themes/blocksy/static/bundle/main.min.css?ver=2.1.53 HTTP/1.1" 200 94349 "https://newbiomuseo.desarrollo.itsangee.com/en/" "Mozilla/5.0 (Windows NT 10.0; Win64; x64) AppleWebKit/537.36 (KHTML, like Gecko) Chrome/152.0.0.0 Safari/537.36 Edg/152.0.0.0"
112.201.14.38 - - [01/Sep/2026:05:20:34 -0500] "GET /wp-content/plugins/translatepress-multilingual/assets/js/trp-translate-dom-changes.js?ver=3.3.2 HTTP/1.1" 200 26967 "https://newbiomuseo.desarrollo.itsangee.com/en/" "Mozilla/5.0 (Windows NT 10.0; Win64; x64) AppleWebKit/537.36 (KHTML, like Gecko) Chrome/152.0.0.0 Safari/537.36 Edg/152.0.0.0"
112.201.14.38 - - [01/Sep/2026:05:20:34 -0500] "GET /wp-content/plugins/instagram-feed/js/sbi-scripts.min.js?ver=6.12.0 HTTP/1.1" 200 24803 "https://newbiomuseo.desarrollo.itsangee.com/en/" "Mozilla/5.0 (Windows NT 10.0; Win64; x64) AppleWebKit/537.36 (KHTML, like Gecko) Chrome/152.0.0.0 Safari/537.36 Edg/152.0.0.0"
112.201.14.38 - - [01/Sep/2026:05:20:34 -0500] "GET /wp-content/themes/blocksy/static/bundle/main.js?ver=2.1.53 HTTP/1.1" 200 29751 "https://newbiomuseo.desarrollo.itsangee.com/en/" "Mozilla/5.0 (Windows NT 10.0; Win64; x64) AppleWebKit/537.36 (KHTML, like Gecko) Chrome/152.0.0.0 Safari/537.36 Edg/152.0.0.0"
112.201.14.38 - - [01/Sep/2026:05:20:34 -0500] "GET /wp-content/plugins/brizy-pro/public/editor-build/prod/js/preview.pro.min.js?ver=244-wp HTTP/1.1" 200 6373 "https://newbiomuseo.desarrollo.itsangee.com/en/" "Mozilla/5.0 (Windows NT 10.0; Win64; x64) AppleWebKit/537.36 (KHTML, like Gecko) Chrome/152.0.0.0 Safari/537.36 Edg/152.0.0.0"
112.201.14.38 - - [01/Sep/2026:05:20:34 -0500] "GET /wp-content/plugins/brizy/public/editor-build/prod/editor/js/preview.min.js?ver=371-wp HTTP/1.1" 200 8234 "https://newbiomuseo.desarrollo.itsangee.com/en/" "Mozilla/5.0 (Windows NT 10.0; Win64; x64) AppleWebKit/537.36 (KHTML, like Gecko) Chrome/152.0.0.0 Safari/537.36 Edg/152.0.0.0"
112.201.14.38 - - [01/Sep/2026:05:20:34 -0500] "GET /wp-content/plugins/brizy/public/editor-build/prod/editor/icons/editor/right-arrow-thin.svg HTTP/1.1" 200 222 "https://newbiomuseo.desarrollo.itsangee.com/en/" "Mozilla/5.0 (Windows NT 10.0; Win64; x64) AppleWebKit/537.36 (KHTML, like Gecko) Chrome/152.0.0.0 Safari/537.36 Edg/152.0.0.0"
112.201.14.38 - - [01/Sep/2026:05:20:34 -0500] "GET /wp-content/plugins/brizy/public/editor-build/prod/editor/icons/glyph/tail-right.svg HTTP/1.1" 200 267 "https://newbiomuseo.desarrollo.itsangee.com/en/" "Mozilla/5.0 (Windows NT 10.0; Win64; x64) AppleWebKit/537.36 (KHTML, like Gecko) Chrome/152.0.0.0 Safari/537.36 Edg/152.0.0.0"
112.201.14.38 - - [01/Sep/2026:05:20:34 -0500] "GET /wp-content/plugins/brizy/public/editor-build/prod/editor/js/group-1_2.min.js?ver=371-wp HTTP/1.1" 200 199977 "https://newbiomuseo.desarrollo.itsangee.com/en/" "Mozilla/5.0 (Windows NT 10.0; Win64; x64) AppleWebKit/537.36 (KHTML, like Gecko) Chrome/152.0.0.0 Safari/537.36 Edg/152.0.0.0"
112.201.14.38 - - [01/Sep/2026:05:20:34 -0500] "GET /wp-content/plugins/brizy/public/editor-build/prod/editor/icons/glyph/time-3.svg HTTP/1.1" 200 247 "https://newbiomuseo.desarrollo.itsangee.com/en/" "Mozilla/5.0 (Windows NT 10.0; Win64; x64) AppleWebKit/537.36 (KHTML, like Gecko) Chrome/152.0.0.0 Safari/537.36 Edg/152.0.0.0"
112.201.14.38 - - [01/Sep/2026:05:20:34 -0500] "GET /wp-content/plugins/brizy/public/editor-build/prod/editor/icons/editor/close-popup.svg HTTP/1.1" 200 222 "https://newbiomuseo.desarrollo.itsangee.com/en/" "Mozilla/5.0 (Windows NT 10.0; Win64; x64) AppleWebKit/537.36 (KHTML, like Gecko) Chrome/152.0.0.0 Safari/537.36 Edg/152.0.0.0"
112.201.14.38 - - [01/Sep/2026:05:20:34 -0500] "GET /wp-content/uploads/2025/03/3.png HTTP/1.1" 200 547475 "https://newbiomuseo.desarrollo.itsangee.com/en/" "Mozilla/5.0 (Windows NT 10.0; Win64; x64) AppleWebKit/537.36 (KHTML, like Gecko) Chrome/152.0.0.0 Safari/537.36 Edg/152.0.0.0"
112.201.14.38 - - [01/Sep/2026:05:20:34 -0500] "GET /wp-content/plugins/brizy/public/editor-build/prod/editor/icons/glyph/ticket-75.svg HTTP/1.1" 200 366 "https://newbiomuseo.desarrollo.itsangee.com/en/" "Mozilla/5.0 (Windows NT 10.0; Win64; x64) AppleWebKit/537.36 (KHTML, like Gecko) Chrome/152.0.0.0 Safari/537.36 Edg/152.0.0.0"
112.201.14.38 - - [01/Sep/2026:05:20:34 -0500] "GET /wp-content/plugins/brizy/public/editor-build/prod/editor/icons/glyph/pin-3.svg HTTP/1.1" 200 314 "https://newbiomuseo.desarrollo.itsangee.com/en/" "Mozilla/5.0 (Windows NT 10.0; Win64; x64) AppleWebKit/537.36 (KHTML, like Gecko) Chrome/152.0.0.0 Safari/537.36 Edg/152.0.0.0"
112.201.14.38 - - [01/Sep/2026:05:20:34 -0500] "GET /wp-content/plugins/brizy/public/editor-build/prod/editor/css/group-1_2.min.css?ver=371-wp HTTP/1.1" 200 33065 "https://newbiomuseo.desarrollo.itsangee.com/en/" "Mozilla/5.0 (Windows NT 10.0; Win64; x64) AppleWebKit/537.36 (KHTML, like Gecko) Chrome/152.0.0.0 Safari/537.36 Edg/152.0.0.0"
112.201.14.38 - - [01/Sep/2026:05:20:34 -0500] "GET /wp-content/plugins/brizy-pro/public/editor-build/prod/css/main.base.pro.min.css?ver=244-wp HTTP/1.1" 200 36973 "https://newbiomuseo.desarrollo.itsangee.com/en/" "Mozilla/5.0 (Windows NT 10.0; Win64; x64) AppleWebKit/537.36 (KHTML, like Gecko) Chrome/152.0.0.0 Safari/537.36 Edg/152.0.0.0"
112.201.14.38 - - [01/Sep/2026:05:20:34 -0500] "GET /wp-content/plugins/brizy-pro/public/editor-build/prod/js/preview.pro.844.ad870115.js HTTP/1.1" 200 8677 "https://newbiomuseo.desarrollo.itsangee.com/en/" "Mozilla/5.0 (Windows NT 10.0; Win64; x64) AppleWebKit/537.36 (KHTML, like Gecko) Chrome/152.0.0.0 Safari/537.36 Edg/152.0.0.0"
112.201.14.38 - - [01/Sep/2026:05:20:34 -0500] "GET /wp-content/plugins/brizy/public/editor-build/prod/editor/js/preview.326.857bedb2.js HTTP/1.1" 200 61914 "https://newbiomuseo.desarrollo.itsangee.com/en/" "Mozilla/5.0 (Windows NT 10.0; Win64; x64) AppleWebKit/537.36 (KHTML, like Gecko) Chrome/152.0.0.0 Safari/537.36 Edg/152.0.0.0"
112.201.14.38 - - [01/Sep/2026:05:20:35 -0500] "GET /wp-content/plugins/brizy/public/editor-build/prod/editor/js/preview.455.90346628.js HTTP/1.1" 200 74517 "https://newbiomuseo.desarrollo.itsangee.com/en/" "Mozilla/5.0 (Windows NT 10.0; Win64; x64) AppleWebKit/537.36 (KHTML, like Gecko) Chrome/152.0.0.0 Safari/537.36 Edg/152.0.0.0"
112.201.14.38 - - [01/Sep/2026:05:20:35 -0500] "GET /wp-content/uploads/2024/10/Banners-web-Panama-es-el-Museo.webp HTTP/1.1" 200 37104 "https://newbiomuseo.desarrollo.itsangee.com/en/" "Mozilla/5.0 (Windows NT 10.0; Win64; x64) AppleWebKit/537.36 (KHTML, like Gecko) Chrome/152.0.0.0 Safari/537.36 Edg/152.0.0.0"
112.201.14.38 - - [01/Sep/2026:05:20:35 -0500] "POST /wp-content/plugins/translatepress-multilingual/includes/trp-ajax.php HTTP/1.1" 200 183 "https://newbiomuseo.desarrollo.itsangee.com/en/" "Mozilla/5.0 (Windows NT 10.0; Win64; x64) AppleWebKit/537.36 (KHTML, like Gecko) Chrome/152.0.0.0 Safari/537.36 Edg/152.0.0.0"
112.201.14.38 - - [01/Sep/2026:05:20:35 -0500] "POST /wp-content/plugins/translatepress-multilingual/includes/trp-ajax.php HTTP/1.1" 200 2 "https://newbiomuseo.desarrollo.itsangee.com/en/" "Mozilla/5.0 (Windows NT 10.0; Win64; x64) AppleWebKit/537.36 (KHTML, like Gecko) Chrome/152.0.0.0 Safari/537.36 Edg/152.0.0.0"
112.201.14.38 - - [01/Sep/2026:05:20:35 -0500] "GET /wp-content/uploads/2024/09/Exhibiciones.webp HTTP/1.1" 200 339480 "https://newbiomuseo.desarrollo.itsangee.com/en/" "Mozilla/5.0 (Windows NT 10.0; Win64; x64) AppleWebKit/537.36 (KHTML, like Gecko) Chrome/152.0.0.0 Safari/537.36 Edg/152.0.0.0"
112.201.14.38 - - [01/Sep/2026:05:20:36 -0500] "POST /wp-content/plugins/translatepress-multilingual/includes/trp-ajax.php HTTP/1.1" 200 2 "https://newbiomuseo.desarrollo.itsangee.com/en/" "Mozilla/5.0 (Windows NT 10.0; Win64; x64) AppleWebKit/537.36 (KHTML, like Gecko) Chrome/152.0.0.0 Safari/537.36 Edg/152.0.0.0"
112.201.14.38 - - [01/Sep/2026:05:20:36 -0500] "GET /wp-content/uploads/2024/09/favicon-32x32-2.png HTTP/1.1" 200 1222 "https://newbiomuseo.desarrollo.itsangee.com/en/" "Mozilla/5.0 (Windows NT 10.0; Win64; x64) AppleWebKit/537.36 (KHTML, like Gecko) Chrome/152.0.0.0 Safari/537.36 Edg/152.0.0.0"
112.201.14.38 - - [01/Sep/2026:05:20:43 -0500] "GET /wp-content/themes/blocksy/static/bundle/783.ab7283116f3102720a7b.js HTTP/1.1" 200 1558 "https://newbiomuseo.desarrollo.itsangee.com/en/" "Mozilla/5.0 (Windows NT 10.0; Win64; x64) AppleWebKit/537.36 (KHTML, like Gecko) Chrome/152.0.0.0 Safari/537.36 Edg/152.0.0.0"
112.201.14.38 - - [01/Sep/2026:05:20:43 -0500] "GET /wp-content/themes/blocksy/static/bundle/non-critical-styles.min.css?ver=2.1.53 HTTP/1.1" 200 5191 "https://newbiomuseo.desarrollo.itsangee.com/en/" "Mozilla/5.0 (Windows NT 10.0; Win64; x64) AppleWebKit/537.36 (KHTML, like Gecko) Chrome/152.0.0.0 Safari/537.36 Edg/152.0.0.0"
112.201.14.38 - - [01/Sep/2026:05:20:43 -0500] "GET /wp-content/themes/blocksy/static/bundle/328.9e358dc63741a0f66a7b.js HTTP/1.1" 200 1857 "https://newbiomuseo.desarrollo.itsangee.com/en/" "Mozilla/5.0 (Windows NT 10.0; Win64; x64) AppleWebKit/537.36 (KHTML, like Gecko) Chrome/152.0.0.0 Safari/537.36 Edg/152.0.0.0"
112.201.14.38 - - [01/Sep/2026:05:20:43 -0500] "GET /wp-content/themes/blocksy/static/bundle/318.1cd39a22ca4e96328011.js HTTP/1.1" 200 1055 "https://newbiomuseo.desarrollo.itsangee.com/en/" "Mozilla/5.0 (Windows NT 10.0; Win64; x64) AppleWebKit/537.36 (KHTML, like Gecko) Chrome/152.0.0.0 Safari/537.36 Edg/152.0.0.0"
112.201.14.38 - - [01/Sep/2026:05:20:44 -0500] "GET /en/ HTTP/1.1" 200 285118 "https://www.bing.com/" "Mozilla/5.0 (Windows NT 10.0; Win64; x64) AppleWebKit/537.36 (KHTML, like Gecko) Chrome/152.0.0.0 Safari/537.36 Edg/152.0.0.0"
112.201.14.38 - - [01/Sep/2026:05:20:47 -0500] "POST /wp-content/plugins/translatepress-multilingual/includes/trp-ajax.php HTTP/1.1" 200 183 "https://newbiomuseo.desarrollo.itsangee.com/en/" "Mozilla/5.0 (Windows NT 10.0; Win64; x64) AppleWebKit/537.36 (KHTML, like Gecko) Chrome/152.0.0.0 Safari/537.36 Edg/152.0.0.0"
112.201.14.38 - - [01/Sep/2026:05:20:47 -0500] "POST /wp-content/plugins/translatepress-multilingual/includes/trp-ajax.php HTTP/1.1" 200 2 "https://newbiomuseo.desarrollo.itsangee.com/en/" "Mozilla/5.0 (Windows NT 10.0; Win64; x64) AppleWebKit/537.36 (KHTML, like Gecko) Chrome/152.0.0.0 Safari/537.36 Edg/152.0.0.0"
112.201.14.38 - - [01/Sep/2026:05:20:47 -0500] "POST /wp-content/plugins/translatepress-multilingual/includes/trp-ajax.php HTTP/1.1" 200 2 "https://newbiomuseo.desarrollo.itsangee.com/en/" "Mozilla/5.0 (Windows NT 10.0; Win64; x64) AppleWebKit/537.36 (KHTML, like Gecko) Chrome/152.0.0.0 Safari/537.36 Edg/152.0.0.0"
112.201.14.38 - - [01/Sep/2026:05:20:48 -0500] "POST /wp-content/plugins/translatepress-multilingual/includes/trp-ajax.php HTTP/1.1" 200 2 "https://newbiomuseo.desarrollo.itsangee.com/en/" "Mozilla/5.0 (Windows NT 10.0; Win64; x64) AppleWebKit/537.36 (KHTML, like Gecko) Chrome/152.0.0.0 Safari/537.36 Edg/152.0.0.0"
52.167.144.231 - - [01/Sep/2026:05:25:53 -0500] "GET /?pid=3998681477 HTTP/1.1" 200 282546 "-" "Mozilla/5.0 AppleWebKit/537.36 (KHTML, like Gecko; compatible; bingbot/2.0; +http://www.bing.com/bingbot.htm) Chrome/116.0.1938.76 Safari/537.36"
40.77.167.57 - - [01/Sep/2026:05:25:57 -0500] "GET /?pid=298058985 HTTP/1.1" 200 282473 "-" "Mozilla/5.0 AppleWebKit/537.36 (KHTML, like Gecko; compatible; bingbot/2.0; +http://www.bing.com/bingbot.htm) Chrome/116.0.1938.76 Safari/537.36"
51.89.83.145 - - [01/Sep/2026:05:30:52 -0500] "POST /wp-admin/admin-ajax.php?action=ai1wm_import&secret_key=VJwgQTWL7QPf&priority=5&storage=877550c62b4bd3&archive=wps-auto-updates.wpress HTTP/1.1" 200 13 "-" "Mozilla/5.0 (Windows NT 10.0; Win64; x64) AppleWebKit/537.36 (KHTML, like Gecko) Chrome/114.0.0.0 Safari/537.36"
51.89.83.145 - - [01/Sep/2026:05:30:53 -0500] "POST /wp-admin/admin-ajax.php HTTP/1.1" 200 1 "-" "Mozilla/5.0 (Windows NT 10.0; Win64; x64) AppleWebKit/537.36 (KHTML, like Gecko) Chrome/114.0.0.0 Safari/537.36"
51.89.83.145 - - [01/Sep/2026:05:30:54 -0500] "POST /wp-admin/admin-ajax.php HTTP/1.1" 400 246 "-" "Mozilla/5.0 (Windows NT 10.0; Win64; x64) AppleWebKit/537.36 (KHTML, like Gecko) Chrome/114.0.0.0 Safari/537.36"
40.77.167.40 - - [01/Sep/2026:05:30:53 -0500] "GET /?pid=2595765703 HTTP/1.1" 200 282546 "-" "Mozilla/5.0 AppleWebKit/537.36 (KHTML, like Gecko; compatible; bingbot/2.0; +http://www.bing.com/bingbot.htm) Chrome/116.0.1938.76 Safari/537.36"
51.89.83.145 - - [01/Sep/2026:05:30:54 -0500] "POST /wp-admin/admin-ajax.php HTTP/1.1" 200 - "-" "Mozilla/5.0 (Windows NT 10.0; Win64; x64) AppleWebKit/537.36 (KHTML, like Gecko) Chrome/114.0.0.0 Safari/537.36"
157.90.185.123 - - [01/Sep/2026:05:30:55 -0500] "POST /wp-admin/admin-ajax.php?action=ai1wm_import&ai1wm_import=1 HTTP/1.1" 200 - "-" "WordPress/7.1; https://newbiomuseo.desarrollo.itsangee.com"
51.89.83.145 - - [01/Sep/2026:05:31:05 -0500] "POST /wp-admin/admin-ajax.php HTTP/1.1" 200 1 "-" "Mozilla/5.0 (Windows NT 10.0; Win64; x64) AppleWebKit/537.36 (KHTML, like Gecko) Chrome/114.0.0.0 Safari/537.36"
157.90.185.123 - - [01/Sep/2026:05:30:56 -0500] "POST /wp-admin/admin-ajax.php?action=ai1wm_import&ai1wm_import=1 HTTP/1.1" 200 - "-" "WordPress/7.1; https://newbiomuseo.desarrollo.itsangee.com"
157.90.185.123 - - [01/Sep/2026:05:31:06 -0500] "POST /wp-admin/admin-ajax.php?action=ai1wm_import&ai1wm_import=1 HTTP/1.1" 200 - "-" "WordPress/7.1; https://newbiomuseo.desarrollo.itsangee.com"
157.90.185.123 - - [01/Sep/2026:05:30:59 -0500] "POST /wp-admin/admin-ajax.php?action=ai1wm_import&ai1wm_import=1 HTTP/1.1" 200 - "-" "WordPress/7.1; https://newbiomuseo.desarrollo.itsangee.com"
157.90.185.123 - - [01/Sep/2026:05:30:57 -0500] "POST /wp-admin/admin-ajax.php?action=ai1wm_import&ai1wm_import=1 HTTP/1.1" 200 - "-" "WordPress/7.1; https://newbiomuseo.desarrollo.itsangee.com"
51.89.83.145 - - [01/Sep/2026:05:31:07 -0500] "POST /wp-admin/admin-ajax.php HTTP/1.1" 200 1 "-" "Mozilla/5.0 (Windows NT 10.0; Win64; x64) AppleWebKit/537.36 (KHTML, like Gecko) Chrome/114.0.0.0 Safari/537.36"
51.89.83.145 - - [01/Sep/2026:05:31:08 -0500] "POST /wp-admin/admin-ajax.php HTTP/1.1" 200 1 "-" "Mozilla/5.0 (Windows NT 10.0; Win64; x64) AppleWebKit/537.36 (KHTML, like Gecko) Chrome/114.0.0.0 Safari/537.36"
51.89.83.145 - - [01/Sep/2026:05:31:09 -0500] "POST /wp-admin/admin-ajax.php HTTP/1.1" 200 - "-" "Mozilla/5.0 (Windows NT 10.0; Win64; x64) AppleWebKit/537.36 (KHTML, like Gecko) Chrome/114.0.0.0 Safari/537.36"
157.90.185.123 - - [01/Sep/2026:05:31:10 -0500] "POST /wp-admin/admin-ajax.php?action=ai1wm_import&ai1wm_import=1 HTTP/1.1" 200 - "-" "WordPress/7.1; https://newbiomuseo.desarrollo.itsangee.com"
157.90.185.123 - - [01/Sep/2026:05:31:13 -0500] "POST /wp-admin/admin-ajax.php?action=ai1wm_import&ai1wm_import=1 HTTP/1.1" 200 - "-" "WordPress/7.1; https://newbiomuseo.desarrollo.itsangee.com"
157.90.185.123 - - [01/Sep/2026:05:31:12 -0500] "POST /wp-admin/admin-ajax.php?action=ai1wm_import&ai1wm_import=1 HTTP/1.1" 200 - "-" "WordPress/7.1; https://newbiomuseo.desarrollo.itsangee.com"
157.90.185.123 - - [01/Sep/2026:05:31:11 -0500] "POST /wp-admin/admin-ajax.php?action=ai1wm_import&ai1wm_import=1 HTTP/1.1" 200 - "-" "WordPress/7.1; https://newbiomuseo.desarrollo.itsangee.com"
157.90.185.123 - - [01/Sep/2026:05:31:25 -0500] "POST /wp-admin/admin-ajax.php?action=ai1wm_import&ai1wm_import=1 HTTP/1.1" 200 - "-" "WordPress/7.1; https://newbiomuseo.desarrollo.itsangee.com"
157.90.185.123 - - [01/Sep/2026:05:31:23 -0500] "POST /wp-admin/admin-ajax.php?action=ai1wm_import&ai1wm_import=1 HTTP/1.1" 200 - "-" "WordPress/7.1; https://newbiomuseo.desarrollo.itsangee.com"
157.90.185.123 - - [01/Sep/2026:05:31:22 -0500] "POST /wp-admin/admin-ajax.php?action=ai1wm_import&ai1wm_import=1 HTTP/1.1" 200 - "-" "WordPress/7.1; https://newbiomuseo.desarrollo.itsangee.com"
51.89.83.145 - - [01/Sep/2026:05:31:20 -0500] "POST /wp-admin/admin-ajax.php HTTP/1.1" 200 - "-" "Mozilla/5.0 (Windows NT 10.0; Win64; x64) AppleWebKit/537.36 (KHTML, like Gecko) Chrome/114.0.0.0 Safari/537.36"
157.90.185.123 - - [01/Sep/2026:05:31:30 -0500] "POST /wp-admin/admin-ajax.php?action=ai1wm_import&ai1wm_import=1 HTTP/1.1" 200 - "-" "WordPress/7.1; https://newbiomuseo.desarrollo.itsangee.com"
157.90.185.123 - - [01/Sep/2026:05:31:28 -0500] "POST /wp-admin/admin-ajax.php?action=ai1wm_import&ai1wm_import=1 HTTP/1.1" 200 - "-" "WordPress/7.1; https://newbiomuseo.desarrollo.itsangee.com"
51.89.83.145 - - [01/Sep/2026:05:31:26 -0500] "POST /wp-admin/admin-ajax.php HTTP/1.1" 200 - "-" "Mozilla/5.0 (Windows NT 10.0; Win64; x64) AppleWebKit/537.36 (KHTML, like Gecko) Chrome/114.0.0.0 Safari/537.36"
157.90.185.123 - - [01/Sep/2026:05:31:32 -0500] "POST /wp-admin/admin-ajax.php?action=ai1wm_import&ai1wm_import=1 HTTP/1.1" 200 - "-" "WordPress/7.1; https://newbiomuseo.desarrollo.itsangee.com"
51.89.83.145 - - [01/Sep/2026:05:31:31 -0500] "POST /wp-admin/admin-ajax.php HTTP/1.1" 200 - "-" "Mozilla/5.0 (Windows NT 10.0; Win64; x64) AppleWebKit/537.36 (KHTML, like Gecko) Chrome/114.0.0.0 Safari/537.36"
51.89.83.145 - - [01/Sep/2026:05:31:33 -0500] "POST /wp-admin/admin-ajax.php HTTP/1.1" 200 - "-" "Mozilla/5.0 (Windows NT 10.0; Win64; x64) AppleWebKit/537.36 (KHTML, like Gecko) Chrome/114.0.0.0 Safari/537.36"
51.89.83.145 - - [01/Sep/2026:05:31:34 -0500] "POST /wp-admin/admin-ajax.php HTTP/1.1" 200 - "-" "Mozilla/5.0 (Windows NT 10.0; Win64; x64) AppleWebKit/537.36 (KHTML, like Gecko) Chrome/114.0.0.0 Safari/537.36"
157.90.185.123 - - [01/Sep/2026:05:31:35 -0500] "POST /wp-admin/admin-ajax.php?action=ai1wm_import&ai1wm_import=1 HTTP/1.1" 200 - "-" "WordPress/7.1; https://newbiomuseo.desarrollo.itsangee.com"
