66.249.70.7 - - [04/Sep/2026:02:27:11 -0500] "GET /?pid=4268120173 HTTP/1.1" 200 282546 "-" "Mozilla/5.0 (Linux; Android 6.0.1; Nexus 5X Build/MMB29P) AppleWebKit/537.36 (KHTML, like Gecko) Chrome/152.0.7977.75 Mobile Safari/537.36 (compatible; Googlebot/2.1; +http://www.google.com/bot.html)"
66.249.70.6 - - [04/Sep/2026:02:27:14 -0500] "GET /?pid=1252910668 HTTP/1.1" 200 282546 "-" "Mozilla/5.0 (Linux; Android 6.0.1; Nexus 5X Build/MMB29P) AppleWebKit/537.36 (KHTML, like Gecko) Chrome/152.0.7977.75 Mobile Safari/537.36 (compatible; Googlebot/2.1; +http://www.google.com/bot.html)"
66.249.70.6 - - [04/Sep/2026:02:27:18 -0500] "GET /?pid=3792056930 HTTP/1.1" 200 282546 "-" "Mozilla/5.0 (Linux; Android 6.0.1; Nexus 5X Build/MMB29P) AppleWebKit/537.36 (KHTML, like Gecko) Chrome/152.0.7977.75 Mobile Safari/537.36 (compatible; Googlebot/2.1; +http://www.google.com/bot.html)"
66.249.78.6 - - [04/Sep/2026:02:27:21 -0500] "GET /wp-content/themes/blocksy/static/bundle/brizy.min.css?ver=2.1.53 HTTP/1.1" 200 1425 "https://newbiomuseo.desarrollo.itsangee.com/?pid=1551249747" "Mozilla/5.0 (Linux; Android 6.0.1; Nexus 5X Build/MMB29P) AppleWebKit/537.36 (KHTML, like Gecko) Chrome/151.0.7922.173 Mobile Safari/537.36 (compatible; Googlebot/2.1; +http://www.google.com/bot.html)"
66.249.70.6 - - [04/Sep/2026:02:27:23 -0500] "GET /wp-content/plugins/brizy/public/editor-build/prod/editor/js/group-1_2.min.js?ver=371-wp HTTP/1.1" 200 199977 "https://newbiomuseo.desarrollo.itsangee.com/?pid=1551249747" "Mozilla/5.0 (Linux; Android 6.0.1; Nexus 5X Build/MMB29P) AppleWebKit/537.36 (KHTML, like Gecko) Chrome/151.0.7922.173 Mobile Safari/537.36 (compatible; Googlebot/2.1; +http://www.google.com/bot.html)"
66.249.78.7 - - [04/Sep/2026:02:27:26 -0500] "GET /wp-content/plugins/brizy/public/editor-build/prod/editor/js/preview.min.js?ver=371-wp HTTP/1.1" 200 8234 "https://newbiomuseo.desarrollo.itsangee.com/?pid=1551249747" "Mozilla/5.0 (Linux; Android 6.0.1; Nexus 5X Build/MMB29P) AppleWebKit/537.36 (KHTML, like Gecko) Chrome/151.0.7922.173 Mobile Safari/537.36 (compatible; Googlebot/2.1; +http://www.google.com/bot.html)"
66.249.70.7 - - [04/Sep/2026:02:27:27 -0500] "GET /?pid=3588113477 HTTP/1.1" 200 282546 "-" "Mozilla/5.0 (Linux; Android 6.0.1; Nexus 5X Build/MMB29P) AppleWebKit/537.36 (KHTML, like Gecko) Chrome/152.0.7977.75 Mobile Safari/537.36 (compatible; Googlebot/2.1; +http://www.google.com/bot.html)"
66.249.78.7 - - [04/Sep/2026:02:27:31 -0500] "GET /?pid=800326340 HTTP/1.1" 200 282542 "-" "Mozilla/5.0 (Linux; Android 6.0.1; Nexus 5X Build/MMB29P) AppleWebKit/537.36 (KHTML, like Gecko) Chrome/152.0.7977.75 Mobile Safari/537.36 (compatible; Googlebot/2.1; +http://www.google.com/bot.html)"
66.249.78.7 - - [04/Sep/2026:02:27:34 -0500] "GET /?pid=2826122327 HTTP/1.1" 200 282546 "-" "Mozilla/5.0 (Linux; Android 6.0.1; Nexus 5X Build/MMB29P) AppleWebKit/537.36 (KHTML, like Gecko) Chrome/152.0.7977.75 Mobile Safari/537.36 (compatible; Googlebot/2.1; +http://www.google.com/bot.html)"
66.249.70.6 - - [04/Sep/2026:02:27:42 -0500] "GET /?pid=4176830953 HTTP/1.1" 200 282546 "-" "Mozilla/5.0 (Linux; Android 6.0.1; Nexus 5X Build/MMB29P) AppleWebKit/537.36 (KHTML, like Gecko) Chrome/152.0.7977.75 Mobile Safari/537.36 (compatible; Googlebot/2.1; +http://www.google.com/bot.html)"
66.249.70.8 - - [04/Sep/2026:02:27:47 -0500] "GET /?pid=481381286 HTTP/1.1" 200 282542 "-" "Mozilla/5.0 (Linux; Android 6.0.1; Nexus 5X Build/MMB29P) AppleWebKit/537.36 (KHTML, like Gecko) Chrome/152.0.7977.75 Mobile Safari/537.36 (compatible; Googlebot/2.1; +http://www.google.com/bot.html)"
66.249.78.6 - - [04/Sep/2026:02:27:50 -0500] "GET /?pid=531742245 HTTP/1.1" 200 282542 "-" "Mozilla/5.0 (Linux; Android 6.0.1; Nexus 5X Build/MMB29P) AppleWebKit/537.36 (KHTML, like Gecko) Chrome/152.0.7977.75 Mobile Safari/537.36 (compatible; Googlebot/2.1; +http://www.google.com/bot.html)"
66.249.70.6 - - [04/Sep/2026:02:27:55 -0500] "GET /?pid=3905501961 HTTP/1.1" 200 282546 "-" "Mozilla/5.0 (Linux; Android 6.0.1; Nexus 5X Build/MMB29P) AppleWebKit/537.36 (KHTML, like Gecko) Chrome/152.0.7977.75 Mobile Safari/537.36 (compatible; Googlebot/2.1; +http://www.google.com/bot.html)"
66.249.70.7 - - [04/Sep/2026:02:27:59 -0500] "GET /?pid=671064736 HTTP/1.1" 200 282542 "-" "Mozilla/5.0 (Linux; Android 6.0.1; Nexus 5X Build/MMB29P) AppleWebKit/537.36 (KHTML, like Gecko) Chrome/152.0.7977.75 Mobile Safari/537.36 (compatible; Googlebot/2.1; +http://www.google.com/bot.html)"
66.249.78.6 - - [04/Sep/2026:02:28:06 -0500] "GET /?pid=95399634 HTTP/1.1" 200 282538 "-" "Mozilla/5.0 (Linux; Android 6.0.1; Nexus 5X Build/MMB29P) AppleWebKit/537.36 (KHTML, like Gecko) Chrome/152.0.7977.75 Mobile Safari/537.36 (compatible; Googlebot/2.1; +http://www.google.com/bot.html)"
66.249.70.7 - - [04/Sep/2026:02:28:09 -0500] "GET /?pid=3875822068 HTTP/1.1" 200 282546 "-" "Mozilla/5.0 (Linux; Android 6.0.1; Nexus 5X Build/MMB29P) AppleWebKit/537.36 (KHTML, like Gecko) Chrome/152.0.7977.75 Mobile Safari/537.36 (compatible; Googlebot/2.1; +http://www.google.com/bot.html)"
66.249.78.6 - - [04/Sep/2026:02:28:12 -0500] "GET /?pid=1647233679 HTTP/1.1" 200 282546 "-" "Mozilla/5.0 (Linux; Android 6.0.1; Nexus 5X Build/MMB29P) AppleWebKit/537.36 (KHTML, like Gecko) Chrome/152.0.7977.75 Mobile Safari/537.36 (compatible; Googlebot/2.1; +http://www.google.com/bot.html)"
66.249.70.6 - - [04/Sep/2026:02:28:18 -0500] "GET /?pid=924689650 HTTP/1.1" 200 282542 "-" "Mozilla/5.0 (Linux; Android 6.0.1; Nexus 5X Build/MMB29P) AppleWebKit/537.36 (KHTML, like Gecko) Chrome/152.0.7977.75 Mobile Safari/537.36 (compatible; Googlebot/2.1; +http://www.google.com/bot.html)"
40.77.167.2 - - [04/Sep/2026:02:28:21 -0500] "GET /?pid=4172447213 HTTP/1.1" 200 282546 "-" "Mozilla/5.0 AppleWebKit/537.36 (KHTML, like Gecko; compatible; bingbot/2.0; +http://www.bing.com/bingbot.htm) Chrome/116.0.1938.76 Safari/537.36"
52.167.144.189 - - [04/Sep/2026:02:28:22 -0500] "GET /?pid=4286808424 HTTP/1.1" 200 282546 "-" "Mozilla/5.0 AppleWebKit/537.36 (KHTML, like Gecko; compatible; bingbot/2.0; +http://www.bing.com/bingbot.htm) Chrome/116.0.1938.76 Safari/537.36"
66.249.70.6 - - [04/Sep/2026:02:28:23 -0500] "GET /?pid=2842173667 HTTP/1.1" 200 282546 "-" "Mozilla/5.0 (Linux; Android 6.0.1; Nexus 5X Build/MMB29P) AppleWebKit/537.36 (KHTML, like Gecko) Chrome/152.0.7977.75 Mobile Safari/537.36 (compatible; Googlebot/2.1; +http://www.google.com/bot.html)"
66.249.70.6 - - [04/Sep/2026:02:28:28 -0500] "GET /?pid=1934354387 HTTP/1.1" 200 282546 "-" "Mozilla/5.0 (Linux; Android 6.0.1; Nexus 5X Build/MMB29P) AppleWebKit/537.36 (KHTML, like Gecko) Chrome/152.0.7977.75 Mobile Safari/537.36 (compatible; Googlebot/2.1; +http://www.google.com/bot.html)"
66.249.70.6 - - [04/Sep/2026:02:28:33 -0500] "GET /?pid=3602745270 HTTP/1.1" 200 282546 "-" "Mozilla/5.0 (Linux; Android 6.0.1; Nexus 5X Build/MMB29P) AppleWebKit/537.36 (KHTML, like Gecko) Chrome/152.0.7977.75 Mobile Safari/537.36 (compatible; Googlebot/2.1; +http://www.google.com/bot.html)"
66.249.70.6 - - [04/Sep/2026:02:28:37 -0500] "GET /?pid=1306482594 HTTP/1.1" 200 282546 "-" "Mozilla/5.0 (Linux; Android 6.0.1; Nexus 5X Build/MMB29P) AppleWebKit/537.36 (KHTML, like Gecko) Chrome/152.0.7977.75 Mobile Safari/537.36 (compatible; Googlebot/2.1; +http://www.google.com/bot.html)"
40.77.167.2 - - [04/Sep/2026:02:28:40 -0500] "GET /?pid=295917914 HTTP/1.1" 200 282542 "-" "Mozilla/5.0 AppleWebKit/537.36 (KHTML, like Gecko; compatible; bingbot/2.0; +http://www.bing.com/bingbot.htm) Chrome/116.0.1938.76 Safari/537.36"
66.249.78.7 - - [04/Sep/2026:02:28:58 -0500] "GET /?pid=3342132999 HTTP/1.1" 200 282546 "-" "Mozilla/5.0 (Linux; Android 6.0.1; Nexus 5X Build/MMB29P) AppleWebKit/537.36 (KHTML, like Gecko) Chrome/152.0.7977.75 Mobile Safari/537.36 (compatible; Googlebot/2.1; +http://www.google.com/bot.html)"
66.249.70.6 - - [04/Sep/2026:02:29:07 -0500] "GET /?pid=2223012378 HTTP/1.1" 200 282546 "-" "Mozilla/5.0 (Linux; Android 6.0.1; Nexus 5X Build/MMB29P) AppleWebKit/537.36 (KHTML, like Gecko) Chrome/152.0.7977.75 Mobile Safari/537.36 (compatible; Googlebot/2.1; +http://www.google.com/bot.html)"
66.249.78.6 - - [04/Sep/2026:02:29:17 -0500] "GET /?pid=1630575174 HTTP/1.1" 200 282546 "-" "Mozilla/5.0 (Linux; Android 6.0.1; Nexus 5X Build/MMB29P) AppleWebKit/537.36 (KHTML, like Gecko) Chrome/152.0.7977.75 Mobile Safari/537.36 (compatible; Googlebot/2.1; +http://www.google.com/bot.html)"
66.249.70.6 - - [04/Sep/2026:02:29:20 -0500] "GET /?pid=3006071288 HTTP/1.1" 200 282546 "-" "Mozilla/5.0 (Linux; Android 6.0.1; Nexus 5X Build/MMB29P) AppleWebKit/537.36 (KHTML, like Gecko) Chrome/152.0.7977.75 Mobile Safari/537.36 (compatible; Googlebot/2.1; +http://www.google.com/bot.html)"
66.249.70.6 - - [04/Sep/2026:02:29:23 -0500] "GET /?pid=1209999636 HTTP/1.1" 200 282546 "-" "Mozilla/5.0 (Linux; Android 6.0.1; Nexus 5X Build/MMB29P) AppleWebKit/537.36 (KHTML, like Gecko) Chrome/152.0.7977.75 Mobile Safari/537.36 (compatible; Googlebot/2.1; +http://www.google.com/bot.html)"
66.249.78.6 - - [04/Sep/2026:02:29:38 -0500] "GET /?pid=2152341340 HTTP/1.1" 200 282546 "-" "Mozilla/5.0 (Linux; Android 6.0.1; Nexus 5X Build/MMB29P) AppleWebKit/537.36 (KHTML, like Gecko) Chrome/152.0.7977.75 Mobile Safari/537.36 (compatible; Googlebot/2.1; +http://www.google.com/bot.html)"
66.249.70.6 - - [04/Sep/2026:02:29:40 -0500] "GET /?pid=838668275 HTTP/1.1" 200 282542 "-" "Mozilla/5.0 (Linux; Android 6.0.1; Nexus 5X Build/MMB29P) AppleWebKit/537.36 (KHTML, like Gecko) Chrome/152.0.7977.75 Mobile Safari/537.36 (compatible; Googlebot/2.1; +http://www.google.com/bot.html)"
66.249.78.6 - - [04/Sep/2026:02:29:45 -0500] "GET /?pid=1671595034 HTTP/1.1" 200 282546 "-" "Mozilla/5.0 (Linux; Android 6.0.1; Nexus 5X Build/MMB29P) AppleWebKit/537.36 (KHTML, like Gecko) Chrome/152.0.7977.75 Mobile Safari/537.36 (compatible; Googlebot/2.1; +http://www.google.com/bot.html)"
66.249.70.7 - - [04/Sep/2026:02:29:48 -0500] "GET /?pid=3726042496 HTTP/1.1" 200 282546 "-" "Mozilla/5.0 (Linux; Android 6.0.1; Nexus 5X Build/MMB29P) AppleWebKit/537.36 (KHTML, like Gecko) Chrome/152.0.7977.75 Mobile Safari/537.36 (compatible; Googlebot/2.1; +http://www.google.com/bot.html)"
66.249.78.8 - - [04/Sep/2026:02:29:51 -0500] "GET /?pid=2696327681 HTTP/1.1" 200 282546 "-" "Mozilla/5.0 (Linux; Android 6.0.1; Nexus 5X Build/MMB29P) AppleWebKit/537.36 (KHTML, like Gecko) Chrome/152.0.7977.75 Mobile Safari/537.36 (compatible; Googlebot/2.1; +http://www.google.com/bot.html)"
66.249.70.6 - - [04/Sep/2026:02:29:55 -0500] "GET /?pid=2882677993 HTTP/1.1" 200 282546 "-" "Mozilla/5.0 (Linux; Android 6.0.1; Nexus 5X Build/MMB29P) AppleWebKit/537.36 (KHTML, like Gecko) Chrome/152.0.7977.75 Mobile Safari/537.36 (compatible; Googlebot/2.1; +http://www.google.com/bot.html)"
205.196.217.56 - - [04/Sep/2026:02:30:11 -0500] "GET / HTTP/1.1" 301 - "-" "Mozilla/5.0 (Windows NT 10.0; Win64; x64) AppleWebKit/537.36 (KHTML, like Gecko) Chrome/126.0.0.0 Safari/537.36"
205.196.217.56 - - [04/Sep/2026:02:30:18 -0500] "GET / HTTP/1.1" 301 - "-" "Mozilla/5.0 (Windows NT 10.0; Win64; x64) AppleWebKit/537.36 (KHTML, like Gecko) Chrome/126.0.0.0 Safari/537.36"
66.249.70.6 - - [04/Sep/2026:02:30:10 -0500] "GET /?pid=190019315 HTTP/1.1" 200 282542 "-" "Mozilla/5.0 (Linux; Android 6.0.1; Nexus 5X Build/MMB29P) AppleWebKit/537.36 (KHTML, like Gecko) Chrome/152.0.7977.75 Mobile Safari/537.36 (compatible; Googlebot/2.1; +http://www.google.com/bot.html)"
205.196.217.56 - - [04/Sep/2026:02:30:21 -0500] "GET / HTTP/1.1" 200 282417 "-" "Mozilla/5.0 (Windows NT 10.0; Win64; x64) AppleWebKit/537.36 (KHTML, like Gecko) Chrome/126.0.0.0 Safari/537.36"
205.196.217.56 - - [04/Sep/2026:02:30:23 -0500] "POST /?rest_route=/batch/v1 HTTP/1.1" 207 431 "-" "Mozilla/5.0 (Windows NT 10.0; Win64; x64) AppleWebKit/537.36 (KHTML, like Gecko) Chrome/126.0.0.0 Safari/537.36"
87.58.197.138 - - [04/Sep/2026:02:38:55 -0500] "GET / HTTP/1.1" 200 282569 "-" "Mozilla/5.0 (Macintosh; Intel Mac OS X 10_15_7) AppleWebKit/537.36 (KHTML, like Gecko) Chrome/124.0.0.0 Safari/537.36"
40.77.167.149 - - [04/Sep/2026:02:42:51 -0500] "GET /?pid=3528557901 HTTP/1.1" 200 282546 "-" "Mozilla/5.0 AppleWebKit/537.36 (KHTML, like Gecko; compatible; bingbot/2.0; +http://www.bing.com/bingbot.htm) Chrome/116.0.1938.76 Safari/537.36"
66.249.70.7 - - [04/Sep/2026:02:43:28 -0500] "GET /?pid=1068043474 HTTP/1.1" 200 282546 "-" "Mozilla/5.0 (Linux; Android 6.0.1; Nexus 5X Build/MMB29P) AppleWebKit/537.36 (KHTML, like Gecko) Chrome/151.0.7922.173 Mobile Safari/537.36 (compatible; Googlebot/2.1; +http://www.google.com/bot.html)"
52.167.144.175 - - [04/Sep/2026:02:43:38 -0500] "GET /?pid=2961329295 HTTP/1.1" 200 282546 "-" "Mozilla/5.0 AppleWebKit/537.36 (KHTML, like Gecko; compatible; bingbot/2.0; +http://www.bing.com/bingbot.htm) Chrome/116.0.1938.76 Safari/537.36"
52.167.144.188 - - [04/Sep/2026:02:47:08 -0500] "GET /?pid=92835794 HTTP/1.1" 200 282538 "-" "Mozilla/5.0 AppleWebKit/537.36 (KHTML, like Gecko; compatible; bingbot/2.0; +http://www.bing.com/bingbot.htm) Chrome/116.0.1938.76 Safari/537.36"
52.167.144.188 - - [04/Sep/2026:02:50:49 -0500] "GET /?pid=3237118956 HTTP/1.1" 200 282546 "-" "Mozilla/5.0 AppleWebKit/537.36 (KHTML, like Gecko; compatible; bingbot/2.0; +http://www.bing.com/bingbot.htm) Chrome/116.0.1938.76 Safari/537.36"
66.249.70.8 - - [04/Sep/2026:02:52:57 -0500] "GET /?pid=3182838288 HTTP/1.1" 200 282546 "-" "Mozilla/5.0 (Linux; Android 6.0.1; Nexus 5X Build/MMB29P) AppleWebKit/537.36 (KHTML, like Gecko) Chrome/151.0.7922.173 Mobile Safari/537.36 (compatible; Googlebot/2.1; +http://www.google.com/bot.html)"
66.249.78.8 - - [04/Sep/2026:02:54:44 -0500] "GET /en/?pid=1805978484 HTTP/1.1" 200 285178 "-" "Mozilla/5.0 (Linux; Android 6.0.1; Nexus 5X Build/MMB29P) AppleWebKit/537.36 (KHTML, like Gecko) Chrome/151.0.7922.173 Mobile Safari/537.36 (compatible; Googlebot/2.1; +http://www.google.com/bot.html)"
66.249.70.7 - - [04/Sep/2026:02:56:09 -0500] "GET /?pid=2353021881 HTTP/1.1" 200 282546 "-" "Mozilla/5.0 (Linux; Android 6.0.1; Nexus 5X Build/MMB29P) AppleWebKit/537.36 (KHTML, like Gecko) Chrome/151.0.7922.173 Mobile Safari/537.36 (compatible; Googlebot/2.1; +http://www.google.com/bot.html)"
114.119.141.100 - - [04/Sep/2026:03:02:29 -0500] "GET /en/clayton-ayer-y-hoy HTTP/1.1" 301 - "https://newbiomuseo.desarrollo.itsangee.com/en/clayton-ayer-y-hoy" "Mozilla/5.0 (Linux; Android 7.0;) AppleWebKit/537.36 (HTML, like Gecko) Mobile Safari/537.36 (compatible; PetalBot;+https://webmaster.petalsearch.com/site/petalbot)"
114.119.141.100 - - [04/Sep/2026:03:02:31 -0500] "GET /en/clayton-ayer-y-hoy/ HTTP/1.1" 200 285194 "https://newbiomuseo.desarrollo.itsangee.com/en/clayton-ayer-y-hoy" "Mozilla/5.0 (Linux; Android 7.0;) AppleWebKit/537.36 (HTML, like Gecko) Mobile Safari/537.36 (compatible; PetalBot;+https://webmaster.petalsearch.com/site/petalbot)"
9.129.53.218 - - [04/Sep/2026:03:10:15 -0500] "GET / HTTP/1.1" 200 282569 "-" "Mozilla/5.0 AppleWebKit/537.36 (KHTML, like Gecko); compatible; ChatGPT-User/1.0; +https://openai.com/bot"
45.148.10.5 - - [04/Sep/2026:03:18:01 -0500] "GET / HTTP/1.1" 200 282569 "-" "Googlebot-Image/1.0"
52.167.144.213 - - [04/Sep/2026:03:19:04 -0500] "GET /?pid=1497575189 HTTP/1.1" 200 282546 "-" "Mozilla/5.0 AppleWebKit/537.36 (KHTML, like Gecko; compatible; bingbot/2.0; +http://www.bing.com/bingbot.htm) Chrome/116.0.1938.76 Safari/537.36"
40.77.167.126 - - [04/Sep/2026:03:22:21 -0500] "GET /?pid=3742738721 HTTP/1.1" 200 282546 "-" "Mozilla/5.0 AppleWebKit/537.36 (KHTML, like Gecko; compatible; bingbot/2.0; +http://www.bing.com/bingbot.htm) Chrome/116.0.1938.76 Safari/537.36"
135.181.180.59 - - [04/Sep/2026:03:22:54 -0500] "GET /robots.txt HTTP/1.1" 200 101 "-" "Mozilla/5.0 (compatible; MJ12bot/v1.4.8; http://mj12bot.com/)"
135.181.180.59 - - [04/Sep/2026:03:22:57 -0500] "GET / HTTP/1.1" 200 282499 "-" "Mozilla/5.0 (compatible; MJ12bot/v1.4.8; http://mj12bot.com/)"
3.227.248.201 - - [04/Sep/2026:03:23:13 -0500] "POST / HTTP/1.1" 200 282559 "https://www.newbiomuseo.desarrollo.itsangee.com/" "Mozilla/5.0 (Windows NT 10.0; Win64; x64) AppleWebKit/537.36 (KHTML, like Gecko) Chrome/146.0.0.0 Safari/537.36"
52.167.144.236 - - [04/Sep/2026:03:24:17 -0500] "GET /?pid=3763771100 HTTP/1.1" 200 282546 "-" "Mozilla/5.0 AppleWebKit/537.36 (KHTML, like Gecko; compatible; bingbot/2.0; +http://www.bing.com/bingbot.htm) Chrome/116.0.1938.76 Safari/537.36"
40.77.167.143 - - [04/Sep/2026:03:26:22 -0500] "GET /?pid=3783612071 HTTP/1.1" 200 282546 "-" "Mozilla/5.0 AppleWebKit/537.36 (KHTML, like Gecko; compatible; bingbot/2.0; +http://www.bing.com/bingbot.htm) Chrome/116.0.1938.76 Safari/537.36"
40.77.167.24 - - [04/Sep/2026:03:27:32 -0500] "GET /?pid=4042652535 HTTP/1.1" 200 282546 "-" "Mozilla/5.0 AppleWebKit/537.36 (KHTML, like Gecko; compatible; bingbot/2.0; +http://www.bing.com/bingbot.htm) Chrome/116.0.1938.76 Safari/537.36"
40.77.167.143 - - [04/Sep/2026:03:27:42 -0500] "GET /?pid=1891982802 HTTP/1.1" 200 282546 "-" "Mozilla/5.0 AppleWebKit/537.36 (KHTML, like Gecko; compatible; bingbot/2.0; +http://www.bing.com/bingbot.htm) Chrome/116.0.1938.76 Safari/537.36"
114.119.139.207 - - [04/Sep/2026:03:28:38 -0500] "GET /wp-content/uploads/2024/10/17-2-1.webp HTTP/1.1" 200 103652 "https://newbiomuseo.desarrollo.itsangee.com/?page_id=3000" "Mozilla/5.0 (Linux; Android 7.0;) AppleWebKit/537.36 (HTML, like Gecko) Mobile Safari/537.36 (compatible; PetalBot;+https://webmaster.petalsearch.com/site/petalbot)"
40.77.167.57 - - [04/Sep/2026:03:33:13 -0500] "GET /?pid=850203262 HTTP/1.1" 200 282542 "-" "Mozilla/5.0 AppleWebKit/537.36 (KHTML, like Gecko; compatible; bingbot/2.0; +http://www.bing.com/bingbot.htm) Chrome/116.0.1938.76 Safari/537.36"
66.249.70.6 - - [04/Sep/2026:03:33:42 -0500] "GET /?pid=1089511857 HTTP/1.1" 200 282546 "-" "Mozilla/5.0 (Linux; Android 6.0.1; Nexus 5X Build/MMB29P) AppleWebKit/537.36 (KHTML, like Gecko) Chrome/151.0.7922.173 Mobile Safari/537.36 (compatible; Googlebot/2.1; +http://www.google.com/bot.html)"
66.249.70.8 - - [04/Sep/2026:03:39:30 -0500] "GET /?pid=956852274 HTTP/1.1" 200 282542 "-" "Mozilla/5.0 (Linux; Android 6.0.1; Nexus 5X Build/MMB29P) AppleWebKit/537.36 (KHTML, like Gecko) Chrome/151.0.7922.173 Mobile Safari/537.36 (compatible; Googlebot/2.1; +http://www.google.com/bot.html)"
52.167.144.228 - - [04/Sep/2026:03:40:15 -0500] "GET /?pid=2593847652 HTTP/1.1" 200 282546 "-" "Mozilla/5.0 AppleWebKit/537.36 (KHTML, like Gecko; compatible; bingbot/2.0; +http://www.bing.com/bingbot.htm) Chrome/116.0.1938.76 Safari/537.36"
66.249.70.8 - - [04/Sep/2026:03:42:58 -0500] "GET /?pid=2134569840 HTTP/1.1" 200 282546 "-" "Mozilla/5.0 (Linux; Android 6.0.1; Nexus 5X Build/MMB29P) AppleWebKit/537.36 (KHTML, like Gecko) Chrome/151.0.7922.173 Mobile Safari/537.36 (compatible; Googlebot/2.1; +http://www.google.com/bot.html)"
66.249.78.8 - - [04/Sep/2026:03:44:24 -0500] "GET /wp-content/plugins/brizy/public/editor-build/prod/editor/css/group-1_2.min.css?ver=371-wp HTTP/1.1" 200 33065 "https://newbiomuseo.desarrollo.itsangee.com/?pid=2134569840" "Mozilla/5.0 (Linux; Android 6.0.1; Nexus 5X Build/MMB29P) AppleWebKit/537.36 (KHTML, like Gecko) Chrome/151.0.7922.173 Mobile Safari/537.36 (compatible; Googlebot/2.1; +http://www.google.com/bot.html)"
216.73.216.232 - - [04/Sep/2026:03:46:44 -0500] "GET /robots.txt HTTP/1.1" 200 101 "-" "Mozilla/5.0 AppleWebKit/537.36 (KHTML, like Gecko; compatible; ClaudeBot/1.0; +claudebot@anthropic.com)"
216.73.216.232 - - [04/Sep/2026:03:46:46 -0500] "GET /sitemap.xml HTTP/1.1" 301 - "-" "Mozilla/5.0 AppleWebKit/537.36 (KHTML, like Gecko; compatible; ClaudeBot/1.0; +claudebot@anthropic.com)"
216.73.216.232 - - [04/Sep/2026:03:46:49 -0500] "GET /sitemap.xml/ HTTP/1.1" 200 282528 "https://newbiomuseo.desarrollo.itsangee.com/sitemap.xml" "Mozilla/5.0 AppleWebKit/537.36 (KHTML, like Gecko; compatible; ClaudeBot/1.0; +claudebot@anthropic.com)"
57.141.20.57 - - [04/Sep/2026:03:46:54 -0500] "GET /?page_id=2831 HTTP/1.1" 200 458688 "-" "Mozilla/5.0 (Windows NT 10.0; Win64; x64) AppleWebKit/537.36 (KHTML, like Gecko) Chrome/145.0.0.0 Safari/537.36 (compatible; meta-externalagent/1.1 (+https://developers.facebook.com/docs/sharing/webmasters/crawler))"
40.77.167.28 - - [04/Sep/2026:03:49:08 -0500] "GET /?pid=762458957 HTTP/1.1" 200 282542 "-" "Mozilla/5.0 AppleWebKit/537.36 (KHTML, like Gecko; compatible; bingbot/2.0; +http://www.bing.com/bingbot.htm) Chrome/116.0.1938.76 Safari/537.36"
66.249.70.7 - - [04/Sep/2026:03:52:12 -0500] "GET /?pid=3694035769 HTTP/1.1" 200 282546 "-" "Mozilla/5.0 (Linux; Android 6.0.1; Nexus 5X Build/MMB29P) AppleWebKit/537.36 (KHTML, like Gecko) Chrome/151.0.7922.173 Mobile Safari/537.36 (compatible; Googlebot/2.1; +http://www.google.com/bot.html)"
100.52.180.20 - - [04/Sep/2026:03:59:05 -0500] "GET / HTTP/1.1" 301 - "-" "Mozilla/5.0 (Windows NT 10.0; Win64; x64) AppleWebKit/537.36 (KHTML, like Gecko) Chrome/145.0.0.0 Safari/537.36"
100.52.180.20 - - [04/Sep/2026:03:59:07 -0500] "GET / HTTP/1.1" 200 282569 "-" "Mozilla/5.0 (Windows NT 10.0; Win64; x64) AppleWebKit/537.36 (KHTML, like Gecko) Chrome/145.0.0.0 Safari/537.36"
45.148.10.9 - - [04/Sep/2026:04:00:58 -0500] "POST /?rest_route=/batch/v1 HTTP/1.1" 207 16 "-" "Mozilla/5.0 (Windows NT 10.0; Win64; x64) AppleWebKit/537.36 (KHTML, like Gecko) Chrome/120.0.0.0 Safari/537.36"
45.148.10.9 - - [04/Sep/2026:04:01:02 -0500] "POST /index.php?rest_route=/batch/v1 HTTP/1.1" 207 16 "-" "Mozilla/5.0 (Windows NT 10.0; Win64; x64) AppleWebKit/537.36 (KHTML, like Gecko) Chrome/120.0.0.0 Safari/537.36"
45.148.10.9 - - [04/Sep/2026:04:01:04 -0500] "GET /wp-login.php HTTP/1.1" 200 11203 "-" "Mozilla/5.0 (Windows NT 10.0; Win64; x64) AppleWebKit/537.36 (KHTML, like Gecko) Chrome/120.0.0.0 Safari/537.36"
52.167.144.237 - - [04/Sep/2026:04:01:06 -0500] "GET /?pid=3643311958 HTTP/1.1" 200 282546 "-" "Mozilla/5.0 AppleWebKit/537.36 (KHTML, like Gecko; compatible; bingbot/2.0; +http://www.bing.com/bingbot.htm) Chrome/116.0.1938.76 Safari/537.36"
52.167.144.237 - - [04/Sep/2026:04:01:08 -0500] "GET /?pid=3811604925 HTTP/1.1" 200 282546 "-" "Mozilla/5.0 AppleWebKit/537.36 (KHTML, like Gecko; compatible; bingbot/2.0; +http://www.bing.com/bingbot.htm) Chrome/116.0.1938.76 Safari/537.36"
45.148.10.9 - - [04/Sep/2026:04:01:09 -0500] "GET /feed/ HTTP/1.1" 200 282437 "-" "Mozilla/5.0 (Windows NT 10.0; Win64; x64) AppleWebKit/537.36 (KHTML, like Gecko) Chrome/120.0.0.0 Safari/537.36"
52.167.144.25 - - [04/Sep/2026:04:01:10 -0500] "GET /?pid=2776911411 HTTP/1.1" 200 282546 "-" "Mozilla/5.0 AppleWebKit/537.36 (KHTML, like Gecko; compatible; bingbot/2.0; +http://www.bing.com/bingbot.htm) Chrome/116.0.1938.76 Safari/537.36"
45.148.10.9 - - [04/Sep/2026:04:01:21 -0500] "POST /index.php?rest_route=/batch/v1 HTTP/1.1" 207 501 "-" "Mozilla/5.0 (Windows NT 10.0; Win64; x64) AppleWebKit/537.36 (KHTML, like Gecko) Chrome/120.0.0.0 Safari/537.36"
45.148.10.9 - - [04/Sep/2026:04:01:26 -0500] "POST /index.php?rest_route=/batch/v1 HTTP/1.1" 207 501 "-" "Mozilla/5.0 (Windows NT 10.0; Win64; x64) AppleWebKit/537.36 (KHTML, like Gecko) Chrome/120.0.0.0 Safari/537.36"
45.148.10.9 - - [04/Sep/2026:04:01:34 -0500] "GET /wp-json/gravitysmtp/v1/tests/mock-data?page=gravitysmtp-settings HTTP/1.1" 301 - "-" "Mozilla/5.0 (Windows NT 10.0; Win64; x64) AppleWebKit/537.36 (KHTML, like Gecko) Chrome/120.0.0.0 Safari/537.36"
45.148.10.9 - - [04/Sep/2026:04:01:40 -0500] "GET /?rest_route=/gravitysmtp/v1/tests/mock-data&page=gravitysmtp-settings HTTP/1.1" 404 149 "-" "Mozilla/5.0 (Macintosh; Intel Mac OS X 10_15_7) AppleWebKit/605.1.15 (KHTML, like Gecko) Version/17.0 Safari/605.1.15"
45.148.10.9 - - [04/Sep/2026:04:01:46 -0500] "GET /wp-json/gravitysmtp/v1/tests/mock-data?page=gravitysmtp-connections HTTP/1.1" 301 - "-" "Mozilla/5.0 (X11; Linux x86_64; rv:121.0) Gecko/20100101 Firefox/121.0"
45.148.10.9 - - [04/Sep/2026:04:01:53 -0500] "GET /?rest_route=/gravitysmtp/v1/tests/mock-data&page=gravitysmtp-connections HTTP/1.1" 404 149 "-" "Mozilla/5.0 (Windows NT 10.0; Win64; x64; rv:121.0) Gecko/20100101 Firefox/121.0"
45.148.10.9 - - [04/Sep/2026:04:01:54 -0500] "GET /index.php?rest_route=/gravitysmtp/v1/tests/mock-data&page=gravitysmtp-settings HTTP/1.1" 404 149 "-" "Mozilla/5.0 (iPhone; CPU iPhone OS 17_0 like Mac OS X) AppleWebKit/605.1.15 (KHTML, like Gecko) Version/17.0 Mobile/15E148 Safari/604.1"
45.148.10.9 - - [04/Sep/2026:04:01:59 -0500] "POST /wp/index.php?rest_route=/batch/v1 HTTP/1.1" 207 16 "-" "Mozilla/5.0 (Windows NT 10.0; Win64; x64) AppleWebKit/537.36 (KHTML, like Gecko) Chrome/120.0.0.0 Safari/537.36"
45.148.10.9 - - [04/Sep/2026:04:02:02 -0500] "POST /wp/index.php?rest_route=/batch/v1 HTTP/1.1" 207 501 "-" "Mozilla/5.0 (Windows NT 10.0; Win64; x64) AppleWebKit/537.36 (KHTML, like Gecko) Chrome/120.0.0.0 Safari/537.36"
45.148.10.9 - - [04/Sep/2026:04:02:05 -0500] "POST /wordpress/index.php?rest_route=/batch/v1 HTTP/1.1" 207 16 "-" "Mozilla/5.0 (Windows NT 10.0; Win64; x64) AppleWebKit/537.36 (KHTML, like Gecko) Chrome/120.0.0.0 Safari/537.36"
45.148.10.9 - - [04/Sep/2026:04:02:13 -0500] "POST /wordpress/index.php?rest_route=/batch/v1 HTTP/1.1" 207 501 "-" "Mozilla/5.0 (Windows NT 10.0; Win64; x64) AppleWebKit/537.36 (KHTML, like Gecko) Chrome/120.0.0.0 Safari/537.36"
45.148.10.9 - - [04/Sep/2026:04:02:25 -0500] "POST /blog/index.php?rest_route=/batch/v1 HTTP/1.1" 207 16 "-" "Mozilla/5.0 (Windows NT 10.0; Win64; x64) AppleWebKit/537.36 (KHTML, like Gecko) Chrome/120.0.0.0 Safari/537.36"
45.148.10.9 - - [04/Sep/2026:04:02:30 -0500] "POST /blog/index.php?rest_route=/batch/v1 HTTP/1.1" 207 501 "-" "Mozilla/5.0 (Windows NT 10.0; Win64; x64) AppleWebKit/537.36 (KHTML, like Gecko) Chrome/120.0.0.0 Safari/537.36"
66.249.70.7 - - [04/Sep/2026:04:03:06 -0500] "GET /?pid=3529307034 HTTP/1.1" 200 282546 "-" "Mozilla/5.0 (Linux; Android 6.0.1; Nexus 5X Build/MMB29P) AppleWebKit/537.36 (KHTML, like Gecko) Chrome/151.0.7922.173 Mobile Safari/537.36 (compatible; Googlebot/2.1; +http://www.google.com/bot.html)"
66.249.70.8 - - [04/Sep/2026:04:04:38 -0500] "GET /?pid=3595351826 HTTP/1.1" 200 282546 "-" "Mozilla/5.0 (Linux; Android 6.0.1; Nexus 5X Build/MMB29P) AppleWebKit/537.36 (KHTML, like Gecko) Chrome/151.0.7922.173 Mobile Safari/537.36 (compatible; Googlebot/2.1; +http://www.google.com/bot.html)"
66.249.78.8 - - [04/Sep/2026:04:06:42 -0500] "GET /?pid=3062286326 HTTP/1.1" 200 282546 "-" "Mozilla/5.0 (Linux; Android 6.0.1; Nexus 5X Build/MMB29P) AppleWebKit/537.36 (KHTML, like Gecko) Chrome/151.0.7922.173 Mobile Safari/537.36 (compatible; Googlebot/2.1; +http://www.google.com/bot.html)"
66.249.78.6 - - [04/Sep/2026:04:06:59 -0500] "GET /wp-content/plugins/brizy/public/editor-build/prod/editor/css/group-1_2.min.css?ver=371-wp HTTP/1.1" 200 33065 "https://newbiomuseo.desarrollo.itsangee.com/?pid=3062286326" "Mozilla/5.0 (Linux; Android 6.0.1; Nexus 5X Build/MMB29P) AppleWebKit/537.36 (KHTML, like Gecko) Chrome/151.0.7922.173 Mobile Safari/537.36 (compatible; Googlebot/2.1; +http://www.google.com/bot.html)"
40.77.167.15 - - [04/Sep/2026:04:08:10 -0500] "GET /?pid=109325051 HTTP/1.1" 200 282542 "-" "Mozilla/5.0 AppleWebKit/537.36 (KHTML, like Gecko; compatible; bingbot/2.0; +http://www.bing.com/bingbot.htm) Chrome/116.0.1938.76 Safari/537.36"
52.167.144.20 - - [04/Sep/2026:04:08:15 -0500] "GET /en/?pid=2900072357 HTTP/1.1" 200 285178 "-" "Mozilla/5.0 AppleWebKit/537.36 (KHTML, like Gecko; compatible; bingbot/2.0; +http://www.bing.com/bingbot.htm) Chrome/116.0.1938.76 Safari/537.36"
66.249.78.6 - - [04/Sep/2026:04:08:24 -0500] "GET /?pid=510456026 HTTP/1.1" 200 282542 "-" "Mozilla/5.0 (Linux; Android 6.0.1; Nexus 5X Build/MMB29P) AppleWebKit/537.36 (KHTML, like Gecko) Chrome/151.0.7922.173 Mobile Safari/537.36 (compatible; Googlebot/2.1; +http://www.google.com/bot.html)"
40.77.167.38 - - [04/Sep/2026:04:10:42 -0500] "GET /en/?pid=2305956618 HTTP/1.1" 200 285178 "-" "Mozilla/5.0 AppleWebKit/537.36 (KHTML, like Gecko; compatible; bingbot/2.0; +http://www.bing.com/bingbot.htm) Chrome/116.0.1938.76 Safari/537.36"
52.167.144.20 - - [04/Sep/2026:04:11:57 -0500] "GET /?pid=3748367044 HTTP/1.1" 200 282546 "-" "Mozilla/5.0 AppleWebKit/537.36 (KHTML, like Gecko; compatible; bingbot/2.0; +http://www.bing.com/bingbot.htm) Chrome/116.0.1938.76 Safari/537.36"
66.249.78.6 - - [04/Sep/2026:04:13:22 -0500] "GET /?pid=344487440 HTTP/1.1" 200 282542 "-" "Mozilla/5.0 (Linux; Android 6.0.1; Nexus 5X Build/MMB29P) AppleWebKit/537.36 (KHTML, like Gecko) Chrome/151.0.7922.173 Mobile Safari/537.36 (compatible; Googlebot/2.1; +http://www.google.com/bot.html)"
66.249.70.7 - - [04/Sep/2026:04:13:35 -0500] "GET /wp-content/plugins/brizy/public/editor-build/prod/editor/css/group-1_2.min.css?ver=371-wp HTTP/1.1" 200 33065 "https://newbiomuseo.desarrollo.itsangee.com/?pid=344487440" "Mozilla/5.0 (Linux; Android 6.0.1; Nexus 5X Build/MMB29P) AppleWebKit/537.36 (KHTML, like Gecko) Chrome/151.0.7922.173 Mobile Safari/537.36 (compatible; Googlebot/2.1; +http://www.google.com/bot.html)"
66.249.78.6 - - [04/Sep/2026:04:17:57 -0500] "GET /?pid=3962793212 HTTP/1.1" 200 282546 "-" "Mozilla/5.0 (Linux; Android 6.0.1; Nexus 5X Build/MMB29P) AppleWebKit/537.36 (KHTML, like Gecko) Chrome/151.0.7922.173 Mobile Safari/537.36 (compatible; Googlebot/2.1; +http://www.google.com/bot.html)"
66.249.78.8 - - [04/Sep/2026:04:18:37 -0500] "GET /?pid=236327324 HTTP/1.1" 200 282542 "-" "Mozilla/5.0 (Linux; Android 6.0.1; Nexus 5X Build/MMB29P) AppleWebKit/537.36 (KHTML, like Gecko) Chrome/151.0.7922.173 Mobile Safari/537.36 (compatible; Googlebot/2.1; +http://www.google.com/bot.html)"
66.249.78.7 - - [04/Sep/2026:04:18:52 -0500] "GET /wp-content/plugins/brizy/public/editor-build/prod/editor/icons/editor/right-arrow-thin.svg HTTP/1.1" 200 222 "https://newbiomuseo.desarrollo.itsangee.com/?pid=236327324" "Mozilla/5.0 (Linux; Android 6.0.1; Nexus 5X Build/MMB29P) AppleWebKit/537.36 (KHTML, like Gecko) Chrome/151.0.7922.173 Mobile Safari/537.36 (compatible; Googlebot/2.1; +http://www.google.com/bot.html)"
66.249.78.7 - - [04/Sep/2026:04:19:09 -0500] "GET /?pid=2226629915 HTTP/1.1" 200 282546 "-" "Mozilla/5.0 (Linux; Android 6.0.1; Nexus 5X Build/MMB29P) AppleWebKit/537.36 (KHTML, like Gecko) Chrome/151.0.7922.173 Mobile Safari/537.36 (compatible; Googlebot/2.1; +http://www.google.com/bot.html)"
66.249.78.7 - - [04/Sep/2026:04:19:39 -0500] "GET /?pid=3292338410 HTTP/1.1" 200 282546 "-" "Mozilla/5.0 (Linux; Android 6.0.1; Nexus 5X Build/MMB29P) AppleWebKit/537.36 (KHTML, like Gecko) Chrome/151.0.7922.173 Mobile Safari/537.36 (compatible; Googlebot/2.1; +http://www.google.com/bot.html)"
66.249.78.8 - - [04/Sep/2026:04:20:41 -0500] "GET /?pid=602878087 HTTP/1.1" 200 282542 "-" "Mozilla/5.0 (Linux; Android 6.0.1; Nexus 5X Build/MMB29P) AppleWebKit/537.36 (KHTML, like Gecko) Chrome/151.0.7922.173 Mobile Safari/537.36 (compatible; Googlebot/2.1; +http://www.google.com/bot.html)"
66.249.70.8 - - [04/Sep/2026:04:21:08 -0500] "GET /?pid=2399530858 HTTP/1.1" 200 282546 "-" "Mozilla/5.0 (Linux; Android 6.0.1; Nexus 5X Build/MMB29P) AppleWebKit/537.36 (KHTML, like Gecko) Chrome/151.0.7922.173 Mobile Safari/537.36 (compatible; Googlebot/2.1; +http://www.google.com/bot.html)"
66.249.78.7 - - [04/Sep/2026:04:21:30 -0500] "GET /?pid=1053487054 HTTP/1.1" 200 282546 "-" "Mozilla/5.0 (Linux; Android 6.0.1; Nexus 5X Build/MMB29P) AppleWebKit/537.36 (KHTML, like Gecko) Chrome/151.0.7922.173 Mobile Safari/537.36 (compatible; Googlebot/2.1; +http://www.google.com/bot.html)"
52.167.144.231 - - [04/Sep/2026:04:23:11 -0500] "GET /?pid=1505987796 HTTP/1.1" 200 282546 "-" "Mozilla/5.0 AppleWebKit/537.36 (KHTML, like Gecko; compatible; bingbot/2.0; +http://www.bing.com/bingbot.htm) Chrome/116.0.1938.76 Safari/537.36"
52.167.144.229 - - [04/Sep/2026:04:25:05 -0500] "GET /?pid=126767877 HTTP/1.1" 200 282542 "-" "Mozilla/5.0 AppleWebKit/537.36 (KHTML, like Gecko; compatible; bingbot/2.0; +http://www.bing.com/bingbot.htm) Chrome/116.0.1938.76 Safari/537.36"
66.249.70.6 - - [04/Sep/2026:04:26:02 -0500] "GET /?pid=1723403221 HTTP/1.1" 200 282546 "-" "Mozilla/5.0 (Linux; Android 6.0.1; Nexus 5X Build/MMB29P) AppleWebKit/537.36 (KHTML, like Gecko) Chrome/151.0.7922.173 Mobile Safari/537.36 (compatible; Googlebot/2.1; +http://www.google.com/bot.html)"
66.249.70.7 - - [04/Sep/2026:04:26:45 -0500] "GET /wp-content/plugins/photoblocks-grid-gallery/public/js/photoblocks.public.js?ver=1.3.4 HTTP/1.1" 200 16703 "https://newbiomuseo.desarrollo.itsangee.com/?pid=1723403221" "Mozilla/5.0 (Linux; Android 6.0.1; Nexus 5X Build/MMB29P) AppleWebKit/537.36 (KHTML, like Gecko) Chrome/151.0.7922.173 Mobile Safari/537.36 (compatible; Googlebot/2.1; +http://www.google.com/bot.html)"
66.249.78.7 - - [04/Sep/2026:04:26:50 -0500] "GET /wp-content/plugins/brizy-pro/public/editor-build/prod/js/preview.pro.844.ad870115.js HTTP/1.1" 200 8677 "https://newbiomuseo.desarrollo.itsangee.com/?pid=1723403221" "Mozilla/5.0 (Linux; Android 6.0.1; Nexus 5X Build/MMB29P) AppleWebKit/537.36 (KHTML, like Gecko) Chrome/151.0.7922.173 Mobile Safari/537.36 (compatible; Googlebot/2.1; +http://www.google.com/bot.html)"
66.249.70.7 - - [04/Sep/2026:04:28:44 -0500] "GET /?pid=2249990464 HTTP/1.1" 200 282546 "-" "Mozilla/5.0 (Linux; Android 6.0.1; Nexus 5X Build/MMB29P) AppleWebKit/537.36 (KHTML, like Gecko) Chrome/151.0.7922.173 Mobile Safari/537.36 (compatible; Googlebot/2.1; +http://www.google.com/bot.html)"
52.167.144.163 - - [04/Sep/2026:04:30:21 -0500] "GET /?pid=842548287 HTTP/1.1" 200 282542 "-" "Mozilla/5.0 AppleWebKit/537.36 (KHTML, like Gecko; compatible; bingbot/2.0; +http://www.bing.com/bingbot.htm) Chrome/116.0.1938.76 Safari/537.36"
66.249.78.8 - - [04/Sep/2026:04:30:54 -0500] "GET /?pid=2772821931 HTTP/1.1" 200 282546 "-" "Mozilla/5.0 (Linux; Android 6.0.1; Nexus 5X Build/MMB29P) AppleWebKit/537.36 (KHTML, like Gecko) Chrome/151.0.7922.173 Mobile Safari/537.36 (compatible; Googlebot/2.1; +http://www.google.com/bot.html)"
66.249.70.7 - - [04/Sep/2026:04:32:31 -0500] "GET /?pid=2217399453 HTTP/1.1" 200 282546 "-" "Mozilla/5.0 (Linux; Android 6.0.1; Nexus 5X Build/MMB29P) AppleWebKit/537.36 (KHTML, like Gecko) Chrome/151.0.7922.173 Mobile Safari/537.36 (compatible; Googlebot/2.1; +http://www.google.com/bot.html)"
146.103.18.117 - - [04/Sep/2026:04:35:22 -0500] "GET / HTTP/1.1" 200 282486 "-" "Mozilla/5.0 (Windows NT 6.2; Win64; x64; rv:109.0) Gecko/20100101 Firefox/112.0"
66.249.70.7 - - [04/Sep/2026:04:35:45 -0500] "GET /?pid=819873346 HTTP/1.1" 200 282542 "-" "Mozilla/5.0 (Linux; Android 6.0.1; Nexus 5X Build/MMB29P) AppleWebKit/537.36 (KHTML, like Gecko) Chrome/151.0.7922.173 Mobile Safari/537.36 (compatible; Googlebot/2.1; +http://www.google.com/bot.html)"
66.249.78.7 - - [04/Sep/2026:04:38:05 -0500] "GET /?pid=3721163554 HTTP/1.1" 200 282546 "-" "Mozilla/5.0 (Linux; Android 6.0.1; Nexus 5X Build/MMB29P) AppleWebKit/537.36 (KHTML, like Gecko) Chrome/151.0.7922.173 Mobile Safari/537.36 (compatible; Googlebot/2.1; +http://www.google.com/bot.html)"
66.249.70.7 - - [04/Sep/2026:04:40:36 -0500] "GET /?pid=981742219 HTTP/1.1" 200 282542 "-" "Mozilla/5.0 (Linux; Android 6.0.1; Nexus 5X Build/MMB29P) AppleWebKit/537.36 (KHTML, like Gecko) Chrome/151.0.7922.173 Mobile Safari/537.36 (compatible; Googlebot/2.1; +http://www.google.com/bot.html)"
66.249.78.8 - - [04/Sep/2026:04:41:36 -0500] "GET /?pid=4171098470 HTTP/1.1" 200 282546 "-" "Mozilla/5.0 (Linux; Android 6.0.1; Nexus 5X Build/MMB29P) AppleWebKit/537.36 (KHTML, like Gecko) Chrome/151.0.7922.173 Mobile Safari/537.36 (compatible; Googlebot/2.1; +http://www.google.com/bot.html)"
66.249.70.8 - - [04/Sep/2026:04:43:40 -0500] "GET /?pid=2625191461 HTTP/1.1" 200 282546 "-" "Mozilla/5.0 (Linux; Android 6.0.1; Nexus 5X Build/MMB29P) AppleWebKit/537.36 (KHTML, like Gecko) Chrome/151.0.7922.173 Mobile Safari/537.36 (compatible; Googlebot/2.1; +http://www.google.com/bot.html)"
57.141.20.30 - - [04/Sep/2026:04:43:43 -0500] "GET /wp-content/uploads/2024/09/favicon-32x32-2.png HTTP/1.1" 200 1222 "-" "Mozilla/5.0 (Windows NT 10.0; Win64; x64) AppleWebKit/537.36 (KHTML, like Gecko) Chrome/145.0.0.0 Safari/537.36 (compatible; meta-externalagent/1.1 (+https://developers.facebook.com/docs/sharing/webmasters/crawler))"
66.249.70.7 - - [04/Sep/2026:04:44:15 -0500] "GET /?pid=2475723046 HTTP/1.1" 200 282546 "-" "Mozilla/5.0 (Linux; Android 6.0.1; Nexus 5X Build/MMB29P) AppleWebKit/537.36 (KHTML, like Gecko) Chrome/151.0.7922.173 Mobile Safari/537.36 (compatible; Googlebot/2.1; +http://www.google.com/bot.html)"
66.249.70.7 - - [04/Sep/2026:04:44:18 -0500] "GET /?pid=404213626 HTTP/1.1" 200 282542 "-" "Mozilla/5.0 (Linux; Android 6.0.1; Nexus 5X Build/MMB29P) AppleWebKit/537.36 (KHTML, like Gecko) Chrome/151.0.7922.173 Mobile Safari/537.36 (compatible; Googlebot/2.1; +http://www.google.com/bot.html)"
66.249.70.6 - - [04/Sep/2026:04:44:24 -0500] "GET /?pid=48726663 HTTP/1.1" 200 282538 "-" "Mozilla/5.0 (Linux; Android 6.0.1; Nexus 5X Build/MMB29P) AppleWebKit/537.36 (KHTML, like Gecko) Chrome/151.0.7922.173 Mobile Safari/537.36 (compatible; Googlebot/2.1; +http://www.google.com/bot.html)"
52.167.144.204 - - [04/Sep/2026:04:44:29 -0500] "GET /?pid=3250206625 HTTP/1.1" 200 282546 "-" "Mozilla/5.0 AppleWebKit/537.36 (KHTML, like Gecko; compatible; bingbot/2.0; +http://www.bing.com/bingbot.htm) Chrome/116.0.1938.76 Safari/537.36"
66.249.70.6 - - [04/Sep/2026:04:44:42 -0500] "GET /?pid=3683996531 HTTP/1.1" 200 282546 "-" "Mozilla/5.0 (Linux; Android 6.0.1; Nexus 5X Build/MMB29P) AppleWebKit/537.36 (KHTML, like Gecko) Chrome/151.0.7922.173 Mobile Safari/537.36 (compatible; Googlebot/2.1; +http://www.google.com/bot.html)"
66.249.70.8 - - [04/Sep/2026:04:46:55 -0500] "GET /?pid=2740526475 HTTP/1.1" 200 282546 "-" "Mozilla/5.0 (Linux; Android 6.0.1; Nexus 5X Build/MMB29P) AppleWebKit/537.36 (KHTML, like Gecko) Chrome/151.0.7922.173 Mobile Safari/537.36 (compatible; Googlebot/2.1; +http://www.google.com/bot.html)"
40.77.167.121 - - [04/Sep/2026:04:48:19 -0500] "GET /?pid=3079222599 HTTP/1.1" 200 282546 "-" "Mozilla/5.0 AppleWebKit/537.36 (KHTML, like Gecko; compatible; bingbot/2.0; +http://www.bing.com/bingbot.htm) Chrome/116.0.1938.76 Safari/537.36"
66.249.78.8 - - [04/Sep/2026:04:48:57 -0500] "GET /?pid=2776739285 HTTP/1.1" 200 282546 "-" "Mozilla/5.0 (Linux; Android 6.0.1; Nexus 5X Build/MMB29P) AppleWebKit/537.36 (KHTML, like Gecko) Chrome/151.0.7922.173 Mobile Safari/537.36 (compatible; Googlebot/2.1; +http://www.google.com/bot.html)"
66.249.70.8 - - [04/Sep/2026:04:49:09 -0500] "GET /?pid=1352020915 HTTP/1.1" 200 282546 "-" "Mozilla/5.0 (Linux; Android 6.0.1; Nexus 5X Build/MMB29P) AppleWebKit/537.36 (KHTML, like Gecko) Chrome/151.0.7922.173 Mobile Safari/537.36 (compatible; Googlebot/2.1; +http://www.google.com/bot.html)"
66.249.70.8 - - [04/Sep/2026:04:51:14 -0500] "GET /?pid=1665698140 HTTP/1.1" 200 282546 "-" "Mozilla/5.0 (Linux; Android 6.0.1; Nexus 5X Build/MMB29P) AppleWebKit/537.36 (KHTML, like Gecko) Chrome/151.0.7922.173 Mobile Safari/537.36 (compatible; Googlebot/2.1; +http://www.google.com/bot.html)"
66.249.70.7 - - [04/Sep/2026:04:51:42 -0500] "GET /?pid=4069924021 HTTP/1.1" 200 282546 "-" "Mozilla/5.0 (Linux; Android 6.0.1; Nexus 5X Build/MMB29P) AppleWebKit/537.36 (KHTML, like Gecko) Chrome/151.0.7922.173 Mobile Safari/537.36 (compatible; Googlebot/2.1; +http://www.google.com/bot.html)"
40.77.167.121 - - [04/Sep/2026:04:53:21 -0500] "GET /?pid=899798801 HTTP/1.1" 200 282542 "-" "Mozilla/5.0 AppleWebKit/537.36 (KHTML, like Gecko; compatible; bingbot/2.0; +http://www.bing.com/bingbot.htm) Chrome/116.0.1938.76 Safari/537.36"
40.77.167.28 - - [04/Sep/2026:04:53:33 -0500] "GET /f/special/ HTTP/1.1" 200 282526 "-" "Mozilla/5.0 AppleWebKit/537.36 (KHTML, like Gecko; compatible; bingbot/2.0; +http://www.bing.com/bingbot.htm) Chrome/116.0.1938.76 Safari/537.36"
52.167.144.166 - - [04/Sep/2026:04:54:58 -0500] "GET /?pid=817930450 HTTP/1.1" 200 282542 "-" "Mozilla/5.0 AppleWebKit/537.36 (KHTML, like Gecko; compatible; bingbot/2.0; +http://www.bing.com/bingbot.htm) Chrome/116.0.1938.76 Safari/537.36"
52.167.144.166 - - [04/Sep/2026:04:58:27 -0500] "GET /?pid=3735297743 HTTP/1.1" 200 282546 "-" "Mozilla/5.0 AppleWebKit/537.36 (KHTML, like Gecko; compatible; bingbot/2.0; +http://www.bing.com/bingbot.htm) Chrome/116.0.1938.76 Safari/537.36"
66.249.70.8 - - [04/Sep/2026:04:59:33 -0500] "GET /?pid=3594280983 HTTP/1.1" 200 282546 "-" "Mozilla/5.0 (Linux; Android 6.0.1; Nexus 5X Build/MMB29P) AppleWebKit/537.36 (KHTML, like Gecko) Chrome/151.0.7922.173 Mobile Safari/537.36 (compatible; Googlebot/2.1; +http://www.google.com/bot.html)"
52.167.144.189 - - [04/Sep/2026:05:01:30 -0500] "GET /?pid=64339794 HTTP/1.1" 200 282538 "-" "Mozilla/5.0 AppleWebKit/537.36 (KHTML, like Gecko; compatible; bingbot/2.0; +http://www.bing.com/bingbot.htm) Chrome/116.0.1938.76 Safari/537.36"
52.167.144.189 - - [04/Sep/2026:05:01:32 -0500] "GET /?pid=2273653144 HTTP/1.1" 200 282546 "-" "Mozilla/5.0 AppleWebKit/537.36 (KHTML, like Gecko; compatible; bingbot/2.0; +http://www.bing.com/bingbot.htm) Chrome/116.0.1938.76 Safari/537.36"
40.77.167.28 - - [04/Sep/2026:05:01:44 -0500] "GET /?pid=3273645327 HTTP/1.1" 200 282546 "-" "Mozilla/5.0 AppleWebKit/537.36 (KHTML, like Gecko; compatible; bingbot/2.0; +http://www.bing.com/bingbot.htm) Chrome/116.0.1938.76 Safari/537.36"
40.77.167.28 - - [04/Sep/2026:05:01:46 -0500] "GET /?pid=593166263 HTTP/1.1" 200 282542 "-" "Mozilla/5.0 AppleWebKit/537.36 (KHTML, like Gecko; compatible; bingbot/2.0; +http://www.bing.com/bingbot.htm) Chrome/116.0.1938.76 Safari/537.36"
52.167.144.166 - - [04/Sep/2026:05:01:49 -0500] "GET /en/?pid=3144596758 HTTP/1.1" 200 285178 "-" "Mozilla/5.0 AppleWebKit/537.36 (KHTML, like Gecko; compatible; bingbot/2.0; +http://www.bing.com/bingbot.htm) Chrome/116.0.1938.76 Safari/537.36"
54.152.198.76 - - [04/Sep/2026:05:08:26 -0500] "GET /robots.txt HTTP/1.1" 200 101 "-" "Mozilla/5.0 (Macintosh; Intel Mac OS X 10_10_1) AppleWebKit/600.2.5 (KHTML, like Gecko) Version/8.0.2 Safari/600.2.5 (Gort)"
66.249.70.6 - - [04/Sep/2026:05:09:15 -0500] "GET /?pid=1093954132 HTTP/1.1" 200 282546 "-" "Mozilla/5.0 (Linux; Android 6.0.1; Nexus 5X Build/MMB29P) AppleWebKit/537.36 (KHTML, like Gecko) Chrome/151.0.7922.173 Mobile Safari/537.36 (compatible; Googlebot/2.1; +http://www.google.com/bot.html)"
66.249.78.6 - - [04/Sep/2026:05:09:30 -0500] "GET /wp-content/plugins/brizy/public/editor-build/prod/editor/js/preview.min.js?ver=371-wp HTTP/1.1" 200 8234 "https://newbiomuseo.desarrollo.itsangee.com/?pid=1093954132" "Mozilla/5.0 (Linux; Android 6.0.1; Nexus 5X Build/MMB29P) AppleWebKit/537.36 (KHTML, like Gecko) Chrome/151.0.7922.173 Mobile Safari/537.36 (compatible; Googlebot/2.1; +http://www.google.com/bot.html)"
66.249.78.6 - - [04/Sep/2026:05:11:59 -0500] "GET /?pid=1181411396 HTTP/1.1" 200 282546 "-" "Mozilla/5.0 (Linux; Android 6.0.1; Nexus 5X Build/MMB29P) AppleWebKit/537.36 (KHTML, like Gecko) Chrome/151.0.7922.173 Mobile Safari/537.36 (compatible; Googlebot/2.1; +http://www.google.com/bot.html)"
66.249.70.6 - - [04/Sep/2026:05:12:06 -0500] "GET /wp-content/plugins/brizy-pro/public/editor-build/prod/css/main.base.pro.min.css?ver=244-wp HTTP/1.1" 200 36973 "https://newbiomuseo.desarrollo.itsangee.com/?pid=1181411396" "Mozilla/5.0 (Linux; Android 6.0.1; Nexus 5X Build/MMB29P) AppleWebKit/537.36 (KHTML, like Gecko) Chrome/151.0.7922.173 Mobile Safari/537.36 (compatible; Googlebot/2.1; +http://www.google.com/bot.html)"
66.249.78.6 - - [04/Sep/2026:05:12:43 -0500] "GET /?pid=2794585450 HTTP/1.1" 200 282546 "-" "Mozilla/5.0 (Linux; Android 6.0.1; Nexus 5X Build/MMB29P) AppleWebKit/537.36 (KHTML, like Gecko) Chrome/151.0.7922.173 Mobile Safari/537.36 (compatible; Googlebot/2.1; +http://www.google.com/bot.html)"
52.167.144.221 - - [04/Sep/2026:05:13:41 -0500] "GET /?pid=1378012744 HTTP/1.1" 200 282546 "-" "Mozilla/5.0 AppleWebKit/537.36 (KHTML, like Gecko; compatible; bingbot/2.0; +http://www.bing.com/bingbot.htm) Chrome/116.0.1938.76 Safari/537.36"
66.249.70.8 - - [04/Sep/2026:05:14:11 -0500] "GET /?pid=2407206659 HTTP/1.1" 200 282546 "-" "Mozilla/5.0 (Linux; Android 6.0.1; Nexus 5X Build/MMB29P) AppleWebKit/537.36 (KHTML, like Gecko) Chrome/151.0.7922.173 Mobile Safari/537.36 (compatible; Googlebot/2.1; +http://www.google.com/bot.html)"
66.249.70.6 - - [04/Sep/2026:05:14:14 -0500] "GET /?pid=3678658670 HTTP/1.1" 200 282546 "-" "Mozilla/5.0 (Linux; Android 6.0.1; Nexus 5X Build/MMB29P) AppleWebKit/537.36 (KHTML, like Gecko) Chrome/151.0.7922.173 Mobile Safari/537.36 (compatible; Googlebot/2.1; +http://www.google.com/bot.html)"
66.249.70.7 - - [04/Sep/2026:05:14:16 -0500] "GET /?pid=2553774214 HTTP/1.1" 200 282546 "-" "Mozilla/5.0 (Linux; Android 6.0.1; Nexus 5X Build/MMB29P) AppleWebKit/537.36 (KHTML, like Gecko) Chrome/151.0.7922.173 Mobile Safari/537.36 (compatible; Googlebot/2.1; +http://www.google.com/bot.html)"
66.249.78.8 - - [04/Sep/2026:05:15:50 -0500] "GET /?pid=689082616 HTTP/1.1" 200 282542 "-" "Mozilla/5.0 (Linux; Android 6.0.1; Nexus 5X Build/MMB29P) AppleWebKit/537.36 (KHTML, like Gecko) Chrome/151.0.7922.173 Mobile Safari/537.36 (compatible; Googlebot/2.1; +http://www.google.com/bot.html)"
66.249.78.6 - - [04/Sep/2026:05:16:03 -0500] "GET /?pid=2309900521 HTTP/1.1" 200 282546 "-" "Mozilla/5.0 (Linux; Android 6.0.1; Nexus 5X Build/MMB29P) AppleWebKit/537.36 (KHTML, like Gecko) Chrome/151.0.7922.173 Mobile Safari/537.36 (compatible; Googlebot/2.1; +http://www.google.com/bot.html)"
8.228.252.131 - - [04/Sep/2026:05:17:03 -0500] "GET / HTTP/1.1" 200 282417 "-" "Mozilla/5.0 (Macintosh; Intel Mac OS X 10_15_7) AppleWebKit/537.36 (KHTML, like Gecko) Chrome/147.0.0.0 Safari/537.36"
8.228.252.131 - - [04/Sep/2026:05:17:04 -0500] "GET / HTTP/1.1" 200 282486 "-" "Mozilla/5.0 (iPhone; CPU iPhone OS 17_0 like Mac OS X) AppleWebKit/605.1.15 (KHTML, like Gecko) Version/17.0 Mobile/15E148 Safari/604.1"
8.228.252.131 - - [04/Sep/2026:05:17:11 -0500] "GET /@fs/../../.env?raw?? HTTP/1.1" 400 226 "-" "Mozilla/5.0 (Linux; Android 13; Pixel 7) AppleWebKit/537.36 (KHTML, like Gecko) Chrome/109.0.9011.105 Mobile Safari/537.36; compatible; GPTBot/1.4; +https://openai.com/gptbot"
8.228.252.131 - - [04/Sep/2026:05:17:11 -0500] "GET /@fs/app/.aws/credentials?raw?? HTTP/1.1" 403 199 "-" "Mozilla/5.0 AppleWebKit/537.36 (KHTML, like Gecko); compatible; GPTBot/1.2; +https://openai.com/gptbot"
8.228.252.131 - - [04/Sep/2026:05:17:11 -0500] "GET / HTTP/1.1" 200 282569 "-" "Mozilla/5.0 (Macintosh; Intel Mac OS X 10_15_7) AppleWebKit/537.36 (KHTML, like Gecko) Chrome/131.0.0.0 Safari/537.36"
8.228.252.131 - - [04/Sep/2026:05:17:11 -0500] "GET /@fs/src/.env?raw?? HTTP/1.1" 301 - "-" "Mozilla/5.0 (compatible; ClaudeBot/1.0; +claudebot@anthropic.com)"
8.228.252.131 - - [04/Sep/2026:05:17:11 -0500] "GET /@fs/.env?raw?? HTTP/1.1" 301 - "-" "Mozilla/5.0 (Macintosh; Intel Mac OS X 14_5) AppleWebKit/605.1.15 (KHTML, like Gecko) Version/16.6 Safari/605.1.15; compatible; Google-Extended/1.0; +http://www.google.com/bot.html"
66.249.70.7 - - [04/Sep/2026:05:17:10 -0500] "GET /?pid=1635593660 HTTP/1.1" 200 282546 "-" "Mozilla/5.0 (Linux; Android 6.0.1; Nexus 5X Build/MMB29P) AppleWebKit/537.36 (KHTML, like Gecko) Chrome/151.0.7922.173 Mobile Safari/537.36 (compatible; Googlebot/2.1; +http://www.google.com/bot.html)"
8.228.252.131 - - [04/Sep/2026:05:17:13 -0500] "GET /@fs/.env.development?raw?? HTTP/1.1" 403 199 "-" "Mozilla/5.0 (X11; Ubuntu; Linux x86_64) AppleWebKit/537.36 (KHTML, like Gecko; compatible; GPTBot/1.2; +https://openai.com/gptbot) Chrome/136.0.754.122 Safari/537.36"
8.228.252.131 - - [04/Sep/2026:05:17:11 -0500] "GET /@fs/proc/self/environ?raw?? HTTP/1.1" 301 - "-" "Mozilla/5.0 (compatible; GrokBot/1.0; +https://x.ai/grokbot)"
8.228.252.131 - - [04/Sep/2026:05:17:11 -0500] "GET /@fs/etc/passwd?raw?? HTTP/1.1" 301 - "-" "Mozilla/5.0 (compatible; Claude-User/1.0; +Claude-User@anthropic.com)"
8.228.252.131 - - [04/Sep/2026:05:17:11 -0500] "GET /@fs/..%252f..%252f..%252f..%252f..%252froot/.env?raw?? HTTP/1.1" 301 - "-" "Mozilla/5.0 (compatible; Slackbot-LinkExpanding/1.0; +https://api.slack.com/robots)"
8.228.252.131 - - [04/Sep/2026:05:17:11 -0500] "GET /@fs/root/rootkey.csv?raw?? HTTP/1.1" 301 - "-" "Mozilla/5.0 (Linux; Android 14; Pixel 8) AppleWebKit/537.36 (KHTML, like Gecko; compatible; Amzn-SearchBot/1.0; +https://developer.amazon.com/support/amazonbot) Chrome/109.0.7308.209 Mobile Safari/537.36"
8.228.252.131 - - [04/Sep/2026:05:17:11 -0500] "GET /@fs/root/.aws/credentials.bak?raw?? HTTP/1.1" 301 - "-" "Mozilla/5.0 (iPhone; CPU iPhone OS 18_4 like Mac OS X) AppleWebKit/537.36 (KHTML, like Gecko) Chrome/109.0.4294.217 Mobile Safari/537.36; compatible; Twitterbot/1.0"
8.228.252.131 - - [04/Sep/2026:05:17:11 -0500] "GET /@fs/root/.aws/credentials?raw?? HTTP/1.1" 301 - "-" "Mozilla/5.0 (Macintosh; Intel Mac OS X 14_6_1) AppleWebKit/537.36 (KHTML, like Gecko) Chrome/128.0.2731.20 Safari/537.36; compatible; Google-Extended/1.0; +http://www.google.com/bot.html"
8.228.252.131 - - [04/Sep/2026:05:17:11 -0500] "GET /@fs/home/ec2-user/.aws/credentials?raw?? HTTP/1.1" 301 - "-" "Mozilla/5.0 AppleWebKit/537.36 (KHTML, like Gecko; compatible; Applebot/0.1; +http://www.apple.com/go/applebot)"
8.228.252.131 - - [04/Sep/2026:05:17:11 -0500] "GET /@fs/app/rootkey.csv?raw?? HTTP/1.1" 301 - "-" "Mozilla/5.0 (Windows NT 11.0; Win64; x64) AppleWebKit/537.36 (KHTML, like Gecko; compatible; OAI-SearchBot/1.3; +https://openai.com/searchbot) Chrome/122.0.152.54 Safari/537.36"
8.228.252.131 - - [04/Sep/2026:05:17:16 -0500] "GET /wp-content/plugins/instagram-feed/js/sbi-scripts.min.js?ver=6.12.0 HTTP/1.1" 200 24803 "-" "Mozilla/5.0 (Macintosh; Intel Mac OS X 14_5) AppleWebKit/605.1.15 (KHTML, like Gecko) Version/17.5 Safari/605.1.15"
