52.167.144.16 - - [01/Sep/2026:08:13:33 -0500] "GET /?pid=447013161 HTTP/1.1" 200 282542 "-" "Mozilla/5.0 AppleWebKit/537.36 (KHTML, like Gecko; compatible; bingbot/2.0; +http://www.bing.com/bingbot.htm) Chrome/116.0.1938.76 Safari/537.36"
52.167.144.233 - - [01/Sep/2026:08:13:38 -0500] "GET /?pid=1355706012 HTTP/1.1" 200 282546 "-" "Mozilla/5.0 AppleWebKit/537.36 (KHTML, like Gecko; compatible; bingbot/2.0; +http://www.bing.com/bingbot.htm) Chrome/116.0.1938.76 Safari/537.36"
52.167.144.16 - - [01/Sep/2026:08:13:43 -0500] "GET /?pid=3815723004 HTTP/1.1" 200 282546 "-" "Mozilla/5.0 AppleWebKit/537.36 (KHTML, like Gecko; compatible; bingbot/2.0; +http://www.bing.com/bingbot.htm) Chrome/116.0.1938.76 Safari/537.36"
40.77.167.62 - - [01/Sep/2026:08:13:47 -0500] "GET /?pid=4026943395 HTTP/1.1" 200 282546 "-" "Mozilla/5.0 AppleWebKit/537.36 (KHTML, like Gecko; compatible; bingbot/2.0; +http://www.bing.com/bingbot.htm) Chrome/116.0.1938.76 Safari/537.36"
114.119.131.123 - - [01/Sep/2026:08:14:11 -0500] "GET /wp-content/uploads/2024/10/10-5.webp HTTP/1.1" 200 130704 "https://newbiomuseo.desarrollo.itsangee.com/?page_id=2886" "Mozilla/5.0 (Linux; Android 7.0;) AppleWebKit/537.36 (HTML, like Gecko) Mobile Safari/537.36 (compatible; PetalBot;+https://webmaster.petalsearch.com/site/petalbot)"
114.119.141.100 - - [01/Sep/2026:08:15:35 -0500] "GET /wp-content/uploads/2024/10/07-3.webp HTTP/1.1" 200 156842 "https://newbiomuseo.desarrollo.itsangee.com/?page_id=2886" "Mozilla/5.0 (Linux; Android 7.0;) AppleWebKit/537.36 (HTML, like Gecko) Mobile Safari/537.36 (compatible; PetalBot;+https://webmaster.petalsearch.com/site/petalbot)"
40.77.167.157 - - [01/Sep/2026:08:16:37 -0500] "GET /?pid=1180980464 HTTP/1.1" 200 282546 "-" "Mozilla/5.0 AppleWebKit/537.36 (KHTML, like Gecko; compatible; bingbot/2.0; +http://www.bing.com/bingbot.htm) Chrome/116.0.1938.76 Safari/537.36"
40.77.167.62 - - [01/Sep/2026:08:16:41 -0500] "GET /?pid=3560822547 HTTP/1.1" 200 282477 "-" "Mozilla/5.0 AppleWebKit/537.36 (KHTML, like Gecko; compatible; bingbot/2.0; +http://www.bing.com/bingbot.htm) Chrome/116.0.1938.76 Safari/537.36"
66.249.70.8 - - [01/Sep/2026:08:16:47 -0500] "GET /?pid=110672994 HTTP/1.1" 200 282542 "-" "Mozilla/5.0 (Linux; Android 6.0.1; Nexus 5X Build/MMB29P) AppleWebKit/537.36 (KHTML, like Gecko) Chrome/151.0.7922.173 Mobile Safari/537.36 (compatible; Googlebot/2.1; +http://www.google.com/bot.html)"
52.167.144.16 - - [01/Sep/2026:08:16:47 -0500] "GET /?pid=931357116 HTTP/1.1" 200 282473 "-" "Mozilla/5.0 AppleWebKit/537.36 (KHTML, like Gecko; compatible; bingbot/2.0; +http://www.bing.com/bingbot.htm) Chrome/116.0.1938.76 Safari/537.36"
52.167.144.16 - - [01/Sep/2026:08:16:50 -0500] "GET /?pid=220381280 HTTP/1.1" 200 282542 "-" "Mozilla/5.0 AppleWebKit/537.36 (KHTML, like Gecko; compatible; bingbot/2.0; +http://www.bing.com/bingbot.htm) Chrome/116.0.1938.76 Safari/537.36"
114.119.153.97 - - [01/Sep/2026:08:16:58 -0500] "GET /category/sin-categoria/ HTTP/1.1" 200 282578 "https://newbiomuseo.desarrollo.itsangee.com/category/sin-categoria/" "Mozilla/5.0 (Linux; Android 7.0;) AppleWebKit/537.36 (HTML, like Gecko) Mobile Safari/537.36 (compatible; PetalBot;+https://webmaster.petalsearch.com/site/petalbot)"
40.77.167.132 - - [01/Sep/2026:08:17:35 -0500] "GET /?pid=1284921657 HTTP/1.1" 200 282546 "-" "Mozilla/5.0 AppleWebKit/537.36 (KHTML, like Gecko; compatible; bingbot/2.0; +http://www.bing.com/bingbot.htm) Chrome/116.0.1938.76 Safari/537.36"
66.249.70.6 - - [01/Sep/2026:08:17:56 -0500] "GET /?pid=2678885128 HTTP/1.1" 200 282546 "-" "Mozilla/5.0 (Linux; Android 6.0.1; Nexus 5X Build/MMB29P) AppleWebKit/537.36 (KHTML, like Gecko) Chrome/151.0.7922.173 Mobile Safari/537.36 (compatible; Googlebot/2.1; +http://www.google.com/bot.html)"
114.119.137.237 - - [01/Sep/2026:08:19:45 -0500] "GET /exhibiciones HTTP/1.1" 301 - "http://newbiomuseo.desarrollo.itsangee.com/exhibiciones" "Mozilla/5.0 (Linux; Android 7.0;) AppleWebKit/537.36 (HTML, like Gecko) Mobile Safari/537.36 (compatible; PetalBot;+https://webmaster.petalsearch.com/site/petalbot)"
114.119.137.237 - - [01/Sep/2026:08:19:47 -0500] "GET /exhibiciones/ HTTP/1.1" 200 282469 "http://newbiomuseo.desarrollo.itsangee.com/exhibiciones" "Mozilla/5.0 (Linux; Android 7.0;) AppleWebKit/537.36 (HTML, like Gecko) Mobile Safari/537.36 (compatible; PetalBot;+https://webmaster.petalsearch.com/site/petalbot)"
66.249.70.7 - - [01/Sep/2026:08:20:05 -0500] "GET /robots.txt HTTP/1.1" 200 101 "-" "Mozilla/5.0 (compatible; Googlebot/2.1; +http://www.google.com/bot.html)"
66.249.78.6 - - [01/Sep/2026:08:20:05 -0500] "GET /?pid=1564044016 HTTP/1.1" 200 282546 "-" "Mozilla/5.0 (Linux; Android 6.0.1; Nexus 5X Build/MMB29P) AppleWebKit/537.36 (KHTML, like Gecko) Chrome/151.0.7922.173 Mobile Safari/537.36 (compatible; Googlebot/2.1; +http://www.google.com/bot.html)"
40.77.167.157 - - [01/Sep/2026:08:20:28 -0500] "GET /?pid=3306491257 HTTP/1.1" 200 282477 "-" "Mozilla/5.0 AppleWebKit/537.36 (KHTML, like Gecko; compatible; bingbot/2.0; +http://www.bing.com/bingbot.htm) Chrome/116.0.1938.76 Safari/537.36"
40.77.167.62 - - [01/Sep/2026:08:20:50 -0500] "GET /?pid=4044259374 HTTP/1.1" 200 282546 "-" "Mozilla/5.0 AppleWebKit/537.36 (KHTML, like Gecko; compatible; bingbot/2.0; +http://www.bing.com/bingbot.htm) Chrome/116.0.1938.76 Safari/537.36"
66.249.78.8 - - [01/Sep/2026:08:21:13 -0500] "GET /robots.txt HTTP/1.1" 200 101 "-" "Mozilla/5.0 (compatible; Googlebot/2.1; +http://www.google.com/bot.html)"
66.249.70.7 - - [01/Sep/2026:08:21:13 -0500] "GET /?pid=3577894662 HTTP/1.1" 200 282546 "-" "Mozilla/5.0 (Linux; Android 6.0.1; Nexus 5X Build/MMB29P) AppleWebKit/537.36 (KHTML, like Gecko) Chrome/151.0.7922.173 Mobile Safari/537.36 (compatible; Googlebot/2.1; +http://www.google.com/bot.html)"
66.249.70.7 - - [01/Sep/2026:08:21:30 -0500] "GET /?pid=2410659813 HTTP/1.1" 200 282546 "-" "Mozilla/5.0 (Linux; Android 6.0.1; Nexus 5X Build/MMB29P) AppleWebKit/537.36 (KHTML, like Gecko) Chrome/151.0.7922.173 Mobile Safari/537.36 (compatible; Googlebot/2.1; +http://www.google.com/bot.html)"
66.249.78.6 - - [01/Sep/2026:08:21:39 -0500] "GET /?pid=537279481 HTTP/1.1" 200 282542 "-" "Mozilla/5.0 (Linux; Android 6.0.1; Nexus 5X Build/MMB29P) AppleWebKit/537.36 (KHTML, like Gecko) Chrome/151.0.7922.173 Mobile Safari/537.36 (compatible; Googlebot/2.1; +http://www.google.com/bot.html)"
66.249.70.7 - - [01/Sep/2026:08:22:24 -0500] "GET /robots.txt HTTP/1.1" 200 101 "-" "Mozilla/5.0 (compatible; Googlebot/2.1; +http://www.google.com/bot.html)"
66.249.70.7 - - [01/Sep/2026:08:22:24 -0500] "GET /?pid=151017972 HTTP/1.1" 200 282542 "-" "Mozilla/5.0 (Linux; Android 6.0.1; Nexus 5X Build/MMB29P) AppleWebKit/537.36 (KHTML, like Gecko) Chrome/151.0.7922.173 Mobile Safari/537.36 (compatible; Googlebot/2.1; +http://www.google.com/bot.html)"
40.77.167.157 - - [01/Sep/2026:08:25:58 -0500] "GET /?pid=522898328 HTTP/1.1" 200 282542 "-" "Mozilla/5.0 AppleWebKit/537.36 (KHTML, like Gecko; compatible; bingbot/2.0; +http://www.bing.com/bingbot.htm) Chrome/116.0.1938.76 Safari/537.36"
66.249.70.6 - - [01/Sep/2026:08:26:11 -0500] "GET /robots.txt HTTP/1.1" 200 101 "-" "Mozilla/5.0 (compatible; Googlebot/2.1; +http://www.google.com/bot.html)"
66.249.70.8 - - [01/Sep/2026:08:26:11 -0500] "GET /?pid=1887147097 HTTP/1.1" 200 282546 "-" "Mozilla/5.0 (Linux; Android 6.0.1; Nexus 5X Build/MMB29P) AppleWebKit/537.36 (KHTML, like Gecko) Chrome/151.0.7922.173 Mobile Safari/537.36 (compatible; Googlebot/2.1; +http://www.google.com/bot.html)"
66.249.70.7 - - [01/Sep/2026:08:27:47 -0500] "GET /robots.txt HTTP/1.1" 200 101 "-" "Mozilla/5.0 (compatible; Googlebot/2.1; +http://www.google.com/bot.html)"
66.249.70.7 - - [01/Sep/2026:08:27:47 -0500] "GET /?pid=716903750 HTTP/1.1" 200 282542 "-" "Mozilla/5.0 (Linux; Android 6.0.1; Nexus 5X Build/MMB29P) AppleWebKit/537.36 (KHTML, like Gecko) Chrome/151.0.7922.173 Mobile Safari/537.36 (compatible; Googlebot/2.1; +http://www.google.com/bot.html)"
40.77.167.138 - - [01/Sep/2026:08:28:47 -0500] "GET /robots.txt HTTP/1.1" 200 101 "-" "Mozilla/5.0 AppleWebKit/537.36 (KHTML, like Gecko; compatible; bingbot/2.0; +http://www.bing.com/bingbot.htm) Chrome/116.0.1938.76 Safari/537.36"
52.167.144.221 - - [01/Sep/2026:08:28:51 -0500] "GET /?pid=623674709 HTTP/1.1" 200 282473 "-" "Mozilla/5.0 AppleWebKit/537.36 (KHTML, like Gecko; compatible; bingbot/2.0; +http://www.bing.com/bingbot.htm) Chrome/116.0.1938.76 Safari/537.36"
52.167.144.221 - - [01/Sep/2026:08:28:53 -0500] "GET /?pid=4271333685 HTTP/1.1" 200 282477 "-" "Mozilla/5.0 AppleWebKit/537.36 (KHTML, like Gecko; compatible; bingbot/2.0; +http://www.bing.com/bingbot.htm) Chrome/116.0.1938.76 Safari/537.36"
52.167.144.221 - - [01/Sep/2026:08:29:30 -0500] "GET /?pid=311665781 HTTP/1.1" 200 282542 "-" "Mozilla/5.0 AppleWebKit/537.36 (KHTML, like Gecko; compatible; bingbot/2.0; +http://www.bing.com/bingbot.htm) Chrome/116.0.1938.76 Safari/537.36"
57.141.20.64 - - [01/Sep/2026:08:33:20 -0500] "GET /wp-content/uploads/2025/03/3.png HTTP/1.1" 200 547475 "-" "Mozilla/5.0 (Macintosh; Intel Mac OS X 10_15_7) AppleWebKit/537.36 (KHTML, like Gecko) Chrome/145.0.0.0 Safari/537.36 (compatible; meta-externalagent/1.1 (+https://developers.facebook.com/docs/sharing/webmasters/crawler))"
52.167.144.25 - - [01/Sep/2026:08:33:40 -0500] "GET /?pid=2789763107 HTTP/1.1" 200 282546 "-" "Mozilla/5.0 AppleWebKit/537.36 (KHTML, like Gecko; compatible; bingbot/2.0; +http://www.bing.com/bingbot.htm) Chrome/116.0.1938.76 Safari/537.36"
52.167.144.221 - - [01/Sep/2026:08:33:44 -0500] "GET /?pid=3739757526 HTTP/1.1" 200 282546 "-" "Mozilla/5.0 AppleWebKit/537.36 (KHTML, like Gecko; compatible; bingbot/2.0; +http://www.bing.com/bingbot.htm) Chrome/116.0.1938.76 Safari/537.36"
66.249.78.6 - - [01/Sep/2026:08:35:37 -0500] "GET /?pid=3300998762 HTTP/1.1" 200 282546 "-" "Mozilla/5.0 (Linux; Android 6.0.1; Nexus 5X Build/MMB29P) AppleWebKit/537.36 (KHTML, like Gecko) Chrome/151.0.7922.173 Mobile Safari/537.36 (compatible; Googlebot/2.1; +http://www.google.com/bot.html)"
66.249.70.6 - - [01/Sep/2026:08:35:50 -0500] "GET /?pid=429580436 HTTP/1.1" 200 282542 "-" "Mozilla/5.0 (Linux; Android 6.0.1; Nexus 5X Build/MMB29P) AppleWebKit/537.36 (KHTML, like Gecko) Chrome/151.0.7922.173 Mobile Safari/537.36 (compatible; Googlebot/2.1; +http://www.google.com/bot.html)"
66.249.70.7 - - [01/Sep/2026:08:40:18 -0500] "GET /?pid=815061158 HTTP/1.1" 200 282542 "-" "Mozilla/5.0 (Linux; Android 6.0.1; Nexus 5X Build/MMB29P) AppleWebKit/537.36 (KHTML, like Gecko) Chrome/151.0.7922.173 Mobile Safari/537.36 (compatible; Googlebot/2.1; +http://www.google.com/bot.html)"
66.249.70.8 - - [01/Sep/2026:08:42:00 -0500] "GET /?pid=532592238 HTTP/1.1" 200 282542 "-" "Mozilla/5.0 (Linux; Android 6.0.1; Nexus 5X Build/MMB29P) AppleWebKit/537.36 (KHTML, like Gecko) Chrome/151.0.7922.173 Mobile Safari/537.36 (compatible; Googlebot/2.1; +http://www.google.com/bot.html)"
209.42.18.204 - - [01/Sep/2026:08:42:58 -0500] "GET /feed/json/ HTTP/1.1" 301 - "-" "Mozilla/5.0 (Windows NT 10.0; Win64; x64) AppleWebKit/537.36 (KHTML, like Gecko) Chrome/151.0.0.0 Safari/537.36, Mozilla/5.0 (Macintosh; Intel Mac OS X 10_15_7) AppleWebKit/537.36 (KHTML, like Gecko) Chrome/151.0.0.0 Safari/537.36"
209.42.18.204 - - [01/Sep/2026:08:43:01 -0500] "GET /feed/json/ HTTP/1.1" 200 282526 "-" "Mozilla/5.0 (Windows NT 10.0; Win64; x64) AppleWebKit/537.36 (KHTML, like Gecko) Chrome/151.0.0.0 Safari/537.36, Mozilla/5.0 (Macintosh; Intel Mac OS X 10_15_7) AppleWebKit/537.36 (KHTML, like Gecko) Chrome/151.0.0.0 Safari/537.36"
138.68.158.60 - - [01/Sep/2026:08:43:11 -0500] "GET /wp-json/buddypress/v1/members HTTP/1.1" 301 - "-" "Mozilla/5.0 (Windows NT 10.0; Win64; x64) AppleWebKit/537.36 (KHTML, like Gecko) Chrome/151.0.0.0 Safari/537.36, Mozilla/5.0 (X11; Linux x86_64) AppleWebKit/537.36 (KHTML, like Gecko) Chrome/151.0.0.0 Safari/537.36"
209.42.18.204 - - [01/Sep/2026:08:43:29 -0500] "GET /wp-json/wp/v2/users?per_page=50&_embed&_fields=id,slug,name HTTP/1.1" 301 - "-" "Mozilla/5.0 (Windows NT 10.0; Win64; x64) AppleWebKit/537.36 (KHTML, like Gecko) Chrome/151.0.0.0 Safari/537.36, Mozilla/5.0 (Macintosh; Intel Mac OS X 10_15_7) AppleWebKit/537.36 (KHTML, like Gecko) Chrome/151.0.0.0 Safari/537.36"
209.42.18.204 - - [01/Sep/2026:08:43:32 -0500] "GET /wp-json/wp/v2/users/?per_page=50&_embed&_fields=id,slug,name HTTP/1.1" 200 282760 "-" "Mozilla/5.0 (Windows NT 10.0; Win64; x64) AppleWebKit/537.36 (KHTML, like Gecko) Chrome/151.0.0.0 Safari/537.36, Mozilla/5.0 (Macintosh; Intel Mac OS X 10_15_7) AppleWebKit/537.36 (KHTML, like Gecko) Chrome/151.0.0.0 Safari/537.36"
66.249.70.8 - - [01/Sep/2026:08:43:50 -0500] "GET /?pid=2371865610 HTTP/1.1" 200 282546 "-" "Mozilla/5.0 (Linux; Android 6.0.1; Nexus 5X Build/MMB29P) AppleWebKit/537.36 (KHTML, like Gecko) Chrome/151.0.7922.173 Mobile Safari/537.36 (compatible; Googlebot/2.1; +http://www.google.com/bot.html)"
47.128.112.104 - - [01/Sep/2026:08:45:53 -0500] "GET /robots.txt HTTP/1.1" 200 101 "-" "Mozilla/5.0 (iPhone; CPU iPhone OS 7_1_2 like Mac OS X) AppleWebKit/537.36 (KHTML, like Gecko) Version/7.0 Mobile Safari/537.36 (compatible; Bytespider; https://bytedance.sg.larkoffice.com/docx/K5bxdypulop3IIxrJb0lOjLVgFe)"
66.249.70.7 - - [01/Sep/2026:08:47:17 -0500] "GET /?pid=1565932682 HTTP/1.1" 200 282546 "-" "Mozilla/5.0 (Linux; Android 6.0.1; Nexus 5X Build/MMB29P) AppleWebKit/537.36 (KHTML, like Gecko) Chrome/151.0.7922.173 Mobile Safari/537.36 (compatible; Googlebot/2.1; +http://www.google.com/bot.html)"
66.249.78.8 - - [01/Sep/2026:08:51:57 -0500] "GET /?pid=1856925695 HTTP/1.1" 200 282546 "-" "Mozilla/5.0 (Linux; Android 6.0.1; Nexus 5X Build/MMB29P) AppleWebKit/537.36 (KHTML, like Gecko) Chrome/151.0.7922.173 Mobile Safari/537.36 (compatible; Googlebot/2.1; +http://www.google.com/bot.html)"
66.249.78.6 - - [01/Sep/2026:08:52:00 -0500] "GET /?pid=2174114916 HTTP/1.1" 200 282546 "-" "Mozilla/5.0 (Linux; Android 6.0.1; Nexus 5X Build/MMB29P) AppleWebKit/537.36 (KHTML, like Gecko) Chrome/151.0.7922.173 Mobile Safari/537.36 (compatible; Googlebot/2.1; +http://www.google.com/bot.html)"
40.77.167.203 - - [01/Sep/2026:08:54:18 -0500] "GET /robots.txt HTTP/1.1" 200 101 "-" "Mozilla/5.0 AppleWebKit/537.36 (KHTML, like Gecko; compatible; bingbot/2.0; +http://www.bing.com/bingbot.htm) Chrome/116.0.1938.76 Safari/537.36"
52.167.144.222 - - [01/Sep/2026:08:54:31 -0500] "GET /?pid=3234531219 HTTP/1.1" 200 282546 "-" "Mozilla/5.0 AppleWebKit/537.36 (KHTML, like Gecko; compatible; bingbot/2.0; +http://www.bing.com/bingbot.htm) Chrome/116.0.1938.76 Safari/537.36"
216.73.216.232 - - [01/Sep/2026:08:55:01 -0500] "GET /robots.txt HTTP/1.1" 200 101 "-" "Mozilla/5.0 AppleWebKit/537.36 (KHTML, like Gecko; compatible; ClaudeBot/1.0; +claudebot@anthropic.com)"
216.73.216.232 - - [01/Sep/2026:08:55:02 -0500] "GET /sitemap.xml HTTP/1.1" 301 - "-" "Mozilla/5.0 AppleWebKit/537.36 (KHTML, like Gecko; compatible; ClaudeBot/1.0; +claudebot@anthropic.com)"
216.73.216.232 - - [01/Sep/2026:08:55:03 -0500] "GET /sitemap.xml/ HTTP/1.1" 200 282528 "https://newbiomuseo.desarrollo.itsangee.com/sitemap.xml" "Mozilla/5.0 AppleWebKit/537.36 (KHTML, like Gecko; compatible; ClaudeBot/1.0; +claudebot@anthropic.com)"
57.141.20.73 - - [01/Sep/2026:08:58:13 -0500] "GET /wp-sitemap-posts-post-1.xml/ HTTP/1.1" 200 282592 "-" "Mozilla/5.0 (Macintosh; Intel Mac OS X 10_15_7) AppleWebKit/537.36 (KHTML, like Gecko) Chrome/145.0.0.0 Safari/537.36 (compatible; meta-externalagent/1.1 (+https://developers.facebook.com/docs/sharing/webmasters/crawler))"
198.235.24.175 - - [01/Sep/2026:08:58:23 -0500] "GET / HTTP/1.1" 200 282417 "-" "Hello from Palo Alto Networks, find out more about our scans in https://docs-cortex.paloaltonetworks.com/r/1/Cortex-Xpanse/Scanning-activity"
40.77.167.143 - - [01/Sep/2026:08:58:44 -0500] "GET /?pid=463117041 HTTP/1.1" 200 282542 "-" "Mozilla/5.0 AppleWebKit/537.36 (KHTML, like Gecko; compatible; bingbot/2.0; +http://www.bing.com/bingbot.htm) Chrome/116.0.1938.76 Safari/537.36"
114.119.141.100 - - [01/Sep/2026:08:58:50 -0500] "GET /wp-content/uploads/2024/10/26-2.webp HTTP/1.1" 200 126214 "https://newbiomuseo.desarrollo.itsangee.com/?page_id=2886" "Mozilla/5.0 (Linux; Android 7.0;) AppleWebKit/537.36 (HTML, like Gecko) Mobile Safari/537.36 (compatible; PetalBot;+https://webmaster.petalsearch.com/site/petalbot)"
114.119.137.237 - - [01/Sep/2026:09:00:14 -0500] "GET /wp-content/uploads/2024/10/12-3.webp HTTP/1.1" 200 123720 "https://newbiomuseo.desarrollo.itsangee.com/?page_id=2886" "Mozilla/5.0 (Linux; Android 7.0;) AppleWebKit/537.36 (HTML, like Gecko) Mobile Safari/537.36 (compatible; PetalBot;+https://webmaster.petalsearch.com/site/petalbot)"
66.249.78.8 - - [01/Sep/2026:09:00:57 -0500] "GET /?pid=1981546469 HTTP/1.1" 200 282546 "-" "Mozilla/5.0 (Linux; Android 6.0.1; Nexus 5X Build/MMB29P) AppleWebKit/537.36 (KHTML, like Gecko) Chrome/151.0.7922.173 Mobile Safari/537.36 (compatible; Googlebot/2.1; +http://www.google.com/bot.html)"
198.235.24.54 - - [01/Sep/2026:09:01:06 -0500] "GET / HTTP/1.1" 301 - "-" "Hello from Palo Alto Networks, find out more about our scans in https://docs-cortex.paloaltonetworks.com/r/1/Cortex-Xpanse/Scanning-activity"
198.235.24.54 - - [01/Sep/2026:09:01:08 -0500] "GET / HTTP/1.1" 200 282569 "-" "Hello from Palo Alto Networks, find out more about our scans in https://docs-cortex.paloaltonetworks.com/r/1/Cortex-Xpanse/Scanning-activity"
114.119.153.97 - - [01/Sep/2026:09:01:37 -0500] "GET /wp-content/uploads/2024/10/12-2.webp HTTP/1.1" 200 113732 "https://newbiomuseo.desarrollo.itsangee.com/?page_id=2886" "Mozilla/5.0 (Linux; Android 7.0;) AppleWebKit/537.36 (HTML, like Gecko) Mobile Safari/537.36 (compatible; PetalBot;+https://webmaster.petalsearch.com/site/petalbot)"
40.77.167.143 - - [01/Sep/2026:09:02:54 -0500] "GET /?pid=3627647179 HTTP/1.1" 200 282546 "-" "Mozilla/5.0 AppleWebKit/537.36 (KHTML, like Gecko; compatible; bingbot/2.0; +http://www.bing.com/bingbot.htm) Chrome/116.0.1938.76 Safari/537.36"
40.77.167.143 - - [01/Sep/2026:09:02:56 -0500] "GET /?pid=2481248869 HTTP/1.1" 200 282546 "-" "Mozilla/5.0 AppleWebKit/537.36 (KHTML, like Gecko; compatible; bingbot/2.0; +http://www.bing.com/bingbot.htm) Chrome/116.0.1938.76 Safari/537.36"
40.77.167.143 - - [01/Sep/2026:09:02:59 -0500] "GET /?pid=66169883 HTTP/1.1" 200 282538 "-" "Mozilla/5.0 AppleWebKit/537.36 (KHTML, like Gecko; compatible; bingbot/2.0; +http://www.bing.com/bingbot.htm) Chrome/116.0.1938.76 Safari/537.36"
114.119.141.100 - - [01/Sep/2026:09:03:01 -0500] "GET /?page_id=2831 HTTP/1.1" 200 458688 "https://newbiomuseo.desarrollo.itsangee.com/?p=4187" "Mozilla/5.0 (Linux; Android 7.0;) AppleWebKit/537.36 (HTML, like Gecko) Mobile Safari/537.36 (compatible; PetalBot;+https://webmaster.petalsearch.com/site/petalbot)"
40.77.167.241 - - [01/Sep/2026:09:03:04 -0500] "GET /?pid=3539764587 HTTP/1.1" 200 282546 "-" "Mozilla/5.0 AppleWebKit/537.36 (KHTML, like Gecko; compatible; bingbot/2.0; +http://www.bing.com/bingbot.htm) Chrome/116.0.1938.76 Safari/537.36"
40.77.167.241 - - [01/Sep/2026:09:03:07 -0500] "GET /?pid=3320849998 HTTP/1.1" 200 282546 "-" "Mozilla/5.0 AppleWebKit/537.36 (KHTML, like Gecko; compatible; bingbot/2.0; +http://www.bing.com/bingbot.htm) Chrome/116.0.1938.76 Safari/537.36"
103.110.10.46 - - [01/Sep/2026:09:05:52 -0500] "GET /wp-content/uploads/2024/09/membresias-1.webp HTTP/1.1" 200 1599742 "-" "Mozilla/5.0 (compatible; MSIE 6.0; Windows 98; Win 9x 4.90; Trident/3.0)"
114.119.137.237 - - [01/Sep/2026:09:07:11 -0500] "GET /permanentes/ HTTP/1.1" 200 282465 "http://newbiomuseo.desarrollo.itsangee.com/permanentes" "Mozilla/5.0 (Linux; Android 7.0;) AppleWebKit/537.36 (HTML, like Gecko) Mobile Safari/537.36 (compatible; PetalBot;+https://webmaster.petalsearch.com/site/petalbot)"
40.77.167.241 - - [01/Sep/2026:09:07:13 -0500] "GET /?pid=1886226320 HTTP/1.1" 200 282546 "-" "Mozilla/5.0 AppleWebKit/537.36 (KHTML, like Gecko; compatible; bingbot/2.0; +http://www.bing.com/bingbot.htm) Chrome/116.0.1938.76 Safari/537.36"
40.77.167.241 - - [01/Sep/2026:09:07:15 -0500] "GET /?pid=2981911236 HTTP/1.1" 200 282546 "-" "Mozilla/5.0 AppleWebKit/537.36 (KHTML, like Gecko; compatible; bingbot/2.0; +http://www.bing.com/bingbot.htm) Chrome/116.0.1938.76 Safari/537.36"
57.141.20.29 - - [01/Sep/2026:09:07:16 -0500] "GET /?sitemap=posts&sitemap-subtype=post&paged=1 HTTP/1.1" 404 62220 "-" "Mozilla/5.0 (Macintosh; Intel Mac OS X 10_15_7) AppleWebKit/537.36 (KHTML, like Gecko) Chrome/145.0.0.0 Safari/537.36 (compatible; meta-externalagent/1.1 (+https://developers.facebook.com/docs/sharing/webmasters/crawler))"
40.77.167.143 - - [01/Sep/2026:09:07:18 -0500] "GET /?pid=623891238 HTTP/1.1" 200 282542 "-" "Mozilla/5.0 AppleWebKit/537.36 (KHTML, like Gecko; compatible; bingbot/2.0; +http://www.bing.com/bingbot.htm) Chrome/116.0.1938.76 Safari/537.36"
40.77.167.143 - - [01/Sep/2026:09:07:21 -0500] "GET /?pid=471137340 HTTP/1.1" 200 282473 "-" "Mozilla/5.0 AppleWebKit/537.36 (KHTML, like Gecko; compatible; bingbot/2.0; +http://www.bing.com/bingbot.htm) Chrome/116.0.1938.76 Safari/537.36"
40.77.167.116 - - [01/Sep/2026:09:09:04 -0500] "GET /?pid=1078149331 HTTP/1.1" 200 282546 "-" "Mozilla/5.0 AppleWebKit/537.36 (KHTML, like Gecko; compatible; bingbot/2.0; +http://www.bing.com/bingbot.htm) Chrome/116.0.1938.76 Safari/537.36"
40.77.167.116 - - [01/Sep/2026:09:09:06 -0500] "GET /?pid=1061339724 HTTP/1.1" 200 282546 "-" "Mozilla/5.0 AppleWebKit/537.36 (KHTML, like Gecko; compatible; bingbot/2.0; +http://www.bing.com/bingbot.htm) Chrome/116.0.1938.76 Safari/537.36"
40.77.167.241 - - [01/Sep/2026:09:09:09 -0500] "GET /?pid=666800160 HTTP/1.1" 200 282542 "-" "Mozilla/5.0 AppleWebKit/537.36 (KHTML, like Gecko; compatible; bingbot/2.0; +http://www.bing.com/bingbot.htm) Chrome/116.0.1938.76 Safari/537.36"
40.77.167.116 - - [01/Sep/2026:09:10:36 -0500] "GET /?pid=2835205102 HTTP/1.1" 200 282546 "-" "Mozilla/5.0 AppleWebKit/537.36 (KHTML, like Gecko; compatible; bingbot/2.0; +http://www.bing.com/bingbot.htm) Chrome/116.0.1938.76 Safari/537.36"
40.77.167.241 - - [01/Sep/2026:09:10:44 -0500] "GET /?pid=613449115 HTTP/1.1" 200 282542 "-" "Mozilla/5.0 AppleWebKit/537.36 (KHTML, like Gecko; compatible; bingbot/2.0; +http://www.bing.com/bingbot.htm) Chrome/116.0.1938.76 Safari/537.36"
40.77.167.116 - - [01/Sep/2026:09:10:48 -0500] "GET /?pid=1567069160 HTTP/1.1" 200 282546 "-" "Mozilla/5.0 AppleWebKit/537.36 (KHTML, like Gecko; compatible; bingbot/2.0; +http://www.bing.com/bingbot.htm) Chrome/116.0.1938.76 Safari/537.36"
40.77.167.116 - - [01/Sep/2026:09:10:52 -0500] "GET /?pid=1184235847 HTTP/1.1" 200 282546 "-" "Mozilla/5.0 AppleWebKit/537.36 (KHTML, like Gecko; compatible; bingbot/2.0; +http://www.bing.com/bingbot.htm) Chrome/116.0.1938.76 Safari/537.36"
52.167.144.174 - - [01/Sep/2026:09:12:40 -0500] "GET /?pid=2760550911 HTTP/1.1" 200 282477 "-" "Mozilla/5.0 AppleWebKit/537.36 (KHTML, like Gecko; compatible; bingbot/2.0; +http://www.bing.com/bingbot.htm) Chrome/116.0.1938.76 Safari/537.36"
52.167.144.174 - - [01/Sep/2026:09:16:01 -0500] "GET /?pid=2097433220 HTTP/1.1" 200 282477 "-" "Mozilla/5.0 AppleWebKit/537.36 (KHTML, like Gecko; compatible; bingbot/2.0; +http://www.bing.com/bingbot.htm) Chrome/116.0.1938.76 Safari/537.36"
160.250.222.19 - - [01/Sep/2026:09:16:45 -0500] "GET /wp-content/uploads/2024/09/oceanos.webp HTTP/1.1" 200 260066 "-" "Mozilla/5.0 (Windows NT 11.0; ku-TR; rv:1.9.1.20) Gecko/9960-07-10 21:43:53.457581 Firefox/3.8"
62.42.190.65 - - [01/Sep/2026:09:16:57 -0500] "GET /wp-content/uploads/2024/09/oceanos.webp HTTP/1.1" 200 260066 "-" "Mozilla/5.0 (compatible; MSIE 7.0; Windows NT 5.1; Trident/3.1)"
66.249.70.6 - - [01/Sep/2026:09:17:00 -0500] "GET /?pid=1577392892 HTTP/1.1" 200 282546 "-" "Mozilla/5.0 (Linux; Android 6.0.1; Nexus 5X Build/MMB29P) AppleWebKit/537.36 (KHTML, like Gecko) Chrome/151.0.7922.173 Mobile Safari/537.36 (compatible; Googlebot/2.1; +http://www.google.com/bot.html)"
114.119.141.100 - - [01/Sep/2026:09:21:06 -0500] "GET /en/el-biomuseo/ HTTP/1.1" 200 285166 "https://newbiomuseo.desarrollo.itsangee.com/en/el-biomuseo" "Mozilla/5.0 (Linux; Android 7.0;) AppleWebKit/537.36 (HTML, like Gecko) Mobile Safari/537.36 (compatible; PetalBot;+https://webmaster.petalsearch.com/site/petalbot)"
83.35.66.209 - - [01/Sep/2026:09:23:36 -0500] "GET /wp-content/uploads/2024/09/favicon-32x32-2.png HTTP/1.1" 200 1222 "-" "Mozilla/5.0 (compatible; MSIE 5.0; Windows 98; Trident/3.0)"
51.89.69.44 - - [01/Sep/2026:09:28:49 -0500] "GET /sitemap.xml HTTP/1.1" 301 - "-" "Mozilla/5.0 (compatible; AhrefsBot/7.0; +http://ahrefs.com/robot/)"
51.89.69.44 - - [01/Sep/2026:09:28:50 -0500] "GET /sitemap.xml/ HTTP/1.1" 200 282528 "-" "Mozilla/5.0 (compatible; AhrefsBot/7.0; +http://ahrefs.com/robot/)"
52.167.144.180 - - [01/Sep/2026:09:33:55 -0500] "GET /?pid=269055052 HTTP/1.1" 200 282542 "-" "Mozilla/5.0 AppleWebKit/537.36 (KHTML, like Gecko; compatible; bingbot/2.0; +http://www.bing.com/bingbot.htm) Chrome/116.0.1938.76 Safari/537.36"
52.167.144.180 - - [01/Sep/2026:09:33:57 -0500] "GET /?pid=1490014247 HTTP/1.1" 200 282546 "-" "Mozilla/5.0 AppleWebKit/537.36 (KHTML, like Gecko; compatible; bingbot/2.0; +http://www.bing.com/bingbot.htm) Chrome/116.0.1938.76 Safari/537.36"
52.167.144.16 - - [01/Sep/2026:09:38:15 -0500] "GET /?pid=147692599 HTTP/1.1" 200 282542 "-" "Mozilla/5.0 AppleWebKit/537.36 (KHTML, like Gecko; compatible; bingbot/2.0; +http://www.bing.com/bingbot.htm) Chrome/116.0.1938.76 Safari/537.36"
9.129.56.243 - - [01/Sep/2026:09:39:34 -0500] "GET / HTTP/1.1" 200 282569 "-" "Mozilla/5.0 AppleWebKit/537.36 (KHTML, like Gecko); compatible; ChatGPT-User/1.0; +https://openai.com/bot"
52.167.144.16 - - [01/Sep/2026:09:40:06 -0500] "GET /?pid=366844910 HTTP/1.1" 200 282542 "-" "Mozilla/5.0 AppleWebKit/537.36 (KHTML, like Gecko; compatible; bingbot/2.0; +http://www.bing.com/bingbot.htm) Chrome/116.0.1938.76 Safari/537.36"
52.167.144.180 - - [01/Sep/2026:09:40:10 -0500] "GET /?pid=321378465 HTTP/1.1" 200 282473 "-" "Mozilla/5.0 AppleWebKit/537.36 (KHTML, like Gecko; compatible; bingbot/2.0; +http://www.bing.com/bingbot.htm) Chrome/116.0.1938.76 Safari/537.36"
66.249.70.7 - - [01/Sep/2026:09:42:57 -0500] "GET /?pid=2370179020 HTTP/1.1" 200 282546 "-" "Mozilla/5.0 (Linux; Android 6.0.1; Nexus 5X Build/MMB29P) AppleWebKit/537.36 (KHTML, like Gecko) Chrome/151.0.7922.173 Mobile Safari/537.36 (compatible; Googlebot/2.1; +http://www.google.com/bot.html)"
52.167.144.180 - - [01/Sep/2026:09:43:15 -0500] "GET /?pid=4083672411 HTTP/1.1" 200 282546 "-" "Mozilla/5.0 AppleWebKit/537.36 (KHTML, like Gecko; compatible; bingbot/2.0; +http://www.bing.com/bingbot.htm) Chrome/116.0.1938.76 Safari/537.36"
66.249.70.6 - - [01/Sep/2026:09:43:42 -0500] "GET /?pid=1808873811 HTTP/1.1" 200 282546 "-" "Mozilla/5.0 (Linux; Android 6.0.1; Nexus 5X Build/MMB29P) AppleWebKit/537.36 (KHTML, like Gecko) Chrome/151.0.7922.173 Mobile Safari/537.36 (compatible; Googlebot/2.1; +http://www.google.com/bot.html)"
50.6.200.195 - - [01/Sep/2026:09:44:29 -0500] "GET /wp-login.php HTTP/1.1" 200 11232 "-" "Mozilla/5.0 (Windows NT 10.0; Win64; x64) AppleWebKit/537.36 (KHTML, like Gecko) Chrome/151.0.0.0 Safari/537.36"
50.6.200.195 - - [01/Sep/2026:09:44:30 -0500] "POST /wp-login.php HTTP/1.1" 200 11712 "https://newbiomuseo.desarrollo.itsangee.com/wp-login.php" "Mozilla/5.0 (Windows NT 10.0; Win64; x64) AppleWebKit/537.36 (KHTML, like Gecko) Chrome/151.0.0.0 Safari/537.36"
66.249.70.6 - - [01/Sep/2026:09:44:36 -0500] "GET /?pid=2907668375 HTTP/1.1" 200 282546 "-" "Mozilla/5.0 (Linux; Android 6.0.1; Nexus 5X Build/MMB29P) AppleWebKit/537.36 (KHTML, like Gecko) Chrome/151.0.7922.173 Mobile Safari/537.36 (compatible; Googlebot/2.1; +http://www.google.com/bot.html)"
52.167.144.161 - - [01/Sep/2026:09:44:38 -0500] "GET /?pid=3969022513 HTTP/1.1" 200 282477 "-" "Mozilla/5.0 AppleWebKit/537.36 (KHTML, like Gecko; compatible; bingbot/2.0; +http://www.bing.com/bingbot.htm) Chrome/116.0.1938.76 Safari/537.36"
40.77.167.255 - - [01/Sep/2026:09:44:44 -0500] "GET /?pid=5479954 HTTP/1.1" 200 282534 "-" "Mozilla/5.0 AppleWebKit/537.36 (KHTML, like Gecko; compatible; bingbot/2.0; +http://www.bing.com/bingbot.htm) Chrome/116.0.1938.76 Safari/537.36"
66.249.70.8 - - [01/Sep/2026:09:46:25 -0500] "GET /?pid=3098393639 HTTP/1.1" 200 282546 "-" "Mozilla/5.0 (Linux; Android 6.0.1; Nexus 5X Build/MMB29P) AppleWebKit/537.36 (KHTML, like Gecko) Chrome/151.0.7922.173 Mobile Safari/537.36 (compatible; Googlebot/2.1; +http://www.google.com/bot.html)"
52.167.144.161 - - [01/Sep/2026:09:47:18 -0500] "GET /?pid=320613134 HTTP/1.1" 200 282473 "-" "Mozilla/5.0 AppleWebKit/537.36 (KHTML, like Gecko; compatible; bingbot/2.0; +http://www.bing.com/bingbot.htm) Chrome/116.0.1938.76 Safari/537.36"
66.249.70.7 - - [01/Sep/2026:09:48:50 -0500] "GET /?pid=1909498132 HTTP/1.1" 200 282546 "-" "Mozilla/5.0 (Linux; Android 6.0.1; Nexus 5X Build/MMB29P) AppleWebKit/537.36 (KHTML, like Gecko) Chrome/151.0.7922.173 Mobile Safari/537.36 (compatible; Googlebot/2.1; +http://www.google.com/bot.html)"
66.249.78.6 - - [01/Sep/2026:09:49:49 -0500] "GET /?pid=1659734500 HTTP/1.1" 200 282546 "-" "Mozilla/5.0 (Linux; Android 6.0.1; Nexus 5X Build/MMB29P) AppleWebKit/537.36 (KHTML, like Gecko) Chrome/151.0.7922.173 Mobile Safari/537.36 (compatible; Googlebot/2.1; +http://www.google.com/bot.html)"
66.249.78.7 - - [01/Sep/2026:09:50:58 -0500] "GET /?pid=1551248075 HTTP/1.1" 200 282546 "-" "Mozilla/5.0 (Linux; Android 6.0.1; Nexus 5X Build/MMB29P) AppleWebKit/537.36 (KHTML, like Gecko) Chrome/151.0.7922.173 Mobile Safari/537.36 (compatible; Googlebot/2.1; +http://www.google.com/bot.html)"
66.249.78.7 - - [01/Sep/2026:09:51:35 -0500] "GET /?pid=1990921756 HTTP/1.1" 200 282546 "-" "Mozilla/5.0 (Linux; Android 6.0.1; Nexus 5X Build/MMB29P) AppleWebKit/537.36 (KHTML, like Gecko) Chrome/151.0.7922.173 Mobile Safari/537.36 (compatible; Googlebot/2.1; +http://www.google.com/bot.html)"
66.249.78.6 - - [01/Sep/2026:09:52:00 -0500] "GET /?pid=3422861773 HTTP/1.1" 200 282546 "-" "Mozilla/5.0 (Linux; Android 6.0.1; Nexus 5X Build/MMB29P) AppleWebKit/537.36 (KHTML, like Gecko) Chrome/151.0.7922.173 Mobile Safari/537.36 (compatible; Googlebot/2.1; +http://www.google.com/bot.html)"
66.249.78.6 - - [01/Sep/2026:09:54:15 -0500] "GET /?pid=1738206602 HTTP/1.1" 200 282546 "-" "Mozilla/5.0 (Linux; Android 6.0.1; Nexus 5X Build/MMB29P) AppleWebKit/537.36 (KHTML, like Gecko) Chrome/151.0.7922.173 Mobile Safari/537.36 (compatible; Googlebot/2.1; +http://www.google.com/bot.html)"
52.167.144.186 - - [01/Sep/2026:09:55:29 -0500] "GET /?pid=174388692 HTTP/1.1" 200 282542 "-" "Mozilla/5.0 AppleWebKit/537.36 (KHTML, like Gecko; compatible; bingbot/2.0; +http://www.bing.com/bingbot.htm) Chrome/116.0.1938.76 Safari/537.36"
52.167.144.217 - - [01/Sep/2026:09:55:40 -0500] "GET /?pid=4245788564 HTTP/1.1" 200 282546 "-" "Mozilla/5.0 AppleWebKit/537.36 (KHTML, like Gecko; compatible; bingbot/2.0; +http://www.bing.com/bingbot.htm) Chrome/116.0.1938.76 Safari/537.36"
40.77.167.68 - - [01/Sep/2026:09:56:14 -0500] "GET /?pid=573041669 HTTP/1.1" 200 282542 "-" "Mozilla/5.0 AppleWebKit/537.36 (KHTML, like Gecko; compatible; bingbot/2.0; +http://www.bing.com/bingbot.htm) Chrome/116.0.1938.76 Safari/537.36"
40.77.167.68 - - [01/Sep/2026:09:56:34 -0500] "GET /?pid=2821661322 HTTP/1.1" 200 282546 "-" "Mozilla/5.0 AppleWebKit/537.36 (KHTML, like Gecko; compatible; bingbot/2.0; +http://www.bing.com/bingbot.htm) Chrome/116.0.1938.76 Safari/537.36"
66.249.78.8 - - [01/Sep/2026:09:56:51 -0500] "GET /?pid=809612644 HTTP/1.1" 200 282542 "-" "Mozilla/5.0 (Linux; Android 6.0.1; Nexus 5X Build/MMB29P) AppleWebKit/537.36 (KHTML, like Gecko) Chrome/151.0.7922.173 Mobile Safari/537.36 (compatible; Googlebot/2.1; +http://www.google.com/bot.html)"
66.249.70.6 - - [01/Sep/2026:09:57:13 -0500] "GET /?pid=3035753292 HTTP/1.1" 200 282546 "-" "Mozilla/5.0 (Linux; Android 6.0.1; Nexus 5X Build/MMB29P) AppleWebKit/537.36 (KHTML, like Gecko) Chrome/151.0.7922.173 Mobile Safari/537.36 (compatible; Googlebot/2.1; +http://www.google.com/bot.html)"
57.141.20.21 - - [01/Sep/2026:09:57:34 -0500] "GET /?page_id=3000 HTTP/1.1" 200 1038465 "-" "Mozilla/5.0 (Windows NT 10.0; Win64; x64) AppleWebKit/537.36 (KHTML, like Gecko) Chrome/145.0.0.0 Safari/537.36 (compatible; meta-externalagent/1.1 (+https://developers.facebook.com/docs/sharing/webmasters/crawler))"
66.249.70.8 - - [01/Sep/2026:09:58:41 -0500] "GET /?pid=2088668664 HTTP/1.1" 200 282546 "-" "Mozilla/5.0 (Linux; Android 6.0.1; Nexus 5X Build/MMB29P) AppleWebKit/537.36 (KHTML, like Gecko) Chrome/151.0.7922.173 Mobile Safari/537.36 (compatible; Googlebot/2.1; +http://www.google.com/bot.html)"
66.249.78.7 - - [01/Sep/2026:09:58:42 -0500] "GET /?pid=4216870657 HTTP/1.1" 200 282546 "-" "Mozilla/5.0 (Linux; Android 6.0.1; Nexus 5X Build/MMB29P) AppleWebKit/537.36 (KHTML, like Gecko) Chrome/151.0.7922.173 Mobile Safari/537.36 (compatible; Googlebot/2.1; +http://www.google.com/bot.html)"
66.249.70.6 - - [01/Sep/2026:09:58:45 -0500] "GET /?pid=3727837569 HTTP/1.1" 200 282546 "-" "Mozilla/5.0 (Linux; Android 6.0.1; Nexus 5X Build/MMB29P) AppleWebKit/537.36 (KHTML, like Gecko) Chrome/151.0.7922.173 Mobile Safari/537.36 (compatible; Googlebot/2.1; +http://www.google.com/bot.html)"
66.249.70.6 - - [01/Sep/2026:09:59:16 -0500] "GET /?pid=2678791577 HTTP/1.1" 200 282546 "-" "Mozilla/5.0 (Linux; Android 6.0.1; Nexus 5X Build/MMB29P) AppleWebKit/537.36 (KHTML, like Gecko) Chrome/151.0.7922.173 Mobile Safari/537.36 (compatible; Googlebot/2.1; +http://www.google.com/bot.html)"
66.249.78.6 - - [01/Sep/2026:09:59:28 -0500] "GET /?pid=2566113156 HTTP/1.1" 200 282546 "-" "Mozilla/5.0 (Linux; Android 6.0.1; Nexus 5X Build/MMB29P) AppleWebKit/537.36 (KHTML, like Gecko) Chrome/151.0.7922.173 Mobile Safari/537.36 (compatible; Googlebot/2.1; +http://www.google.com/bot.html)"
66.249.78.8 - - [01/Sep/2026:10:00:14 -0500] "GET /?pid=2189289154 HTTP/1.1" 200 282546 "-" "Mozilla/5.0 (Linux; Android 6.0.1; Nexus 5X Build/MMB29P) AppleWebKit/537.36 (KHTML, like Gecko) Chrome/151.0.7922.173 Mobile Safari/537.36 (compatible; Googlebot/2.1; +http://www.google.com/bot.html)"
66.249.70.7 - - [01/Sep/2026:10:01:11 -0500] "GET /?pid=343722035 HTTP/1.1" 200 282542 "-" "Mozilla/5.0 (Linux; Android 6.0.1; Nexus 5X Build/MMB29P) AppleWebKit/537.36 (KHTML, like Gecko) Chrome/151.0.7922.173 Mobile Safari/537.36 (compatible; Googlebot/2.1; +http://www.google.com/bot.html)"
66.249.78.6 - - [01/Sep/2026:10:01:43 -0500] "GET /?pid=425008750 HTTP/1.1" 200 282542 "-" "Mozilla/5.0 (Linux; Android 6.0.1; Nexus 5X Build/MMB29P) AppleWebKit/537.36 (KHTML, like Gecko) Chrome/151.0.7922.173 Mobile Safari/537.36 (compatible; Googlebot/2.1; +http://www.google.com/bot.html)"
66.249.78.7 - - [01/Sep/2026:10:03:07 -0500] "GET /?pid=2622577207 HTTP/1.1" 200 282546 "-" "Mozilla/5.0 (Linux; Android 6.0.1; Nexus 5X Build/MMB29P) AppleWebKit/537.36 (KHTML, like Gecko) Chrome/151.0.7922.173 Mobile Safari/537.36 (compatible; Googlebot/2.1; +http://www.google.com/bot.html)"
66.249.70.7 - - [01/Sep/2026:10:03:15 -0500] "GET /?pid=734242402 HTTP/1.1" 200 282542 "-" "Mozilla/5.0 (Linux; Android 6.0.1; Nexus 5X Build/MMB29P) AppleWebKit/537.36 (KHTML, like Gecko) Chrome/151.0.7922.173 Mobile Safari/537.36 (compatible; Googlebot/2.1; +http://www.google.com/bot.html)"
66.249.78.7 - - [01/Sep/2026:10:05:43 -0500] "GET /?pid=1491835809 HTTP/1.1" 200 282546 "-" "Mozilla/5.0 (Linux; Android 6.0.1; Nexus 5X Build/MMB29P) AppleWebKit/537.36 (KHTML, like Gecko) Chrome/151.0.7922.173 Mobile Safari/537.36 (compatible; Googlebot/2.1; +http://www.google.com/bot.html)"
66.249.78.8 - - [01/Sep/2026:10:06:18 -0500] "GET /?pid=3530889798 HTTP/1.1" 200 282546 "-" "Mozilla/5.0 (Linux; Android 6.0.1; Nexus 5X Build/MMB29P) AppleWebKit/537.36 (KHTML, like Gecko) Chrome/151.0.7922.173 Mobile Safari/537.36 (compatible; Googlebot/2.1; +http://www.google.com/bot.html)"
90.167.21.10 - - [01/Sep/2026:10:06:38 -0500] "GET /wp-content/uploads/2024/09/Membresias3.webp HTTP/1.1" 200 79732 "-" "Mozilla/5.0 (Windows NT 6.2; pap-CW; rv:1.9.0.20) Gecko/5367-04-07 14:52:47.204147 Firefox/3.6.6"
66.249.78.7 - - [01/Sep/2026:10:07:37 -0500] "GET /?pid=2178807502 HTTP/1.1" 200 282546 "-" "Mozilla/5.0 (Linux; Android 6.0.1; Nexus 5X Build/MMB29P) AppleWebKit/537.36 (KHTML, like Gecko) Chrome/151.0.7922.173 Mobile Safari/537.36 (compatible; Googlebot/2.1; +http://www.google.com/bot.html)"
66.249.70.8 - - [01/Sep/2026:10:08:14 -0500] "GET /?pid=3856705649 HTTP/1.1" 200 282546 "-" "Mozilla/5.0 (Linux; Android 6.0.1; Nexus 5X Build/MMB29P) AppleWebKit/537.36 (KHTML, like Gecko) Chrome/151.0.7922.173 Mobile Safari/537.36 (compatible; Googlebot/2.1; +http://www.google.com/bot.html)"
66.249.70.7 - - [01/Sep/2026:10:11:44 -0500] "GET /?pid=1670217740 HTTP/1.1" 200 282546 "-" "Mozilla/5.0 (Linux; Android 6.0.1; Nexus 5X Build/MMB29P) AppleWebKit/537.36 (KHTML, like Gecko) Chrome/151.0.7922.173 Mobile Safari/537.36 (compatible; Googlebot/2.1; +http://www.google.com/bot.html)"
62.60.130.230 - - [01/Sep/2026:10:13:03 -0500] "GET /wp-admin/admin-ajax.php?action=wdpsso_step1&redirect= HTTP/1.1" 400 1 "-" "Mozilla/5.0 (Macintosh; Intel Mac OS X 10_15_7) AppleWebKit/605.1.15 (KHTML, like Gecko) Version/17.5 Safari/605.1.15"
62.60.130.230 - - [01/Sep/2026:10:13:05 -0500] "GET / HTTP/1.1" 200 282417 "-" "Mozilla/5.0 (Macintosh; Intel Mac OS X 10_15_7) AppleWebKit/605.1.15 (KHTML, like Gecko) Version/17.5 Safari/605.1.15"
62.60.130.230 - - [01/Sep/2026:10:13:07 -0500] "GET /en/ HTTP/1.1" 200 285046 "-" "Mozilla/5.0 (Macintosh; Intel Mac OS X 10_15_7) AppleWebKit/605.1.15 (KHTML, like Gecko) Version/17.5 Safari/605.1.15"
62.60.130.230 - - [01/Sep/2026:10:13:09 -0500] "POST /wp-admin/admin-ajax.php HTTP/1.1" 400 1 "-" "Mozilla/5.0 (Macintosh; Intel Mac OS X 10_15_7) AppleWebKit/605.1.15 (KHTML, like Gecko) Version/17.5 Safari/605.1.15"
62.60.130.230 - - [01/Sep/2026:10:13:10 -0500] "GET /wp-json/wp/v2/users?per_page=100 HTTP/1.1" 301 - "-" "Mozilla/5.0 (Macintosh; Intel Mac OS X 10_15_7) AppleWebKit/605.1.15 (KHTML, like Gecko) Version/17.5 Safari/605.1.15"
62.60.130.230 - - [01/Sep/2026:10:13:11 -0500] "GET /wp-json/wp/v2/users/?per_page=100 HTTP/1.1" 200 282543 "-" "Mozilla/5.0 (Macintosh; Intel Mac OS X 10_15_7) AppleWebKit/605.1.15 (KHTML, like Gecko) Version/17.5 Safari/605.1.15"
62.60.130.230 - - [01/Sep/2026:10:13:13 -0500] "GET /?author=1 HTTP/1.1" 200 64770 "-" "Mozilla/5.0 (Macintosh; Intel Mac OS X 10_15_7) AppleWebKit/605.1.15 (KHTML, like Gecko) Version/17.5 Safari/605.1.15"
62.60.130.230 - - [01/Sep/2026:10:13:14 -0500] "GET /?author=2 HTTP/1.1" 200 62731 "-" "Mozilla/5.0 (Macintosh; Intel Mac OS X 10_15_7) AppleWebKit/605.1.15 (KHTML, like Gecko) Version/17.5 Safari/605.1.15"
62.60.130.230 - - [01/Sep/2026:10:13:16 -0500] "GET /?author=3 HTTP/1.1" 404 61979 "-" "Mozilla/5.0 (Macintosh; Intel Mac OS X 10_15_7) AppleWebKit/605.1.15 (KHTML, like Gecko) Version/17.5 Safari/605.1.15"
62.60.130.230 - - [01/Sep/2026:10:13:17 -0500] "GET /?author=4 HTTP/1.1" 404 61979 "-" "Mozilla/5.0 (Macintosh; Intel Mac OS X 10_15_7) AppleWebKit/605.1.15 (KHTML, like Gecko) Version/17.5 Safari/605.1.15"
62.60.130.230 - - [01/Sep/2026:10:13:18 -0500] "GET /?author=5 HTTP/1.1" 404 61979 "-" "Mozilla/5.0 (Macintosh; Intel Mac OS X 10_15_7) AppleWebKit/605.1.15 (KHTML, like Gecko) Version/17.5 Safari/605.1.15"
62.60.130.230 - - [01/Sep/2026:10:13:19 -0500] "GET /?author=6 HTTP/1.1" 404 61979 "-" "Mozilla/5.0 (Macintosh; Intel Mac OS X 10_15_7) AppleWebKit/605.1.15 (KHTML, like Gecko) Version/17.5 Safari/605.1.15"
62.60.130.230 - - [01/Sep/2026:10:13:21 -0500] "GET /?author=7 HTTP/1.1" 404 61979 "-" "Mozilla/5.0 (Macintosh; Intel Mac OS X 10_15_7) AppleWebKit/605.1.15 (KHTML, like Gecko) Version/17.5 Safari/605.1.15"
62.60.130.230 - - [01/Sep/2026:10:13:22 -0500] "GET /?author=8 HTTP/1.1" 404 61979 "-" "Mozilla/5.0 (Macintosh; Intel Mac OS X 10_15_7) AppleWebKit/605.1.15 (KHTML, like Gecko) Version/17.5 Safari/605.1.15"
62.60.130.230 - - [01/Sep/2026:10:13:23 -0500] "GET /?author=9 HTTP/1.1" 404 61979 "-" "Mozilla/5.0 (Macintosh; Intel Mac OS X 10_15_7) AppleWebKit/605.1.15 (KHTML, like Gecko) Version/17.5 Safari/605.1.15"
62.60.130.230 - - [01/Sep/2026:10:13:25 -0500] "GET /?author=10 HTTP/1.1" 404 61983 "-" "Mozilla/5.0 (Macintosh; Intel Mac OS X 10_15_7) AppleWebKit/605.1.15 (KHTML, like Gecko) Version/17.5 Safari/605.1.15"
62.60.130.230 - - [01/Sep/2026:10:13:26 -0500] "GET /?author=11 HTTP/1.1" 404 61983 "-" "Mozilla/5.0 (Macintosh; Intel Mac OS X 10_15_7) AppleWebKit/605.1.15 (KHTML, like Gecko) Version/17.5 Safari/605.1.15"
62.60.130.230 - - [01/Sep/2026:10:13:28 -0500] "GET /?author=12 HTTP/1.1" 404 61983 "-" "Mozilla/5.0 (Macintosh; Intel Mac OS X 10_15_7) AppleWebKit/605.1.15 (KHTML, like Gecko) Version/17.5 Safari/605.1.15"
62.60.130.230 - - [01/Sep/2026:10:13:30 -0500] "GET /?author=13 HTTP/1.1" 404 61983 "-" "Mozilla/5.0 (Macintosh; Intel Mac OS X 10_15_7) AppleWebKit/605.1.15 (KHTML, like Gecko) Version/17.5 Safari/605.1.15"
62.60.130.230 - - [01/Sep/2026:10:13:32 -0500] "GET /?author=14 HTTP/1.1" 404 61983 "-" "Mozilla/5.0 (Macintosh; Intel Mac OS X 10_15_7) AppleWebKit/605.1.15 (KHTML, like Gecko) Version/17.5 Safari/605.1.15"
62.60.130.230 - - [01/Sep/2026:10:13:34 -0500] "GET /wp-json/wp/v2/users?per_page=100&page=1&context=embed HTTP/1.1" 301 - "-" "Mozilla/5.0 (Macintosh; Intel Mac OS X 10_15_7) AppleWebKit/605.1.15 (KHTML, like Gecko) Version/17.5 Safari/605.1.15"
62.60.130.230 - - [01/Sep/2026:10:13:36 -0500] "GET /?per_page=100&context=embed HTTP/1.1" 200 282545 "-" "Mozilla/5.0 (Macintosh; Intel Mac OS X 10_15_7) AppleWebKit/605.1.15 (KHTML, like Gecko) Version/17.5 Safari/605.1.15"
62.60.130.230 - - [01/Sep/2026:10:13:39 -0500] "GET /wp-login.php?action=lostpassword HTTP/1.1" 200 4568 "-" "Mozilla/5.0 (Macintosh; Intel Mac OS X 10_15_7) AppleWebKit/605.1.15 (KHTML, like Gecko) Version/17.5 Safari/605.1.15"
62.60.130.230 - - [01/Sep/2026:10:13:41 -0500] "POST /wp-login.php?action=lostpassword HTTP/1.1" 200 4824 "-" "Mozilla/5.0 (Macintosh; Intel Mac OS X 10_15_7) AppleWebKit/605.1.15 (KHTML, like Gecko) Version/17.5 Safari/605.1.15"
62.60.130.230 - - [01/Sep/2026:10:13:42 -0500] "GET /wp-login.php?action=lostpassword HTTP/1.1" 200 4568 "-" "Mozilla/5.0 (Macintosh; Intel Mac OS X 10_15_7) AppleWebKit/605.1.15 (KHTML, like Gecko) Version/17.5 Safari/605.1.15"
62.60.130.230 - - [01/Sep/2026:10:13:44 -0500] "POST /wp-login.php?action=lostpassword HTTP/1.1" 302 - "-" "Mozilla/5.0 (Macintosh; Intel Mac OS X 10_15_7) AppleWebKit/605.1.15 (KHTML, like Gecko) Version/17.5 Safari/605.1.15"
62.60.130.230 - - [01/Sep/2026:10:13:49 -0500] "POST /wp-content/plugins/translatepress-multilingual/includes/trp-ajax.php HTTP/1.1" 200 - "-" "Mozilla/5.0 (Macintosh; Intel Mac OS X 10_15_7) AppleWebKit/605.1.15 (KHTML, like Gecko) Version/17.5 Safari/605.1.15"
62.60.130.230 - - [01/Sep/2026:10:13:49 -0500] "POST /wp-content/plugins/translatepress/includes/trp-ajax.php HTTP/1.1" 200 282639 "-" "Mozilla/5.0 (Macintosh; Intel Mac OS X 10_15_7) AppleWebKit/605.1.15 (KHTML, like Gecko) Version/17.5 Safari/605.1.15"
20.237.250.71 - - [01/Sep/2026:10:14:44 -0500] "GET /wp-login.php HTTP/1.1" 200 11232 "-" "Mozilla/5.0 (Windows NT 10.0; Win64; x64) AppleWebKit/537.36 (KHTML, like Gecko) Chrome/151.0.0.0 Safari/537.36"
20.237.250.71 - - [01/Sep/2026:10:14:45 -0500] "POST /wp-login.php HTTP/1.1" 200 11712 "https://newbiomuseo.desarrollo.itsangee.com/wp-login.php" "Mozilla/5.0 (Windows NT 10.0; Win64; x64) AppleWebKit/537.36 (KHTML, like Gecko) Chrome/151.0.0.0 Safari/537.36"
52.167.144.184 - - [01/Sep/2026:10:20:40 -0500] "GET /?pid=4214284928 HTTP/1.1" 200 282546 "-" "Mozilla/5.0 AppleWebKit/537.36 (KHTML, like Gecko; compatible; bingbot/2.0; +http://www.bing.com/bingbot.htm) Chrome/116.0.1938.76 Safari/537.36"
40.77.167.42 - - [01/Sep/2026:10:20:44 -0500] "GET /?pid=3236561173 HTTP/1.1" 200 282546 "-" "Mozilla/5.0 AppleWebKit/537.36 (KHTML, like Gecko; compatible; bingbot/2.0; +http://www.bing.com/bingbot.htm) Chrome/116.0.1938.76 Safari/537.36"
52.167.144.221 - - [01/Sep/2026:10:20:49 -0500] "GET /?pid=1220001456 HTTP/1.1" 200 282546 "-" "Mozilla/5.0 AppleWebKit/537.36 (KHTML, like Gecko; compatible; bingbot/2.0; +http://www.bing.com/bingbot.htm) Chrome/116.0.1938.76 Safari/537.36"
66.249.70.6 - - [01/Sep/2026:10:21:40 -0500] "GET /?pid=1348876591 HTTP/1.1" 200 282546 "-" "Mozilla/5.0 (Linux; Android 6.0.1; Nexus 5X Build/MMB29P) AppleWebKit/537.36 (KHTML, like Gecko) Chrome/151.0.7922.173 Mobile Safari/537.36 (compatible; Googlebot/2.1; +http://www.google.com/bot.html)"
52.167.144.221 - - [01/Sep/2026:10:22:07 -0500] "GET /?pid=3731825015 HTTP/1.1" 200 282546 "-" "Mozilla/5.0 AppleWebKit/537.36 (KHTML, like Gecko; compatible; bingbot/2.0; +http://www.bing.com/bingbot.htm) Chrome/116.0.1938.76 Safari/537.36"
52.167.144.221 - - [01/Sep/2026:10:22:09 -0500] "GET /?pid=3424676086 HTTP/1.1" 200 282546 "-" "Mozilla/5.0 AppleWebKit/537.36 (KHTML, like Gecko; compatible; bingbot/2.0; +http://www.bing.com/bingbot.htm) Chrome/116.0.1938.76 Safari/537.36"
144.76.32.236 - - [01/Sep/2026:10:26:01 -0500] "GET /robots.txt HTTP/1.1" 200 101 "-" "Mozilla/5.0 (compatible; SERankingBacklinksBot/1.0; +https://seranking.com/backlinks-crawler)"
144.76.32.236 - - [01/Sep/2026:10:26:01 -0500] "GET /?p=359 HTTP/1.1" 404 61967 "-" "Mozilla/5.0 (compatible; SERankingBacklinksBot/1.0; +https://seranking.com/backlinks-crawler)"
132.243.161.99 - - [01/Sep/2026:10:26:24 -0500] "GET /permanentes/ HTTP/1.0" 200 282465 "http://newbiomuseo.desarrollo.itsangee.com/permanentes/" "Mozilla/5.0 (Windows NT 10.0; Win64; x64) AppleWebKit/537.36 (KHTML, like Gecko) Chrome/131.0.0.0 Safari/537.36 Avast/131.0.0.0"
132.243.161.99 - - [01/Sep/2026:10:26:28 -0500] "GET /wp-login.php?action=register HTTP/1.0" 302 - "http://newbiomuseo.desarrollo.itsangee.com/wp-login.php?action=register" "Mozilla/5.0 (Windows NT 10.0; Win64; x64) AppleWebKit/537.36 (KHTML, like Gecko) Chrome/131.0.0.0 Safari/537.36 Avast/131.0.0.0"
132.243.161.99 - - [01/Sep/2026:10:26:31 -0500] "GET /wp-login.php?registration=disabled HTTP/1.0" 200 11406 "http://newbiomuseo.desarrollo.itsangee.com/wp-login.php?registration=disabled" "Mozilla/5.0 (Windows NT 10.0; Win64; x64) AppleWebKit/537.36 (KHTML, like Gecko) Chrome/131.0.0.0 Safari/537.36 Avast/131.0.0.0"
20.48.179.39 - - [01/Sep/2026:10:26:33 -0500] "GET /wp-content/plugins/hellopress/wp_filemanager.php HTTP/1.1" 200 282695 "-" "-"
20.48.179.39 - - [01/Sep/2026:10:26:34 -0500] "GET /this_is_a_new_hello_world.php HTTP/1.1" 200 282619 "-" "-"
20.48.179.39 - - [01/Sep/2026:10:26:34 -0500] "GET /aaaa.php HTTP/1.1" 200 282535 "-" "-"
20.48.179.39 - - [01/Sep/2026:10:26:35 -0500] "GET /config.php HTTP/1.1" 200 282543 "-" "-"
20.48.179.39 - - [01/Sep/2026:10:26:35 -0500] "GET /ho.php HTTP/1.1" 200 282527 "-" "-"
20.48.179.39 - - [01/Sep/2026:10:26:35 -0500] "GET /x.php HTTP/1.1" 200 282523 "-" "-"
20.48.179.39 - - [01/Sep/2026:10:26:36 -0500] "GET /min.php HTTP/1.1" 200 282531 "-" "-"
20.48.179.39 - - [01/Sep/2026:10:26:36 -0500] "GET /kir.php HTTP/1.1" 200 282531 "-" "-"
20.48.179.39 - - [01/Sep/2026:10:26:36 -0500] "GET /f35.update.php HTTP/1.1" 200 282559 "-" "-"
20.48.179.39 - - [01/Sep/2026:10:26:36 -0500] "GET //admin1.php HTTP/1.1" 200 282543 "-" "-"
20.48.179.39 - - [01/Sep/2026:10:26:37 -0500] "GET /silver.php HTTP/1.1" 200 282543 "-" "-"
20.48.179.39 - - [01/Sep/2026:10:26:37 -0500] "GET /file-gertdxz.php HTTP/1.1" 200 282567 "-" "-"
20.48.179.39 - - [01/Sep/2026:10:26:37 -0500] "GET /ddd.php HTTP/1.1" 200 282531 "-" "-"
20.48.179.39 - - [01/Sep/2026:10:26:37 -0500] "GET /file58.php HTTP/1.1" 200 282543 "-" "-"
20.48.179.39 - - [01/Sep/2026:10:26:38 -0500] "GET /888.php HTTP/1.1" 200 282531 "-" "-"
20.48.179.39 - - [01/Sep/2026:10:26:38 -0500] "GET /bibil.php HTTP/1.1" 200 282539 "-" "-"
20.48.179.39 - - [01/Sep/2026:10:26:38 -0500] "GET /file48.php HTTP/1.1" 200 282543 "-" "-"
20.48.179.39 - - [01/Sep/2026:10:26:38 -0500] "GET /file10.php HTTP/1.1" 200 282543 "-" "-"
20.48.179.39 - - [01/Sep/2026:10:26:39 -0500] "GET /moon.php?p HTTP/1.1" 301 - "-" "-"
20.48.179.39 - - [01/Sep/2026:10:26:40 -0500] "GET /moon.php HTTP/1.1" 200 282535 "-" "-"
20.48.179.39 - - [01/Sep/2026:10:26:40 -0500] "GET /file88.php HTTP/1.1" 200 282543 "-" "-"
20.48.179.39 - - [01/Sep/2026:10:26:41 -0500] "GET /class.5.php HTTP/1.1" 200 282547 "-" "-"
20.48.179.39 - - [01/Sep/2026:10:26:41 -0500] "GET /class.2.php HTTP/1.1" 200 282547 "-" "-"
20.48.179.39 - - [01/Sep/2026:10:26:42 -0500] "GET /cccc.php HTTP/1.1" 200 282535 "-" "-"
20.48.179.39 - - [01/Sep/2026:10:26:42 -0500] "GET /efile.php HTTP/1.1" 200 282539 "-" "-"
20.48.179.39 - - [01/Sep/2026:10:26:42 -0500] "GET /dox.php HTTP/1.1" 200 282531 "-" "-"
20.48.179.39 - - [01/Sep/2026:10:26:42 -0500] "GET /file9.php HTTP/1.1" 200 282539 "-" "-"
20.48.179.39 - - [01/Sep/2026:10:26:43 -0500] "GET /file8.php HTTP/1.1" 200 282539 "-" "-"
20.48.179.39 - - [01/Sep/2026:10:26:43 -0500] "GET /file6.php HTTP/1.1" 200 282539 "-" "-"
20.48.179.39 - - [01/Sep/2026:10:26:43 -0500] "GET /file4.php HTTP/1.1" 200 282539 "-" "-"
20.48.179.39 - - [01/Sep/2026:10:26:43 -0500] "GET /media.php HTTP/1.1" 200 282539 "-" "-"
20.48.179.39 - - [01/Sep/2026:10:26:43 -0500] "GET //adminfuns.php HTTP/1.1" 200 282555 "-" "-"
20.48.179.39 - - [01/Sep/2026:10:26:44 -0500] "GET /classwithtostring.php?p= HTTP/1.1" 301 - "-" "-"
20.48.179.39 - - [01/Sep/2026:10:26:46 -0500] "GET /classwithtostring.php HTTP/1.1" 200 282587 "-" "-"
20.48.179.39 - - [01/Sep/2026:10:26:46 -0500] "GET /3PJcpMFsD8B.php HTTP/1.1" 200 282563 "-" "-"
20.48.179.39 - - [01/Sep/2026:10:26:47 -0500] "GET /4PJcpMFsD8B.php HTTP/1.1" 200 282563 "-" "-"
20.48.179.39 - - [01/Sep/2026:10:26:47 -0500] "GET /wsd.php HTTP/1.1" 200 282531 "-" "-"
20.48.179.39 - - [01/Sep/2026:10:26:47 -0500] "GET /bulet.php HTTP/1.1" 200 282539 "-" "-"
