152.42.244.85 - - [03/Sep/2026:23:54:56 -0500] "GET /wp-admin/index.php HTTP/1.1" 302 - "https://www.newbiomuseo.desarrollo.itsangee.com/wp-login.php" "Mozilla/5.0 (Macintosh; Intel Mac OS X 13_6_1) AppleWebKit/537.36 (KHTML, like Gecko) Chrome/120.0.0.0 Safari/537.36"
152.42.244.85 - - [03/Sep/2026:23:55:21 -0500] "GET /wp-login.php?redirect_to=https%3A%2F%2Fwww.newbiomuseo.desarrollo.itsangee.com%2Fwp-admin%2Findex.php&reauth=1 HTTP/1.1" 200 11374 "https://www.newbiomuseo.desarrollo.itsangee.com/wp-login.php" "Mozilla/5.0 (Macintosh; Intel Mac OS X 13_6_1) AppleWebKit/537.36 (KHTML, like Gecko) Chrome/120.0.0.0 Safari/537.36"
152.42.244.85 - - [03/Sep/2026:23:55:44 -0500] "POST /wp-login.php HTTP/1.1" 200 11659 "https://www.newbiomuseo.desarrollo.itsangee.com/wp-login.php" "Mozilla/5.0 (Macintosh; Intel Mac OS X 10_15_7) AppleWebKit/537.36 (KHTML, like Gecko) Chrome/121.0.0.0 Safari/537.36"
152.42.244.85 - - [03/Sep/2026:23:56:18 -0500] "GET /wp-admin/index.php HTTP/1.1" 302 - "https://www.newbiomuseo.desarrollo.itsangee.com/wp-login.php" "Mozilla/5.0 (Macintosh; Intel Mac OS X 13_6_1; rv:120.0) Gecko/20100101 Firefox/120.0"
152.42.244.85 - - [03/Sep/2026:23:56:40 -0500] "GET /wp-login.php?redirect_to=https%3A%2F%2Fwww.newbiomuseo.desarrollo.itsangee.com%2Fwp-admin%2Findex.php&reauth=1 HTTP/1.1" 200 11374 "https://www.newbiomuseo.desarrollo.itsangee.com/wp-login.php" "Mozilla/5.0 (Macintosh; Intel Mac OS X 13_6_1; rv:120.0) Gecko/20100101 Firefox/120.0"
152.42.244.85 - - [03/Sep/2026:23:56:57 -0500] "POST /wp-login.php HTTP/1.1" 200 11670 "https://www.newbiomuseo.desarrollo.itsangee.com/wp-login.php" "Mozilla/5.0 (Macintosh; Intel Mac OS X 13_6_1; rv:121.0) Gecko/20100101 Firefox/121.0"
152.42.244.85 - - [03/Sep/2026:23:57:13 -0500] "GET /wp-admin/index.php HTTP/1.1" 302 - "https://www.newbiomuseo.desarrollo.itsangee.com/wp-login.php" "Mozilla/5.0 (Windows NT 10.0; Win64; x64; rv:121.0) Gecko/20100101 Firefox/121.0"
152.42.244.85 - - [03/Sep/2026:23:57:29 -0500] "GET /wp-login.php?redirect_to=https%3A%2F%2Fwww.newbiomuseo.desarrollo.itsangee.com%2Fwp-admin%2Findex.php&reauth=1 HTTP/1.1" 200 11374 "https://www.newbiomuseo.desarrollo.itsangee.com/wp-login.php" "Mozilla/5.0 (Windows NT 10.0; Win64; x64; rv:121.0) Gecko/20100101 Firefox/121.0"
152.42.244.85 - - [03/Sep/2026:23:57:44 -0500] "POST /wp-login.php HTTP/1.1" 200 11660 "https://www.newbiomuseo.desarrollo.itsangee.com/wp-login.php" "Mozilla/5.0 (Windows NT 11.0; Win64; x64) AppleWebKit/537.36 (KHTML, like Gecko) Chrome/119.0.0.0 Safari/537.36"
152.42.244.85 - - [03/Sep/2026:23:57:55 -0500] "GET /wp-admin/index.php HTTP/1.1" 302 - "https://www.newbiomuseo.desarrollo.itsangee.com/wp-login.php" "Mozilla/5.0 (Windows NT 10.0; Win64; x64; rv:118.0) Gecko/20100101 Firefox/118.0"
152.42.244.85 - - [03/Sep/2026:23:58:11 -0500] "GET /wp-login.php?redirect_to=https%3A%2F%2Fwww.newbiomuseo.desarrollo.itsangee.com%2Fwp-admin%2Findex.php&reauth=1 HTTP/1.1" 200 11374 "https://www.newbiomuseo.desarrollo.itsangee.com/wp-login.php" "Mozilla/5.0 (Windows NT 10.0; Win64; x64; rv:118.0) Gecko/20100101 Firefox/118.0"
152.42.244.85 - - [03/Sep/2026:23:58:28 -0500] "POST /wp-login.php HTTP/1.1" 200 11664 "https://www.newbiomuseo.desarrollo.itsangee.com/wp-login.php" "Mozilla/5.0 (Macintosh; Intel Mac OS X 10_15_7) AppleWebKit/537.36 (KHTML, like Gecko) Chrome/119.0.0.0 Safari/537.36"
152.42.244.85 - - [03/Sep/2026:23:58:44 -0500] "GET /wp-admin/index.php HTTP/1.1" 302 - "https://www.newbiomuseo.desarrollo.itsangee.com/wp-login.php" "Mozilla/5.0 (X11; Ubuntu; Linux x86_64) AppleWebKit/537.36 (KHTML, like Gecko) Chrome/119.0.0.0 Safari/537.36"
152.42.244.85 - - [03/Sep/2026:23:59:00 -0500] "GET /wp-login.php?redirect_to=https%3A%2F%2Fwww.newbiomuseo.desarrollo.itsangee.com%2Fwp-admin%2Findex.php&reauth=1 HTTP/1.1" 200 11374 "https://www.newbiomuseo.desarrollo.itsangee.com/wp-login.php" "Mozilla/5.0 (X11; Ubuntu; Linux x86_64) AppleWebKit/537.36 (KHTML, like Gecko) Chrome/119.0.0.0 Safari/537.36"
152.42.244.85 - - [03/Sep/2026:23:59:18 -0500] "POST /wp-login.php HTTP/1.1" 200 11655 "https://www.newbiomuseo.desarrollo.itsangee.com/wp-login.php" "Mozilla/5.0 (Windows NT 11.0; Win64; x64; rv:120.0) Gecko/20100101 Firefox/120.0"
152.42.244.85 - - [03/Sep/2026:23:59:33 -0500] "GET /wp-admin/index.php HTTP/1.1" 302 - "https://www.newbiomuseo.desarrollo.itsangee.com/wp-login.php" "Mozilla/5.0 (Macintosh; Intel Mac OS X 10_15_7; rv:120.0) Gecko/20100101 Firefox/120.0"
152.42.244.85 - - [03/Sep/2026:23:59:49 -0500] "GET /wp-login.php?redirect_to=https%3A%2F%2Fwww.newbiomuseo.desarrollo.itsangee.com%2Fwp-admin%2Findex.php&reauth=1 HTTP/1.1" 200 11374 "https://www.newbiomuseo.desarrollo.itsangee.com/wp-login.php" "Mozilla/5.0 (Macintosh; Intel Mac OS X 10_15_7; rv:120.0) Gecko/20100101 Firefox/120.0"
152.42.244.85 - - [04/Sep/2026:00:00:04 -0500] "POST /wp-login.php HTTP/1.1" 200 11659 "https://www.newbiomuseo.desarrollo.itsangee.com/wp-login.php" "Mozilla/5.0 (Windows NT 10.0; Win64; x64) AppleWebKit/537.36 (KHTML, like Gecko) Chrome/118.0.0.0 Safari/537.36"
152.42.244.85 - - [04/Sep/2026:00:00:26 -0500] "GET /wp-admin/index.php HTTP/1.1" 302 - "https://www.newbiomuseo.desarrollo.itsangee.com/wp-login.php" "Mozilla/5.0 (Windows NT 11.0; Win64; x64) AppleWebKit/537.36 (KHTML, like Gecko) Chrome/120.0.0.0 Safari/537.36"
152.42.244.85 - - [04/Sep/2026:00:00:46 -0500] "GET /wp-login.php?redirect_to=https%3A%2F%2Fwww.newbiomuseo.desarrollo.itsangee.com%2Fwp-admin%2Findex.php&reauth=1 HTTP/1.1" 200 11374 "https://www.newbiomuseo.desarrollo.itsangee.com/wp-login.php" "Mozilla/5.0 (Windows NT 11.0; Win64; x64) AppleWebKit/537.36 (KHTML, like Gecko) Chrome/120.0.0.0 Safari/537.36"
152.42.244.85 - - [04/Sep/2026:00:01:04 -0500] "POST /wp-login.php HTTP/1.1" 200 11698 "https://www.newbiomuseo.desarrollo.itsangee.com/wp-login.php" "Mozilla/5.0 (Macintosh; Intel Mac OS X 13_6_1) AppleWebKit/537.36 (KHTML, like Gecko) Chrome/120.0.0.0 Safari/537.36"
152.42.244.85 - - [04/Sep/2026:00:01:25 -0500] "GET /wp-admin/index.php HTTP/1.1" 302 - "https://www.newbiomuseo.desarrollo.itsangee.com/wp-login.php" "Mozilla/5.0 (Macintosh; Intel Mac OS X 13_6_1) AppleWebKit/537.36 (KHTML, like Gecko) Chrome/119.0.0.0 Safari/537.36"
152.42.244.85 - - [04/Sep/2026:00:01:44 -0500] "GET /wp-login.php?redirect_to=https%3A%2F%2Fwww.newbiomuseo.desarrollo.itsangee.com%2Fwp-admin%2Findex.php&reauth=1 HTTP/1.1" 200 11374 "https://www.newbiomuseo.desarrollo.itsangee.com/wp-login.php" "Mozilla/5.0 (Macintosh; Intel Mac OS X 13_6_1) AppleWebKit/537.36 (KHTML, like Gecko) Chrome/119.0.0.0 Safari/537.36"
152.42.244.85 - - [04/Sep/2026:00:02:04 -0500] "POST /wp-login.php HTTP/1.1" 200 11661 "https://www.newbiomuseo.desarrollo.itsangee.com/wp-login.php" "Mozilla/5.0 (Windows NT 10.0; Win64; x64) AppleWebKit/537.36 (KHTML, like Gecko) Chrome/120.0.0.0 Safari/537.36"
152.42.244.85 - - [04/Sep/2026:00:02:36 -0500] "GET /wp-admin/index.php HTTP/1.1" 302 - "https://www.newbiomuseo.desarrollo.itsangee.com/wp-login.php" "Mozilla/5.0 (Macintosh; Intel Mac OS X 10_15_7) AppleWebKit/537.36 (KHTML, like Gecko) Chrome/118.0.0.0 Safari/537.36"
152.42.244.85 - - [04/Sep/2026:00:02:57 -0500] "GET /wp-login.php?redirect_to=https%3A%2F%2Fwww.newbiomuseo.desarrollo.itsangee.com%2Fwp-admin%2Findex.php&reauth=1 HTTP/1.1" 200 11374 "https://www.newbiomuseo.desarrollo.itsangee.com/wp-login.php" "Mozilla/5.0 (Macintosh; Intel Mac OS X 10_15_7) AppleWebKit/537.36 (KHTML, like Gecko) Chrome/118.0.0.0 Safari/537.36"
152.42.244.85 - - [04/Sep/2026:00:03:20 -0500] "POST /wp-login.php HTTP/1.1" 200 11698 "https://www.newbiomuseo.desarrollo.itsangee.com/wp-login.php" "Mozilla/5.0 (X11; Ubuntu; Linux x86_64) AppleWebKit/537.36 (KHTML, like Gecko) Chrome/119.0.0.0 Safari/537.36"
152.42.244.85 - - [04/Sep/2026:00:03:41 -0500] "GET /wp-admin/index.php HTTP/1.1" 302 - "https://www.newbiomuseo.desarrollo.itsangee.com/wp-login.php" "Mozilla/5.0 (X11; Ubuntu; Linux x86_64) AppleWebKit/537.36 (KHTML, like Gecko) Chrome/119.0.0.0 Safari/537.36"
152.42.244.85 - - [04/Sep/2026:00:03:58 -0500] "GET /wp-login.php?redirect_to=https%3A%2F%2Fwww.newbiomuseo.desarrollo.itsangee.com%2Fwp-admin%2Findex.php&reauth=1 HTTP/1.1" 200 11374 "https://www.newbiomuseo.desarrollo.itsangee.com/wp-login.php" "Mozilla/5.0 (X11; Ubuntu; Linux x86_64) AppleWebKit/537.36 (KHTML, like Gecko) Chrome/119.0.0.0 Safari/537.36"
152.42.244.85 - - [04/Sep/2026:00:04:18 -0500] "POST /wp-login.php HTTP/1.1" 200 11670 "https://www.newbiomuseo.desarrollo.itsangee.com/wp-login.php" "Mozilla/5.0 (Macintosh; Intel Mac OS X 13_6_1; rv:120.0) Gecko/20100101 Firefox/120.0"
152.42.244.85 - - [04/Sep/2026:00:04:39 -0500] "GET /wp-admin/index.php HTTP/1.1" 302 - "https://www.newbiomuseo.desarrollo.itsangee.com/wp-login.php" "Mozilla/5.0 (Windows NT 11.0; Win64; x64) AppleWebKit/537.36 (KHTML, like Gecko) Chrome/118.0.0.0 Safari/537.36"
152.42.244.85 - - [04/Sep/2026:00:04:58 -0500] "GET /wp-login.php?redirect_to=https%3A%2F%2Fwww.newbiomuseo.desarrollo.itsangee.com%2Fwp-admin%2Findex.php&reauth=1 HTTP/1.1" 200 11374 "https://www.newbiomuseo.desarrollo.itsangee.com/wp-login.php" "Mozilla/5.0 (Windows NT 11.0; Win64; x64) AppleWebKit/537.36 (KHTML, like Gecko) Chrome/118.0.0.0 Safari/537.36"
152.42.244.85 - - [04/Sep/2026:00:05:23 -0500] "POST /wp-login.php HTTP/1.1" 200 11658 "https://www.newbiomuseo.desarrollo.itsangee.com/wp-login.php" "Mozilla/5.0 (Windows NT 11.0; Win64; x64) AppleWebKit/537.36 (KHTML, like Gecko) Chrome/119.0.0.0 Safari/537.36"
152.42.244.85 - - [04/Sep/2026:00:05:45 -0500] "GET /wp-admin/index.php HTTP/1.1" 302 - "https://www.newbiomuseo.desarrollo.itsangee.com/wp-login.php" "Mozilla/5.0 (Windows NT 11.0; Win64; x64) AppleWebKit/537.36 (KHTML, like Gecko) Chrome/119.0.0.0 Safari/537.36"
152.42.244.85 - - [04/Sep/2026:00:06:08 -0500] "GET /wp-login.php?redirect_to=https%3A%2F%2Fwww.newbiomuseo.desarrollo.itsangee.com%2Fwp-admin%2Findex.php&reauth=1 HTTP/1.1" 200 11374 "https://www.newbiomuseo.desarrollo.itsangee.com/wp-login.php" "Mozilla/5.0 (Windows NT 11.0; Win64; x64) AppleWebKit/537.36 (KHTML, like Gecko) Chrome/119.0.0.0 Safari/537.36"
152.42.244.85 - - [04/Sep/2026:00:06:31 -0500] "POST /wp-login.php HTTP/1.1" 200 11664 "https://www.newbiomuseo.desarrollo.itsangee.com/wp-login.php" "Mozilla/5.0 (Windows NT 10.0; Win64; x64; rv:121.0) Gecko/20100101 Firefox/121.0"
152.42.244.85 - - [04/Sep/2026:00:06:51 -0500] "GET /wp-admin/index.php HTTP/1.1" 302 - "https://www.newbiomuseo.desarrollo.itsangee.com/wp-login.php" "Mozilla/5.0 (Windows NT 10.0; Win64; x64) AppleWebKit/537.36 (KHTML, like Gecko) Chrome/119.0.0.0 Safari/537.36"
152.42.244.85 - - [04/Sep/2026:00:07:13 -0500] "GET /wp-login.php?redirect_to=https%3A%2F%2Fwww.newbiomuseo.desarrollo.itsangee.com%2Fwp-admin%2Findex.php&reauth=1 HTTP/1.1" 200 11374 "https://www.newbiomuseo.desarrollo.itsangee.com/wp-login.php" "Mozilla/5.0 (Windows NT 10.0; Win64; x64) AppleWebKit/537.36 (KHTML, like Gecko) Chrome/119.0.0.0 Safari/537.36"
152.42.244.85 - - [04/Sep/2026:00:07:34 -0500] "POST /wp-login.php HTTP/1.1" 200 11655 "https://www.newbiomuseo.desarrollo.itsangee.com/wp-login.php" "Mozilla/5.0 (Windows NT 11.0; Win64; x64) AppleWebKit/537.36 (KHTML, like Gecko) Chrome/118.0.0.0 Safari/537.36"
152.42.244.85 - - [04/Sep/2026:00:08:03 -0500] "GET /wp-admin/index.php HTTP/1.1" 302 - "https://www.newbiomuseo.desarrollo.itsangee.com/wp-login.php" "Mozilla/5.0 (Windows NT 10.0; Win64; x64) AppleWebKit/537.36 (KHTML, like Gecko) Chrome/120.0.0.0 Safari/537.36"
152.42.244.85 - - [04/Sep/2026:00:08:20 -0500] "GET /wp-login.php?redirect_to=https%3A%2F%2Fwww.newbiomuseo.desarrollo.itsangee.com%2Fwp-admin%2Findex.php&reauth=1 HTTP/1.1" 200 11374 "https://www.newbiomuseo.desarrollo.itsangee.com/wp-login.php" "Mozilla/5.0 (Windows NT 10.0; Win64; x64) AppleWebKit/537.36 (KHTML, like Gecko) Chrome/120.0.0.0 Safari/537.36"
152.42.244.85 - - [04/Sep/2026:00:08:38 -0500] "POST /wp-login.php HTTP/1.1" 200 11661 "https://www.newbiomuseo.desarrollo.itsangee.com/wp-login.php" "Mozilla/5.0 (Macintosh; Intel Mac OS X 10_15_7; rv:121.0) Gecko/20100101 Firefox/121.0"
152.42.244.85 - - [04/Sep/2026:00:08:53 -0500] "GET /wp-admin/index.php HTTP/1.1" 302 - "https://www.newbiomuseo.desarrollo.itsangee.com/wp-login.php" "Mozilla/5.0 (Macintosh; Intel Mac OS X 13_6_1; rv:121.0) Gecko/20100101 Firefox/121.0"
152.42.244.85 - - [04/Sep/2026:00:09:11 -0500] "GET /wp-login.php?redirect_to=https%3A%2F%2Fwww.newbiomuseo.desarrollo.itsangee.com%2Fwp-admin%2Findex.php&reauth=1 HTTP/1.1" 200 11374 "https://www.newbiomuseo.desarrollo.itsangee.com/wp-login.php" "Mozilla/5.0 (Macintosh; Intel Mac OS X 13_6_1; rv:121.0) Gecko/20100101 Firefox/121.0"
152.42.244.85 - - [04/Sep/2026:00:09:28 -0500] "POST /wp-login.php HTTP/1.1" 200 11698 "https://www.newbiomuseo.desarrollo.itsangee.com/wp-login.php" "Mozilla/5.0 (Windows NT 11.0; Win64; x64; rv:118.0) Gecko/20100101 Firefox/118.0"
152.42.244.85 - - [04/Sep/2026:00:09:45 -0500] "GET /wp-admin/index.php HTTP/1.1" 302 - "https://www.newbiomuseo.desarrollo.itsangee.com/wp-login.php" "Mozilla/5.0 (Macintosh; Intel Mac OS X 10_15_7) AppleWebKit/537.36 (KHTML, like Gecko) Chrome/120.0.0.0 Safari/537.36"
152.42.244.85 - - [04/Sep/2026:00:10:02 -0500] "GET /wp-login.php?redirect_to=https%3A%2F%2Fwww.newbiomuseo.desarrollo.itsangee.com%2Fwp-admin%2Findex.php&reauth=1 HTTP/1.1" 200 11374 "https://www.newbiomuseo.desarrollo.itsangee.com/wp-login.php" "Mozilla/5.0 (Macintosh; Intel Mac OS X 10_15_7) AppleWebKit/537.36 (KHTML, like Gecko) Chrome/120.0.0.0 Safari/537.36"
152.42.244.85 - - [04/Sep/2026:00:10:22 -0500] "POST /wp-login.php HTTP/1.1" 200 11658 "https://www.newbiomuseo.desarrollo.itsangee.com/wp-login.php" "Mozilla/5.0 (Macintosh; Intel Mac OS X 10_15_7) AppleWebKit/537.36 (KHTML, like Gecko) Chrome/119.0.0.0 Safari/537.36"
152.42.244.85 - - [04/Sep/2026:00:10:37 -0500] "GET /wp-admin/index.php HTTP/1.1" 302 - "https://www.newbiomuseo.desarrollo.itsangee.com/wp-login.php" "Mozilla/5.0 (Macintosh; Intel Mac OS X 10_15_7) AppleWebKit/537.36 (KHTML, like Gecko) Chrome/118.0.0.0 Safari/537.36"
152.42.244.85 - - [04/Sep/2026:00:10:47 -0500] "GET /wp-login.php?redirect_to=https%3A%2F%2Fwww.newbiomuseo.desarrollo.itsangee.com%2Fwp-admin%2Findex.php&reauth=1 HTTP/1.1" 200 11374 "https://www.newbiomuseo.desarrollo.itsangee.com/wp-login.php" "Mozilla/5.0 (Macintosh; Intel Mac OS X 10_15_7) AppleWebKit/537.36 (KHTML, like Gecko) Chrome/118.0.0.0 Safari/537.36"
152.42.244.85 - - [04/Sep/2026:00:11:01 -0500] "POST /wp-login.php HTTP/1.1" 200 11663 "https://www.newbiomuseo.desarrollo.itsangee.com/wp-login.php" "Mozilla/5.0 (X11; Ubuntu; Linux x86_64) AppleWebKit/537.36 (KHTML, like Gecko) Chrome/119.0.0.0 Safari/537.36"
152.42.244.85 - - [04/Sep/2026:00:11:18 -0500] "GET /wp-admin/index.php HTTP/1.1" 302 - "https://www.newbiomuseo.desarrollo.itsangee.com/wp-login.php" "Mozilla/5.0 (X11; Linux x86_64) AppleWebKit/537.36 (KHTML, like Gecko) Chrome/120.0.0.0 Safari/537.36"
66.249.78.8 - - [04/Sep/2026:00:11:22 -0500] "GET /?pid=3196386169 HTTP/1.1" 200 282546 "-" "Mozilla/5.0 (Linux; Android 6.0.1; Nexus 5X Build/MMB29P) AppleWebKit/537.36 (KHTML, like Gecko) Chrome/151.0.7922.173 Mobile Safari/537.36 (compatible; Googlebot/2.1; +http://www.google.com/bot.html)"
152.42.244.85 - - [04/Sep/2026:00:11:34 -0500] "GET /wp-login.php?redirect_to=https%3A%2F%2Fwww.newbiomuseo.desarrollo.itsangee.com%2Fwp-admin%2Findex.php&reauth=1 HTTP/1.1" 200 11374 "https://www.newbiomuseo.desarrollo.itsangee.com/wp-login.php" "Mozilla/5.0 (X11; Linux x86_64) AppleWebKit/537.36 (KHTML, like Gecko) Chrome/120.0.0.0 Safari/537.36"
152.42.244.85 - - [04/Sep/2026:00:11:49 -0500] "POST /wp-login.php HTTP/1.1" 200 11660 "https://www.newbiomuseo.desarrollo.itsangee.com/wp-login.php" "Mozilla/5.0 (Macintosh; Intel Mac OS X 13_6_1) AppleWebKit/605.1.15 (KHTML, like Gecko) Version/17.0 Safari/605.1.15"
152.42.244.85 - - [04/Sep/2026:00:12:07 -0500] "GET /wp-admin/index.php HTTP/1.1" 302 - "https://www.newbiomuseo.desarrollo.itsangee.com/wp-login.php" "Mozilla/5.0 (Windows NT 11.0; Win64; x64; rv:118.0) Gecko/20100101 Firefox/118.0"
152.42.244.85 - - [04/Sep/2026:00:12:24 -0500] "GET /wp-login.php?redirect_to=https%3A%2F%2Fwww.newbiomuseo.desarrollo.itsangee.com%2Fwp-admin%2Findex.php&reauth=1 HTTP/1.1" 200 11374 "https://www.newbiomuseo.desarrollo.itsangee.com/wp-login.php" "Mozilla/5.0 (Windows NT 11.0; Win64; x64; rv:118.0) Gecko/20100101 Firefox/118.0"
152.42.244.85 - - [04/Sep/2026:00:12:41 -0500] "POST /wp-login.php HTTP/1.1" 200 11657 "https://www.newbiomuseo.desarrollo.itsangee.com/wp-login.php" "Mozilla/5.0 (X11; Linux x86_64) AppleWebKit/537.36 (KHTML, like Gecko) Chrome/119.0.0.0 Safari/537.36"
152.42.244.85 - - [04/Sep/2026:00:13:16 -0500] "GET /wp-admin/index.php HTTP/1.1" 302 - "https://www.newbiomuseo.desarrollo.itsangee.com/wp-login.php" "Mozilla/5.0 (Windows NT 11.0; Win64; x64) AppleWebKit/537.36 (KHTML, like Gecko) Chrome/120.0.0.0 Safari/537.36"
152.42.244.85 - - [04/Sep/2026:00:13:39 -0500] "GET /wp-login.php?redirect_to=https%3A%2F%2Fwww.newbiomuseo.desarrollo.itsangee.com%2Fwp-admin%2Findex.php&reauth=1 HTTP/1.1" 200 11374 "https://www.newbiomuseo.desarrollo.itsangee.com/wp-login.php" "Mozilla/5.0 (Windows NT 11.0; Win64; x64) AppleWebKit/537.36 (KHTML, like Gecko) Chrome/120.0.0.0 Safari/537.36"
152.42.244.85 - - [04/Sep/2026:00:14:00 -0500] "POST /wp-login.php HTTP/1.1" 200 11668 "https://www.newbiomuseo.desarrollo.itsangee.com/wp-login.php" "Mozilla/5.0 (X11; Ubuntu; Linux x86_64) AppleWebKit/537.36 (KHTML, like Gecko) Chrome/120.0.0.0 Safari/537.36"
152.42.244.85 - - [04/Sep/2026:00:14:24 -0500] "GET /wp-admin/index.php HTTP/1.1" 302 - "https://www.newbiomuseo.desarrollo.itsangee.com/wp-login.php" "Mozilla/5.0 (Macintosh; Intel Mac OS X 10_15_7; rv:120.0) Gecko/20100101 Firefox/120.0"
152.42.244.85 - - [04/Sep/2026:00:14:46 -0500] "GET /wp-login.php?redirect_to=https%3A%2F%2Fwww.newbiomuseo.desarrollo.itsangee.com%2Fwp-admin%2Findex.php&reauth=1 HTTP/1.1" 200 11374 "https://www.newbiomuseo.desarrollo.itsangee.com/wp-login.php" "Mozilla/5.0 (Macintosh; Intel Mac OS X 10_15_7; rv:120.0) Gecko/20100101 Firefox/120.0"
152.42.244.85 - - [04/Sep/2026:00:15:11 -0500] "POST /wp-login.php HTTP/1.1" 200 11665 "https://www.newbiomuseo.desarrollo.itsangee.com/wp-login.php" "Mozilla/5.0 (Macintosh; Intel Mac OS X 13_6_1) AppleWebKit/605.1.15 (KHTML, like Gecko) Version/16.6 Safari/605.1.15"
47.128.44.48 - - [04/Sep/2026:00:15:24 -0500] "GET /robots.txt HTTP/1.1" 200 101 "-" "Mozilla/5.0 (iPhone; CPU iPhone OS 7_1_2 like Mac OS X) AppleWebKit/537.36 (KHTML, like Gecko) Version/7.0 Mobile Safari/537.36 (compatible; Bytespider; https://bytedance.sg.larkoffice.com/docx/K5bxdypulop3IIxrJb0lOjLVgFe)"
152.42.244.85 - - [04/Sep/2026:00:15:36 -0500] "GET /wp-admin/index.php HTTP/1.1" 302 - "https://www.newbiomuseo.desarrollo.itsangee.com/wp-login.php" "Mozilla/5.0 (Macintosh; Intel Mac OS X 13_6_1) AppleWebKit/605.1.15 (KHTML, like Gecko) Version/17.0 Safari/605.1.15"
66.249.78.7 - - [04/Sep/2026:00:15:46 -0500] "GET /?pid=1002890950 HTTP/1.1" 200 282546 "-" "Mozilla/5.0 (Linux; Android 6.0.1; Nexus 5X Build/MMB29P) AppleWebKit/537.36 (KHTML, like Gecko) Chrome/151.0.7922.173 Mobile Safari/537.36 (compatible; Googlebot/2.1; +http://www.google.com/bot.html)"
152.42.244.85 - - [04/Sep/2026:00:15:56 -0500] "GET /wp-login.php?redirect_to=https%3A%2F%2Fwww.newbiomuseo.desarrollo.itsangee.com%2Fwp-admin%2Findex.php&reauth=1 HTTP/1.1" 200 11374 "https://www.newbiomuseo.desarrollo.itsangee.com/wp-login.php" "Mozilla/5.0 (Macintosh; Intel Mac OS X 13_6_1) AppleWebKit/605.1.15 (KHTML, like Gecko) Version/17.0 Safari/605.1.15"
152.42.244.85 - - [04/Sep/2026:00:16:18 -0500] "POST /wp-login.php HTTP/1.1" 200 11698 "https://www.newbiomuseo.desarrollo.itsangee.com/wp-login.php" "Mozilla/5.0 (Macintosh; Intel Mac OS X 10_15_7) AppleWebKit/605.1.15 (KHTML, like Gecko) Version/17.2 Safari/605.1.15"
152.42.244.85 - - [04/Sep/2026:00:16:39 -0500] "GET /wp-admin/index.php HTTP/1.1" 302 - "https://www.newbiomuseo.desarrollo.itsangee.com/wp-login.php" "Mozilla/5.0 (X11; Linux x86_64) AppleWebKit/537.36 (KHTML, like Gecko) Chrome/119.0.0.0 Safari/537.36"
152.42.244.85 - - [04/Sep/2026:00:17:02 -0500] "GET /wp-login.php?redirect_to=https%3A%2F%2Fwww.newbiomuseo.desarrollo.itsangee.com%2Fwp-admin%2Findex.php&reauth=1 HTTP/1.1" 200 11374 "https://www.newbiomuseo.desarrollo.itsangee.com/wp-login.php" "Mozilla/5.0 (X11; Linux x86_64) AppleWebKit/537.36 (KHTML, like Gecko) Chrome/119.0.0.0 Safari/537.36"
3.227.248.201 - - [04/Sep/2026:00:17:15 -0500] "POST / HTTP/1.1" 200 282486 "https://newbiomuseo.desarrollo.itsangee.com/" "Mozilla/5.0 (Windows NT 10.0; Win64; x64) AppleWebKit/537.36 (KHTML, like Gecko) Chrome/144.0.0.0 Safari/537.36"
152.42.244.85 - - [04/Sep/2026:00:17:28 -0500] "POST /wp-login.php HTTP/1.1" 200 11658 "https://www.newbiomuseo.desarrollo.itsangee.com/wp-login.php" "Mozilla/5.0 (Macintosh; Intel Mac OS X 13_6_1) AppleWebKit/537.36 (KHTML, like Gecko) Chrome/119.0.0.0 Safari/537.36"
152.42.244.85 - - [04/Sep/2026:00:17:49 -0500] "GET /wp-admin/index.php HTTP/1.1" 302 - "https://www.newbiomuseo.desarrollo.itsangee.com/wp-login.php" "Mozilla/5.0 (Macintosh; Intel Mac OS X 13_6_1) AppleWebKit/605.1.15 (KHTML, like Gecko) Version/17.2 Safari/605.1.15"
152.42.244.85 - - [04/Sep/2026:00:18:12 -0500] "GET /wp-login.php?redirect_to=https%3A%2F%2Fwww.newbiomuseo.desarrollo.itsangee.com%2Fwp-admin%2Findex.php&reauth=1 HTTP/1.1" 200 11374 "https://www.newbiomuseo.desarrollo.itsangee.com/wp-login.php" "Mozilla/5.0 (Macintosh; Intel Mac OS X 13_6_1) AppleWebKit/605.1.15 (KHTML, like Gecko) Version/17.2 Safari/605.1.15"
152.42.244.85 - - [04/Sep/2026:00:18:44 -0500] "POST /wp-login.php HTTP/1.1" 200 11665 "https://www.newbiomuseo.desarrollo.itsangee.com/wp-login.php" "Mozilla/5.0 (Windows NT 10.0; Win64; x64; rv:120.0) Gecko/20100101 Firefox/120.0"
152.42.244.85 - - [04/Sep/2026:00:19:02 -0500] "GET /wp-admin/index.php HTTP/1.1" 302 - "https://www.newbiomuseo.desarrollo.itsangee.com/wp-login.php" "Mozilla/5.0 (Macintosh; Intel Mac OS X 13_6_1) AppleWebKit/537.36 (KHTML, like Gecko) Chrome/121.0.0.0 Safari/537.36"
152.42.244.85 - - [04/Sep/2026:00:19:22 -0500] "GET /wp-login.php?redirect_to=https%3A%2F%2Fwww.newbiomuseo.desarrollo.itsangee.com%2Fwp-admin%2Findex.php&reauth=1 HTTP/1.1" 200 11374 "https://www.newbiomuseo.desarrollo.itsangee.com/wp-login.php" "Mozilla/5.0 (Macintosh; Intel Mac OS X 13_6_1) AppleWebKit/537.36 (KHTML, like Gecko) Chrome/121.0.0.0 Safari/537.36"
152.42.244.85 - - [04/Sep/2026:00:19:39 -0500] "POST /wp-login.php HTTP/1.1" 200 11661 "https://www.newbiomuseo.desarrollo.itsangee.com/wp-login.php" "Mozilla/5.0 (Macintosh; Intel Mac OS X 13_6_1; rv:121.0) Gecko/20100101 Firefox/121.0"
66.249.70.6 - - [04/Sep/2026:00:19:56 -0500] "GET /?pid=1488975060 HTTP/1.1" 200 282546 "-" "Mozilla/5.0 (Linux; Android 6.0.1; Nexus 5X Build/MMB29P) AppleWebKit/537.36 (KHTML, like Gecko) Chrome/151.0.7922.173 Mobile Safari/537.36 (compatible; Googlebot/2.1; +http://www.google.com/bot.html)"
66.249.70.6 - - [04/Sep/2026:00:23:02 -0500] "GET /?pid=928366128 HTTP/1.1" 200 282542 "-" "Mozilla/5.0 (Linux; Android 6.0.1; Nexus 5X Build/MMB29P) AppleWebKit/537.36 (KHTML, like Gecko) Chrome/151.0.7922.173 Mobile Safari/537.36 (compatible; Googlebot/2.1; +http://www.google.com/bot.html)"
66.249.70.8 - - [04/Sep/2026:00:30:42 -0500] "GET /?pid=2757981424 HTTP/1.1" 200 282546 "-" "Mozilla/5.0 (Linux; Android 6.0.1; Nexus 5X Build/MMB29P) AppleWebKit/537.36 (KHTML, like Gecko) Chrome/151.0.7922.173 Mobile Safari/537.36 (compatible; Googlebot/2.1; +http://www.google.com/bot.html)"
66.249.78.6 - - [04/Sep/2026:00:30:55 -0500] "GET /wp-content/plugins/brizy/public/editor-build/prod/editor/js/group-1_2.min.js?ver=371-wp HTTP/1.1" 200 199977 "https://newbiomuseo.desarrollo.itsangee.com/?pid=2757981424" "Mozilla/5.0 (Linux; Android 6.0.1; Nexus 5X Build/MMB29P) AppleWebKit/537.36 (KHTML, like Gecko) Chrome/151.0.7922.173 Mobile Safari/537.36 (compatible; Googlebot/2.1; +http://www.google.com/bot.html)"
205.210.31.236 - - [04/Sep/2026:00:38:46 -0500] "GET / HTTP/1.1" 301 - "-" "Hello from Palo Alto Networks, find out more about our scans in https://docs-cortex.paloaltonetworks.com/r/1/Cortex-Xpanse/Scanning-activity"
178.16.53.77 - - [04/Sep/2026:00:44:16 -0500] "GET / HTTP/1.1" 200 282569 "-" "Mozilla/5.0 (Windows NT 10.0; Win64; x64) AppleWebKit/537.36 (KHTML, like Gecko) Chrome/124.0.0.0 Safari/537.36"
178.16.53.77 - - [04/Sep/2026:00:44:16 -0500] "GET / HTTP/1.1" 200 282499 "-" "Mozilla/5.0 (Windows NT 10.0; Win64; x64) AppleWebKit/537.36 (KHTML, like Gecko) Chrome/124.0.0.0 Safari/537.36"
9.129.16.24 - - [04/Sep/2026:00:47:18 -0500] "GET / HTTP/1.1" 200 282569 "-" "Mozilla/5.0 AppleWebKit/537.36 (KHTML, like Gecko); compatible; ChatGPT-User/1.0; +https://openai.com/bot"
52.167.144.189 - - [04/Sep/2026:00:48:00 -0500] "GET /en/?pid=3083939050 HTTP/1.1" 200 285178 "-" "Mozilla/5.0 AppleWebKit/537.36 (KHTML, like Gecko; compatible; bingbot/2.0; +http://www.bing.com/bingbot.htm) Chrome/116.0.1938.76 Safari/537.36"
52.167.144.189 - - [04/Sep/2026:00:48:03 -0500] "GET /?pid=2109814893 HTTP/1.1" 200 282546 "-" "Mozilla/5.0 AppleWebKit/537.36 (KHTML, like Gecko; compatible; bingbot/2.0; +http://www.bing.com/bingbot.htm) Chrome/116.0.1938.76 Safari/537.36"
52.167.144.17 - - [04/Sep/2026:00:48:07 -0500] "GET /?pid=3685490143 HTTP/1.1" 200 282546 "-" "Mozilla/5.0 AppleWebKit/537.36 (KHTML, like Gecko; compatible; bingbot/2.0; +http://www.bing.com/bingbot.htm) Chrome/116.0.1938.76 Safari/537.36"
66.249.78.6 - - [04/Sep/2026:00:49:21 -0500] "GET /?pid=3026335290 HTTP/1.1" 200 282546 "-" "Mozilla/5.0 (Linux; Android 6.0.1; Nexus 5X Build/MMB29P) AppleWebKit/537.36 (KHTML, like Gecko) Chrome/151.0.7922.173 Mobile Safari/537.36 (compatible; Googlebot/2.1; +http://www.google.com/bot.html)"
57.141.20.59 - - [04/Sep/2026:00:51:47 -0500] "GET /?page_id=4133 HTTP/1.1" 200 115174 "-" "Mozilla/5.0 (Windows NT 10.0; Win64; x64) AppleWebKit/537.36 (KHTML, like Gecko) Chrome/145.0.0.0 Safari/537.36 (compatible; meta-externalagent/1.1 (+https://developers.facebook.com/docs/sharing/webmasters/crawler))"
40.77.167.79 - - [04/Sep/2026:00:52:41 -0500] "GET /?pid=3126421085 HTTP/1.1" 200 282546 "-" "Mozilla/5.0 AppleWebKit/537.36 (KHTML, like Gecko; compatible; bingbot/2.0; +http://www.bing.com/bingbot.htm) Chrome/116.0.1938.76 Safari/537.36"
40.77.167.79 - - [04/Sep/2026:00:52:44 -0500] "GET /?pid=2602096676 HTTP/1.1" 200 282546 "-" "Mozilla/5.0 AppleWebKit/537.36 (KHTML, like Gecko; compatible; bingbot/2.0; +http://www.bing.com/bingbot.htm) Chrome/116.0.1938.76 Safari/537.36"
66.249.70.6 - - [04/Sep/2026:00:53:43 -0500] "GET /wp-content/plugins/brizy/public/editor-build/prod/editor/js/group-1_2.min.js?ver=371-wp HTTP/1.1" 200 199977 "https://newbiomuseo.desarrollo.itsangee.com/?pid=3026335290" "Mozilla/5.0 (Linux; Android 6.0.1; Nexus 5X Build/MMB29P) AppleWebKit/537.36 (KHTML, like Gecko) Chrome/151.0.7922.173 Mobile Safari/537.36 (compatible; Googlebot/2.1; +http://www.google.com/bot.html)"
66.249.70.7 - - [04/Sep/2026:01:03:33 -0500] "GET /?pid=1778096301 HTTP/1.1" 200 282546 "-" "Mozilla/5.0 (Linux; Android 6.0.1; Nexus 5X Build/MMB29P) AppleWebKit/537.36 (KHTML, like Gecko) Chrome/151.0.7922.173 Mobile Safari/537.36 (compatible; Googlebot/2.1; +http://www.google.com/bot.html)"
198.235.24.131 - - [04/Sep/2026:01:16:25 -0500] "GET /wp-json/wp/v2/users HTTP/1.1" 301 - "-" "Hello from Palo Alto Networks, find out more about our scans in https://docs-cortex.paloaltonetworks.com/r/1/Cortex-Xpanse/Scanning-activity"
198.235.24.131 - - [04/Sep/2026:01:16:26 -0500] "GET /?rest_route=/wp/v2/users HTTP/1.1" 200 1648 "-" "Hello from Palo Alto Networks, find out more about our scans in https://docs-cortex.paloaltonetworks.com/r/1/Cortex-Xpanse/Scanning-activity"
198.235.24.131 - - [04/Sep/2026:01:16:27 -0500] "GET /wp-json/wp/v2/users/ HTTP/1.1" 200 282560 "-" "Hello from Palo Alto Networks, find out more about our scans in https://docs-cortex.paloaltonetworks.com/r/1/Cortex-Xpanse/Scanning-activity"
205.210.31.24 - - [04/Sep/2026:01:16:46 -0500] "GET /wp-login.php HTTP/1.1" 200 11232 "-" "Hello from Palo Alto Networks, find out more about our scans in https://docs-cortex.paloaltonetworks.com/r/1/Cortex-Xpanse/Scanning-activity"
205.210.31.221 - - [04/Sep/2026:01:18:23 -0500] "GET /xmlrpc.php HTTP/1.1" 403 199 "-" "Hello from Palo Alto Networks, find out more about our scans in https://docs-cortex.paloaltonetworks.com/r/1/Cortex-Xpanse/Scanning-activity"
205.210.31.167 - - [04/Sep/2026:01:18:24 -0500] "GET /wp-json/ HTTP/1.1" 200 282512 "-" "Hello from Palo Alto Networks, find out more about our scans in https://docs-cortex.paloaltonetworks.com/r/1/Cortex-Xpanse/Scanning-activity"
66.249.70.6 - - [04/Sep/2026:01:23:20 -0500] "GET /?pid=3681823398 HTTP/1.1" 200 282546 "-" "Mozilla/5.0 (Linux; Android 6.0.1; Nexus 5X Build/MMB29P) AppleWebKit/537.36 (KHTML, like Gecko) Chrome/151.0.7922.173 Mobile Safari/537.36 (compatible; Googlebot/2.1; +http://www.google.com/bot.html)"
66.249.78.6 - - [04/Sep/2026:01:32:57 -0500] "GET /?pid=781773147 HTTP/1.1" 200 282542 "-" "Mozilla/5.0 (Linux; Android 6.0.1; Nexus 5X Build/MMB29P) AppleWebKit/537.36 (KHTML, like Gecko) Chrome/151.0.7922.173 Mobile Safari/537.36 (compatible; Googlebot/2.1; +http://www.google.com/bot.html)"
52.167.144.185 - - [04/Sep/2026:01:37:30 -0500] "GET /?pid=4272768324 HTTP/1.1" 200 282546 "-" "Mozilla/5.0 AppleWebKit/537.36 (KHTML, like Gecko; compatible; bingbot/2.0; +http://www.bing.com/bingbot.htm) Chrome/116.0.1938.76 Safari/537.36"
195.96.139.49 - - [04/Sep/2026:01:38:50 -0500] "GET / HTTP/1.1" 301 - "-" "Mozilla/5.0 (compatible; InternetMeasurement/1.0; +https://internet-measurement.com/)"
40.77.167.74 - - [04/Sep/2026:01:39:32 -0500] "GET /?pid=1042142416 HTTP/1.1" 200 282546 "-" "Mozilla/5.0 AppleWebKit/537.36 (KHTML, like Gecko; compatible; bingbot/2.0; +http://www.bing.com/bingbot.htm) Chrome/116.0.1938.76 Safari/537.36"
52.167.144.185 - - [04/Sep/2026:01:39:41 -0500] "GET /?pid=1121852211 HTTP/1.1" 200 282546 "-" "Mozilla/5.0 AppleWebKit/537.36 (KHTML, like Gecko; compatible; bingbot/2.0; +http://www.bing.com/bingbot.htm) Chrome/116.0.1938.76 Safari/537.36"
66.249.70.6 - - [04/Sep/2026:01:41:37 -0500] "GET /?pid=1846415212 HTTP/1.1" 200 282546 "-" "Mozilla/5.0 (Linux; Android 6.0.1; Nexus 5X Build/MMB29P) AppleWebKit/537.36 (KHTML, like Gecko) Chrome/151.0.7922.173 Mobile Safari/537.36 (compatible; Googlebot/2.1; +http://www.google.com/bot.html)"
66.249.70.6 - - [04/Sep/2026:01:41:40 -0500] "GET /?pid=2510158747 HTTP/1.1" 200 282546 "-" "Mozilla/5.0 (Linux; Android 6.0.1; Nexus 5X Build/MMB29P) AppleWebKit/537.36 (KHTML, like Gecko) Chrome/151.0.7922.173 Mobile Safari/537.36 (compatible; Googlebot/2.1; +http://www.google.com/bot.html)"
40.77.167.149 - - [04/Sep/2026:01:42:51 -0500] "GET /?pid=2478525262 HTTP/1.1" 200 282546 "-" "Mozilla/5.0 AppleWebKit/537.36 (KHTML, like Gecko; compatible; bingbot/2.0; +http://www.bing.com/bingbot.htm) Chrome/116.0.1938.76 Safari/537.36"
66.249.78.7 - - [04/Sep/2026:01:44:33 -0500] "GET /wp-content/plugins/brizy/public/editor-build/prod/editor/icons/glyph/tail-right.svg HTTP/1.1" 200 267 "https://newbiomuseo.desarrollo.itsangee.com/?pid=1846415212" "Mozilla/5.0 (Linux; Android 6.0.1; Nexus 5X Build/MMB29P) AppleWebKit/537.36 (KHTML, like Gecko) Chrome/151.0.7922.173 Mobile Safari/537.36 (compatible; Googlebot/2.1; +http://www.google.com/bot.html)"
66.249.70.6 - - [04/Sep/2026:01:44:39 -0500] "GET /wp-content/plugins/brizy/public/editor-build/prod/editor/icons/glyph/tail-right.svg HTTP/1.1" 200 267 "https://newbiomuseo.desarrollo.itsangee.com/?pid=1846415212" "Mozilla/5.0 (Linux; Android 6.0.1; Nexus 5X Build/MMB29P) AppleWebKit/537.36 (KHTML, like Gecko) Chrome/151.0.7922.173 Mobile Safari/537.36 (compatible; Googlebot/2.1; +http://www.google.com/bot.html)"
52.167.144.20 - - [04/Sep/2026:01:44:59 -0500] "GET /wp-content/uploads/2024/09/membresias-1.webp HTTP/1.1" 200 1599742 "-" "Mozilla/5.0 AppleWebKit/537.36 (KHTML, like Gecko; compatible; bingbot/2.0; +http://www.bing.com/bingbot.htm) Chrome/116.0.1938.76 Safari/537.36"
40.77.167.149 - - [04/Sep/2026:01:45:21 -0500] "GET /?pid=1145699622 HTTP/1.1" 200 282546 "-" "Mozilla/5.0 AppleWebKit/537.36 (KHTML, like Gecko; compatible; bingbot/2.0; +http://www.bing.com/bingbot.htm) Chrome/116.0.1938.76 Safari/537.36"
52.167.144.197 - - [04/Sep/2026:01:45:26 -0500] "GET /?pid=117590317 HTTP/1.1" 200 282542 "-" "Mozilla/5.0 AppleWebKit/537.36 (KHTML, like Gecko; compatible; bingbot/2.0; +http://www.bing.com/bingbot.htm) Chrome/116.0.1938.76 Safari/537.36"
52.167.144.197 - - [04/Sep/2026:01:45:30 -0500] "GET /?pid=1403938241 HTTP/1.1" 200 282546 "-" "Mozilla/5.0 AppleWebKit/537.36 (KHTML, like Gecko; compatible; bingbot/2.0; +http://www.bing.com/bingbot.htm) Chrome/116.0.1938.76 Safari/537.36"
52.167.144.197 - - [04/Sep/2026:01:45:32 -0500] "GET /?pid=3553186681 HTTP/1.1" 200 282546 "-" "Mozilla/5.0 AppleWebKit/537.36 (KHTML, like Gecko; compatible; bingbot/2.0; +http://www.bing.com/bingbot.htm) Chrome/116.0.1938.76 Safari/537.36"
52.167.144.197 - - [04/Sep/2026:01:45:35 -0500] "GET /?pid=1781702483 HTTP/1.1" 200 282477 "-" "Mozilla/5.0 AppleWebKit/537.36 (KHTML, like Gecko; compatible; bingbot/2.0; +http://www.bing.com/bingbot.htm) Chrome/116.0.1938.76 Safari/537.36"
52.167.144.20 - - [04/Sep/2026:01:45:37 -0500] "GET /?pid=2282315405 HTTP/1.1" 200 282546 "-" "Mozilla/5.0 AppleWebKit/537.36 (KHTML, like Gecko; compatible; bingbot/2.0; +http://www.bing.com/bingbot.htm) Chrome/116.0.1938.76 Safari/537.36"
66.249.70.6 - - [04/Sep/2026:01:46:09 -0500] "GET /wp-content/plugins/brizy/public/editor-build/prod/editor/icons/glyph/tail-right.svg HTTP/1.1" 200 267 "https://newbiomuseo.desarrollo.itsangee.com/?pid=781773147" "Mozilla/5.0 (Linux; Android 6.0.1; Nexus 5X Build/MMB29P) AppleWebKit/537.36 (KHTML, like Gecko) Chrome/151.0.7922.173 Mobile Safari/537.36 (compatible; Googlebot/2.1; +http://www.google.com/bot.html)"
66.249.78.7 - - [04/Sep/2026:01:46:17 -0500] "GET /?pid=674354856 HTTP/1.1" 200 282542 "-" "Mozilla/5.0 (Linux; Android 6.0.1; Nexus 5X Build/MMB29P) AppleWebKit/537.36 (KHTML, like Gecko) Chrome/151.0.7922.173 Mobile Safari/537.36 (compatible; Googlebot/2.1; +http://www.google.com/bot.html)"
216.73.216.232 - - [04/Sep/2026:01:47:43 -0500] "GET /robots.txt HTTP/1.1" 200 101 "-" "Mozilla/5.0 AppleWebKit/537.36 (KHTML, like Gecko; compatible; ClaudeBot/1.0; +claudebot@anthropic.com)"
216.73.216.232 - - [04/Sep/2026:01:47:46 -0500] "GET /sitemap.xml HTTP/1.1" 301 - "-" "Mozilla/5.0 AppleWebKit/537.36 (KHTML, like Gecko; compatible; ClaudeBot/1.0; +claudebot@anthropic.com)"
52.167.144.197 - - [04/Sep/2026:01:47:46 -0500] "GET /?pid=760009612 HTTP/1.1" 200 282542 "-" "Mozilla/5.0 AppleWebKit/537.36 (KHTML, like Gecko; compatible; bingbot/2.0; +http://www.bing.com/bingbot.htm) Chrome/116.0.1938.76 Safari/537.36"
216.73.216.232 - - [04/Sep/2026:01:47:48 -0500] "GET /sitemap.xml/ HTTP/1.1" 200 282528 "https://newbiomuseo.desarrollo.itsangee.com/sitemap.xml" "Mozilla/5.0 AppleWebKit/537.36 (KHTML, like Gecko; compatible; ClaudeBot/1.0; +claudebot@anthropic.com)"
52.167.144.197 - - [04/Sep/2026:01:47:48 -0500] "GET /?pid=2178206100 HTTP/1.1" 200 282546 "-" "Mozilla/5.0 AppleWebKit/537.36 (KHTML, like Gecko; compatible; bingbot/2.0; +http://www.bing.com/bingbot.htm) Chrome/116.0.1938.76 Safari/537.36"
40.77.167.149 - - [04/Sep/2026:01:51:13 -0500] "GET /?pid=2161596587 HTTP/1.1" 200 282546 "-" "Mozilla/5.0 AppleWebKit/537.36 (KHTML, like Gecko; compatible; bingbot/2.0; +http://www.bing.com/bingbot.htm) Chrome/116.0.1938.76 Safari/537.36"
52.167.144.161 - - [04/Sep/2026:02:01:54 -0500] "GET /?pid=2927190855 HTTP/1.1" 200 282546 "-" "Mozilla/5.0 AppleWebKit/537.36 (KHTML, like Gecko; compatible; bingbot/2.0; +http://www.bing.com/bingbot.htm) Chrome/116.0.1938.76 Safari/537.36"
40.77.167.24 - - [04/Sep/2026:02:04:17 -0500] "GET /?pid=562646713 HTTP/1.1" 200 282542 "-" "Mozilla/5.0 AppleWebKit/537.36 (KHTML, like Gecko; compatible; bingbot/2.0; +http://www.bing.com/bingbot.htm) Chrome/116.0.1938.76 Safari/537.36"
40.77.167.149 - - [04/Sep/2026:02:08:58 -0500] "GET /?pid=3014259667 HTTP/1.1" 200 282546 "-" "Mozilla/5.0 AppleWebKit/537.36 (KHTML, like Gecko; compatible; bingbot/2.0; +http://www.bing.com/bingbot.htm) Chrome/116.0.1938.76 Safari/537.36"
40.77.167.149 - - [04/Sep/2026:02:09:01 -0500] "GET /?pid=3492042227 HTTP/1.1" 200 282546 "-" "Mozilla/5.0 AppleWebKit/537.36 (KHTML, like Gecko; compatible; bingbot/2.0; +http://www.bing.com/bingbot.htm) Chrome/116.0.1938.76 Safari/537.36"
40.77.167.149 - - [04/Sep/2026:02:09:03 -0500] "GET /?pid=2609184437 HTTP/1.1" 200 282546 "-" "Mozilla/5.0 AppleWebKit/537.36 (KHTML, like Gecko; compatible; bingbot/2.0; +http://www.bing.com/bingbot.htm) Chrome/116.0.1938.76 Safari/537.36"
100.52.180.20 - - [04/Sep/2026:02:12:39 -0500] "GET / HTTP/1.1" 200 282569 "-" "Mozilla/5.0 (Macintosh; Intel Mac OS X 10_15_7) AppleWebKit/537.36 (KHTML, like Gecko) Chrome/146.0.0.0 Safari/537.36"
66.249.78.6 - - [04/Sep/2026:02:16:19 -0500] "GET /?pid=1844150026 HTTP/1.1" 200 282546 "-" "Mozilla/5.0 (Linux; Android 6.0.1; Nexus 5X Build/MMB29P) AppleWebKit/537.36 (KHTML, like Gecko) Chrome/151.0.7922.173 Mobile Safari/537.36 (compatible; Googlebot/2.1; +http://www.google.com/bot.html)"
52.167.144.221 - - [04/Sep/2026:02:20:25 -0500] "GET /?pid=2786180558 HTTP/1.1" 200 282546 "-" "Mozilla/5.0 AppleWebKit/537.36 (KHTML, like Gecko; compatible; bingbot/2.0; +http://www.bing.com/bingbot.htm) Chrome/116.0.1938.76 Safari/537.36"
66.249.70.7 - - [04/Sep/2026:02:20:44 -0500] "GET /?pid=2667027910 HTTP/1.1" 200 282546 "-" "Mozilla/5.0 (Linux; Android 6.0.1; Nexus 5X Build/MMB29P) AppleWebKit/537.36 (KHTML, like Gecko) Chrome/151.0.7922.173 Mobile Safari/537.36 (compatible; Googlebot/2.1; +http://www.google.com/bot.html)"
135.236.141.8 - - [04/Sep/2026:02:22:05 -0500] "GET /readme.html HTTP/1.1" 200 7407 "-" "Mozilla/5.0 (Windows NT 10.0; Win64; x64) AppleWebKit/537.36 (KHTML, like Gecko) Chrome/151.0.0.0 Safari/537.36, Mozilla/5.0 (Windows NT 10.0; Win64; x64) AppleWebKit/537.36 (KHTML, like Gecko) Chrome/151.0.0.0 Safari/537.36"
20.15.145.84 - - [04/Sep/2026:02:22:07 -0500] "GET /wp-json/ HTTP/1.1" 200 282512 "-" "Mozilla/5.0 (Windows NT 10.0; Win64; x64) AppleWebKit/537.36 (KHTML, like Gecko) Chrome/151.0.0.0 Safari/537.36, Mozilla/5.0 (Windows NT 10.0; Win64; x64) AppleWebKit/537.36 (KHTML, like Gecko) Chrome/151.0.0.0 Safari/537.36"
20.204.242.150 - - [04/Sep/2026:02:22:17 -0500] "GET / HTTP/1.1" 200 282569 "-" "Mozilla/5.0 (Windows NT 10.0; Win64; x64) AppleWebKit/537.36 (KHTML, like Gecko) Chrome/151.0.0.0 Safari/537.36, Mozilla/5.0 (Macintosh; Intel Mac OS X 10_15_7) AppleWebKit/537.36 (KHTML, like Gecko) Chrome/151.0.0.0 Safari/537.36"
203.56.159.230 - - [04/Sep/2026:02:22:35 -0500] "GET /?rest_route=/wp/v2/users&_fields=slug&per_page=100&page=1 HTTP/1.1" 200 37 "-" "Mozilla/5.0 (Windows NT 10.0; Win64; x64) AppleWebKit/537.36 (KHTML, like Gecko) Chrome/151.0.0.0 Safari/537.36, Mozilla/5.0 (Windows NT 10.0; Win64; x64) AppleWebKit/537.36 (KHTML, like Gecko) Chrome/151.0.0.0 Safari/537.36"
20.204.242.150 - - [04/Sep/2026:02:22:38 -0500] "GET /feed/ HTTP/1.1" 200 282506 "-" "Mozilla/5.0 (Windows NT 10.0; Win64; x64) AppleWebKit/537.36 (KHTML, like Gecko) Chrome/151.0.0.0 Safari/537.36, Mozilla/5.0 (Windows NT 10.0; Win64; x64) AppleWebKit/537.36 (KHTML, like Gecko) Chrome/151.0.0.0 Safari/537.36"
151.97.50.254 - - [04/Sep/2026:02:22:54 -0500] "GET /rss/ HTTP/1.1" 200 282502 "-" "Mozilla/5.0 (Windows NT 10.0; Win64; x64) AppleWebKit/537.36 (KHTML, like Gecko) Chrome/151.0.0.0 Safari/537.36, Mozilla/5.0 (Windows NT 10.0; Win64; x64) AppleWebKit/537.36 (KHTML, like Gecko) Chrome/151.0.0.0 Safari/537.36"
85.215.36.9 - - [04/Sep/2026:02:23:03 -0500] "GET /wp-sitemap-users-1.xml HTTP/1.1" 301 - "-" "Mozilla/5.0 (Windows NT 10.0; Win64; x64) AppleWebKit/537.36 (KHTML, like Gecko) Chrome/151.0.0.0 Safari/537.36, Mozilla/5.0 (Windows NT 10.0; Win64; x64) AppleWebKit/537.36 (KHTML, like Gecko) Chrome/151.0.0.0 Safari/537.36"
47.128.40.227 - - [04/Sep/2026:02:23:05 -0500] "GET /robots.txt HTTP/1.1" 200 101 "-" "Mozilla/5.0 (iPhone; CPU iPhone OS 7_1_2 like Mac OS X) AppleWebKit/537.36 (KHTML, like Gecko) Version/7.0 Mobile Safari/537.36 (compatible; Bytespider; https://bytedance.sg.larkoffice.com/docx/K5bxdypulop3IIxrJb0lOjLVgFe)"
85.215.36.9 - - [04/Sep/2026:02:23:04 -0500] "GET /wp-sitemap-users-1.xml/ HTTP/1.1" 200 282572 "-" "Mozilla/5.0 (Windows NT 10.0; Win64; x64) AppleWebKit/537.36 (KHTML, like Gecko) Chrome/151.0.0.0 Safari/537.36, Mozilla/5.0 (Windows NT 10.0; Win64; x64) AppleWebKit/537.36 (KHTML, like Gecko) Chrome/151.0.0.0 Safari/537.36"
104.43.50.80 - - [04/Sep/2026:02:23:07 -0500] "GET /author-sitemap.xml HTTP/1.1" 301 - "-" "Mozilla/5.0 (Windows NT 10.0; Win64; x64) AppleWebKit/537.36 (KHTML, like Gecko) Chrome/151.0.0.0 Safari/537.36, Mozilla/5.0 (Macintosh; Intel Mac OS X 10_15_7) AppleWebKit/537.36 (KHTML, like Gecko) Chrome/151.0.0.0 Safari/537.36"
104.43.50.80 - - [04/Sep/2026:02:23:09 -0500] "GET /author-sitemap.xml/ HTTP/1.1" 200 282556 "-" "Mozilla/5.0 (Windows NT 10.0; Win64; x64) AppleWebKit/537.36 (KHTML, like Gecko) Chrome/151.0.0.0 Safari/537.36, Mozilla/5.0 (Macintosh; Intel Mac OS X 10_15_7) AppleWebKit/537.36 (KHTML, like Gecko) Chrome/151.0.0.0 Safari/537.36"
162.240.171.12 - - [04/Sep/2026:02:23:22 -0500] "GET /sitemap.xml HTTP/1.1" 301 - "-" "Mozilla/5.0 (Windows NT 10.0; Win64; x64) AppleWebKit/537.36 (KHTML, like Gecko) Chrome/151.0.0.0 Safari/537.36, Mozilla/5.0 (Windows NT 10.0; Win64; x64) AppleWebKit/537.36 (KHTML, like Gecko) Chrome/151.0.0.0 Safari/537.36"
162.240.171.12 - - [04/Sep/2026:02:23:24 -0500] "GET /sitemap.xml/ HTTP/1.1" 200 282528 "-" "Mozilla/5.0 (Windows NT 10.0; Win64; x64) AppleWebKit/537.36 (KHTML, like Gecko) Chrome/151.0.0.0 Safari/537.36, Mozilla/5.0 (Windows NT 10.0; Win64; x64) AppleWebKit/537.36 (KHTML, like Gecko) Chrome/151.0.0.0 Safari/537.36"
68.225.62.76 - - [04/Sep/2026:02:23:28 -0500] "GET /wp-json/wp/v2/posts?per_page=20&_embed=author&_fields=_embedded HTTP/1.1" 301 - "-" "Mozilla/5.0 (Windows NT 10.0; Win64; x64) AppleWebKit/537.36 (KHTML, like Gecko) Chrome/151.0.0.0 Safari/537.36, Mozilla/5.0 (Windows NT 10.0; Win64; x64) AppleWebKit/537.36 (KHTML, like Gecko) Chrome/151.0.0.0 Safari/537.36"
68.225.62.76 - - [04/Sep/2026:02:23:30 -0500] "GET /wp-json/wp/v2/posts/?per_page=20&_embed=author&_fields=_embedded HTTP/1.1" 200 282776 "-" "Mozilla/5.0 (Windows NT 10.0; Win64; x64) AppleWebKit/537.36 (KHTML, like Gecko) Chrome/151.0.0.0 Safari/537.36, Mozilla/5.0 (Windows NT 10.0; Win64; x64) AppleWebKit/537.36 (KHTML, like Gecko) Chrome/151.0.0.0 Safari/537.36"
103.74.116.219 - - [04/Sep/2026:02:23:42 -0500] "GET /wp-json/oembed/1.0/embed?url=https%3A%2F%2Fnewbiomuseo.desarrollo.itsangee.com&format=json HTTP/1.1" 301 - "-" "Mozilla/5.0 (Windows NT 10.0; Win64; x64) AppleWebKit/537.36 (KHTML, like Gecko) Chrome/151.0.0.0 Safari/537.36, Mozilla/5.0 (X11; Linux x86_64) AppleWebKit/537.36 (KHTML, like Gecko) Chrome/151.0.0.0 Safari/537.36"
103.74.116.219 - - [04/Sep/2026:02:23:45 -0500] "GET /wp-json/oembed/1.0/embed/?url=https%3A%2F%2Fnewbiomuseo.desarrollo.itsangee.com&format=json HTTP/1.1" 200 282864 "-" "Mozilla/5.0 (Windows NT 10.0; Win64; x64) AppleWebKit/537.36 (KHTML, like Gecko) Chrome/151.0.0.0 Safari/537.36, Mozilla/5.0 (X11; Linux x86_64) AppleWebKit/537.36 (KHTML, like Gecko) Chrome/151.0.0.0 Safari/537.36"
66.116.199.98 - - [04/Sep/2026:02:24:02 -0500] "POST /graphql HTTP/1.1" 200 282516 "-" "Mozilla/5.0 (Windows NT 10.0; Win64; x64) AppleWebKit/537.36 (KHTML, like Gecko) Chrome/151.0.0.0 Safari/537.36, Mozilla/5.0 (Windows NT 10.0; Win64; x64) AppleWebKit/537.36 (KHTML, like Gecko) Chrome/151.0.0.0 Safari/537.36"
114.119.137.237 - - [04/Sep/2026:02:25:04 -0500] "GET /wp-content/uploads/2024/09/puente-surge-1.webp HTTP/1.1" 200 110386 "https://newbiomuseo.desarrollo.itsangee.com/?page_id=2831" "Mozilla/5.0 (Linux; Android 7.0;) AppleWebKit/537.36 (HTML, like Gecko) Mobile Safari/537.36 (compatible; PetalBot;+https://webmaster.petalsearch.com/site/petalbot)"
52.167.144.221 - - [04/Sep/2026:02:25:35 -0500] "GET /?pid=522692452 HTTP/1.1" 200 282542 "-" "Mozilla/5.0 AppleWebKit/537.36 (KHTML, like Gecko; compatible; bingbot/2.0; +http://www.bing.com/bingbot.htm) Chrome/116.0.1938.76 Safari/537.36"
66.249.70.7 - - [04/Sep/2026:02:25:45 -0500] "GET /?pid=1855989910 HTTP/1.1" 200 282546 "-" "Mozilla/5.0 (Linux; Android 6.0.1; Nexus 5X Build/MMB29P) AppleWebKit/537.36 (KHTML, like Gecko) Chrome/151.0.7922.173 Mobile Safari/537.36 (compatible; Googlebot/2.1; +http://www.google.com/bot.html)"
66.249.70.8 - - [04/Sep/2026:02:25:47 -0500] "GET /?pid=2694419001 HTTP/1.1" 200 282546 "-" "Mozilla/5.0 (Linux; Android 6.0.1; Nexus 5X Build/MMB29P) AppleWebKit/537.36 (KHTML, like Gecko) Chrome/152.0.7977.75 Mobile Safari/537.36 (compatible; Googlebot/2.1; +http://www.google.com/bot.html)"
66.249.78.7 - - [04/Sep/2026:02:25:51 -0500] "GET /?pid=3153825970 HTTP/1.1" 200 282546 "-" "Mozilla/5.0 (Linux; Android 6.0.1; Nexus 5X Build/MMB29P) AppleWebKit/537.36 (KHTML, like Gecko) Chrome/152.0.7977.75 Mobile Safari/537.36 (compatible; Googlebot/2.1; +http://www.google.com/bot.html)"
66.249.70.6 - - [04/Sep/2026:02:25:57 -0500] "GET /?pid=1794988329 HTTP/1.1" 200 282546 "-" "Mozilla/5.0 (Linux; Android 6.0.1; Nexus 5X Build/MMB29P) AppleWebKit/537.36 (KHTML, like Gecko) Chrome/152.0.7977.75 Mobile Safari/537.36 (compatible; Googlebot/2.1; +http://www.google.com/bot.html)"
66.249.78.6 - - [04/Sep/2026:02:26:00 -0500] "GET /?pid=2662714186 HTTP/1.1" 200 282546 "-" "Mozilla/5.0 (Linux; Android 6.0.1; Nexus 5X Build/MMB29P) AppleWebKit/537.36 (KHTML, like Gecko) Chrome/152.0.7977.75 Mobile Safari/537.36 (compatible; Googlebot/2.1; +http://www.google.com/bot.html)"
66.249.70.8 - - [04/Sep/2026:02:26:08 -0500] "GET /?pid=2447850672 HTTP/1.1" 200 282546 "-" "Mozilla/5.0 (Linux; Android 6.0.1; Nexus 5X Build/MMB29P) AppleWebKit/537.36 (KHTML, like Gecko) Chrome/152.0.7977.75 Mobile Safari/537.36 (compatible; Googlebot/2.1; +http://www.google.com/bot.html)"
66.249.70.7 - - [04/Sep/2026:02:26:14 -0500] "GET /?pid=1157679336 HTTP/1.1" 200 282546 "-" "Mozilla/5.0 (Linux; Android 6.0.1; Nexus 5X Build/MMB29P) AppleWebKit/537.36 (KHTML, like Gecko) Chrome/152.0.7977.75 Mobile Safari/537.36 (compatible; Googlebot/2.1; +http://www.google.com/bot.html)"
66.249.70.6 - - [04/Sep/2026:02:26:20 -0500] "GET /?pid=2300095990 HTTP/1.1" 200 282546 "-" "Mozilla/5.0 (Linux; Android 6.0.1; Nexus 5X Build/MMB29P) AppleWebKit/537.36 (KHTML, like Gecko) Chrome/152.0.7977.75 Mobile Safari/537.36 (compatible; Googlebot/2.1; +http://www.google.com/bot.html)"
66.249.70.6 - - [04/Sep/2026:02:26:23 -0500] "GET / HTTP/1.1" 200 282569 "-" "Mozilla/5.0 (Linux; Android 6.0.1; Nexus 5X Build/MMB29P) AppleWebKit/537.36 (KHTML, like Gecko) Chrome/152.0.7977.75 Mobile Safari/537.36 (compatible; Googlebot/2.1; +http://www.google.com/bot.html)"
66.249.78.6 - - [04/Sep/2026:02:26:30 -0500] "GET /?pid=338894481 HTTP/1.1" 200 282542 "-" "Mozilla/5.0 (Linux; Android 6.0.1; Nexus 5X Build/MMB29P) AppleWebKit/537.36 (KHTML, like Gecko) Chrome/152.0.7977.75 Mobile Safari/537.36 (compatible; Googlebot/2.1; +http://www.google.com/bot.html)"
66.249.70.6 - - [04/Sep/2026:02:26:33 -0500] "GET /?pid=375205167 HTTP/1.1" 200 282542 "-" "Mozilla/5.0 (Linux; Android 6.0.1; Nexus 5X Build/MMB29P) AppleWebKit/537.36 (KHTML, like Gecko) Chrome/152.0.7977.75 Mobile Safari/537.36 (compatible; Googlebot/2.1; +http://www.google.com/bot.html)"
66.249.78.6 - - [04/Sep/2026:02:26:36 -0500] "GET /?pid=180284412 HTTP/1.1" 200 282542 "-" "Mozilla/5.0 (Linux; Android 6.0.1; Nexus 5X Build/MMB29P) AppleWebKit/537.36 (KHTML, like Gecko) Chrome/152.0.7977.75 Mobile Safari/537.36 (compatible; Googlebot/2.1; +http://www.google.com/bot.html)"
66.249.70.7 - - [04/Sep/2026:02:26:39 -0500] "GET /?pid=1426979294 HTTP/1.1" 200 282546 "-" "Mozilla/5.0 (Linux; Android 6.0.1; Nexus 5X Build/MMB29P) AppleWebKit/537.36 (KHTML, like Gecko) Chrome/152.0.7977.75 Mobile Safari/537.36 (compatible; Googlebot/2.1; +http://www.google.com/bot.html)"
66.249.70.8 - - [04/Sep/2026:02:26:43 -0500] "GET /?pid=478260539 HTTP/1.1" 200 282542 "-" "Mozilla/5.0 (Linux; Android 6.0.1; Nexus 5X Build/MMB29P) AppleWebKit/537.36 (KHTML, like Gecko) Chrome/152.0.7977.75 Mobile Safari/537.36 (compatible; Googlebot/2.1; +http://www.google.com/bot.html)"
66.249.78.7 - - [04/Sep/2026:02:26:55 -0500] "GET /?pid=1551249747 HTTP/1.1" 200 282546 "-" "Mozilla/5.0 (Linux; Android 6.0.1; Nexus 5X Build/MMB29P) AppleWebKit/537.36 (KHTML, like Gecko) Chrome/151.0.7922.173 Mobile Safari/537.36 (compatible; Googlebot/2.1; +http://www.google.com/bot.html)"
66.249.78.7 - - [04/Sep/2026:02:27:02 -0500] "GET /?pid=3481499073 HTTP/1.1" 200 282546 "-" "Mozilla/5.0 (Linux; Android 6.0.1; Nexus 5X Build/MMB29P) AppleWebKit/537.36 (KHTML, like Gecko) Chrome/152.0.7977.75 Mobile Safari/537.36 (compatible; Googlebot/2.1; +http://www.google.com/bot.html)"
66.249.70.7 - - [04/Sep/2026:02:27:04 -0500] "GET /?pid=652571674 HTTP/1.1" 200 282542 "-" "Mozilla/5.0 (Linux; Android 6.0.1; Nexus 5X Build/MMB29P) AppleWebKit/537.36 (KHTML, like Gecko) Chrome/152.0.7977.75 Mobile Safari/537.36 (compatible; Googlebot/2.1; +http://www.google.com/bot.html)"
66.249.70.7 - - [04/Sep/2026:02:27:08 -0500] "GET /?pid=3856182038 HTTP/1.1" 200 282546 "-" "Mozilla/5.0 (Linux; Android 6.0.1; Nexus 5X Build/MMB29P) AppleWebKit/537.36 (KHTML, like Gecko) Chrome/152.0.7977.75 Mobile Safari/537.36 (compatible; Googlebot/2.1; +http://www.google.com/bot.html)"
