66.249.70.6 - - [02/Sep/2026:12:57:29 -0500] "GET /?pid=2915411674 HTTP/1.1" 200 282546 "-" "Mozilla/5.0 (Linux; Android 6.0.1; Nexus 5X Build/MMB29P) AppleWebKit/537.36 (KHTML, like Gecko) Chrome/151.0.7922.173 Mobile Safari/537.36 (compatible; Googlebot/2.1; +http://www.google.com/bot.html)"
66.249.70.6 - - [02/Sep/2026:12:57:36 -0500] "GET /?pid=190027014 HTTP/1.1" 200 282542 "-" "Mozilla/5.0 (Linux; Android 6.0.1; Nexus 5X Build/MMB29P) AppleWebKit/537.36 (KHTML, like Gecko) Chrome/151.0.7922.173 Mobile Safari/537.36 (compatible; Googlebot/2.1; +http://www.google.com/bot.html)"
168.144.101.7 - - [02/Sep/2026:12:57:43 -0500] "GET /wp-login.php?redirect_to=https%3A%2F%2Fwww.newbiomuseo.desarrollo.itsangee.com%2Fwp-admin%2Findex.php&reauth=1 HTTP/1.1" 200 11374 "https://www.newbiomuseo.desarrollo.itsangee.com/wp-login.php" "Mozilla/5.0 (Windows NT 11.0; Win64; x64; rv:119.0) Gecko/20100101 Firefox/119.0"
168.144.101.7 - - [02/Sep/2026:12:57:59 -0500] "POST /wp-login.php HTTP/1.1" 200 11659 "https://www.newbiomuseo.desarrollo.itsangee.com/wp-login.php" "Mozilla/5.0 (X11; Ubuntu; Linux x86_64) AppleWebKit/537.36 (KHTML, like Gecko) Chrome/119.0.0.0 Safari/537.36"
66.249.70.6 - - [02/Sep/2026:12:57:58 -0500] "GET /?pid=2130462414 HTTP/1.1" 200 282546 "-" "Mozilla/5.0 (Linux; Android 6.0.1; Nexus 5X Build/MMB29P) AppleWebKit/537.36 (KHTML, like Gecko) Chrome/151.0.7922.173 Mobile Safari/537.36 (compatible; Googlebot/2.1; +http://www.google.com/bot.html)"
66.249.78.7 - - [02/Sep/2026:12:58:07 -0500] "GET /wp-content/plugins/photoblocks-grid-gallery/public/js/packery.pkgd.js?ver=7.1 HTTP/1.1" 200 84773 "https://newbiomuseo.desarrollo.itsangee.com/?pid=366408795" "Mozilla/5.0 (Linux; Android 6.0.1; Nexus 5X Build/MMB29P) AppleWebKit/537.36 (KHTML, like Gecko) Chrome/151.0.7922.173 Mobile Safari/537.36 (compatible; Googlebot/2.1; +http://www.google.com/bot.html)"
168.144.101.7 - - [02/Sep/2026:12:58:15 -0500] "GET /wp-admin/index.php HTTP/1.1" 302 - "https://www.newbiomuseo.desarrollo.itsangee.com/wp-login.php" "Mozilla/5.0 (X11; Linux x86_64) AppleWebKit/537.36 (KHTML, like Gecko) Chrome/121.0.0.0 Safari/537.36"
66.249.70.6 - - [02/Sep/2026:12:58:27 -0500] "GET /?pid=413667488 HTTP/1.1" 200 282542 "-" "Mozilla/5.0 (Linux; Android 6.0.1; Nexus 5X Build/MMB29P) AppleWebKit/537.36 (KHTML, like Gecko) Chrome/151.0.7922.173 Mobile Safari/537.36 (compatible; Googlebot/2.1; +http://www.google.com/bot.html)"
168.144.101.7 - - [02/Sep/2026:12:58:31 -0500] "GET /wp-login.php?redirect_to=https%3A%2F%2Fwww.newbiomuseo.desarrollo.itsangee.com%2Fwp-admin%2Findex.php&reauth=1 HTTP/1.1" 200 11374 "https://www.newbiomuseo.desarrollo.itsangee.com/wp-login.php" "Mozilla/5.0 (X11; Linux x86_64) AppleWebKit/537.36 (KHTML, like Gecko) Chrome/121.0.0.0 Safari/537.36"
114.119.149.232 - - [02/Sep/2026:12:58:39 -0500] "GET /exhibiciones-4/ HTTP/1.1" 200 282477 "http://newbiomuseo.desarrollo.itsangee.com/exhibiciones-4/" "Mozilla/5.0 (Linux; Android 7.0;) AppleWebKit/537.36 (HTML, like Gecko) Mobile Safari/537.36 (compatible; PetalBot;+https://webmaster.petalsearch.com/site/petalbot)"
66.249.70.6 - - [02/Sep/2026:12:58:40 -0500] "GET /?pid=1042444737 HTTP/1.1" 200 282546 "-" "Mozilla/5.0 (Linux; Android 6.0.1; Nexus 5X Build/MMB29P) AppleWebKit/537.36 (KHTML, like Gecko) Chrome/151.0.7922.173 Mobile Safari/537.36 (compatible; Googlebot/2.1; +http://www.google.com/bot.html)"
168.144.101.7 - - [02/Sep/2026:12:58:46 -0500] "POST /wp-login.php HTTP/1.1" 200 11663 "https://www.newbiomuseo.desarrollo.itsangee.com/wp-login.php" "Mozilla/5.0 (Windows NT 11.0; Win64; x64) AppleWebKit/537.36 (KHTML, like Gecko) Chrome/121.0.0.0 Safari/537.36"
168.144.101.7 - - [02/Sep/2026:12:58:56 -0500] "GET /wp-admin/index.php HTTP/1.1" 302 - "https://www.newbiomuseo.desarrollo.itsangee.com/wp-login.php" "Mozilla/5.0 (Macintosh; Intel Mac OS X 13_6_1; rv:119.0) Gecko/20100101 Firefox/119.0"
168.144.101.7 - - [02/Sep/2026:12:59:11 -0500] "GET /wp-login.php?redirect_to=https%3A%2F%2Fwww.newbiomuseo.desarrollo.itsangee.com%2Fwp-admin%2Findex.php&reauth=1 HTTP/1.1" 200 11374 "https://www.newbiomuseo.desarrollo.itsangee.com/wp-login.php" "Mozilla/5.0 (Macintosh; Intel Mac OS X 13_6_1; rv:119.0) Gecko/20100101 Firefox/119.0"
66.249.70.8 - - [02/Sep/2026:12:59:11 -0500] "GET /?pid=1323055577 HTTP/1.1" 200 282546 "-" "Mozilla/5.0 (Linux; Android 6.0.1; Nexus 5X Build/MMB29P) AppleWebKit/537.36 (KHTML, like Gecko) Chrome/151.0.7922.173 Mobile Safari/537.36 (compatible; Googlebot/2.1; +http://www.google.com/bot.html)"
168.144.101.7 - - [02/Sep/2026:12:59:25 -0500] "POST /wp-login.php HTTP/1.1" 200 11661 "https://www.newbiomuseo.desarrollo.itsangee.com/wp-login.php" "Mozilla/5.0 (X11; Linux x86_64) AppleWebKit/537.36 (KHTML, like Gecko) Chrome/118.0.0.0 Safari/537.36"
66.249.78.7 - - [02/Sep/2026:12:59:36 -0500] "GET /wp-content/plugins/photoblocks-grid-gallery/public/css/photoblocks-public.css?ver=1.3.4 HTTP/1.1" 200 7531 "https://newbiomuseo.desarrollo.itsangee.com/?pid=4276068548" "Mozilla/5.0 (Linux; Android 6.0.1; Nexus 5X Build/MMB29P) AppleWebKit/537.36 (KHTML, like Gecko) Chrome/151.0.7922.173 Mobile Safari/537.36 (compatible; Googlebot/2.1; +http://www.google.com/bot.html)"
168.144.101.7 - - [02/Sep/2026:12:59:40 -0500] "GET /wp-admin/index.php HTTP/1.1" 302 - "https://www.newbiomuseo.desarrollo.itsangee.com/wp-login.php" "Mozilla/5.0 (Macintosh; Intel Mac OS X 13_6_1) AppleWebKit/605.1.15 (KHTML, like Gecko) Version/17.2 Safari/605.1.15"
168.144.101.7 - - [02/Sep/2026:12:59:54 -0500] "GET /wp-login.php?redirect_to=https%3A%2F%2Fwww.newbiomuseo.desarrollo.itsangee.com%2Fwp-admin%2Findex.php&reauth=1 HTTP/1.1" 200 11374 "https://www.newbiomuseo.desarrollo.itsangee.com/wp-login.php" "Mozilla/5.0 (Macintosh; Intel Mac OS X 13_6_1) AppleWebKit/605.1.15 (KHTML, like Gecko) Version/17.2 Safari/605.1.15"
40.77.167.30 - - [02/Sep/2026:13:00:10 -0500] "GET /?pid=2882658813 HTTP/1.1" 200 282546 "-" "Mozilla/5.0 AppleWebKit/537.36 (KHTML, like Gecko; compatible; bingbot/2.0; +http://www.bing.com/bingbot.htm) Chrome/116.0.1938.76 Safari/537.36"
168.144.101.7 - - [02/Sep/2026:13:00:11 -0500] "POST /wp-login.php HTTP/1.1" 200 11667 "https://www.newbiomuseo.desarrollo.itsangee.com/wp-login.php" "Mozilla/5.0 (Windows NT 11.0; Win64; x64) AppleWebKit/537.36 (KHTML, like Gecko) Chrome/121.0.0.0 Safari/537.36"
52.167.144.137 - - [02/Sep/2026:13:00:14 -0500] "GET /?pid=3940112289 HTTP/1.1" 200 282546 "-" "Mozilla/5.0 AppleWebKit/537.36 (KHTML, like Gecko; compatible; bingbot/2.0; +http://www.bing.com/bingbot.htm) Chrome/116.0.1938.76 Safari/537.36"
52.167.144.137 - - [02/Sep/2026:13:00:17 -0500] "GET /?pid=21350203 HTTP/1.1" 200 282538 "-" "Mozilla/5.0 AppleWebKit/537.36 (KHTML, like Gecko; compatible; bingbot/2.0; +http://www.bing.com/bingbot.htm) Chrome/116.0.1938.76 Safari/537.36"
40.77.167.235 - - [02/Sep/2026:13:00:22 -0500] "GET /?pid=1595051359 HTTP/1.1" 200 282546 "-" "Mozilla/5.0 AppleWebKit/537.36 (KHTML, like Gecko; compatible; bingbot/2.0; +http://www.bing.com/bingbot.htm) Chrome/116.0.1938.76 Safari/537.36"
168.144.101.7 - - [02/Sep/2026:13:00:28 -0500] "GET /wp-admin/index.php HTTP/1.1" 302 - "https://www.newbiomuseo.desarrollo.itsangee.com/wp-login.php" "Mozilla/5.0 (Windows NT 10.0; Win64; x64) AppleWebKit/537.36 (KHTML, like Gecko) Chrome/119.0.0.0 Safari/537.36"
168.144.101.7 - - [02/Sep/2026:13:00:43 -0500] "GET /wp-login.php?redirect_to=https%3A%2F%2Fwww.newbiomuseo.desarrollo.itsangee.com%2Fwp-admin%2Findex.php&reauth=1 HTTP/1.1" 200 11374 "https://www.newbiomuseo.desarrollo.itsangee.com/wp-login.php" "Mozilla/5.0 (Windows NT 10.0; Win64; x64) AppleWebKit/537.36 (KHTML, like Gecko) Chrome/119.0.0.0 Safari/537.36"
66.249.70.7 - - [02/Sep/2026:13:00:54 -0500] "GET /?pid=31448994 HTTP/1.1" 200 282538 "-" "Mozilla/5.0 (Linux; Android 6.0.1; Nexus 5X Build/MMB29P) AppleWebKit/537.36 (KHTML, like Gecko) Chrome/151.0.7922.173 Mobile Safari/537.36 (compatible; Googlebot/2.1; +http://www.google.com/bot.html)"
168.144.101.7 - - [02/Sep/2026:13:00:58 -0500] "POST /wp-login.php HTTP/1.1" 200 11658 "https://www.newbiomuseo.desarrollo.itsangee.com/wp-login.php" "Mozilla/5.0 (Macintosh; Intel Mac OS X 10_15_7) AppleWebKit/537.36 (KHTML, like Gecko) Chrome/121.0.0.0 Safari/537.36"
168.144.101.7 - - [02/Sep/2026:13:01:15 -0500] "GET /wp-admin/index.php HTTP/1.1" 302 - "https://www.newbiomuseo.desarrollo.itsangee.com/wp-login.php" "Mozilla/5.0 (X11; Ubuntu; Linux x86_64) AppleWebKit/537.36 (KHTML, like Gecko) Chrome/120.0.0.0 Safari/537.36"
66.249.70.8 - - [02/Sep/2026:13:01:17 -0500] "GET /?pid=2641870600 HTTP/1.1" 200 282546 "-" "Mozilla/5.0 (Linux; Android 6.0.1; Nexus 5X Build/MMB29P) AppleWebKit/537.36 (KHTML, like Gecko) Chrome/151.0.7922.173 Mobile Safari/537.36 (compatible; Googlebot/2.1; +http://www.google.com/bot.html)"
66.249.70.7 - - [02/Sep/2026:13:01:22 -0500] "GET /?pid=2660633818 HTTP/1.1" 200 282546 "-" "Mozilla/5.0 (Linux; Android 6.0.1; Nexus 5X Build/MMB29P) AppleWebKit/537.36 (KHTML, like Gecko) Chrome/151.0.7922.173 Mobile Safari/537.36 (compatible; Googlebot/2.1; +http://www.google.com/bot.html)"
168.144.101.7 - - [02/Sep/2026:13:01:34 -0500] "GET /wp-login.php?redirect_to=https%3A%2F%2Fwww.newbiomuseo.desarrollo.itsangee.com%2Fwp-admin%2Findex.php&reauth=1 HTTP/1.1" 200 11374 "https://www.newbiomuseo.desarrollo.itsangee.com/wp-login.php" "Mozilla/5.0 (X11; Ubuntu; Linux x86_64) AppleWebKit/537.36 (KHTML, like Gecko) Chrome/120.0.0.0 Safari/537.36"
168.144.101.7 - - [02/Sep/2026:13:01:49 -0500] "POST /wp-login.php HTTP/1.1" 200 11659 "https://www.newbiomuseo.desarrollo.itsangee.com/wp-login.php" "Mozilla/5.0 (Macintosh; Intel Mac OS X 10_15_7) AppleWebKit/537.36 (KHTML, like Gecko) Chrome/119.0.0.0 Safari/537.36"
66.249.70.6 - - [02/Sep/2026:13:01:55 -0500] "GET /?pid=1326396844 HTTP/1.1" 200 282546 "-" "Mozilla/5.0 (Linux; Android 6.0.1; Nexus 5X Build/MMB29P) AppleWebKit/537.36 (KHTML, like Gecko) Chrome/151.0.7922.173 Mobile Safari/537.36 (compatible; Googlebot/2.1; +http://www.google.com/bot.html)"
66.249.70.6 - - [02/Sep/2026:13:02:07 -0500] "GET /wp-content/plugins/translatepress-multilingual/assets/css/trp-language-switcher.css?ver=3.3.2 HTTP/1.1" 200 2944 "https://newbiomuseo.desarrollo.itsangee.com/?pid=1326396844" "Mozilla/5.0 (Linux; Android 6.0.1; Nexus 5X Build/MMB29P) AppleWebKit/537.36 (KHTML, like Gecko) Chrome/151.0.7922.173 Mobile Safari/537.36 (compatible; Googlebot/2.1; +http://www.google.com/bot.html)"
168.144.101.7 - - [02/Sep/2026:13:02:06 -0500] "GET /wp-admin/index.php HTTP/1.1" 302 - "https://www.newbiomuseo.desarrollo.itsangee.com/wp-login.php" "Mozilla/5.0 (Macintosh; Intel Mac OS X 13_6_1) AppleWebKit/605.1.15 (KHTML, like Gecko) Version/17.2 Safari/605.1.15"
66.249.70.6 - - [02/Sep/2026:13:02:07 -0500] "GET /wp-content/plugins/photoblocks-grid-gallery/public/css/photoblocks-public.css?ver=1.3.4 HTTP/1.1" 200 7531 "https://newbiomuseo.desarrollo.itsangee.com/?pid=1326396844" "Mozilla/5.0 (Linux; Android 6.0.1; Nexus 5X Build/MMB29P) AppleWebKit/537.36 (KHTML, like Gecko) Chrome/151.0.7922.173 Mobile Safari/537.36 (compatible; Googlebot/2.1; +http://www.google.com/bot.html)"
66.249.70.7 - - [02/Sep/2026:13:02:19 -0500] "GET /?pid=2046425820 HTTP/1.1" 200 282546 "-" "Mozilla/5.0 (Linux; Android 6.0.1; Nexus 5X Build/MMB29P) AppleWebKit/537.36 (KHTML, like Gecko) Chrome/151.0.7922.173 Mobile Safari/537.36 (compatible; Googlebot/2.1; +http://www.google.com/bot.html)"
66.249.78.7 - - [02/Sep/2026:13:02:22 -0500] "GET /?pid=2549924563 HTTP/1.1" 200 282546 "-" "Mozilla/5.0 (Linux; Android 6.0.1; Nexus 5X Build/MMB29P) AppleWebKit/537.36 (KHTML, like Gecko) Chrome/151.0.7922.173 Mobile Safari/537.36 (compatible; Googlebot/2.1; +http://www.google.com/bot.html)"
168.144.101.7 - - [02/Sep/2026:13:02:24 -0500] "GET /wp-login.php?redirect_to=https%3A%2F%2Fwww.newbiomuseo.desarrollo.itsangee.com%2Fwp-admin%2Findex.php&reauth=1 HTTP/1.1" 200 11374 "https://www.newbiomuseo.desarrollo.itsangee.com/wp-login.php" "Mozilla/5.0 (Macintosh; Intel Mac OS X 13_6_1) AppleWebKit/605.1.15 (KHTML, like Gecko) Version/17.2 Safari/605.1.15"
66.249.78.6 - - [02/Sep/2026:13:02:25 -0500] "GET /?pid=473045988 HTTP/1.1" 200 282542 "-" "Mozilla/5.0 (Linux; Android 6.0.1; Nexus 5X Build/MMB29P) AppleWebKit/537.36 (KHTML, like Gecko) Chrome/151.0.7922.173 Mobile Safari/537.36 (compatible; Googlebot/2.1; +http://www.google.com/bot.html)"
168.144.101.7 - - [02/Sep/2026:13:02:40 -0500] "POST /wp-login.php HTTP/1.1" 200 11542 "https://www.newbiomuseo.desarrollo.itsangee.com/wp-login.php" "Mozilla/5.0 (Macintosh; Intel Mac OS X 13_6_1) AppleWebKit/537.36 (KHTML, like Gecko) Chrome/118.0.0.0 Safari/537.36"
168.144.101.7 - - [02/Sep/2026:13:02:54 -0500] "GET /wp-admin/index.php HTTP/1.1" 302 - "https://www.newbiomuseo.desarrollo.itsangee.com/wp-login.php" "Mozilla/5.0 (Macintosh; Intel Mac OS X 13_6_1; rv:120.0) Gecko/20100101 Firefox/120.0"
66.249.70.6 - - [02/Sep/2026:13:02:53 -0500] "GET /?pid=3009430063 HTTP/1.1" 200 282546 "-" "Mozilla/5.0 (Linux; Android 6.0.1; Nexus 5X Build/MMB29P) AppleWebKit/537.36 (KHTML, like Gecko) Chrome/151.0.7922.173 Mobile Safari/537.36 (compatible; Googlebot/2.1; +http://www.google.com/bot.html)"
66.249.70.6 - - [02/Sep/2026:13:02:58 -0500] "GET /wp-content/plugins/photoblocks-grid-gallery/public/css/photoblocks-public.css?ver=1.3.4 HTTP/1.1" 200 7531 "https://newbiomuseo.desarrollo.itsangee.com/?pid=473045988" "Mozilla/5.0 (Linux; Android 6.0.1; Nexus 5X Build/MMB29P) AppleWebKit/537.36 (KHTML, like Gecko) Chrome/151.0.7922.173 Mobile Safari/537.36 (compatible; Googlebot/2.1; +http://www.google.com/bot.html)"
168.144.101.7 - - [02/Sep/2026:13:03:10 -0500] "GET /wp-login.php?redirect_to=https%3A%2F%2Fwww.newbiomuseo.desarrollo.itsangee.com%2Fwp-admin%2Findex.php&reauth=1 HTTP/1.1" 200 11374 "https://www.newbiomuseo.desarrollo.itsangee.com/wp-login.php" "Mozilla/5.0 (Macintosh; Intel Mac OS X 13_6_1; rv:120.0) Gecko/20100101 Firefox/120.0"
168.144.101.7 - - [02/Sep/2026:13:03:25 -0500] "POST /wp-login.php HTTP/1.1" 200 11655 "https://www.newbiomuseo.desarrollo.itsangee.com/wp-login.php" "Mozilla/5.0 (X11; Linux x86_64) AppleWebKit/537.36 (KHTML, like Gecko) Chrome/120.0.0.0 Safari/537.36"
66.249.78.6 - - [02/Sep/2026:13:03:31 -0500] "GET /?pid=2011280311 HTTP/1.1" 200 282546 "-" "Mozilla/5.0 (Linux; Android 6.0.1; Nexus 5X Build/MMB29P) AppleWebKit/537.36 (KHTML, like Gecko) Chrome/151.0.7922.173 Mobile Safari/537.36 (compatible; Googlebot/2.1; +http://www.google.com/bot.html)"
168.144.101.7 - - [02/Sep/2026:13:03:41 -0500] "GET /wp-admin/index.php HTTP/1.1" 302 - "https://www.newbiomuseo.desarrollo.itsangee.com/wp-login.php" "Mozilla/5.0 (Macintosh; Intel Mac OS X 10_15_7; rv:120.0) Gecko/20100101 Firefox/120.0"
168.144.101.7 - - [02/Sep/2026:13:03:55 -0500] "GET /wp-login.php?redirect_to=https%3A%2F%2Fwww.newbiomuseo.desarrollo.itsangee.com%2Fwp-admin%2Findex.php&reauth=1 HTTP/1.1" 200 11374 "https://www.newbiomuseo.desarrollo.itsangee.com/wp-login.php" "Mozilla/5.0 (Macintosh; Intel Mac OS X 10_15_7; rv:120.0) Gecko/20100101 Firefox/120.0"
66.249.70.6 - - [02/Sep/2026:13:03:55 -0500] "GET /?pid=1592845742 HTTP/1.1" 200 282546 "-" "Mozilla/5.0 (Linux; Android 6.0.1; Nexus 5X Build/MMB29P) AppleWebKit/537.36 (KHTML, like Gecko) Chrome/151.0.7922.173 Mobile Safari/537.36 (compatible; Googlebot/2.1; +http://www.google.com/bot.html)"
66.249.78.6 - - [02/Sep/2026:13:04:00 -0500] "GET /?pid=2022269463 HTTP/1.1" 200 282546 "-" "Mozilla/5.0 (Linux; Android 6.0.1; Nexus 5X Build/MMB29P) AppleWebKit/537.36 (KHTML, like Gecko) Chrome/151.0.7922.173 Mobile Safari/537.36 (compatible; Googlebot/2.1; +http://www.google.com/bot.html)"
168.144.101.7 - - [02/Sep/2026:13:04:10 -0500] "POST /wp-login.php HTTP/1.1" 200 11657 "https://www.newbiomuseo.desarrollo.itsangee.com/wp-login.php" "Mozilla/5.0 (Macintosh; Intel Mac OS X 13_6_1) AppleWebKit/605.1.15 (KHTML, like Gecko) Version/17.2 Safari/605.1.15"
168.144.101.7 - - [02/Sep/2026:13:04:27 -0500] "GET /wp-admin/index.php HTTP/1.1" 302 - "https://www.newbiomuseo.desarrollo.itsangee.com/wp-login.php" "Mozilla/5.0 (Macintosh; Intel Mac OS X 13_6_1) AppleWebKit/605.1.15 (KHTML, like Gecko) Version/16.6 Safari/605.1.15"
66.249.70.7 - - [02/Sep/2026:13:04:29 -0500] "GET /?pid=128651772 HTTP/1.1" 200 282542 "-" "Mozilla/5.0 (Linux; Android 6.0.1; Nexus 5X Build/MMB29P) AppleWebKit/537.36 (KHTML, like Gecko) Chrome/151.0.7922.173 Mobile Safari/537.36 (compatible; Googlebot/2.1; +http://www.google.com/bot.html)"
66.249.70.7 - - [02/Sep/2026:13:04:41 -0500] "GET /wp-content/plugins/translatepress-multilingual/assets/css/trp-language-switcher.css?ver=3.3.2 HTTP/1.1" 200 2944 "https://newbiomuseo.desarrollo.itsangee.com/?pid=128651772" "Mozilla/5.0 (Linux; Android 6.0.1; Nexus 5X Build/MMB29P) AppleWebKit/537.36 (KHTML, like Gecko) Chrome/151.0.7922.173 Mobile Safari/537.36 (compatible; Googlebot/2.1; +http://www.google.com/bot.html)"
168.144.101.7 - - [02/Sep/2026:13:04:43 -0500] "GET /wp-login.php?redirect_to=https%3A%2F%2Fwww.newbiomuseo.desarrollo.itsangee.com%2Fwp-admin%2Findex.php&reauth=1 HTTP/1.1" 200 11374 "https://www.newbiomuseo.desarrollo.itsangee.com/wp-login.php" "Mozilla/5.0 (Macintosh; Intel Mac OS X 13_6_1) AppleWebKit/605.1.15 (KHTML, like Gecko) Version/16.6 Safari/605.1.15"
168.144.101.7 - - [02/Sep/2026:13:04:58 -0500] "POST /wp-login.php HTTP/1.1" 200 11658 "https://www.newbiomuseo.desarrollo.itsangee.com/wp-login.php" "Mozilla/5.0 (Macintosh; Intel Mac OS X 13_6_1) AppleWebKit/537.36 (KHTML, like Gecko) Chrome/120.0.0.0 Safari/537.36"
66.249.70.8 - - [02/Sep/2026:13:05:06 -0500] "GET /?pid=2946937447 HTTP/1.1" 200 282546 "-" "Mozilla/5.0 (Linux; Android 6.0.1; Nexus 5X Build/MMB29P) AppleWebKit/537.36 (KHTML, like Gecko) Chrome/151.0.7922.173 Mobile Safari/537.36 (compatible; Googlebot/2.1; +http://www.google.com/bot.html)"
66.249.78.6 - - [02/Sep/2026:13:05:22 -0500] "GET /wp-content/plugins/photoblocks-grid-gallery/public/css/photoblocks-public.css?ver=1.3.4 HTTP/1.1" 200 7531 "https://newbiomuseo.desarrollo.itsangee.com/?pid=2946937447" "Mozilla/5.0 (Linux; Android 6.0.1; Nexus 5X Build/MMB29P) AppleWebKit/537.36 (KHTML, like Gecko) Chrome/151.0.7922.173 Mobile Safari/537.36 (compatible; Googlebot/2.1; +http://www.google.com/bot.html)"
52.167.144.141 - - [02/Sep/2026:13:05:21 -0500] "GET /?pid=835384367 HTTP/1.1" 200 282473 "-" "Mozilla/5.0 AppleWebKit/537.36 (KHTML, like Gecko; compatible; bingbot/2.0; +http://www.bing.com/bingbot.htm) Chrome/116.0.1938.76 Safari/537.36"
40.77.167.116 - - [02/Sep/2026:13:05:25 -0500] "GET /?pid=3575042066 HTTP/1.1" 200 282546 "-" "Mozilla/5.0 AppleWebKit/537.36 (KHTML, like Gecko; compatible; bingbot/2.0; +http://www.bing.com/bingbot.htm) Chrome/116.0.1938.76 Safari/537.36"
168.144.101.7 - - [02/Sep/2026:13:05:31 -0500] "GET /wp-admin/index.php HTTP/1.1" 302 - "https://www.newbiomuseo.desarrollo.itsangee.com/wp-login.php" "Mozilla/5.0 (Windows NT 10.0; Win64; x64; rv:120.0) Gecko/20100101 Firefox/120.0"
66.249.70.6 - - [02/Sep/2026:13:05:32 -0500] "GET /?pid=1748872328 HTTP/1.1" 200 282546 "-" "Mozilla/5.0 (Linux; Android 6.0.1; Nexus 5X Build/MMB29P) AppleWebKit/537.36 (KHTML, like Gecko) Chrome/151.0.7922.173 Mobile Safari/537.36 (compatible; Googlebot/2.1; +http://www.google.com/bot.html)"
40.77.167.116 - - [02/Sep/2026:13:05:33 -0500] "GET /?pid=1663775270 HTTP/1.1" 200 282477 "-" "Mozilla/5.0 AppleWebKit/537.36 (KHTML, like Gecko; compatible; bingbot/2.0; +http://www.bing.com/bingbot.htm) Chrome/116.0.1938.76 Safari/537.36"
40.77.167.116 - - [02/Sep/2026:13:05:35 -0500] "GET /?pid=4270198911 HTTP/1.1" 200 282546 "-" "Mozilla/5.0 AppleWebKit/537.36 (KHTML, like Gecko; compatible; bingbot/2.0; +http://www.bing.com/bingbot.htm) Chrome/116.0.1938.76 Safari/537.36"
40.77.167.30 - - [02/Sep/2026:13:05:40 -0500] "GET /?pid=1970001689 HTTP/1.1" 200 282546 "-" "Mozilla/5.0 AppleWebKit/537.36 (KHTML, like Gecko; compatible; bingbot/2.0; +http://www.bing.com/bingbot.htm) Chrome/116.0.1938.76 Safari/537.36"
66.249.70.6 - - [02/Sep/2026:13:05:44 -0500] "GET /?pid=1849339486 HTTP/1.1" 200 282546 "-" "Mozilla/5.0 (Linux; Android 6.0.1; Nexus 5X Build/MMB29P) AppleWebKit/537.36 (KHTML, like Gecko) Chrome/151.0.7922.173 Mobile Safari/537.36 (compatible; Googlebot/2.1; +http://www.google.com/bot.html)"
168.144.101.7 - - [02/Sep/2026:13:05:48 -0500] "GET /wp-login.php?redirect_to=https%3A%2F%2Fwww.newbiomuseo.desarrollo.itsangee.com%2Fwp-admin%2Findex.php&reauth=1 HTTP/1.1" 200 11374 "https://www.newbiomuseo.desarrollo.itsangee.com/wp-login.php" "Mozilla/5.0 (Windows NT 10.0; Win64; x64; rv:120.0) Gecko/20100101 Firefox/120.0"
66.249.70.6 - - [02/Sep/2026:13:05:59 -0500] "GET /wp-content/plugins/photoblocks-grid-gallery/public/css/photoblocks-public.css?ver=1.3.4 HTTP/1.1" 200 7531 "https://newbiomuseo.desarrollo.itsangee.com/?pid=1849339486" "Mozilla/5.0 (Linux; Android 6.0.1; Nexus 5X Build/MMB29P) AppleWebKit/537.36 (KHTML, like Gecko) Chrome/151.0.7922.173 Mobile Safari/537.36 (compatible; Googlebot/2.1; +http://www.google.com/bot.html)"
66.249.70.6 - - [02/Sep/2026:13:06:00 -0500] "GET /wp-content/plugins/translatepress-multilingual/assets/css/trp-language-switcher.css?ver=3.3.2 HTTP/1.1" 200 2944 "https://newbiomuseo.desarrollo.itsangee.com/?pid=1849339486" "Mozilla/5.0 (Linux; Android 6.0.1; Nexus 5X Build/MMB29P) AppleWebKit/537.36 (KHTML, like Gecko) Chrome/151.0.7922.173 Mobile Safari/537.36 (compatible; Googlebot/2.1; +http://www.google.com/bot.html)"
168.144.101.7 - - [02/Sep/2026:13:06:05 -0500] "POST /wp-login.php HTTP/1.1" 200 11542 "https://www.newbiomuseo.desarrollo.itsangee.com/wp-login.php" "Mozilla/5.0 (X11; Ubuntu; Linux x86_64) AppleWebKit/537.36 (KHTML, like Gecko) Chrome/120.0.0.0 Safari/537.36"
66.249.78.6 - - [02/Sep/2026:13:06:13 -0500] "GET /?pid=1851082921 HTTP/1.1" 200 282546 "-" "Mozilla/5.0 (Linux; Android 6.0.1; Nexus 5X Build/MMB29P) AppleWebKit/537.36 (KHTML, like Gecko) Chrome/151.0.7922.173 Mobile Safari/537.36 (compatible; Googlebot/2.1; +http://www.google.com/bot.html)"
168.144.101.7 - - [02/Sep/2026:13:06:21 -0500] "GET /wp-admin/index.php HTTP/1.1" 302 - "https://www.newbiomuseo.desarrollo.itsangee.com/wp-login.php" "Mozilla/5.0 (Macintosh; Intel Mac OS X 13_6_1) AppleWebKit/537.36 (KHTML, like Gecko) Chrome/118.0.0.0 Safari/537.36"
66.249.70.7 - - [02/Sep/2026:13:06:29 -0500] "GET /?pid=2521067547 HTTP/1.1" 200 282546 "-" "Mozilla/5.0 (Linux; Android 6.0.1; Nexus 5X Build/MMB29P) AppleWebKit/537.36 (KHTML, like Gecko) Chrome/151.0.7922.173 Mobile Safari/537.36 (compatible; Googlebot/2.1; +http://www.google.com/bot.html)"
66.249.78.7 - - [02/Sep/2026:13:06:32 -0500] "GET /wp-content/plugins/translatepress-multilingual/assets/css/trp-language-switcher.css?ver=3.3.2 HTTP/1.1" 200 2944 "https://newbiomuseo.desarrollo.itsangee.com/?pid=31448994" "Mozilla/5.0 (Linux; Android 6.0.1; Nexus 5X Build/MMB29P) AppleWebKit/537.36 (KHTML, like Gecko) Chrome/151.0.7922.173 Mobile Safari/537.36 (compatible; Googlebot/2.1; +http://www.google.com/bot.html)"
168.144.101.7 - - [02/Sep/2026:13:06:38 -0500] "GET /wp-login.php?redirect_to=https%3A%2F%2Fwww.newbiomuseo.desarrollo.itsangee.com%2Fwp-admin%2Findex.php&reauth=1 HTTP/1.1" 200 11374 "https://www.newbiomuseo.desarrollo.itsangee.com/wp-login.php" "Mozilla/5.0 (Macintosh; Intel Mac OS X 13_6_1) AppleWebKit/537.36 (KHTML, like Gecko) Chrome/118.0.0.0 Safari/537.36"
66.249.70.7 - - [02/Sep/2026:13:06:49 -0500] "GET /?pid=1254774549 HTTP/1.1" 200 282546 "-" "Mozilla/5.0 (Linux; Android 6.0.1; Nexus 5X Build/MMB29P) AppleWebKit/537.36 (KHTML, like Gecko) Chrome/151.0.7922.173 Mobile Safari/537.36 (compatible; Googlebot/2.1; +http://www.google.com/bot.html)"
168.144.101.7 - - [02/Sep/2026:13:06:55 -0500] "POST /wp-login.php HTTP/1.1" 200 11542 "https://www.newbiomuseo.desarrollo.itsangee.com/wp-login.php" "Mozilla/5.0 (Macintosh; Intel Mac OS X 10_15_7) AppleWebKit/605.1.15 (KHTML, like Gecko) Version/17.1 Safari/605.1.15"
168.144.101.7 - - [02/Sep/2026:13:07:13 -0500] "GET /wp-admin/index.php HTTP/1.1" 302 - "https://www.newbiomuseo.desarrollo.itsangee.com/wp-login.php" "Mozilla/5.0 (Macintosh; Intel Mac OS X 10_15_7) AppleWebKit/605.1.15 (KHTML, like Gecko) Version/16.6 Safari/605.1.15"
66.249.70.7 - - [02/Sep/2026:13:07:19 -0500] "GET /?pid=3357375652 HTTP/1.1" 200 282546 "-" "Mozilla/5.0 (Linux; Android 6.0.1; Nexus 5X Build/MMB29P) AppleWebKit/537.36 (KHTML, like Gecko) Chrome/151.0.7922.173 Mobile Safari/537.36 (compatible; Googlebot/2.1; +http://www.google.com/bot.html)"
168.144.101.7 - - [02/Sep/2026:13:07:31 -0500] "GET /wp-login.php?redirect_to=https%3A%2F%2Fwww.newbiomuseo.desarrollo.itsangee.com%2Fwp-admin%2Findex.php&reauth=1 HTTP/1.1" 200 11374 "https://www.newbiomuseo.desarrollo.itsangee.com/wp-login.php" "Mozilla/5.0 (Macintosh; Intel Mac OS X 10_15_7) AppleWebKit/605.1.15 (KHTML, like Gecko) Version/16.6 Safari/605.1.15"
66.249.70.7 - - [02/Sep/2026:13:07:32 -0500] "GET /?pid=4292196731 HTTP/1.1" 200 282546 "-" "Mozilla/5.0 (Linux; Android 6.0.1; Nexus 5X Build/MMB29P) AppleWebKit/537.36 (KHTML, like Gecko) Chrome/151.0.7922.173 Mobile Safari/537.36 (compatible; Googlebot/2.1; +http://www.google.com/bot.html)"
168.144.101.7 - - [02/Sep/2026:13:07:49 -0500] "POST /wp-login.php HTTP/1.1" 200 11664 "https://www.newbiomuseo.desarrollo.itsangee.com/wp-login.php" "Mozilla/5.0 (Macintosh; Intel Mac OS X 13_6_1) AppleWebKit/605.1.15 (KHTML, like Gecko) Version/17.1 Safari/605.1.15"
66.249.78.6 - - [02/Sep/2026:13:07:52 -0500] "GET /wp-content/plugins/photoblocks-grid-gallery/public/css/photoblocks-public.css?ver=1.3.4 HTTP/1.1" 200 7531 "https://newbiomuseo.desarrollo.itsangee.com/?pid=4292196731" "Mozilla/5.0 (Linux; Android 6.0.1; Nexus 5X Build/MMB29P) AppleWebKit/537.36 (KHTML, like Gecko) Chrome/151.0.7922.173 Mobile Safari/537.36 (compatible; Googlebot/2.1; +http://www.google.com/bot.html)"
66.249.70.6 - - [02/Sep/2026:13:07:56 -0500] "GET /?pid=3096777909 HTTP/1.1" 200 282546 "-" "Mozilla/5.0 (Linux; Android 6.0.1; Nexus 5X Build/MMB29P) AppleWebKit/537.36 (KHTML, like Gecko) Chrome/151.0.7922.173 Mobile Safari/537.36 (compatible; Googlebot/2.1; +http://www.google.com/bot.html)"
168.144.101.7 - - [02/Sep/2026:13:08:06 -0500] "GET /wp-admin/index.php HTTP/1.1" 302 - "https://www.newbiomuseo.desarrollo.itsangee.com/wp-login.php" "Mozilla/5.0 (X11; Linux x86_64) AppleWebKit/537.36 (KHTML, like Gecko) Chrome/118.0.0.0 Safari/537.36"
168.144.101.7 - - [02/Sep/2026:13:08:21 -0500] "GET /wp-login.php?redirect_to=https%3A%2F%2Fwww.newbiomuseo.desarrollo.itsangee.com%2Fwp-admin%2Findex.php&reauth=1 HTTP/1.1" 200 11374 "https://www.newbiomuseo.desarrollo.itsangee.com/wp-login.php" "Mozilla/5.0 (X11; Linux x86_64) AppleWebKit/537.36 (KHTML, like Gecko) Chrome/118.0.0.0 Safari/537.36"
66.249.70.7 - - [02/Sep/2026:13:08:24 -0500] "GET /wp-content/plugins/translatepress-multilingual/assets/css/trp-language-switcher.css?ver=3.3.2 HTTP/1.1" 200 2944 "https://newbiomuseo.desarrollo.itsangee.com/?pid=3096777909" "Mozilla/5.0 (Linux; Android 6.0.1; Nexus 5X Build/MMB29P) AppleWebKit/537.36 (KHTML, like Gecko) Chrome/151.0.7922.173 Mobile Safari/537.36 (compatible; Googlebot/2.1; +http://www.google.com/bot.html)"
66.249.70.6 - - [02/Sep/2026:13:08:29 -0500] "GET /?pid=953466182 HTTP/1.1" 200 282542 "-" "Mozilla/5.0 (Linux; Android 6.0.1; Nexus 5X Build/MMB29P) AppleWebKit/537.36 (KHTML, like Gecko) Chrome/151.0.7922.173 Mobile Safari/537.36 (compatible; Googlebot/2.1; +http://www.google.com/bot.html)"
66.249.78.6 - - [02/Sep/2026:13:08:35 -0500] "GET /?pid=3385345639 HTTP/1.1" 200 282546 "-" "Mozilla/5.0 (Linux; Android 6.0.1; Nexus 5X Build/MMB29P) AppleWebKit/537.36 (KHTML, like Gecko) Chrome/151.0.7922.173 Mobile Safari/537.36 (compatible; Googlebot/2.1; +http://www.google.com/bot.html)"
168.144.101.7 - - [02/Sep/2026:13:08:39 -0500] "POST /wp-login.php HTTP/1.1" 200 11698 "https://www.newbiomuseo.desarrollo.itsangee.com/wp-login.php" "Mozilla/5.0 (Windows NT 10.0; Win64; x64; rv:119.0) Gecko/20100101 Firefox/119.0"
66.249.70.6 - - [02/Sep/2026:13:08:46 -0500] "GET /wp-content/plugins/translatepress-multilingual/assets/css/trp-language-switcher.css?ver=3.3.2 HTTP/1.1" 200 2944 "https://newbiomuseo.desarrollo.itsangee.com/?pid=3385345639" "Mozilla/5.0 (Linux; Android 6.0.1; Nexus 5X Build/MMB29P) AppleWebKit/537.36 (KHTML, like Gecko) Chrome/151.0.7922.173 Mobile Safari/537.36 (compatible; Googlebot/2.1; +http://www.google.com/bot.html)"
168.144.101.7 - - [02/Sep/2026:13:08:54 -0500] "GET /wp-admin/index.php HTTP/1.1" 302 - "https://www.newbiomuseo.desarrollo.itsangee.com/wp-login.php" "Mozilla/5.0 (Windows NT 11.0; Win64; x64) AppleWebKit/537.36 (KHTML, like Gecko) Chrome/121.0.0.0 Safari/537.36"
138.84.47.26 - - [02/Sep/2026:13:09:00 -0500] "GET /eventos/ HTTP/1.1" 200 282518 "-" "Mozilla/5.0 (Linux; Android 10; K) AppleWebKit/537.36 (KHTML, like Gecko) Chrome/152.0.0.0 Mobile Safari/537.36"
138.84.47.26 - - [02/Sep/2026:13:09:02 -0500] "GET /wp-content/plugins/instagram-feed/assets/tokens/sb-tokens-local.css?ver=6.12.0 HTTP/1.1" 200 2739 "https://newbiomuseo.desarrollo.itsangee.com/eventos/" "Mozilla/5.0 (Linux; Android 10; K) AppleWebKit/537.36 (KHTML, like Gecko) Chrome/152.0.0.0 Mobile Safari/537.36"
138.84.47.26 - - [02/Sep/2026:13:09:02 -0500] "GET /wp-content/plugins/instagram-feed/css/sbi-styles.min.css?ver=6.12.0 HTTP/1.1" 200 42223 "https://newbiomuseo.desarrollo.itsangee.com/eventos/" "Mozilla/5.0 (Linux; Android 10; K) AppleWebKit/537.36 (KHTML, like Gecko) Chrome/152.0.0.0 Mobile Safari/537.36"
138.84.47.26 - - [02/Sep/2026:13:09:02 -0500] "GET /wp-content/plugins/translatepress-multilingual/assets/css/trp-language-switcher.css?ver=3.3.2 HTTP/1.1" 200 2944 "https://newbiomuseo.desarrollo.itsangee.com/eventos/" "Mozilla/5.0 (Linux; Android 10; K) AppleWebKit/537.36 (KHTML, like Gecko) Chrome/152.0.0.0 Mobile Safari/537.36"
138.84.47.26 - - [02/Sep/2026:13:09:02 -0500] "GET /wp-content/plugins/photoblocks-grid-gallery/public/css/photoblocks-public.css?ver=1.3.4 HTTP/1.1" 200 7531 "https://newbiomuseo.desarrollo.itsangee.com/eventos/" "Mozilla/5.0 (Linux; Android 10; K) AppleWebKit/537.36 (KHTML, like Gecko) Chrome/152.0.0.0 Mobile Safari/537.36"
138.84.47.26 - - [02/Sep/2026:13:09:02 -0500] "GET /wp-content/themes/blocksy/static/bundle/brizy.min.css?ver=2.1.53 HTTP/1.1" 200 1425 "https://newbiomuseo.desarrollo.itsangee.com/eventos/" "Mozilla/5.0 (Linux; Android 10; K) AppleWebKit/537.36 (KHTML, like Gecko) Chrome/152.0.0.0 Mobile Safari/537.36"
138.84.47.26 - - [02/Sep/2026:13:09:02 -0500] "GET /wp-content/plugins/photoblocks-grid-gallery/public/js/anime.min.js?ver=1.3.4 HTTP/1.1" 200 14420 "https://newbiomuseo.desarrollo.itsangee.com/eventos/" "Mozilla/5.0 (Linux; Android 10; K) AppleWebKit/537.36 (KHTML, like Gecko) Chrome/152.0.0.0 Mobile Safari/537.36"
138.84.47.26 - - [02/Sep/2026:13:09:02 -0500] "GET /wp-includes/js/jquery/jquery-migrate.min.js?ver=3.4.1 HTTP/1.1" 200 13577 "https://newbiomuseo.desarrollo.itsangee.com/eventos/" "Mozilla/5.0 (Linux; Android 10; K) AppleWebKit/537.36 (KHTML, like Gecko) Chrome/152.0.0.0 Mobile Safari/537.36"
138.84.47.26 - - [02/Sep/2026:13:09:02 -0500] "GET /wp-includes/js/jquery/jquery.min.js?ver=3.7.1 HTTP/1.1" 200 87553 "https://newbiomuseo.desarrollo.itsangee.com/eventos/" "Mozilla/5.0 (Linux; Android 10; K) AppleWebKit/537.36 (KHTML, like Gecko) Chrome/152.0.0.0 Mobile Safari/537.36"
138.84.47.26 - - [02/Sep/2026:13:09:02 -0500] "GET /wp-content/plugins/photoblocks-grid-gallery/public/js/packery.pkgd.js?ver=7.1 HTTP/1.1" 200 84773 "https://newbiomuseo.desarrollo.itsangee.com/eventos/" "Mozilla/5.0 (Linux; Android 10; K) AppleWebKit/537.36 (KHTML, like Gecko) Chrome/152.0.0.0 Mobile Safari/537.36"
138.84.47.26 - - [02/Sep/2026:13:09:02 -0500] "GET /wp-content/themes/blocksy/static/bundle/main.min.css?ver=2.1.53 HTTP/1.1" 200 94349 "https://newbiomuseo.desarrollo.itsangee.com/eventos/" "Mozilla/5.0 (Linux; Android 10; K) AppleWebKit/537.36 (KHTML, like Gecko) Chrome/152.0.0.0 Mobile Safari/537.36"
138.84.47.26 - - [02/Sep/2026:13:09:02 -0500] "GET /wp-content/plugins/photoblocks-grid-gallery/public/js/photoblocks.public.js?ver=1.3.4 HTTP/1.1" 200 16703 "https://newbiomuseo.desarrollo.itsangee.com/eventos/" "Mozilla/5.0 (Linux; Android 10; K) AppleWebKit/537.36 (KHTML, like Gecko) Chrome/152.0.0.0 Mobile Safari/537.36"
138.84.47.26 - - [02/Sep/2026:13:09:02 -0500] "GET /wp-content/themes/blocksy/static/bundle/main.js?ver=2.1.53 HTTP/1.1" 200 29751 "https://newbiomuseo.desarrollo.itsangee.com/eventos/" "Mozilla/5.0 (Linux; Android 10; K) AppleWebKit/537.36 (KHTML, like Gecko) Chrome/152.0.0.0 Mobile Safari/537.36"
138.84.47.26 - - [02/Sep/2026:13:09:02 -0500] "GET /wp-content/plugins/brizy/public/editor-build/prod/editor/css/main.base.min.css?ver=371-wp HTTP/1.1" 200 129584 "https://newbiomuseo.desarrollo.itsangee.com/eventos/" "Mozilla/5.0 (Linux; Android 10; K) AppleWebKit/537.36 (KHTML, like Gecko) Chrome/152.0.0.0 Mobile Safari/537.36"
138.84.47.26 - - [02/Sep/2026:13:09:03 -0500] "GET /wp-content/plugins/instagram-feed/js/sbi-scripts.min.js?ver=6.12.0 HTTP/1.1" 200 24803 "https://newbiomuseo.desarrollo.itsangee.com/eventos/" "Mozilla/5.0 (Linux; Android 10; K) AppleWebKit/537.36 (KHTML, like Gecko) Chrome/152.0.0.0 Mobile Safari/537.36"
138.84.47.26 - - [02/Sep/2026:13:09:03 -0500] "GET /wp-content/plugins/brizy/public/editor-build/prod/editor/js/preview.min.js?ver=371-wp HTTP/1.1" 200 8234 "https://newbiomuseo.desarrollo.itsangee.com/eventos/" "Mozilla/5.0 (Linux; Android 10; K) AppleWebKit/537.36 (KHTML, like Gecko) Chrome/152.0.0.0 Mobile Safari/537.36"
138.84.47.26 - - [02/Sep/2026:13:09:03 -0500] "GET /wp-content/plugins/brizy-pro/public/editor-build/prod/js/preview.pro.min.js?ver=244-wp HTTP/1.1" 200 6373 "https://newbiomuseo.desarrollo.itsangee.com/eventos/" "Mozilla/5.0 (Linux; Android 10; K) AppleWebKit/537.36 (KHTML, like Gecko) Chrome/152.0.0.0 Mobile Safari/537.36"
138.84.47.26 - - [02/Sep/2026:13:09:03 -0500] "GET /wp-content/plugins/brizy-pro/public/editor-build/prod/css/main.base.pro.min.css?ver=244-wp HTTP/1.1" 200 36973 "https://newbiomuseo.desarrollo.itsangee.com/eventos/" "Mozilla/5.0 (Linux; Android 10; K) AppleWebKit/537.36 (KHTML, like Gecko) Chrome/152.0.0.0 Mobile Safari/537.36"
138.84.47.26 - - [02/Sep/2026:13:09:03 -0500] "GET /wp-content/plugins/brizy/public/editor-build/prod/editor/css/group-1_2.min.css?ver=371-wp HTTP/1.1" 200 33065 "https://newbiomuseo.desarrollo.itsangee.com/eventos/" "Mozilla/5.0 (Linux; Android 10; K) AppleWebKit/537.36 (KHTML, like Gecko) Chrome/152.0.0.0 Mobile Safari/537.36"
138.84.47.26 - - [02/Sep/2026:13:09:03 -0500] "GET /wp-content/plugins/brizy/public/editor-build/prod/editor/js/group-1_2.min.js?ver=371-wp HTTP/1.1" 200 199977 "https://newbiomuseo.desarrollo.itsangee.com/eventos/" "Mozilla/5.0 (Linux; Android 10; K) AppleWebKit/537.36 (KHTML, like Gecko) Chrome/152.0.0.0 Mobile Safari/537.36"
138.84.47.26 - - [02/Sep/2026:13:09:03 -0500] "GET /wp-content/uploads/2025/03/3.png HTTP/1.1" 200 547475 "https://newbiomuseo.desarrollo.itsangee.com/eventos/" "Mozilla/5.0 (Linux; Android 10; K) AppleWebKit/537.36 (KHTML, like Gecko) Chrome/152.0.0.0 Mobile Safari/537.36"
138.84.47.26 - - [02/Sep/2026:13:09:03 -0500] "GET /wp-content/plugins/brizy/public/editor-build/prod/editor/icons/editor/right-arrow-thin.svg HTTP/1.1" 200 222 "https://newbiomuseo.desarrollo.itsangee.com/eventos/" "Mozilla/5.0 (Linux; Android 10; K) AppleWebKit/537.36 (KHTML, like Gecko) Chrome/152.0.0.0 Mobile Safari/537.36"
138.84.47.26 - - [02/Sep/2026:13:09:03 -0500] "GET /wp-content/plugins/brizy/public/editor-build/prod/editor/icons/glyph/tail-right.svg HTTP/1.1" 200 267 "https://newbiomuseo.desarrollo.itsangee.com/eventos/" "Mozilla/5.0 (Linux; Android 10; K) AppleWebKit/537.36 (KHTML, like Gecko) Chrome/152.0.0.0 Mobile Safari/537.36"
138.84.47.26 - - [02/Sep/2026:13:09:03 -0500] "GET /wp-content/plugins/brizy/public/editor-build/prod/editor/icons/glyph/time-3.svg HTTP/1.1" 200 247 "https://newbiomuseo.desarrollo.itsangee.com/eventos/" "Mozilla/5.0 (Linux; Android 10; K) AppleWebKit/537.36 (KHTML, like Gecko) Chrome/152.0.0.0 Mobile Safari/537.36"
138.84.47.26 - - [02/Sep/2026:13:09:03 -0500] "GET /wp-content/plugins/brizy/public/editor-build/prod/editor/icons/editor/close-popup.svg HTTP/1.1" 200 222 "https://newbiomuseo.desarrollo.itsangee.com/eventos/" "Mozilla/5.0 (Linux; Android 10; K) AppleWebKit/537.36 (KHTML, like Gecko) Chrome/152.0.0.0 Mobile Safari/537.36"
66.249.78.6 - - [02/Sep/2026:13:09:02 -0500] "GET /?pid=3046263395 HTTP/1.1" 200 282546 "-" "Mozilla/5.0 (Linux; Android 6.0.1; Nexus 5X Build/MMB29P) AppleWebKit/537.36 (KHTML, like Gecko) Chrome/151.0.7922.173 Mobile Safari/537.36 (compatible; Googlebot/2.1; +http://www.google.com/bot.html)"
138.84.47.26 - - [02/Sep/2026:13:09:03 -0500] "GET /wp-content/plugins/brizy/public/editor-build/prod/editor/icons/glyph/ticket-75.svg HTTP/1.1" 200 366 "https://newbiomuseo.desarrollo.itsangee.com/eventos/" "Mozilla/5.0 (Linux; Android 10; K) AppleWebKit/537.36 (KHTML, like Gecko) Chrome/152.0.0.0 Mobile Safari/537.36"
138.84.47.26 - - [02/Sep/2026:13:09:03 -0500] "GET /wp-content/plugins/brizy-pro/public/editor-build/prod/js/preview.pro.844.ad870115.js HTTP/1.1" 200 8677 "https://newbiomuseo.desarrollo.itsangee.com/eventos/" "Mozilla/5.0 (Linux; Android 10; K) AppleWebKit/537.36 (KHTML, like Gecko) Chrome/152.0.0.0 Mobile Safari/537.36"
138.84.47.26 - - [02/Sep/2026:13:09:03 -0500] "GET /wp-content/plugins/brizy/public/editor-build/prod/editor/icons/glyph/pin-3.svg HTTP/1.1" 200 314 "https://newbiomuseo.desarrollo.itsangee.com/eventos/" "Mozilla/5.0 (Linux; Android 10; K) AppleWebKit/537.36 (KHTML, like Gecko) Chrome/152.0.0.0 Mobile Safari/537.36"
138.84.47.26 - - [02/Sep/2026:13:09:03 -0500] "GET /wp-content/plugins/brizy/public/editor-build/prod/editor/js/preview.326.857bedb2.js HTTP/1.1" 200 61914 "https://newbiomuseo.desarrollo.itsangee.com/eventos/" "Mozilla/5.0 (Linux; Android 10; K) AppleWebKit/537.36 (KHTML, like Gecko) Chrome/152.0.0.0 Mobile Safari/537.36"
138.84.47.26 - - [02/Sep/2026:13:09:03 -0500] "GET /wp-content/plugins/brizy/public/editor-build/prod/editor/js/preview.455.90346628.js HTTP/1.1" 200 74517 "https://newbiomuseo.desarrollo.itsangee.com/eventos/" "Mozilla/5.0 (Linux; Android 10; K) AppleWebKit/537.36 (KHTML, like Gecko) Chrome/152.0.0.0 Mobile Safari/537.36"
138.84.47.26 - - [02/Sep/2026:13:09:04 -0500] "GET /wp-content/uploads/2024/10/Banners-web-Panama-es-el-Museo.webp HTTP/1.1" 200 37104 "https://newbiomuseo.desarrollo.itsangee.com/eventos/" "Mozilla/5.0 (Linux; Android 10; K) AppleWebKit/537.36 (KHTML, like Gecko) Chrome/152.0.0.0 Mobile Safari/537.36"
138.84.47.26 - - [02/Sep/2026:13:09:04 -0500] "GET /wp-content/uploads/2024/09/Exhibiciones.webp HTTP/1.1" 200 339480 "https://newbiomuseo.desarrollo.itsangee.com/eventos/" "Mozilla/5.0 (Linux; Android 10; K) AppleWebKit/537.36 (KHTML, like Gecko) Chrome/152.0.0.0 Mobile Safari/537.36"
138.84.47.26 - - [02/Sep/2026:13:09:04 -0500] "GET /wp-content/uploads/2024/09/favicon-32x32-2.png HTTP/1.1" 200 1222 "https://newbiomuseo.desarrollo.itsangee.com/eventos/" "Mozilla/5.0 (Linux; Android 10; K) AppleWebKit/537.36 (KHTML, like Gecko) Chrome/152.0.0.0 Mobile Safari/537.36"
168.144.101.7 - - [02/Sep/2026:13:09:10 -0500] "GET /wp-login.php?redirect_to=https%3A%2F%2Fwww.newbiomuseo.desarrollo.itsangee.com%2Fwp-admin%2Findex.php&reauth=1 HTTP/1.1" 200 11374 "https://www.newbiomuseo.desarrollo.itsangee.com/wp-login.php" "Mozilla/5.0 (Windows NT 11.0; Win64; x64) AppleWebKit/537.36 (KHTML, like Gecko) Chrome/121.0.0.0 Safari/537.36"
168.144.101.7 - - [02/Sep/2026:13:09:26 -0500] "POST /wp-login.php HTTP/1.1" 200 11698 "https://www.newbiomuseo.desarrollo.itsangee.com/wp-login.php" "Mozilla/5.0 (Windows NT 10.0; Win64; x64; rv:119.0) Gecko/20100101 Firefox/119.0"
168.144.101.7 - - [02/Sep/2026:13:09:44 -0500] "GET /wp-admin/index.php HTTP/1.1" 302 - "https://www.newbiomuseo.desarrollo.itsangee.com/wp-login.php" "Mozilla/5.0 (Macintosh; Intel Mac OS X 10_15_7) AppleWebKit/605.1.15 (KHTML, like Gecko) Version/17.2 Safari/605.1.15"
66.249.78.6 - - [02/Sep/2026:13:09:45 -0500] "GET /?pid=1945104512 HTTP/1.1" 200 282546 "-" "Mozilla/5.0 (Linux; Android 6.0.1; Nexus 5X Build/MMB29P) AppleWebKit/537.36 (KHTML, like Gecko) Chrome/151.0.7922.173 Mobile Safari/537.36 (compatible; Googlebot/2.1; +http://www.google.com/bot.html)"
66.249.78.6 - - [02/Sep/2026:13:09:54 -0500] "GET /wp-content/plugins/photoblocks-grid-gallery/public/css/photoblocks-public.css?ver=1.3.4 HTTP/1.1" 200 7531 "https://newbiomuseo.desarrollo.itsangee.com/?pid=1945104512" "Mozilla/5.0 (Linux; Android 6.0.1; Nexus 5X Build/MMB29P) AppleWebKit/537.36 (KHTML, like Gecko) Chrome/151.0.7922.173 Mobile Safari/537.36 (compatible; Googlebot/2.1; +http://www.google.com/bot.html)"
168.144.101.7 - - [02/Sep/2026:13:10:00 -0500] "GET /wp-login.php?redirect_to=https%3A%2F%2Fwww.newbiomuseo.desarrollo.itsangee.com%2Fwp-admin%2Findex.php&reauth=1 HTTP/1.1" 200 11374 "https://www.newbiomuseo.desarrollo.itsangee.com/wp-login.php" "Mozilla/5.0 (Macintosh; Intel Mac OS X 10_15_7) AppleWebKit/605.1.15 (KHTML, like Gecko) Version/17.2 Safari/605.1.15"
66.249.70.8 - - [02/Sep/2026:13:10:07 -0500] "GET /?pid=1759792451 HTTP/1.1" 200 282546 "-" "Mozilla/5.0 (Linux; Android 6.0.1; Nexus 5X Build/MMB29P) AppleWebKit/537.36 (KHTML, like Gecko) Chrome/151.0.7922.173 Mobile Safari/537.36 (compatible; Googlebot/2.1; +http://www.google.com/bot.html)"
66.249.70.7 - - [02/Sep/2026:13:10:17 -0500] "GET /wp-content/plugins/translatepress-multilingual/assets/css/trp-language-switcher.css?ver=3.3.2 HTTP/1.1" 200 2944 "https://newbiomuseo.desarrollo.itsangee.com/?pid=1759792451" "Mozilla/5.0 (Linux; Android 6.0.1; Nexus 5X Build/MMB29P) AppleWebKit/537.36 (KHTML, like Gecko) Chrome/151.0.7922.173 Mobile Safari/537.36 (compatible; Googlebot/2.1; +http://www.google.com/bot.html)"
168.144.101.7 - - [02/Sep/2026:13:10:19 -0500] "POST /wp-login.php HTTP/1.1" 200 11698 "https://www.newbiomuseo.desarrollo.itsangee.com/wp-login.php" "Mozilla/5.0 (Windows NT 10.0; Win64; x64; rv:121.0) Gecko/20100101 Firefox/121.0"
66.249.78.6 - - [02/Sep/2026:13:10:26 -0500] "GET /?pid=1596926333 HTTP/1.1" 200 282546 "-" "Mozilla/5.0 (Linux; Android 6.0.1; Nexus 5X Build/MMB29P) AppleWebKit/537.36 (KHTML, like Gecko) Chrome/151.0.7922.173 Mobile Safari/537.36 (compatible; Googlebot/2.1; +http://www.google.com/bot.html)"
66.249.70.6 - - [02/Sep/2026:13:10:45 -0500] "GET /wp-content/plugins/photoblocks-grid-gallery/public/css/photoblocks-public.css?ver=1.3.4 HTTP/1.1" 200 7531 "https://newbiomuseo.desarrollo.itsangee.com/?pid=1596926333" "Mozilla/5.0 (Linux; Android 6.0.1; Nexus 5X Build/MMB29P) AppleWebKit/537.36 (KHTML, like Gecko) Chrome/151.0.7922.173 Mobile Safari/537.36 (compatible; Googlebot/2.1; +http://www.google.com/bot.html)"
168.144.101.7 - - [02/Sep/2026:13:10:48 -0500] "GET /wp-admin/index.php HTTP/1.1" 302 - "https://www.newbiomuseo.desarrollo.itsangee.com/wp-login.php" "Mozilla/5.0 (Macintosh; Intel Mac OS X 13_6_1) AppleWebKit/537.36 (KHTML, like Gecko) Chrome/120.0.0.0 Safari/537.36"
66.249.78.6 - - [02/Sep/2026:13:10:52 -0500] "GET /?pid=2104618288 HTTP/1.1" 200 282546 "-" "Mozilla/5.0 (Linux; Android 6.0.1; Nexus 5X Build/MMB29P) AppleWebKit/537.36 (KHTML, like Gecko) Chrome/151.0.7922.173 Mobile Safari/537.36 (compatible; Googlebot/2.1; +http://www.google.com/bot.html)"
168.144.101.7 - - [02/Sep/2026:13:11:03 -0500] "GET /wp-login.php?redirect_to=https%3A%2F%2Fwww.newbiomuseo.desarrollo.itsangee.com%2Fwp-admin%2Findex.php&reauth=1 HTTP/1.1" 200 11374 "https://www.newbiomuseo.desarrollo.itsangee.com/wp-login.php" "Mozilla/5.0 (Macintosh; Intel Mac OS X 13_6_1) AppleWebKit/537.36 (KHTML, like Gecko) Chrome/120.0.0.0 Safari/537.36"
66.249.70.6 - - [02/Sep/2026:13:11:09 -0500] "GET /?pid=3121145119 HTTP/1.1" 200 282546 "-" "Mozilla/5.0 (Linux; Android 6.0.1; Nexus 5X Build/MMB29P) AppleWebKit/537.36 (KHTML, like Gecko) Chrome/151.0.7922.173 Mobile Safari/537.36 (compatible; Googlebot/2.1; +http://www.google.com/bot.html)"
168.144.101.7 - - [02/Sep/2026:13:11:19 -0500] "POST /wp-login.php HTTP/1.1" 200 11698 "https://www.newbiomuseo.desarrollo.itsangee.com/wp-login.php" "Mozilla/5.0 (Windows NT 10.0; Win64; x64; rv:118.0) Gecko/20100101 Firefox/118.0"
66.249.78.6 - - [02/Sep/2026:13:11:27 -0500] "GET /?pid=392690648 HTTP/1.1" 200 282542 "-" "Mozilla/5.0 (Linux; Android 6.0.1; Nexus 5X Build/MMB29P) AppleWebKit/537.36 (KHTML, like Gecko) Chrome/151.0.7922.173 Mobile Safari/537.36 (compatible; Googlebot/2.1; +http://www.google.com/bot.html)"
74.7.229.199 - - [02/Sep/2026:13:11:33 -0500] "GET / HTTP/1.1" 200 282486 "-" "Mozilla/5.0 (Macintosh; Intel Mac OS X 10_15_7) AppleWebKit/537.36 (KHTML, like Gecko) Chrome/131.0.0.0 Safari/537.36; compatible; OAI-SearchBot/1.4; +https://openai.com/searchbot"
168.144.101.7 - - [02/Sep/2026:13:11:34 -0500] "GET /wp-admin/index.php HTTP/1.1" 302 - "https://www.newbiomuseo.desarrollo.itsangee.com/wp-login.php" "Mozilla/5.0 (Windows NT 10.0; Win64; x64) AppleWebKit/537.36 (KHTML, like Gecko) Chrome/120.0.0.0 Safari/537.36"
74.7.242.131 - - [02/Sep/2026:13:11:36 -0500] "GET /assets/images/arrow-down-3101.svg HTTP/1.1" 301 - "https://newbiomuseo.desarrollo.itsangee.com/" "Mozilla/5.0 (Macintosh; Intel Mac OS X 10_15_7) AppleWebKit/537.36 (KHTML, like Gecko) Chrome/131.0.0.0 Safari/537.36; compatible; OAI-SearchBot/1.4; +https://openai.com/searchbot"
74.7.242.131 - - [02/Sep/2026:13:11:37 -0500] "GET /assets/images/arrow-down-3101.svg/ HTTP/1.1" 200 282622 "https://newbiomuseo.desarrollo.itsangee.com/assets/images/arrow-down-3101.svg" "Mozilla/5.0 (Macintosh; Intel Mac OS X 10_15_7) AppleWebKit/537.36 (KHTML, like Gecko) Chrome/131.0.0.0 Safari/537.36; compatible; OAI-SearchBot/1.4; +https://openai.com/searchbot"
66.249.70.6 - - [02/Sep/2026:13:11:44 -0500] "GET /?pid=2432503234 HTTP/1.1" 200 282546 "-" "Mozilla/5.0 (Linux; Android 6.0.1; Nexus 5X Build/MMB29P) AppleWebKit/537.36 (KHTML, like Gecko) Chrome/151.0.7922.173 Mobile Safari/537.36 (compatible; Googlebot/2.1; +http://www.google.com/bot.html)"
168.144.101.7 - - [02/Sep/2026:13:11:49 -0500] "GET /wp-login.php?redirect_to=https%3A%2F%2Fwww.newbiomuseo.desarrollo.itsangee.com%2Fwp-admin%2Findex.php&reauth=1 HTTP/1.1" 200 11374 "https://www.newbiomuseo.desarrollo.itsangee.com/wp-login.php" "Mozilla/5.0 (Windows NT 10.0; Win64; x64) AppleWebKit/537.36 (KHTML, like Gecko) Chrome/120.0.0.0 Safari/537.36"
66.249.70.8 - - [02/Sep/2026:13:11:57 -0500] "GET /wp-content/plugins/photoblocks-grid-gallery/public/css/photoblocks-public.css?ver=1.3.4 HTTP/1.1" 200 7531 "https://newbiomuseo.desarrollo.itsangee.com/?pid=2432503234" "Mozilla/5.0 (Linux; Android 6.0.1; Nexus 5X Build/MMB29P) AppleWebKit/537.36 (KHTML, like Gecko) Chrome/151.0.7922.173 Mobile Safari/537.36 (compatible; Googlebot/2.1; +http://www.google.com/bot.html)"
168.144.101.7 - - [02/Sep/2026:13:12:03 -0500] "POST /wp-login.php HTTP/1.1" 200 11662 "https://www.newbiomuseo.desarrollo.itsangee.com/wp-login.php" "Mozilla/5.0 (Windows NT 11.0; Win64; x64; rv:121.0) Gecko/20100101 Firefox/121.0"
168.144.101.7 - - [02/Sep/2026:13:12:18 -0500] "GET /wp-admin/index.php HTTP/1.1" 302 - "https://www.newbiomuseo.desarrollo.itsangee.com/wp-login.php" "Mozilla/5.0 (Windows NT 10.0; Win64; x64; rv:121.0) Gecko/20100101 Firefox/121.0"
168.144.101.7 - - [02/Sep/2026:13:12:32 -0500] "GET /wp-login.php?redirect_to=https%3A%2F%2Fwww.newbiomuseo.desarrollo.itsangee.com%2Fwp-admin%2Findex.php&reauth=1 HTTP/1.1" 200 11374 "https://www.newbiomuseo.desarrollo.itsangee.com/wp-login.php" "Mozilla/5.0 (Windows NT 10.0; Win64; x64; rv:121.0) Gecko/20100101 Firefox/121.0"
66.249.78.7 - - [02/Sep/2026:13:12:39 -0500] "GET /?pid=1971847656 HTTP/1.1" 200 282546 "-" "Mozilla/5.0 (Linux; Android 6.0.1; Nexus 5X Build/MMB29P) AppleWebKit/537.36 (KHTML, like Gecko) Chrome/151.0.7922.173 Mobile Safari/537.36 (compatible; Googlebot/2.1; +http://www.google.com/bot.html)"
168.144.101.7 - - [02/Sep/2026:13:12:47 -0500] "POST /wp-login.php HTTP/1.1" 200 11662 "https://www.newbiomuseo.desarrollo.itsangee.com/wp-login.php" "Mozilla/5.0 (Macintosh; Intel Mac OS X 13_6_1) AppleWebKit/537.36 (KHTML, like Gecko) Chrome/121.0.0.0 Safari/537.36"
66.249.78.7 - - [02/Sep/2026:13:12:48 -0500] "GET /?pid=1342706711 HTTP/1.1" 200 282546 "-" "Mozilla/5.0 (Linux; Android 6.0.1; Nexus 5X Build/MMB29P) AppleWebKit/537.36 (KHTML, like Gecko) Chrome/151.0.7922.173 Mobile Safari/537.36 (compatible; Googlebot/2.1; +http://www.google.com/bot.html)"
66.249.78.7 - - [02/Sep/2026:13:12:52 -0500] "GET /?pid=2844819619 HTTP/1.1" 200 282546 "-" "Mozilla/5.0 (Linux; Android 6.0.1; Nexus 5X Build/MMB29P) AppleWebKit/537.36 (KHTML, like Gecko) Chrome/151.0.7922.173 Mobile Safari/537.36 (compatible; Googlebot/2.1; +http://www.google.com/bot.html)"
66.249.70.6 - - [02/Sep/2026:13:12:58 -0500] "GET /wp-content/plugins/photoblocks-grid-gallery/public/css/photoblocks-public.css?ver=1.3.4 HTTP/1.1" 200 7531 "https://newbiomuseo.desarrollo.itsangee.com/?pid=1971847656" "Mozilla/5.0 (Linux; Android 6.0.1; Nexus 5X Build/MMB29P) AppleWebKit/537.36 (KHTML, like Gecko) Chrome/151.0.7922.173 Mobile Safari/537.36 (compatible; Googlebot/2.1; +http://www.google.com/bot.html)"
66.249.70.6 - - [02/Sep/2026:13:12:59 -0500] "GET /wp-content/plugins/translatepress-multilingual/assets/css/trp-language-switcher.css?ver=3.3.2 HTTP/1.1" 200 2944 "https://newbiomuseo.desarrollo.itsangee.com/?pid=1971847656" "Mozilla/5.0 (Linux; Android 6.0.1; Nexus 5X Build/MMB29P) AppleWebKit/537.36 (KHTML, like Gecko) Chrome/151.0.7922.173 Mobile Safari/537.36 (compatible; Googlebot/2.1; +http://www.google.com/bot.html)"
