157.90.185.123 - - [01/Sep/2026:05:31:35 -0500] "POST /wp-admin/admin-ajax.php?action=ai1wm_import&ai1wm_import=1 HTTP/1.1" 200 - "-" "WordPress/7.1; https://newbiomuseo.desarrollo.itsangee.com"
157.90.185.123 - - [01/Sep/2026:05:31:36 -0500] "POST /wp-admin/admin-ajax.php?action=ai1wm_import&ai1wm_import=1 HTTP/1.1" 200 - "-" "WordPress/7.1; https://newbiomuseo.desarrollo.itsangee.com"
157.90.185.123 - - [01/Sep/2026:05:31:37 -0500] "POST /wp-admin/admin-ajax.php?action=ai1wm_import&ai1wm_import=1 HTTP/1.1" 200 - "-" "WordPress/7.1; https://newbiomuseo.desarrollo.itsangee.com"
51.89.83.145 - - [01/Sep/2026:05:31:45 -0500] "POST /wp-admin/admin-ajax.php HTTP/1.1" 200 - "-" "Mozilla/5.0 (Windows NT 10.0; Win64; x64) AppleWebKit/537.36 (KHTML, like Gecko) Chrome/114.0.0.0 Safari/537.36"
157.90.185.123 - - [01/Sep/2026:05:31:45 -0500] "POST /wp-admin/admin-ajax.php?action=ai1wm_import&ai1wm_import=1 HTTP/1.1" 200 - "-" "WordPress/7.1; https://newbiomuseo.desarrollo.itsangee.com"
62.60.130.227 - - [01/Sep/2026:05:31:48 -0500] "GET /wp-admin/admin-ajax.php?action=wdpsso_step1&redirect= HTTP/1.1" 400 1 "-" "Mozilla/5.0 (Windows NT 10.0; Win64; x64) AppleWebKit/537.36 (KHTML, like Gecko) Chrome/125.0.0.0 Safari/537.36"
157.90.185.123 - - [01/Sep/2026:05:31:46 -0500] "POST /wp-admin/admin-ajax.php?action=ai1wm_import&ai1wm_import=1 HTTP/1.1" 200 - "-" "WordPress/7.1; https://newbiomuseo.desarrollo.itsangee.com"
157.90.185.123 - - [01/Sep/2026:05:31:47 -0500] "POST /wp-admin/admin-ajax.php?action=ai1wm_import&ai1wm_import=1 HTTP/1.1" 200 - "-" "WordPress/7.1; https://newbiomuseo.desarrollo.itsangee.com"
157.90.185.123 - - [01/Sep/2026:05:31:48 -0500] "POST /wp-admin/admin-ajax.php?action=ai1wm_import&ai1wm_import=1 HTTP/1.1" 200 - "-" "WordPress/7.1; https://newbiomuseo.desarrollo.itsangee.com"
51.89.83.145 - - [01/Sep/2026:05:31:56 -0500] "POST /wp-admin/admin-ajax.php HTTP/1.1" 200 - "-" "Mozilla/5.0 (Windows NT 10.0; Win64; x64) AppleWebKit/537.36 (KHTML, like Gecko) Chrome/114.0.0.0 Safari/537.36"
157.90.185.123 - - [01/Sep/2026:05:31:56 -0500] "POST /wp-admin/admin-ajax.php?action=ai1wm_import&ai1wm_import=1 HTTP/1.1" 200 - "-" "WordPress/7.1; https://newbiomuseo.desarrollo.itsangee.com"
62.60.130.227 - - [01/Sep/2026:05:31:58 -0500] "GET / HTTP/1.1" 200 282486 "-" "Mozilla/5.0 (Windows NT 10.0; Win64; x64) AppleWebKit/537.36 (KHTML, like Gecko) Chrome/125.0.0.0 Safari/537.36"
157.90.185.123 - - [01/Sep/2026:05:31:57 -0500] "POST /wp-admin/admin-ajax.php?action=ai1wm_import&ai1wm_import=1 HTTP/1.1" 200 - "-" "WordPress/7.1; https://newbiomuseo.desarrollo.itsangee.com"
157.90.185.123 - - [01/Sep/2026:05:31:59 -0500] "POST /wp-admin/admin-ajax.php?action=ai1wm_import&ai1wm_import=1 HTTP/1.1" 200 - "-" "WordPress/7.1; https://newbiomuseo.desarrollo.itsangee.com"
157.90.185.123 - - [01/Sep/2026:05:31:59 -0500] "POST /wp-admin/admin-ajax.php?action=ai1wm_import&ai1wm_import=1 HTTP/1.1" 200 - "-" "WordPress/7.1; https://newbiomuseo.desarrollo.itsangee.com"
157.90.185.123 - - [01/Sep/2026:05:32:07 -0500] "POST /wp-admin/admin-ajax.php?action=ai1wm_import&ai1wm_import=1 HTTP/1.1" 200 - "-" "WordPress/7.1; https://newbiomuseo.desarrollo.itsangee.com"
62.60.130.227 - - [01/Sep/2026:05:32:09 -0500] "GET /en/ HTTP/1.1" 200 285118 "-" "Mozilla/5.0 (Windows NT 10.0; Win64; x64) AppleWebKit/537.36 (KHTML, like Gecko) Chrome/125.0.0.0 Safari/537.36"
51.89.83.145 - - [01/Sep/2026:05:32:09 -0500] "POST /wp-admin/admin-ajax.php HTTP/1.1" 200 - "-" "Mozilla/5.0 (Windows NT 10.0; Win64; x64) AppleWebKit/537.36 (KHTML, like Gecko) Chrome/114.0.0.0 Safari/537.36"
157.90.185.123 - - [01/Sep/2026:05:32:09 -0500] "POST /wp-admin/admin-ajax.php?action=ai1wm_import&ai1wm_import=1 HTTP/1.1" 200 - "-" "WordPress/7.1; https://newbiomuseo.desarrollo.itsangee.com"
157.90.185.123 - - [01/Sep/2026:05:32:10 -0500] "POST /wp-admin/admin-ajax.php?action=ai1wm_import&ai1wm_import=1 HTTP/1.1" 200 - "-" "WordPress/7.1; https://newbiomuseo.desarrollo.itsangee.com"
157.90.185.123 - - [01/Sep/2026:05:32:10 -0500] "POST /wp-admin/admin-ajax.php?action=ai1wm_import&ai1wm_import=1 HTTP/1.1" 200 - "-" "WordPress/7.1; https://newbiomuseo.desarrollo.itsangee.com"
62.60.130.227 - - [01/Sep/2026:05:32:19 -0500] "GET /?trp-edit-translation=preview HTTP/1.1" 200 212968 "-" "Mozilla/5.0 (Windows NT 10.0; Win64; x64) AppleWebKit/537.36 (KHTML, like Gecko) Chrome/125.0.0.0 Safari/537.36"
157.90.185.123 - - [01/Sep/2026:05:32:21 -0500] "POST /wp-admin/admin-ajax.php?action=ai1wm_import&ai1wm_import=1 HTTP/1.1" 200 - "-" "WordPress/7.1; https://newbiomuseo.desarrollo.itsangee.com"
40.77.167.40 - - [01/Sep/2026:05:32:23 -0500] "GET /?pid=219907239 HTTP/1.1" 200 282542 "-" "Mozilla/5.0 AppleWebKit/537.36 (KHTML, like Gecko; compatible; bingbot/2.0; +http://www.bing.com/bingbot.htm) Chrome/116.0.1938.76 Safari/537.36"
51.89.83.145 - - [01/Sep/2026:05:32:28 -0500] "POST /wp-admin/admin-ajax.php HTTP/1.1" 200 - "-" "Mozilla/5.0 (Windows NT 10.0; Win64; x64) AppleWebKit/537.36 (KHTML, like Gecko) Chrome/114.0.0.0 Safari/537.36"
157.90.185.123 - - [01/Sep/2026:05:32:29 -0500] "POST /wp-admin/admin-ajax.php?action=ai1wm_import&ai1wm_import=1 HTTP/1.1" 200 - "-" "WordPress/7.1; https://newbiomuseo.desarrollo.itsangee.com"
157.90.185.123 - - [01/Sep/2026:05:32:18 -0500] "POST /wp-admin/admin-ajax.php?action=ai1wm_import&ai1wm_import=1 HTTP/1.1" 200 - "-" "WordPress/7.1; https://newbiomuseo.desarrollo.itsangee.com"
62.60.130.227 - - [01/Sep/2026:05:32:29 -0500] "GET /ar/ HTTP/1.1" 200 212968 "-" "Mozilla/5.0 (Windows NT 10.0; Win64; x64) AppleWebKit/537.36 (KHTML, like Gecko) Chrome/125.0.0.0 Safari/537.36"
157.90.185.123 - - [01/Sep/2026:05:32:21 -0500] "POST /wp-admin/admin-ajax.php?action=ai1wm_import&ai1wm_import=1 HTTP/1.1" 200 - "-" "WordPress/7.1; https://newbiomuseo.desarrollo.itsangee.com"
157.90.185.123 - - [01/Sep/2026:05:32:22 -0500] "POST /wp-admin/admin-ajax.php?action=ai1wm_import&ai1wm_import=1 HTTP/1.1" 200 - "-" "WordPress/7.1; https://newbiomuseo.desarrollo.itsangee.com"
157.90.185.123 - - [01/Sep/2026:05:32:32 -0500] "POST /wp-admin/admin-ajax.php?action=ai1wm_import&ai1wm_import=1 HTTP/1.1" 200 - "-" "WordPress/7.1; https://newbiomuseo.desarrollo.itsangee.com"
62.60.130.227 - - [01/Sep/2026:05:32:40 -0500] "GET /fr/ HTTP/1.1" 200 212968 "-" "Mozilla/5.0 (Windows NT 10.0; Win64; x64) AppleWebKit/537.36 (KHTML, like Gecko) Chrome/125.0.0.0 Safari/537.36"
157.90.185.123 - - [01/Sep/2026:05:32:33 -0500] "POST /wp-admin/admin-ajax.php?action=ai1wm_import&ai1wm_import=1 HTTP/1.1" 200 - "-" "WordPress/7.1; https://newbiomuseo.desarrollo.itsangee.com"
51.89.83.145 - - [01/Sep/2026:05:32:36 -0500] "POST /wp-admin/admin-ajax.php HTTP/1.1" 200 - "-" "Mozilla/5.0 (Windows NT 10.0; Win64; x64) AppleWebKit/537.36 (KHTML, like Gecko) Chrome/114.0.0.0 Safari/537.36"
157.90.185.123 - - [01/Sep/2026:05:32:39 -0500] "POST /wp-admin/admin-ajax.php?action=ai1wm_import&ai1wm_import=1 HTTP/1.1" 200 - "-" "WordPress/7.1; https://newbiomuseo.desarrollo.itsangee.com"
62.60.130.227 - - [01/Sep/2026:05:32:50 -0500] "GET /de/ HTTP/1.1" 200 282498 "-" "Mozilla/5.0 (Windows NT 10.0; Win64; x64) AppleWebKit/537.36 (KHTML, like Gecko) Chrome/125.0.0.0 Safari/537.36"
157.90.185.123 - - [01/Sep/2026:05:32:51 -0500] "POST /wp-admin/admin-ajax.php?action=ai1wm_import&ai1wm_import=1 HTTP/1.1" 200 - "-" "WordPress/7.1; https://newbiomuseo.desarrollo.itsangee.com"
157.90.185.123 - - [01/Sep/2026:05:32:41 -0500] "POST /wp-admin/admin-ajax.php?action=ai1wm_import&ai1wm_import=1 HTTP/1.1" 200 - "-" "WordPress/7.1; https://newbiomuseo.desarrollo.itsangee.com"
157.90.185.123 - - [01/Sep/2026:05:32:43 -0500] "POST /wp-admin/admin-ajax.php?action=ai1wm_import&ai1wm_import=1 HTTP/1.1" 200 - "-" "WordPress/7.1; https://newbiomuseo.desarrollo.itsangee.com"
157.90.185.123 - - [01/Sep/2026:05:32:44 -0500] "POST /wp-admin/admin-ajax.php?action=ai1wm_import&ai1wm_import=1 HTTP/1.1" 200 - "-" "WordPress/7.1; https://newbiomuseo.desarrollo.itsangee.com"
62.60.130.227 - - [01/Sep/2026:05:32:55 -0500] "GET /es/ HTTP/1.1" 200 282498 "-" "Mozilla/5.0 (Windows NT 10.0; Win64; x64) AppleWebKit/537.36 (KHTML, like Gecko) Chrome/125.0.0.0 Safari/537.36"
157.90.185.123 - - [01/Sep/2026:05:32:52 -0500] "POST /wp-admin/admin-ajax.php?action=ai1wm_import&ai1wm_import=1 HTTP/1.1" 200 - "-" "WordPress/7.1; https://newbiomuseo.desarrollo.itsangee.com"
51.89.83.145 - - [01/Sep/2026:05:32:53 -0500] "POST /wp-admin/admin-ajax.php HTTP/1.1" 200 - "-" "Mozilla/5.0 (Windows NT 10.0; Win64; x64) AppleWebKit/537.36 (KHTML, like Gecko) Chrome/114.0.0.0 Safari/537.36"
157.90.185.123 - - [01/Sep/2026:05:32:57 -0500] "POST /wp-admin/admin-ajax.php?action=ai1wm_import&ai1wm_import=1 HTTP/1.1" 200 - "-" "WordPress/7.1; https://newbiomuseo.desarrollo.itsangee.com"
157.90.185.123 - - [01/Sep/2026:05:33:04 -0500] "POST /wp-admin/admin-ajax.php?action=ai1wm_import&ai1wm_import=1 HTTP/1.1" 200 - "-" "WordPress/7.1; https://newbiomuseo.desarrollo.itsangee.com"
157.90.185.123 - - [01/Sep/2026:05:32:53 -0500] "POST /wp-admin/admin-ajax.php?action=ai1wm_import&ai1wm_import=1 HTTP/1.1" 200 - "-" "WordPress/7.1; https://newbiomuseo.desarrollo.itsangee.com"
157.90.185.123 - - [01/Sep/2026:05:33:07 -0500] "POST /wp-admin/admin-ajax.php?action=ai1wm_import&ai1wm_import=1 HTTP/1.1" 200 - "-" "WordPress/7.1; https://newbiomuseo.desarrollo.itsangee.com"
157.90.185.123 - - [01/Sep/2026:05:32:57 -0500] "POST /wp-admin/admin-ajax.php?action=ai1wm_import&ai1wm_import=1 HTTP/1.1" 200 - "-" "WordPress/7.1; https://newbiomuseo.desarrollo.itsangee.com"
62.60.130.227 - - [01/Sep/2026:05:33:05 -0500] "GET /it/ HTTP/1.1" 200 282498 "-" "Mozilla/5.0 (Windows NT 10.0; Win64; x64) AppleWebKit/537.36 (KHTML, like Gecko) Chrome/125.0.0.0 Safari/537.36"
51.89.83.145 - - [01/Sep/2026:05:33:07 -0500] "POST /wp-admin/admin-ajax.php HTTP/1.1" 200 1 "-" "Mozilla/5.0 (Windows NT 10.0; Win64; x64) AppleWebKit/537.36 (KHTML, like Gecko) Chrome/114.0.0.0 Safari/537.36"
51.89.83.145 - - [01/Sep/2026:05:33:11 -0500] "POST /wp-admin/admin-ajax.php HTTP/1.1" 200 - "-" "Mozilla/5.0 (Windows NT 10.0; Win64; x64) AppleWebKit/537.36 (KHTML, like Gecko) Chrome/114.0.0.0 Safari/537.36"
62.60.130.227 - - [01/Sep/2026:05:33:10 -0500] "GET /pt-br/ HTTP/1.1" 200 282510 "-" "Mozilla/5.0 (Windows NT 10.0; Win64; x64) AppleWebKit/537.36 (KHTML, like Gecko) Chrome/125.0.0.0 Safari/537.36"
51.89.83.145 - - [01/Sep/2026:05:33:12 -0500] "POST /wp-admin/admin-ajax.php HTTP/1.1" 200 1 "-" "Mozilla/5.0 (Windows NT 10.0; Win64; x64) AppleWebKit/537.36 (KHTML, like Gecko) Chrome/114.0.0.0 Safari/537.36"
62.60.130.227 - - [01/Sep/2026:05:33:12 -0500] "GET /pt/ HTTP/1.1" 200 282498 "-" "Mozilla/5.0 (Windows NT 10.0; Win64; x64) AppleWebKit/537.36 (KHTML, like Gecko) Chrome/125.0.0.0 Safari/537.36"
51.89.83.145 - - [01/Sep/2026:05:33:12 -0500] "POST /wp-admin/admin-ajax.php HTTP/1.1" 200 1 "-" "Mozilla/5.0 (Windows NT 10.0; Win64; x64) AppleWebKit/537.36 (KHTML, like Gecko) Chrome/114.0.0.0 Safari/537.36"
51.89.83.145 - - [01/Sep/2026:05:33:13 -0500] "POST /wp-admin/admin-ajax.php HTTP/1.1" 200 1 "-" "Mozilla/5.0 (Windows NT 10.0; Win64; x64) AppleWebKit/537.36 (KHTML, like Gecko) Chrome/114.0.0.0 Safari/537.36"
62.60.130.227 - - [01/Sep/2026:05:33:13 -0500] "GET /nl/ HTTP/1.1" 200 282498 "-" "Mozilla/5.0 (Windows NT 10.0; Win64; x64) AppleWebKit/537.36 (KHTML, like Gecko) Chrome/125.0.0.0 Safari/537.36"
51.89.83.145 - - [01/Sep/2026:05:33:14 -0500] "POST /wp-admin/admin-ajax.php HTTP/1.1" 200 1 "-" "Mozilla/5.0 (Windows NT 10.0; Win64; x64) AppleWebKit/537.36 (KHTML, like Gecko) Chrome/114.0.0.0 Safari/537.36"
62.60.130.227 - - [01/Sep/2026:05:33:15 -0500] "GET /wp-json/wp/v2/users?per_page=100 HTTP/1.1" 301 - "-" "Mozilla/5.0 (Windows NT 10.0; Win64; x64) AppleWebKit/537.36 (KHTML, like Gecko) Chrome/125.0.0.0 Safari/537.36"
51.89.83.145 - - [01/Sep/2026:05:33:15 -0500] "POST /wp-admin/admin-ajax.php HTTP/1.1" 200 1 "-" "Mozilla/5.0 (Windows NT 10.0; Win64; x64) AppleWebKit/537.36 (KHTML, like Gecko) Chrome/114.0.0.0 Safari/537.36"
51.89.83.145 - - [01/Sep/2026:05:33:16 -0500] "POST /wp-admin/admin-ajax.php HTTP/1.1" 200 1 "-" "Mozilla/5.0 (Windows NT 10.0; Win64; x64) AppleWebKit/537.36 (KHTML, like Gecko) Chrome/114.0.0.0 Safari/537.36"
62.60.130.227 - - [01/Sep/2026:05:33:16 -0500] "GET /wp-json/wp/v2/users/?per_page=100 HTTP/1.1" 200 282612 "-" "Mozilla/5.0 (Windows NT 10.0; Win64; x64) AppleWebKit/537.36 (KHTML, like Gecko) Chrome/125.0.0.0 Safari/537.36"
51.89.83.145 - - [01/Sep/2026:05:33:17 -0500] "POST /wp-admin/admin-ajax.php HTTP/1.1" 200 1 "-" "Mozilla/5.0 (Windows NT 10.0; Win64; x64) AppleWebKit/537.36 (KHTML, like Gecko) Chrome/114.0.0.0 Safari/537.36"
62.60.130.227 - - [01/Sep/2026:05:33:17 -0500] "GET /?author=1 HTTP/1.1" 200 64846 "-" "Mozilla/5.0 (Windows NT 10.0; Win64; x64) AppleWebKit/537.36 (KHTML, like Gecko) Chrome/125.0.0.0 Safari/537.36"
51.89.83.145 - - [01/Sep/2026:05:33:18 -0500] "POST /wp-admin/admin-ajax.php HTTP/1.1" 200 1 "-" "Mozilla/5.0 (Windows NT 10.0; Win64; x64) AppleWebKit/537.36 (KHTML, like Gecko) Chrome/114.0.0.0 Safari/537.36"
51.89.83.145 - - [01/Sep/2026:05:33:19 -0500] "POST /wp-admin/admin-ajax.php HTTP/1.1" 200 1 "-" "Mozilla/5.0 (Windows NT 10.0; Win64; x64) AppleWebKit/537.36 (KHTML, like Gecko) Chrome/114.0.0.0 Safari/537.36"
62.60.130.227 - - [01/Sep/2026:05:33:18 -0500] "GET /?author=2 HTTP/1.1" 200 62798 "-" "Mozilla/5.0 (Windows NT 10.0; Win64; x64) AppleWebKit/537.36 (KHTML, like Gecko) Chrome/125.0.0.0 Safari/537.36"
51.89.83.145 - - [01/Sep/2026:05:33:19 -0500] "POST /wp-admin/admin-ajax.php HTTP/1.1" 200 1 "-" "Mozilla/5.0 (Windows NT 10.0; Win64; x64) AppleWebKit/537.36 (KHTML, like Gecko) Chrome/114.0.0.0 Safari/537.36"
62.60.130.227 - - [01/Sep/2026:05:33:20 -0500] "GET /?author=3 HTTP/1.1" 404 62044 "-" "Mozilla/5.0 (Windows NT 10.0; Win64; x64) AppleWebKit/537.36 (KHTML, like Gecko) Chrome/125.0.0.0 Safari/537.36"
51.89.83.145 - - [01/Sep/2026:05:33:20 -0500] "POST /wp-admin/admin-ajax.php HTTP/1.1" 200 1 "-" "Mozilla/5.0 (Windows NT 10.0; Win64; x64) AppleWebKit/537.36 (KHTML, like Gecko) Chrome/114.0.0.0 Safari/537.36"
62.60.130.227 - - [01/Sep/2026:05:33:21 -0500] "GET /?author=4 HTTP/1.1" 404 62044 "-" "Mozilla/5.0 (Windows NT 10.0; Win64; x64) AppleWebKit/537.36 (KHTML, like Gecko) Chrome/125.0.0.0 Safari/537.36"
51.89.83.145 - - [01/Sep/2026:05:33:21 -0500] "POST /wp-admin/admin-ajax.php HTTP/1.1" 200 1 "-" "Mozilla/5.0 (Windows NT 10.0; Win64; x64) AppleWebKit/537.36 (KHTML, like Gecko) Chrome/114.0.0.0 Safari/537.36"
62.60.130.227 - - [01/Sep/2026:05:33:22 -0500] "GET /?author=5 HTTP/1.1" 404 62044 "-" "Mozilla/5.0 (Windows NT 10.0; Win64; x64) AppleWebKit/537.36 (KHTML, like Gecko) Chrome/125.0.0.0 Safari/537.36"
51.89.83.145 - - [01/Sep/2026:05:33:22 -0500] "POST /wp-admin/admin-ajax.php HTTP/1.1" 200 1 "-" "Mozilla/5.0 (Windows NT 10.0; Win64; x64) AppleWebKit/537.36 (KHTML, like Gecko) Chrome/114.0.0.0 Safari/537.36"
62.60.130.227 - - [01/Sep/2026:05:33:23 -0500] "GET /?author=6 HTTP/1.1" 404 62044 "-" "Mozilla/5.0 (Windows NT 10.0; Win64; x64) AppleWebKit/537.36 (KHTML, like Gecko) Chrome/125.0.0.0 Safari/537.36"
51.89.83.145 - - [01/Sep/2026:05:33:23 -0500] "POST /wp-admin/admin-ajax.php HTTP/1.1" 200 1 "-" "Mozilla/5.0 (Windows NT 10.0; Win64; x64) AppleWebKit/537.36 (KHTML, like Gecko) Chrome/114.0.0.0 Safari/537.36"
51.89.83.145 - - [01/Sep/2026:05:33:24 -0500] "POST /wp-admin/admin-ajax.php HTTP/1.1" 200 1 "-" "Mozilla/5.0 (Windows NT 10.0; Win64; x64) AppleWebKit/537.36 (KHTML, like Gecko) Chrome/114.0.0.0 Safari/537.36"
62.60.130.227 - - [01/Sep/2026:05:33:24 -0500] "GET /?author=7 HTTP/1.1" 404 62044 "-" "Mozilla/5.0 (Windows NT 10.0; Win64; x64) AppleWebKit/537.36 (KHTML, like Gecko) Chrome/125.0.0.0 Safari/537.36"
51.89.83.145 - - [01/Sep/2026:05:33:25 -0500] "GET /?kurd HTTP/1.1" 200 1449 "-" "Mozilla/5.0 (Windows NT 10.0; Win64; x64) AppleWebKit/537.36 (KHTML, like Gecko) Chrome/114.0.0.0 Safari/537.36"
62.60.130.227 - - [01/Sep/2026:05:33:25 -0500] "GET /?author=8 HTTP/1.1" 404 62044 "-" "Mozilla/5.0 (Windows NT 10.0; Win64; x64) AppleWebKit/537.36 (KHTML, like Gecko) Chrome/125.0.0.0 Safari/537.36"
62.60.130.227 - - [01/Sep/2026:05:33:26 -0500] "GET /?author=9 HTTP/1.1" 404 62044 "-" "Mozilla/5.0 (Windows NT 10.0; Win64; x64) AppleWebKit/537.36 (KHTML, like Gecko) Chrome/125.0.0.0 Safari/537.36"
62.60.130.227 - - [01/Sep/2026:05:33:27 -0500] "GET /?author=10 HTTP/1.1" 404 62048 "-" "Mozilla/5.0 (Windows NT 10.0; Win64; x64) AppleWebKit/537.36 (KHTML, like Gecko) Chrome/125.0.0.0 Safari/537.36"
62.60.130.227 - - [01/Sep/2026:05:33:28 -0500] "GET /?author=11 HTTP/1.1" 404 62048 "-" "Mozilla/5.0 (Windows NT 10.0; Win64; x64) AppleWebKit/537.36 (KHTML, like Gecko) Chrome/125.0.0.0 Safari/537.36"
62.60.130.227 - - [01/Sep/2026:05:33:29 -0500] "GET /?author=12 HTTP/1.1" 404 62048 "-" "Mozilla/5.0 (Windows NT 10.0; Win64; x64) AppleWebKit/537.36 (KHTML, like Gecko) Chrome/125.0.0.0 Safari/537.36"
62.60.130.227 - - [01/Sep/2026:05:33:30 -0500] "GET /?author=13 HTTP/1.1" 404 62048 "-" "Mozilla/5.0 (Windows NT 10.0; Win64; x64) AppleWebKit/537.36 (KHTML, like Gecko) Chrome/125.0.0.0 Safari/537.36"
62.60.130.227 - - [01/Sep/2026:05:33:31 -0500] "GET /?author=14 HTTP/1.1" 404 62048 "-" "Mozilla/5.0 (Windows NT 10.0; Win64; x64) AppleWebKit/537.36 (KHTML, like Gecko) Chrome/125.0.0.0 Safari/537.36"
62.60.130.227 - - [01/Sep/2026:05:33:33 -0500] "GET /wp-json/wp/v2/users?per_page=100&page=1&context=embed HTTP/1.1" 301 - "-" "Mozilla/5.0 (Windows NT 10.0; Win64; x64) AppleWebKit/537.36 (KHTML, like Gecko) Chrome/125.0.0.0 Safari/537.36"
62.60.130.227 - - [01/Sep/2026:05:33:34 -0500] "GET /?per_page=100&context=embed HTTP/1.1" 200 282614 "-" "Mozilla/5.0 (Windows NT 10.0; Win64; x64) AppleWebKit/537.36 (KHTML, like Gecko) Chrome/125.0.0.0 Safari/537.36"
62.60.130.227 - - [01/Sep/2026:05:33:35 -0500] "GET /wp-login.php?action=lostpassword HTTP/1.1" 200 4584 "-" "Mozilla/5.0 (Windows NT 10.0; Win64; x64) AppleWebKit/537.36 (KHTML, like Gecko) Chrome/125.0.0.0 Safari/537.36"
62.60.130.227 - - [01/Sep/2026:05:33:36 -0500] "POST /wp-login.php?action=lostpassword HTTP/1.1" 200 4840 "-" "Mozilla/5.0 (Windows NT 10.0; Win64; x64) AppleWebKit/537.36 (KHTML, like Gecko) Chrome/125.0.0.0 Safari/537.36"
62.60.130.227 - - [01/Sep/2026:05:33:37 -0500] "GET /wp-login.php?action=lostpassword HTTP/1.1" 200 4584 "-" "Mozilla/5.0 (Windows NT 10.0; Win64; x64) AppleWebKit/537.36 (KHTML, like Gecko) Chrome/125.0.0.0 Safari/537.36"
62.60.130.227 - - [01/Sep/2026:05:33:37 -0500] "POST /wp-login.php?action=lostpassword HTTP/1.1" 302 - "-" "Mozilla/5.0 (Windows NT 10.0; Win64; x64) AppleWebKit/537.36 (KHTML, like Gecko) Chrome/125.0.0.0 Safari/537.36"
62.60.130.227 - - [01/Sep/2026:05:33:41 -0500] "POST /wp-content/plugins/translatepress-multilingual/includes/trp-ajax.php HTTP/1.1" 200 - "-" "Mozilla/5.0 (Windows NT 10.0; Win64; x64) AppleWebKit/537.36 (KHTML, like Gecko) Chrome/125.0.0.0 Safari/537.36"
62.60.130.227 - - [01/Sep/2026:05:33:41 -0500] "POST /wp-content/plugins/translatepress/includes/trp-ajax.php HTTP/1.1" 200 282708 "-" "Mozilla/5.0 (Windows NT 10.0; Win64; x64) AppleWebKit/537.36 (KHTML, like Gecko) Chrome/125.0.0.0 Safari/537.36"
62.60.130.227 - - [01/Sep/2026:05:33:42 -0500] "POST /wp-content/plugins/translatepress-multilingual/includes/trp-ajax.php HTTP/1.1" 200 - "-" "Mozilla/5.0 (Windows NT 10.0; Win64; x64) AppleWebKit/537.36 (KHTML, like Gecko) Chrome/125.0.0.0 Safari/537.36"
62.60.130.227 - - [01/Sep/2026:05:33:42 -0500] "POST /wp-content/plugins/translatepress/includes/trp-ajax.php HTTP/1.1" 200 282708 "-" "Mozilla/5.0 (Windows NT 10.0; Win64; x64) AppleWebKit/537.36 (KHTML, like Gecko) Chrome/125.0.0.0 Safari/537.36"
62.60.130.227 - - [01/Sep/2026:05:33:44 -0500] "POST /wp-content/plugins/translatepress-multilingual/includes/trp-ajax.php HTTP/1.1" 200 - "-" "Mozilla/5.0 (Windows NT 10.0; Win64; x64) AppleWebKit/537.36 (KHTML, like Gecko) Chrome/125.0.0.0 Safari/537.36"
62.60.130.227 - - [01/Sep/2026:05:33:44 -0500] "POST /wp-content/plugins/translatepress/includes/trp-ajax.php HTTP/1.1" 200 282708 "-" "Mozilla/5.0 (Windows NT 10.0; Win64; x64) AppleWebKit/537.36 (KHTML, like Gecko) Chrome/125.0.0.0 Safari/537.36"
62.60.130.227 - - [01/Sep/2026:05:33:47 -0500] "POST /wp-content/plugins/translatepress-multilingual/includes/trp-ajax.php HTTP/1.1" 200 - "-" "Mozilla/5.0 (Windows NT 10.0; Win64; x64) AppleWebKit/537.36 (KHTML, like Gecko) Chrome/125.0.0.0 Safari/537.36"
62.60.130.227 - - [01/Sep/2026:05:33:47 -0500] "POST /wp-content/plugins/translatepress/includes/trp-ajax.php HTTP/1.1" 200 282708 "-" "Mozilla/5.0 (Windows NT 10.0; Win64; x64) AppleWebKit/537.36 (KHTML, like Gecko) Chrome/125.0.0.0 Safari/537.36"
62.60.130.227 - - [01/Sep/2026:05:33:49 -0500] "POST /wp-content/plugins/translatepress-multilingual/includes/trp-ajax.php HTTP/1.1" 200 - "-" "Mozilla/5.0 (Windows NT 10.0; Win64; x64) AppleWebKit/537.36 (KHTML, like Gecko) Chrome/125.0.0.0 Safari/537.36"
62.60.130.227 - - [01/Sep/2026:05:33:49 -0500] "POST /wp-content/plugins/translatepress/includes/trp-ajax.php HTTP/1.1" 200 282708 "-" "Mozilla/5.0 (Windows NT 10.0; Win64; x64) AppleWebKit/537.36 (KHTML, like Gecko) Chrome/125.0.0.0 Safari/537.36"
62.60.130.227 - - [01/Sep/2026:05:33:52 -0500] "POST /wp-content/plugins/translatepress-multilingual/includes/trp-ajax.php HTTP/1.1" 200 - "-" "Mozilla/5.0 (Windows NT 10.0; Win64; x64) AppleWebKit/537.36 (KHTML, like Gecko) Chrome/125.0.0.0 Safari/537.36"
62.60.130.227 - - [01/Sep/2026:05:33:52 -0500] "POST /wp-content/plugins/translatepress/includes/trp-ajax.php HTTP/1.1" 200 282708 "-" "Mozilla/5.0 (Windows NT 10.0; Win64; x64) AppleWebKit/537.36 (KHTML, like Gecko) Chrome/125.0.0.0 Safari/537.36"
62.60.130.227 - - [01/Sep/2026:05:33:53 -0500] "POST /wp-content/plugins/translatepress-multilingual/includes/trp-ajax.php HTTP/1.1" 200 - "-" "Mozilla/5.0 (Windows NT 10.0; Win64; x64) AppleWebKit/537.36 (KHTML, like Gecko) Chrome/125.0.0.0 Safari/537.36"
62.60.130.227 - - [01/Sep/2026:05:33:53 -0500] "POST /wp-content/plugins/translatepress/includes/trp-ajax.php HTTP/1.1" 200 282708 "-" "Mozilla/5.0 (Windows NT 10.0; Win64; x64) AppleWebKit/537.36 (KHTML, like Gecko) Chrome/125.0.0.0 Safari/537.36"
62.60.130.227 - - [01/Sep/2026:05:33:56 -0500] "POST /wp-content/plugins/translatepress-multilingual/includes/trp-ajax.php HTTP/1.1" 200 - "-" "Mozilla/5.0 (Windows NT 10.0; Win64; x64) AppleWebKit/537.36 (KHTML, like Gecko) Chrome/125.0.0.0 Safari/537.36"
62.60.130.227 - - [01/Sep/2026:05:33:56 -0500] "POST /wp-content/plugins/translatepress/includes/trp-ajax.php HTTP/1.1" 200 282708 "-" "Mozilla/5.0 (Windows NT 10.0; Win64; x64) AppleWebKit/537.36 (KHTML, like Gecko) Chrome/125.0.0.0 Safari/537.36"
40.77.167.24 - - [01/Sep/2026:05:35:43 -0500] "GET /?pid=3395334854 HTTP/1.1" 200 282546 "-" "Mozilla/5.0 AppleWebKit/537.36 (KHTML, like Gecko; compatible; bingbot/2.0; +http://www.bing.com/bingbot.htm) Chrome/116.0.1938.76 Safari/537.36"
40.77.167.24 - - [01/Sep/2026:05:35:49 -0500] "GET /?pid=854337583 HTTP/1.1" 200 282542 "-" "Mozilla/5.0 AppleWebKit/537.36 (KHTML, like Gecko; compatible; bingbot/2.0; +http://www.bing.com/bingbot.htm) Chrome/116.0.1938.76 Safari/537.36"
57.141.20.61 - - [01/Sep/2026:05:37:19 -0500] "GET /?page_id=4133 HTTP/1.1" 200 115174 "-" "Mozilla/5.0 (Windows NT 10.0; Win64; x64) AppleWebKit/537.36 (KHTML, like Gecko) Chrome/145.0.0.0 Safari/537.36 (compatible; meta-externalagent/1.1 (+https://developers.facebook.com/docs/sharing/webmasters/crawler))"
114.119.146.37 - - [01/Sep/2026:05:39:16 -0500] "GET /robots.txt HTTP/1.1" 200 101 "https://newbiomuseo.desarrollo.itsangee.com/robots.txt" "Mozilla/5.0 (compatible;PetalBot;+https://webmaster.petalsearch.com/site/petalbot)"
40.77.167.5 - - [01/Sep/2026:05:44:24 -0500] "GET /?pid=568336557 HTTP/1.1" 200 282542 "-" "Mozilla/5.0 AppleWebKit/537.36 (KHTML, like Gecko; compatible; bingbot/2.0; +http://www.bing.com/bingbot.htm) Chrome/116.0.1938.76 Safari/537.36"
66.249.78.6 - - [01/Sep/2026:05:44:27 -0500] "GET /?pid=158906940 HTTP/1.1" 200 282542 "-" "Mozilla/5.0 (Linux; Android 6.0.1; Nexus 5X Build/MMB29P) AppleWebKit/537.36 (KHTML, like Gecko) Chrome/151.0.7922.173 Mobile Safari/537.36 (compatible; Googlebot/2.1; +http://www.google.com/bot.html)"
66.249.78.6 - - [01/Sep/2026:05:44:38 -0500] "GET /wp-content/plugins/photoblocks-grid-gallery/public/js/anime.min.js?ver=1.3.4 HTTP/1.1" 200 14420 "https://newbiomuseo.desarrollo.itsangee.com/?pid=158906940" "Mozilla/5.0 (Linux; Android 6.0.1; Nexus 5X Build/MMB29P) AppleWebKit/537.36 (KHTML, like Gecko) Chrome/151.0.7922.173 Mobile Safari/537.36 (compatible; Googlebot/2.1; +http://www.google.com/bot.html)"
52.167.144.204 - - [01/Sep/2026:05:54:34 -0500] "GET /?pid=2412720199 HTTP/1.1" 200 282546 "-" "Mozilla/5.0 AppleWebKit/537.36 (KHTML, like Gecko; compatible; bingbot/2.0; +http://www.bing.com/bingbot.htm) Chrome/116.0.1938.76 Safari/537.36"
157.119.40.254 - - [01/Sep/2026:05:57:19 -0500] "GET / HTTP/1.1" 301 - "-" "Mozilla/5.0 (Windows NT 10.0; Win64; x64) AppleWebKit/537.36 (KHTML, like Gecko) Chrome/126.0.0.0 Safari/537.36"
157.119.40.254 - - [01/Sep/2026:05:57:20 -0500] "GET / HTTP/1.1" 200 282486 "-" "Mozilla/5.0 (Windows NT 10.0; Win64; x64) AppleWebKit/537.36 (KHTML, like Gecko) Chrome/126.0.0.0 Safari/537.36"
157.119.40.254 - - [01/Sep/2026:05:57:23 -0500] "POST /?rest_route=/batch/v1 HTTP/1.1" 207 431 "-" "Mozilla/5.0 (Windows NT 10.0; Win64; x64) AppleWebKit/537.36 (KHTML, like Gecko) Chrome/126.0.0.0 Safari/537.36"
40.77.167.79 - - [01/Sep/2026:06:00:26 -0500] "GET /?pid=3521775285 HTTP/1.1" 200 282546 "-" "Mozilla/5.0 AppleWebKit/537.36 (KHTML, like Gecko; compatible; bingbot/2.0; +http://www.bing.com/bingbot.htm) Chrome/116.0.1938.76 Safari/537.36"
40.77.167.79 - - [01/Sep/2026:06:00:28 -0500] "GET /?pid=4203172681 HTTP/1.1" 200 282546 "-" "Mozilla/5.0 AppleWebKit/537.36 (KHTML, like Gecko; compatible; bingbot/2.0; +http://www.bing.com/bingbot.htm) Chrome/116.0.1938.76 Safari/537.36"
52.167.144.170 - - [01/Sep/2026:06:03:32 -0500] "GET /?pid=1601532131 HTTP/1.1" 200 282546 "-" "Mozilla/5.0 AppleWebKit/537.36 (KHTML, like Gecko; compatible; bingbot/2.0; +http://www.bing.com/bingbot.htm) Chrome/116.0.1938.76 Safari/537.36"
40.77.167.79 - - [01/Sep/2026:06:03:34 -0500] "GET /?pid=594497542 HTTP/1.1" 200 282542 "-" "Mozilla/5.0 AppleWebKit/537.36 (KHTML, like Gecko; compatible; bingbot/2.0; +http://www.bing.com/bingbot.htm) Chrome/116.0.1938.76 Safari/537.36"
40.77.167.1 - - [01/Sep/2026:06:03:36 -0500] "GET /?pid=119508428 HTTP/1.1" 200 282473 "-" "Mozilla/5.0 AppleWebKit/537.36 (KHTML, like Gecko; compatible; bingbot/2.0; +http://www.bing.com/bingbot.htm) Chrome/116.0.1938.76 Safari/537.36"
40.77.167.155 - - [01/Sep/2026:06:05:30 -0500] "GET /wp-content/uploads/2024/09/Interdependencia-1.webp HTTP/1.1" 200 193570 "-" "Mozilla/5.0 AppleWebKit/537.36 (KHTML, like Gecko; compatible; bingbot/2.0; +http://www.bing.com/bingbot.htm) Chrome/116.0.1938.76 Safari/537.36"
40.77.167.155 - - [01/Sep/2026:06:11:16 -0500] "GET /?pid=2541030188 HTTP/1.1" 200 139248 "-" "Mozilla/5.0 AppleWebKit/537.36 (KHTML, like Gecko; compatible; bingbot/2.0; +http://www.bing.com/bingbot.htm) Chrome/116.0.1938.76 Safari/537.36"
40.77.167.38 - - [01/Sep/2026:06:15:08 -0500] "GET /?pid=3429317338 HTTP/1.1" 200 282546 "-" "Mozilla/5.0 AppleWebKit/537.36 (KHTML, like Gecko; compatible; bingbot/2.0; +http://www.bing.com/bingbot.htm) Chrome/116.0.1938.76 Safari/537.36"
52.167.144.172 - - [01/Sep/2026:06:22:57 -0500] "GET /?pid=1360151197 HTTP/1.1" 200 282546 "-" "Mozilla/5.0 AppleWebKit/537.36 (KHTML, like Gecko; compatible; bingbot/2.0; +http://www.bing.com/bingbot.htm) Chrome/116.0.1938.76 Safari/537.36"
40.77.167.143 - - [01/Sep/2026:06:23:05 -0500] "GET /?pid=1242046952 HTTP/1.1" 200 282546 "-" "Mozilla/5.0 AppleWebKit/537.36 (KHTML, like Gecko; compatible; bingbot/2.0; +http://www.bing.com/bingbot.htm) Chrome/116.0.1938.76 Safari/537.36"
198.244.240.233 - - [01/Sep/2026:06:33:43 -0500] "GET /robots.txt HTTP/1.1" 200 101 "-" "Mozilla/5.0 (compatible; AhrefsBot/7.0; +http://ahrefs.com/robot/)"
51.89.39.59 - - [01/Sep/2026:06:33:46 -0500] "GET /sitemap.xml HTTP/1.1" 301 - "-" "Mozilla/5.0 (compatible; AhrefsBot/7.0; +http://ahrefs.com/robot/)"
51.89.39.59 - - [01/Sep/2026:06:33:48 -0500] "GET /sitemap.xml/ HTTP/1.1" 200 282528 "-" "Mozilla/5.0 (compatible; AhrefsBot/7.0; +http://ahrefs.com/robot/)"
57.141.20.29 - - [01/Sep/2026:06:34:47 -0500] "GET /?page_id=2491 HTTP/1.1" 200 207072 "-" "Mozilla/5.0 (Macintosh; Intel Mac OS X 10_15_7) AppleWebKit/537.36 (KHTML, like Gecko) Chrome/145.0.0.0 Safari/537.36 (compatible; meta-externalagent/1.1 (+https://developers.facebook.com/docs/sharing/webmasters/crawler))"
40.77.167.10 - - [01/Sep/2026:06:34:49 -0500] "GET /?pid=2964613203 HTTP/1.1" 200 282546 "-" "Mozilla/5.0 AppleWebKit/537.36 (KHTML, like Gecko; compatible; bingbot/2.0; +http://www.bing.com/bingbot.htm) Chrome/116.0.1938.76 Safari/537.36"
40.77.167.10 - - [01/Sep/2026:06:34:51 -0500] "GET /?pid=2463458897 HTTP/1.1" 200 282546 "-" "Mozilla/5.0 AppleWebKit/537.36 (KHTML, like Gecko; compatible; bingbot/2.0; +http://www.bing.com/bingbot.htm) Chrome/116.0.1938.76 Safari/537.36"
52.167.144.203 - - [01/Sep/2026:06:34:54 -0500] "GET /?pid=2738008230 HTTP/1.1" 200 282546 "-" "Mozilla/5.0 AppleWebKit/537.36 (KHTML, like Gecko; compatible; bingbot/2.0; +http://www.bing.com/bingbot.htm) Chrome/116.0.1938.76 Safari/537.36"
52.167.144.203 - - [01/Sep/2026:06:34:55 -0500] "GET /?pid=3598480694 HTTP/1.1" 200 282546 "-" "Mozilla/5.0 AppleWebKit/537.36 (KHTML, like Gecko; compatible; bingbot/2.0; +http://www.bing.com/bingbot.htm) Chrome/116.0.1938.76 Safari/537.36"
66.249.70.6 - - [01/Sep/2026:06:35:42 -0500] "GET /?pid=2477820500 HTTP/1.1" 200 282546 "-" "Mozilla/5.0 (Linux; Android 6.0.1; Nexus 5X Build/MMB29P) AppleWebKit/537.36 (KHTML, like Gecko) Chrome/151.0.7922.173 Mobile Safari/537.36 (compatible; Googlebot/2.1; +http://www.google.com/bot.html)"
40.77.167.10 - - [01/Sep/2026:06:40:38 -0500] "GET /?pid=2924448516 HTTP/1.1" 200 282477 "-" "Mozilla/5.0 AppleWebKit/537.36 (KHTML, like Gecko; compatible; bingbot/2.0; +http://www.bing.com/bingbot.htm) Chrome/116.0.1938.76 Safari/537.36"
40.77.167.10 - - [01/Sep/2026:06:40:41 -0500] "GET /?pid=1689108594 HTTP/1.1" 200 282546 "-" "Mozilla/5.0 AppleWebKit/537.36 (KHTML, like Gecko; compatible; bingbot/2.0; +http://www.bing.com/bingbot.htm) Chrome/116.0.1938.76 Safari/537.36"
40.77.167.9 - - [01/Sep/2026:06:40:45 -0500] "GET /?pid=3212816735 HTTP/1.1" 200 282546 "-" "Mozilla/5.0 AppleWebKit/537.36 (KHTML, like Gecko; compatible; bingbot/2.0; +http://www.bing.com/bingbot.htm) Chrome/116.0.1938.76 Safari/537.36"
40.77.167.9 - - [01/Sep/2026:06:47:36 -0500] "GET /?pid=1735973668 HTTP/1.1" 200 282546 "-" "Mozilla/5.0 AppleWebKit/537.36 (KHTML, like Gecko; compatible; bingbot/2.0; +http://www.bing.com/bingbot.htm) Chrome/116.0.1938.76 Safari/537.36"
40.77.167.9 - - [01/Sep/2026:06:47:38 -0500] "GET /?pid=3392689822 HTTP/1.1" 200 282546 "-" "Mozilla/5.0 AppleWebKit/537.36 (KHTML, like Gecko; compatible; bingbot/2.0; +http://www.bing.com/bingbot.htm) Chrome/116.0.1938.76 Safari/537.36"
52.167.144.16 - - [01/Sep/2026:06:50:29 -0500] "GET /?pid=3103808825 HTTP/1.1" 200 282546 "-" "Mozilla/5.0 AppleWebKit/537.36 (KHTML, like Gecko; compatible; bingbot/2.0; +http://www.bing.com/bingbot.htm) Chrome/116.0.1938.76 Safari/537.36"
52.167.144.16 - - [01/Sep/2026:06:50:32 -0500] "GET /?pid=264031214 HTTP/1.1" 200 282542 "-" "Mozilla/5.0 AppleWebKit/537.36 (KHTML, like Gecko; compatible; bingbot/2.0; +http://www.bing.com/bingbot.htm) Chrome/116.0.1938.76 Safari/537.36"
52.167.144.16 - - [01/Sep/2026:06:50:34 -0500] "GET /?pid=3520818632 HTTP/1.1" 200 282546 "-" "Mozilla/5.0 AppleWebKit/537.36 (KHTML, like Gecko; compatible; bingbot/2.0; +http://www.bing.com/bingbot.htm) Chrome/116.0.1938.76 Safari/537.36"
216.73.216.232 - - [01/Sep/2026:06:53:22 -0500] "GET /robots.txt HTTP/1.1" 200 101 "-" "Mozilla/5.0 AppleWebKit/537.36 (KHTML, like Gecko; compatible; ClaudeBot/1.0; +claudebot@anthropic.com)"
216.73.216.232 - - [01/Sep/2026:06:53:22 -0500] "GET /sitemap.xml HTTP/1.1" 301 - "-" "Mozilla/5.0 AppleWebKit/537.36 (KHTML, like Gecko; compatible; ClaudeBot/1.0; +claudebot@anthropic.com)"
216.73.216.232 - - [01/Sep/2026:06:53:23 -0500] "GET /sitemap.xml/ HTTP/1.1" 200 282528 "https://newbiomuseo.desarrollo.itsangee.com/sitemap.xml" "Mozilla/5.0 AppleWebKit/537.36 (KHTML, like Gecko; compatible; ClaudeBot/1.0; +claudebot@anthropic.com)"
52.167.144.187 - - [01/Sep/2026:06:56:27 -0500] "GET /?pid=1049497526 HTTP/1.1" 200 282546 "-" "Mozilla/5.0 AppleWebKit/537.36 (KHTML, like Gecko; compatible; bingbot/2.0; +http://www.bing.com/bingbot.htm) Chrome/116.0.1938.76 Safari/537.36"
52.167.144.187 - - [01/Sep/2026:06:58:47 -0500] "GET /?pid=2127092200 HTTP/1.1" 200 282546 "-" "Mozilla/5.0 AppleWebKit/537.36 (KHTML, like Gecko; compatible; bingbot/2.0; +http://www.bing.com/bingbot.htm) Chrome/116.0.1938.76 Safari/537.36"
52.167.144.192 - - [01/Sep/2026:06:58:52 -0500] "GET /?pid=3301762481 HTTP/1.1" 200 282546 "-" "Mozilla/5.0 AppleWebKit/537.36 (KHTML, like Gecko; compatible; bingbot/2.0; +http://www.bing.com/bingbot.htm) Chrome/116.0.1938.76 Safari/537.36"
52.167.144.192 - - [01/Sep/2026:07:02:32 -0500] "GET /?pid=815208093 HTTP/1.1" 200 282542 "-" "Mozilla/5.0 AppleWebKit/537.36 (KHTML, like Gecko; compatible; bingbot/2.0; +http://www.bing.com/bingbot.htm) Chrome/116.0.1938.76 Safari/537.36"
57.141.20.35 - - [01/Sep/2026:07:05:10 -0500] "GET /?page_id=2831 HTTP/1.1" 200 458688 "-" "Mozilla/5.0 (Macintosh; Intel Mac OS X 10_15_7) AppleWebKit/537.36 (KHTML, like Gecko) Chrome/145.0.0.0 Safari/537.36 (compatible; meta-externalagent/1.1 (+https://developers.facebook.com/docs/sharing/webmasters/crawler))"
40.77.167.41 - - [01/Sep/2026:07:06:31 -0500] "GET /?pid=2233881259 HTTP/1.1" 200 282546 "-" "Mozilla/5.0 AppleWebKit/537.36 (KHTML, like Gecko; compatible; bingbot/2.0; +http://www.bing.com/bingbot.htm) Chrome/116.0.1938.76 Safari/537.36"
40.77.167.41 - - [01/Sep/2026:07:06:33 -0500] "GET /?pid=6349489 HTTP/1.1" 200 282465 "-" "Mozilla/5.0 AppleWebKit/537.36 (KHTML, like Gecko; compatible; bingbot/2.0; +http://www.bing.com/bingbot.htm) Chrome/116.0.1938.76 Safari/537.36"
52.167.144.192 - - [01/Sep/2026:07:06:36 -0500] "GET /?pid=2470747351 HTTP/1.1" 200 282477 "-" "Mozilla/5.0 AppleWebKit/537.36 (KHTML, like Gecko; compatible; bingbot/2.0; +http://www.bing.com/bingbot.htm) Chrome/116.0.1938.76 Safari/537.36"
52.167.144.192 - - [01/Sep/2026:07:06:39 -0500] "GET /?pid=637270997 HTTP/1.1" 200 282473 "-" "Mozilla/5.0 AppleWebKit/537.36 (KHTML, like Gecko; compatible; bingbot/2.0; +http://www.bing.com/bingbot.htm) Chrome/116.0.1938.76 Safari/537.36"
52.167.144.162 - - [01/Sep/2026:07:06:42 -0500] "GET /?pid=1080865695 HTTP/1.1" 200 282546 "-" "Mozilla/5.0 AppleWebKit/537.36 (KHTML, like Gecko; compatible; bingbot/2.0; +http://www.bing.com/bingbot.htm) Chrome/116.0.1938.76 Safari/537.36"
52.167.144.163 - - [01/Sep/2026:07:10:31 -0500] "GET /?pid=4036946947 HTTP/1.1" 200 282546 "-" "Mozilla/5.0 AppleWebKit/537.36 (KHTML, like Gecko; compatible; bingbot/2.0; +http://www.bing.com/bingbot.htm) Chrome/116.0.1938.76 Safari/537.36"
57.141.20.61 - - [01/Sep/2026:07:14:26 -0500] "GET /?sitemap=posts&sitemap-subtype=page&paged=1 HTTP/1.1" 404 62220 "-" "Mozilla/5.0 (Windows NT 10.0; Win64; x64) AppleWebKit/537.36 (KHTML, like Gecko) Chrome/145.0.0.0 Safari/537.36 (compatible; meta-externalagent/1.1 (+https://developers.facebook.com/docs/sharing/webmasters/crawler))"
52.167.144.163 - - [01/Sep/2026:07:16:01 -0500] "GET /?pid=2505749362 HTTP/1.1" 200 282546 "-" "Mozilla/5.0 AppleWebKit/537.36 (KHTML, like Gecko; compatible; bingbot/2.0; +http://www.bing.com/bingbot.htm) Chrome/116.0.1938.76 Safari/537.36"
66.249.70.7 - - [01/Sep/2026:07:24:07 -0500] "GET /?pid=2802558642 HTTP/1.1" 200 282546 "-" "Mozilla/5.0 (Linux; Android 6.0.1; Nexus 5X Build/MMB29P) AppleWebKit/537.36 (KHTML, like Gecko) Chrome/151.0.7922.173 Mobile Safari/537.36 (compatible; Googlebot/2.1; +http://www.google.com/bot.html)"
52.167.144.179 - - [01/Sep/2026:07:25:43 -0500] "GET /?pid=1320572802 HTTP/1.1" 200 282546 "-" "Mozilla/5.0 AppleWebKit/537.36 (KHTML, like Gecko; compatible; bingbot/2.0; +http://www.bing.com/bingbot.htm) Chrome/116.0.1938.76 Safari/537.36"
66.249.70.8 - - [01/Sep/2026:07:26:21 -0500] "GET /?pid=1430878296 HTTP/1.1" 200 282546 "-" "Mozilla/5.0 (Linux; Android 6.0.1; Nexus 5X Build/MMB29P) AppleWebKit/537.36 (KHTML, like Gecko) Chrome/151.0.7922.173 Mobile Safari/537.36 (compatible; Googlebot/2.1; +http://www.google.com/bot.html)"
66.249.70.6 - - [01/Sep/2026:07:36:00 -0500] "GET /?pid=3059733579 HTTP/1.1" 200 282546 "-" "Mozilla/5.0 (Linux; Android 6.0.1; Nexus 5X Build/MMB29P) AppleWebKit/537.36 (KHTML, like Gecko) Chrome/151.0.7922.173 Mobile Safari/537.36 (compatible; Googlebot/2.1; +http://www.google.com/bot.html)"
114.119.133.1 - - [01/Sep/2026:07:36:36 -0500] "GET /wp-content/uploads/2024/10/44-9.webp HTTP/1.1" 200 72076 "https://newbiomuseo.desarrollo.itsangee.com/?page_id=2886" "Mozilla/5.0 (Linux; Android 7.0;) AppleWebKit/537.36 (HTML, like Gecko) Mobile Safari/537.36 (compatible; PetalBot;+https://webmaster.petalsearch.com/site/petalbot)"
114.119.139.207 - - [01/Sep/2026:07:37:59 -0500] "GET /wp-content/uploads/2024/10/09-4.webp HTTP/1.1" 200 109984 "https://newbiomuseo.desarrollo.itsangee.com/?page_id=2886" "Mozilla/5.0 (Linux; Android 7.0;) AppleWebKit/537.36 (HTML, like Gecko) Mobile Safari/537.36 (compatible; PetalBot;+https://webmaster.petalsearch.com/site/petalbot)"
66.249.70.8 - - [01/Sep/2026:07:47:29 -0500] "GET /?pid=3237978726 HTTP/1.1" 200 282546 "-" "Mozilla/5.0 (Linux; Android 6.0.1; Nexus 5X Build/MMB29P) AppleWebKit/537.36 (KHTML, like Gecko) Chrome/151.0.7922.173 Mobile Safari/537.36 (compatible; Googlebot/2.1; +http://www.google.com/bot.html)"
114.119.149.232 - - [01/Sep/2026:07:51:55 -0500] "GET /wp-sitemap-posts-post-1.xml HTTP/1.1" 301 - "https://newbiomuseo.desarrollo.itsangee.com/wp-sitemap-posts-post-1.xml" "Mozilla/5.0 (Linux; Android 7.0;) AppleWebKit/537.36 (HTML, like Gecko) Mobile Safari/537.36 (compatible; PetalBot;+https://webmaster.petalsearch.com/site/petalbot)"
114.119.149.232 - - [01/Sep/2026:07:51:57 -0500] "GET /wp-sitemap-posts-post-1.xml/ HTTP/1.1" 200 282592 "https://newbiomuseo.desarrollo.itsangee.com/wp-sitemap-posts-post-1.xml" "Mozilla/5.0 (Linux; Android 7.0;) AppleWebKit/537.36 (HTML, like Gecko) Mobile Safari/537.36 (compatible; PetalBot;+https://webmaster.petalsearch.com/site/petalbot)"
114.119.131.123 - - [01/Sep/2026:07:53:18 -0500] "GET /wp-content/uploads/2024/10/34-2.webp HTTP/1.1" 200 103982 "https://newbiomuseo.desarrollo.itsangee.com/?page_id=2886" "Mozilla/5.0 (Linux; Android 7.0;) AppleWebKit/537.36 (HTML, like Gecko) Mobile Safari/537.36 (compatible; PetalBot;+https://webmaster.petalsearch.com/site/petalbot)"
66.249.70.8 - - [01/Sep/2026:07:53:19 -0500] "GET /?pid=25663911 HTTP/1.1" 200 282538 "-" "Mozilla/5.0 (Linux; Android 6.0.1; Nexus 5X Build/MMB29P) AppleWebKit/537.36 (KHTML, like Gecko) Chrome/151.0.7922.173 Mobile Safari/537.36 (compatible; Googlebot/2.1; +http://www.google.com/bot.html)"
114.119.153.97 - - [01/Sep/2026:07:54:42 -0500] "GET /wp-content/uploads/2024/10/27-2.webp HTTP/1.1" 200 118544 "https://newbiomuseo.desarrollo.itsangee.com/?page_id=2886" "Mozilla/5.0 (Linux; Android 7.0;) AppleWebKit/537.36 (HTML, like Gecko) Mobile Safari/537.36 (compatible; PetalBot;+https://webmaster.petalsearch.com/site/petalbot)"
165.232.84.100 - - [01/Sep/2026:07:55:41 -0500] "GET / HTTP/1.1" 200 282486 "-" "Mozilla/5.0 (Macintosh; Intel Mac OS X 10_15_7) AppleWebKit/537.36 (KHTML, like Gecko) Chrome/146.0.0.0 Safari/537.36"
114.119.131.123 - - [01/Sep/2026:07:56:05 -0500] "GET /wp-content/uploads/2024/10/01-3.webp HTTP/1.1" 200 37010 "https://newbiomuseo.desarrollo.itsangee.com/?page_id=2886" "Mozilla/5.0 (Linux; Android 7.0;) AppleWebKit/537.36 (HTML, like Gecko) Mobile Safari/537.36 (compatible; PetalBot;+https://webmaster.petalsearch.com/site/petalbot)"
114.119.139.207 - - [01/Sep/2026:07:57:30 -0500] "GET /en/clayton-ayer-y-hoy/ HTTP/1.1" 200 285194 "https://newbiomuseo.desarrollo.itsangee.com/en/clayton-ayer-y-hoy" "Mozilla/5.0 (Linux; Android 7.0;) AppleWebKit/537.36 (HTML, like Gecko) Mobile Safari/537.36 (compatible; PetalBot;+https://webmaster.petalsearch.com/site/petalbot)"
51.89.71.153 - - [01/Sep/2026:07:58:45 -0500] "GET /sitemap.xml HTTP/1.1" 301 - "-" "Mozilla/5.0 (compatible; AhrefsBot/7.0; +http://ahrefs.com/robot/)"
51.89.71.153 - - [01/Sep/2026:07:58:46 -0500] "GET /sitemap.xml/ HTTP/1.1" 200 282528 "-" "Mozilla/5.0 (compatible; AhrefsBot/7.0; +http://ahrefs.com/robot/)"
66.249.78.7 - - [01/Sep/2026:07:58:46 -0500] "GET /?pid=106317821 HTTP/1.1" 200 282542 "-" "Mozilla/5.0 (Linux; Android 6.0.1; Nexus 5X Build/MMB29P) AppleWebKit/537.36 (KHTML, like Gecko) Chrome/151.0.7922.173 Mobile Safari/537.36 (compatible; Googlebot/2.1; +http://www.google.com/bot.html)"
205.254.174.87 - - [01/Sep/2026:07:59:37 -0500] "GET / HTTP/1.1" 200 282569 "-" "Mozilla/5.0 (compatible)"
205.254.174.87 - - [01/Sep/2026:07:59:43 -0500] "POST /wp-json/batch/v1 HTTP/1.1" 200 282544 "-" "Mozilla/5.0 (compatible)"
205.254.174.87 - - [01/Sep/2026:07:59:48 -0500] "POST /?rest_route=/batch/v1 HTTP/1.1" 207 501 "-" "Mozilla/5.0 (compatible)"
205.254.174.87 - - [01/Sep/2026:07:59:50 -0500] "POST /?rest_route=/batch/v1 HTTP/1.1" 207 501 "-" "Mozilla/5.0 (compatible)"
205.254.174.87 - - [01/Sep/2026:07:59:52 -0500] "POST /?rest_route=/batch/v1 HTTP/1.1" 207 501 "-" "Mozilla/5.0 (compatible)"
20.220.204.93 - - [01/Sep/2026:08:03:11 -0500] "GET /wp-content/plugins/hellopress/wp_filemanager.php HTTP/1.1" 200 282695 "-" "-"
20.220.204.93 - - [01/Sep/2026:08:03:11 -0500] "GET /this_is_a_new_hello_world.php HTTP/1.1" 200 282619 "-" "-"
20.220.204.93 - - [01/Sep/2026:08:03:11 -0500] "GET /fsfrl.php HTTP/1.1" 301 - "-" "-"
20.220.204.93 - - [01/Sep/2026:08:03:12 -0500] "GET /fsfrl.php/ HTTP/1.1" 200 282457 "-" "-"
20.220.204.93 - - [01/Sep/2026:08:03:14 -0500] "GET /xrp.php HTTP/1.1" 301 - "-" "-"
20.220.204.93 - - [01/Sep/2026:08:03:15 -0500] "GET /xrp.php/ HTTP/1.1" 200 282449 "-" "-"
20.220.204.93 - - [01/Sep/2026:08:03:17 -0500] "GET /zwso.php HTTP/1.1" 200 282535 "-" "-"
20.220.204.93 - - [01/Sep/2026:08:03:17 -0500] "GET //mar.php HTTP/1.1" 200 282531 "-" "-"
20.220.204.93 - - [01/Sep/2026:08:03:17 -0500] "GET /3.php HTTP/1.1" 200 282523 "-" "-"
20.220.204.93 - - [01/Sep/2026:08:03:17 -0500] "GET /css.php HTTP/1.1" 200 282531 "-" "-"
20.220.204.93 - - [01/Sep/2026:08:03:18 -0500] "GET /samll.php HTTP/1.1" 200 282539 "-" "-"
20.220.204.93 - - [01/Sep/2026:08:03:18 -0500] "GET /js.php HTTP/1.1" 200 282527 "-" "-"
20.220.204.93 - - [01/Sep/2026:08:03:18 -0500] "GET //go.php HTTP/1.1" 200 282527 "-" "-"
20.220.204.93 - - [01/Sep/2026:08:03:18 -0500] "GET /esp.php HTTP/1.1" 200 282531 "-" "-"
20.220.204.93 - - [01/Sep/2026:08:03:18 -0500] "GET /ho.php HTTP/1.1" 200 282527 "-" "-"
20.220.204.93 - - [01/Sep/2026:08:03:18 -0500] "GET /bhigtouj.php HTTP/1.1" 301 - "-" "-"
20.220.204.93 - - [01/Sep/2026:08:03:19 -0500] "GET /bhigtouj.php/ HTTP/1.1" 200 282469 "-" "-"
20.220.204.93 - - [01/Sep/2026:08:03:21 -0500] "GET /cilus.php HTTP/1.1" 200 282539 "-" "-"
20.220.204.93 - - [01/Sep/2026:08:03:21 -0500] "GET /.cache.php HTTP/1.1" 301 - "-" "-"
20.220.204.93 - - [01/Sep/2026:08:03:22 -0500] "GET /.cache.php/ HTTP/1.1" 200 282461 "-" "-"
20.220.204.93 - - [01/Sep/2026:08:03:24 -0500] "GET /UT6UJndefault.php HTTP/1.1" 301 - "-" "-"
20.220.204.93 - - [01/Sep/2026:08:03:25 -0500] "GET /UT6UJndefault.php/ HTTP/1.1" 200 282489 "-" "-"
20.220.204.93 - - [01/Sep/2026:08:03:27 -0500] "GET /tvbxn.php HTTP/1.1" 301 - "-" "-"
20.220.204.93 - - [01/Sep/2026:08:03:28 -0500] "GET /tvbxn.php/ HTTP/1.1" 200 282457 "-" "-"
20.220.204.93 - - [01/Sep/2026:08:03:30 -0500] "GET /bn.php HTTP/1.1" 200 282527 "-" "-"
20.220.204.93 - - [01/Sep/2026:08:03:30 -0500] "GET /aqotrjkg.php HTTP/1.1" 301 - "-" "-"
20.220.204.93 - - [01/Sep/2026:08:03:31 -0500] "GET /aqotrjkg.php/ HTTP/1.1" 200 282469 "-" "-"
20.220.204.93 - - [01/Sep/2026:08:03:33 -0500] "GET /curldect.php HTTP/1.1" 301 - "-" "-"
20.220.204.93 - - [01/Sep/2026:08:03:34 -0500] "GET /curldect.php/ HTTP/1.1" 200 282469 "-" "-"
20.220.204.93 - - [01/Sep/2026:08:03:38 -0500] "GET /w1px.php HTTP/1.1" 200 282535 "-" "-"
20.220.204.93 - - [01/Sep/2026:08:03:38 -0500] "GET /xmini4.php HTTP/1.1" 200 282543 "-" "-"
20.220.204.93 - - [01/Sep/2026:08:03:38 -0500] "GET /ccc.php HTTP/1.1" 200 282531 "-" "-"
20.220.204.93 - - [01/Sep/2026:08:03:38 -0500] "GET /accesson.php HTTP/1.1" 200 282551 "-" "-"
20.220.204.93 - - [01/Sep/2026:08:03:39 -0500] "GET //000.php HTTP/1.1" 200 282531 "-" "-"
20.220.204.93 - - [01/Sep/2026:08:03:39 -0500] "GET /29.php HTTP/1.1" 301 - "-" "-"
20.220.204.93 - - [01/Sep/2026:08:03:41 -0500] "GET /29.php/ HTTP/1.1" 200 282445 "-" "-"
20.220.204.93 - - [01/Sep/2026:08:03:44 -0500] "GET /faiy.php HTTP/1.1" 301 - "-" "-"
20.220.204.93 - - [01/Sep/2026:08:03:46 -0500] "GET /faiy.php/ HTTP/1.1" 200 282453 "-" "-"
20.220.204.93 - - [01/Sep/2026:08:03:49 -0500] "GET //ho.php HTTP/1.1" 200 282527 "-" "-"
20.220.204.93 - - [01/Sep/2026:08:03:49 -0500] "GET /e219b53abbindex.php HTTP/1.1" 301 - "-" "-"
20.220.204.93 - - [01/Sep/2026:08:03:51 -0500] "GET /e219b53abbindex.php/ HTTP/1.1" 200 282491 "-" "-"
20.220.204.93 - - [01/Sep/2026:08:03:53 -0500] "GET /XrdbXydefault.php HTTP/1.1" 301 - "-" "-"
20.220.204.93 - - [01/Sep/2026:08:03:55 -0500] "GET /XrdbXydefault.php/ HTTP/1.1" 200 282489 "-" "-"
20.220.204.93 - - [01/Sep/2026:08:03:58 -0500] "GET /82.php HTTP/1.1" 200 282527 "-" "-"
20.220.204.93 - - [01/Sep/2026:08:03:58 -0500] "GET //20.php HTTP/1.1" 301 - "-" "-"
20.220.204.93 - - [01/Sep/2026:08:04:00 -0500] "GET /20.php/ HTTP/1.1" 200 282445 "-" "-"
20.220.204.93 - - [01/Sep/2026:08:04:03 -0500] "GET /a65.php HTTP/1.1" 301 - "-" "-"
20.220.204.93 - - [01/Sep/2026:08:04:05 -0500] "GET /a65.php/ HTTP/1.1" 200 282449 "-" "-"
20.220.204.93 - - [01/Sep/2026:08:04:08 -0500] "GET /ilex.php HTTP/1.1" 200 282535 "-" "-"
20.220.204.93 - - [01/Sep/2026:08:04:08 -0500] "GET /pqfpcelx.php HTTP/1.1" 301 - "-" "-"
20.220.204.93 - - [01/Sep/2026:08:04:10 -0500] "GET /pqfpcelx.php/ HTTP/1.1" 200 282469 "-" "-"
20.220.204.93 - - [01/Sep/2026:08:04:12 -0500] "GET /f35.update.php HTTP/1.1" 200 282559 "-" "-"
20.220.204.93 - - [01/Sep/2026:08:04:13 -0500] "GET /zoo1.php HTTP/1.1" 200 282535 "-" "-"
20.220.204.93 - - [01/Sep/2026:08:04:13 -0500] "GET /ot.php HTTP/1.1" 200 282527 "-" "-"
20.220.204.93 - - [01/Sep/2026:08:04:13 -0500] "GET /edorxrr.php HTTP/1.1" 301 - "-" "-"
20.220.204.93 - - [01/Sep/2026:08:04:15 -0500] "GET /edorxrr.php/ HTTP/1.1" 200 282465 "-" "-"
20.220.204.93 - - [01/Sep/2026:08:04:17 -0500] "GET /zoo2.php HTTP/1.1" 200 282535 "-" "-"
20.220.204.93 - - [01/Sep/2026:08:04:18 -0500] "GET /hywzd.php HTTP/1.1" 301 - "-" "-"
20.220.204.93 - - [01/Sep/2026:08:04:20 -0500] "GET /hywzd.php/ HTTP/1.1" 200 282457 "-" "-"
20.220.204.93 - - [01/Sep/2026:08:04:23 -0500] "GET /simple.php HTTP/1.1" 200 282543 "-" "-"
20.220.204.93 - - [01/Sep/2026:08:04:23 -0500] "GET /acf1ced8aec2.php HTTP/1.1" 301 - "-" "-"
20.220.204.93 - - [01/Sep/2026:08:04:25 -0500] "GET /acf1ced8aec2.php/ HTTP/1.1" 200 282485 "-" "-"
20.220.204.93 - - [01/Sep/2026:08:04:28 -0500] "GET /wp-trackback.php HTTP/1.1" 200 136 "-" "-"
20.220.204.93 - - [01/Sep/2026:08:04:30 -0500] "GET /coffe.php HTTP/1.1" 200 282539 "-" "-"
20.220.204.93 - - [01/Sep/2026:08:04:31 -0500] "GET //goods.php HTTP/1.1" 200 282539 "-" "-"
20.220.204.93 - - [01/Sep/2026:08:04:31 -0500] "GET /asax.php HTTP/1.1" 200 282535 "-" "-"
20.220.204.93 - - [01/Sep/2026:08:04:31 -0500] "GET /cjhnp.php HTTP/1.1" 301 - "-" "-"
20.220.204.93 - - [01/Sep/2026:08:04:32 -0500] "GET /cjhnp.php/ HTTP/1.1" 200 282457 "-" "-"
20.220.204.93 - - [01/Sep/2026:08:04:34 -0500] "GET /jlex.php HTTP/1.1" 200 282535 "-" "-"
20.220.204.93 - - [01/Sep/2026:08:04:35 -0500] "GET /kerang.php HTTP/1.1" 200 282543 "-" "-"
20.220.204.93 - - [01/Sep/2026:08:04:35 -0500] "GET /local.php HTTP/1.1" 200 282539 "-" "-"
20.220.204.93 - - [01/Sep/2026:08:04:35 -0500] "GET /kbqhb.php HTTP/1.1" 301 - "-" "-"
20.220.204.93 - - [01/Sep/2026:08:04:36 -0500] "GET /kbqhb.php/ HTTP/1.1" 200 282457 "-" "-"
66.249.78.6 - - [01/Sep/2026:08:06:12 -0500] "GET /?pid=2552122700 HTTP/1.1" 200 282546 "-" "Mozilla/5.0 (Linux; Android 6.0.1; Nexus 5X Build/MMB29P) AppleWebKit/537.36 (KHTML, like Gecko) Chrome/151.0.7922.173 Mobile Safari/537.36 (compatible; Googlebot/2.1; +http://www.google.com/bot.html)"
66.249.78.8 - - [01/Sep/2026:08:09:26 -0500] "GET /?pid=1346581366 HTTP/1.1" 200 282546 "-" "Mozilla/5.0 (Linux; Android 6.0.1; Nexus 5X Build/MMB29P) AppleWebKit/537.36 (KHTML, like Gecko) Chrome/151.0.7922.173 Mobile Safari/537.36 (compatible; Googlebot/2.1; +http://www.google.com/bot.html)"
173.252.95.20 - - [01/Sep/2026:08:11:43 -0500] "GET /robots.txt HTTP/1.1" 206 101 "-" "facebookexternalhit/1.1 (+http://www.facebook.com/externalhit_uatext.php)"
66.249.70.6 - - [01/Sep/2026:08:11:55 -0500] "GET /?pid=3322152006 HTTP/1.1" 200 282546 "-" "Mozilla/5.0 (Linux; Android 6.0.1; Nexus 5X Build/MMB29P) AppleWebKit/537.36 (KHTML, like Gecko) Chrome/151.0.7922.173 Mobile Safari/537.36 (compatible; Googlebot/2.1; +http://www.google.com/bot.html)"
66.249.70.7 - - [01/Sep/2026:08:12:53 -0500] "GET /?pid=957812828 HTTP/1.1" 200 282542 "-" "Mozilla/5.0 (Linux; Android 6.0.1; Nexus 5X Build/MMB29P) AppleWebKit/537.36 (KHTML, like Gecko) Chrome/151.0.7922.173 Mobile Safari/537.36 (compatible; Googlebot/2.1; +http://www.google.com/bot.html)"
