152.42.244.85 - - [03/Sep/2026:14:48:10 -0500] "GET /wp-login.php?redirect_to=https%3A%2F%2Fnewbiomuseo.desarrollo.itsangee.com%2Fwp-admin%2Findex.php&reauth=1 HTTP/1.1" 200 11366 "https://newbiomuseo.desarrollo.itsangee.com/wp-login.php" "Mozilla/5.0 (Macintosh; Intel Mac OS X 13_6_1) AppleWebKit/605.1.15 (KHTML, like Gecko) Version/17.0 Safari/605.1.15"
152.42.244.85 - - [03/Sep/2026:14:48:30 -0500] "POST /wp-login.php HTTP/1.1" 200 11654 "https://newbiomuseo.desarrollo.itsangee.com/wp-login.php" "Mozilla/5.0 (Macintosh; Intel Mac OS X 13_6_1) AppleWebKit/537.36 (KHTML, like Gecko) Chrome/120.0.0.0 Safari/537.36"
152.42.244.85 - - [03/Sep/2026:14:48:57 -0500] "GET /wp-admin/index.php HTTP/1.1" 302 - "https://newbiomuseo.desarrollo.itsangee.com/wp-login.php" "Mozilla/5.0 (Macintosh; Intel Mac OS X 13_6_1) AppleWebKit/537.36 (KHTML, like Gecko) Chrome/119.0.0.0 Safari/537.36"
152.42.244.85 - - [03/Sep/2026:14:49:14 -0500] "GET /wp-login.php?redirect_to=https%3A%2F%2Fnewbiomuseo.desarrollo.itsangee.com%2Fwp-admin%2Findex.php&reauth=1 HTTP/1.1" 200 11366 "https://newbiomuseo.desarrollo.itsangee.com/wp-login.php" "Mozilla/5.0 (Macintosh; Intel Mac OS X 13_6_1) AppleWebKit/537.36 (KHTML, like Gecko) Chrome/119.0.0.0 Safari/537.36"
152.42.244.85 - - [03/Sep/2026:14:49:30 -0500] "POST /wp-login.php HTTP/1.1" 200 11661 "https://newbiomuseo.desarrollo.itsangee.com/wp-login.php" "Mozilla/5.0 (Windows NT 11.0; Win64; x64; rv:119.0) Gecko/20100101 Firefox/119.0"
152.42.244.85 - - [03/Sep/2026:14:49:45 -0500] "GET /wp-admin/index.php HTTP/1.1" 302 - "https://newbiomuseo.desarrollo.itsangee.com/wp-login.php" "Mozilla/5.0 (Macintosh; Intel Mac OS X 10_15_7) AppleWebKit/537.36 (KHTML, like Gecko) Chrome/118.0.0.0 Safari/537.36"
152.42.244.85 - - [03/Sep/2026:14:49:58 -0500] "GET /wp-login.php?redirect_to=https%3A%2F%2Fnewbiomuseo.desarrollo.itsangee.com%2Fwp-admin%2Findex.php&reauth=1 HTTP/1.1" 200 11366 "https://newbiomuseo.desarrollo.itsangee.com/wp-login.php" "Mozilla/5.0 (Macintosh; Intel Mac OS X 10_15_7) AppleWebKit/537.36 (KHTML, like Gecko) Chrome/118.0.0.0 Safari/537.36"
40.77.167.79 - - [03/Sep/2026:14:50:00 -0500] "GET /?pid=3990418569 HTTP/1.1" 200 282546 "-" "Mozilla/5.0 AppleWebKit/537.36 (KHTML, like Gecko; compatible; bingbot/2.0; +http://www.bing.com/bingbot.htm) Chrome/116.0.1938.76 Safari/537.36"
152.42.244.85 - - [03/Sep/2026:14:50:17 -0500] "POST /wp-login.php HTTP/1.1" 200 11657 "https://newbiomuseo.desarrollo.itsangee.com/wp-login.php" "Mozilla/5.0 (Macintosh; Intel Mac OS X 10_15_7) AppleWebKit/537.36 (KHTML, like Gecko) Chrome/119.0.0.0 Safari/537.36"
152.42.244.85 - - [03/Sep/2026:14:50:34 -0500] "GET /wp-admin/index.php HTTP/1.1" 302 - "https://newbiomuseo.desarrollo.itsangee.com/wp-login.php" "Mozilla/5.0 (Windows NT 10.0; Win64; x64; rv:120.0) Gecko/20100101 Firefox/120.0"
152.42.244.85 - - [03/Sep/2026:14:50:49 -0500] "GET /wp-login.php?redirect_to=https%3A%2F%2Fnewbiomuseo.desarrollo.itsangee.com%2Fwp-admin%2Findex.php&reauth=1 HTTP/1.1" 200 11366 "https://newbiomuseo.desarrollo.itsangee.com/wp-login.php" "Mozilla/5.0 (Windows NT 10.0; Win64; x64; rv:120.0) Gecko/20100101 Firefox/120.0"
152.42.244.85 - - [03/Sep/2026:14:51:04 -0500] "POST /wp-login.php HTTP/1.1" 200 11656 "https://newbiomuseo.desarrollo.itsangee.com/wp-login.php" "Mozilla/5.0 (Macintosh; Intel Mac OS X 13_6_1) AppleWebKit/605.1.15 (KHTML, like Gecko) Version/17.1 Safari/605.1.15"
152.42.244.85 - - [03/Sep/2026:14:51:19 -0500] "GET /wp-admin/index.php HTTP/1.1" 302 - "https://newbiomuseo.desarrollo.itsangee.com/wp-login.php" "Mozilla/5.0 (Macintosh; Intel Mac OS X 10_15_7) AppleWebKit/537.36 (KHTML, like Gecko) Chrome/118.0.0.0 Safari/537.36"
152.42.244.85 - - [03/Sep/2026:14:51:33 -0500] "GET /wp-login.php?redirect_to=https%3A%2F%2Fnewbiomuseo.desarrollo.itsangee.com%2Fwp-admin%2Findex.php&reauth=1 HTTP/1.1" 200 11366 "https://newbiomuseo.desarrollo.itsangee.com/wp-login.php" "Mozilla/5.0 (Macintosh; Intel Mac OS X 10_15_7) AppleWebKit/537.36 (KHTML, like Gecko) Chrome/118.0.0.0 Safari/537.36"
152.42.244.85 - - [03/Sep/2026:14:51:47 -0500] "POST /wp-login.php HTTP/1.1" 200 11663 "https://newbiomuseo.desarrollo.itsangee.com/wp-login.php" "Mozilla/5.0 (Macintosh; Intel Mac OS X 10_15_7; rv:120.0) Gecko/20100101 Firefox/120.0"
152.42.244.85 - - [03/Sep/2026:14:52:02 -0500] "GET /wp-admin/index.php HTTP/1.1" 302 - "https://newbiomuseo.desarrollo.itsangee.com/wp-login.php" "Mozilla/5.0 (Macintosh; Intel Mac OS X 13_6_1) AppleWebKit/605.1.15 (KHTML, like Gecko) Version/17.1 Safari/605.1.15"
152.42.244.85 - - [03/Sep/2026:14:52:17 -0500] "GET /wp-login.php?redirect_to=https%3A%2F%2Fnewbiomuseo.desarrollo.itsangee.com%2Fwp-admin%2Findex.php&reauth=1 HTTP/1.1" 200 11366 "https://newbiomuseo.desarrollo.itsangee.com/wp-login.php" "Mozilla/5.0 (Macintosh; Intel Mac OS X 13_6_1) AppleWebKit/605.1.15 (KHTML, like Gecko) Version/17.1 Safari/605.1.15"
152.42.244.85 - - [03/Sep/2026:14:52:24 -0500] "POST /wp-login.php HTTP/1.1" 200 11660 "https://newbiomuseo.desarrollo.itsangee.com/wp-login.php" "Mozilla/5.0 (Windows NT 10.0; Win64; x64; rv:121.0) Gecko/20100101 Firefox/121.0"
152.42.244.85 - - [03/Sep/2026:14:52:39 -0500] "GET /wp-admin/index.php HTTP/1.1" 302 - "https://newbiomuseo.desarrollo.itsangee.com/wp-login.php" "Mozilla/5.0 (Windows NT 11.0; Win64; x64; rv:119.0) Gecko/20100101 Firefox/119.0"
66.132.172.200 - - [03/Sep/2026:14:52:47 -0500] "GET / HTTP/1.1" 301 - "-" "Mozilla/5.0 (compatible; CensysInspect/1.1; +https://about.censys.io/)"
52.167.144.175 - - [03/Sep/2026:14:52:53 -0500] "GET /?pid=3519222114 HTTP/1.1" 200 282546 "-" "Mozilla/5.0 AppleWebKit/537.36 (KHTML, like Gecko; compatible; bingbot/2.0; +http://www.bing.com/bingbot.htm) Chrome/116.0.1938.76 Safari/537.36"
152.42.244.85 - - [03/Sep/2026:14:52:55 -0500] "GET /wp-login.php?redirect_to=https%3A%2F%2Fnewbiomuseo.desarrollo.itsangee.com%2Fwp-admin%2Findex.php&reauth=1 HTTP/1.1" 200 11366 "https://newbiomuseo.desarrollo.itsangee.com/wp-login.php" "Mozilla/5.0 (Windows NT 11.0; Win64; x64; rv:119.0) Gecko/20100101 Firefox/119.0"
152.42.244.85 - - [03/Sep/2026:14:53:08 -0500] "POST /wp-login.php HTTP/1.1" 200 11655 "https://newbiomuseo.desarrollo.itsangee.com/wp-login.php" "Mozilla/5.0 (Macintosh; Intel Mac OS X 13_6_1; rv:119.0) Gecko/20100101 Firefox/119.0"
152.42.244.85 - - [03/Sep/2026:14:53:22 -0500] "GET /wp-admin/index.php HTTP/1.1" 302 - "https://newbiomuseo.desarrollo.itsangee.com/wp-login.php" "Mozilla/5.0 (Macintosh; Intel Mac OS X 13_6_1) AppleWebKit/605.1.15 (KHTML, like Gecko) Version/17.1 Safari/605.1.15"
152.42.244.85 - - [03/Sep/2026:14:53:35 -0500] "GET /wp-login.php?redirect_to=https%3A%2F%2Fnewbiomuseo.desarrollo.itsangee.com%2Fwp-admin%2Findex.php&reauth=1 HTTP/1.1" 200 11366 "https://newbiomuseo.desarrollo.itsangee.com/wp-login.php" "Mozilla/5.0 (Macintosh; Intel Mac OS X 13_6_1) AppleWebKit/605.1.15 (KHTML, like Gecko) Version/17.1 Safari/605.1.15"
152.42.244.85 - - [03/Sep/2026:14:54:03 -0500] "POST /wp-login.php HTTP/1.1" 200 11655 "https://newbiomuseo.desarrollo.itsangee.com/wp-login.php" "Mozilla/5.0 (X11; Linux x86_64) AppleWebKit/537.36 (KHTML, like Gecko) Chrome/121.0.0.0 Safari/537.36"
152.42.244.85 - - [03/Sep/2026:14:54:20 -0500] "GET /wp-admin/index.php HTTP/1.1" 302 - "https://newbiomuseo.desarrollo.itsangee.com/wp-login.php" "Mozilla/5.0 (Macintosh; Intel Mac OS X 13_6_1) AppleWebKit/537.36 (KHTML, like Gecko) Chrome/121.0.0.0 Safari/537.36"
152.42.244.85 - - [03/Sep/2026:14:54:38 -0500] "GET /wp-login.php?redirect_to=https%3A%2F%2Fnewbiomuseo.desarrollo.itsangee.com%2Fwp-admin%2Findex.php&reauth=1 HTTP/1.1" 200 11366 "https://newbiomuseo.desarrollo.itsangee.com/wp-login.php" "Mozilla/5.0 (Macintosh; Intel Mac OS X 13_6_1) AppleWebKit/537.36 (KHTML, like Gecko) Chrome/121.0.0.0 Safari/537.36"
152.42.244.85 - - [03/Sep/2026:14:54:56 -0500] "POST /wp-login.php HTTP/1.1" 200 11659 "https://newbiomuseo.desarrollo.itsangee.com/wp-login.php" "Mozilla/5.0 (Macintosh; Intel Mac OS X 10_15_7) AppleWebKit/605.1.15 (KHTML, like Gecko) Version/17.0 Safari/605.1.15"
152.42.244.85 - - [03/Sep/2026:14:55:16 -0500] "GET /wp-admin/index.php HTTP/1.1" 302 - "https://newbiomuseo.desarrollo.itsangee.com/wp-login.php" "Mozilla/5.0 (X11; Ubuntu; Linux x86_64) AppleWebKit/537.36 (KHTML, like Gecko) Chrome/120.0.0.0 Safari/537.36"
152.42.244.85 - - [03/Sep/2026:14:55:36 -0500] "GET /wp-login.php?redirect_to=https%3A%2F%2Fnewbiomuseo.desarrollo.itsangee.com%2Fwp-admin%2Findex.php&reauth=1 HTTP/1.1" 200 11366 "https://newbiomuseo.desarrollo.itsangee.com/wp-login.php" "Mozilla/5.0 (X11; Ubuntu; Linux x86_64) AppleWebKit/537.36 (KHTML, like Gecko) Chrome/120.0.0.0 Safari/537.36"
152.42.244.85 - - [03/Sep/2026:14:55:54 -0500] "POST /wp-login.php HTTP/1.1" 200 11657 "https://newbiomuseo.desarrollo.itsangee.com/wp-login.php" "Mozilla/5.0 (Macintosh; Intel Mac OS X 10_15_7) AppleWebKit/605.1.15 (KHTML, like Gecko) Version/17.2 Safari/605.1.15"
152.42.244.85 - - [03/Sep/2026:14:56:11 -0500] "GET /wp-admin/index.php HTTP/1.1" 302 - "https://newbiomuseo.desarrollo.itsangee.com/wp-login.php" "Mozilla/5.0 (Windows NT 10.0; Win64; x64) AppleWebKit/537.36 (KHTML, like Gecko) Chrome/118.0.0.0 Safari/537.36"
152.42.244.85 - - [03/Sep/2026:14:56:31 -0500] "GET /wp-login.php?redirect_to=https%3A%2F%2Fnewbiomuseo.desarrollo.itsangee.com%2Fwp-admin%2Findex.php&reauth=1 HTTP/1.1" 200 11366 "https://newbiomuseo.desarrollo.itsangee.com/wp-login.php" "Mozilla/5.0 (Windows NT 10.0; Win64; x64) AppleWebKit/537.36 (KHTML, like Gecko) Chrome/118.0.0.0 Safari/537.36"
152.42.244.85 - - [03/Sep/2026:14:56:46 -0500] "POST /wp-login.php HTTP/1.1" 200 11663 "https://newbiomuseo.desarrollo.itsangee.com/wp-login.php" "Mozilla/5.0 (Macintosh; Intel Mac OS X 13_6_1) AppleWebKit/537.36 (KHTML, like Gecko) Chrome/118.0.0.0 Safari/537.36"
152.42.244.85 - - [03/Sep/2026:14:57:02 -0500] "GET /wp-admin/index.php HTTP/1.1" 302 - "https://newbiomuseo.desarrollo.itsangee.com/wp-login.php" "Mozilla/5.0 (Macintosh; Intel Mac OS X 13_6_1; rv:120.0) Gecko/20100101 Firefox/120.0"
152.42.244.85 - - [03/Sep/2026:14:57:21 -0500] "GET /wp-login.php?redirect_to=https%3A%2F%2Fnewbiomuseo.desarrollo.itsangee.com%2Fwp-admin%2Findex.php&reauth=1 HTTP/1.1" 200 11366 "https://newbiomuseo.desarrollo.itsangee.com/wp-login.php" "Mozilla/5.0 (Macintosh; Intel Mac OS X 13_6_1; rv:120.0) Gecko/20100101 Firefox/120.0"
52.167.144.184 - - [03/Sep/2026:14:57:29 -0500] "GET /?pid=3247619266 HTTP/1.1" 200 282546 "-" "Mozilla/5.0 AppleWebKit/537.36 (KHTML, like Gecko; compatible; bingbot/2.0; +http://www.bing.com/bingbot.htm) Chrome/116.0.1938.76 Safari/537.36"
52.167.144.175 - - [03/Sep/2026:14:57:33 -0500] "GET /?pid=6408852 HTTP/1.1" 200 282534 "-" "Mozilla/5.0 AppleWebKit/537.36 (KHTML, like Gecko; compatible; bingbot/2.0; +http://www.bing.com/bingbot.htm) Chrome/116.0.1938.76 Safari/537.36"
152.42.244.85 - - [03/Sep/2026:14:57:40 -0500] "POST /wp-login.php HTTP/1.1" 200 11654 "https://newbiomuseo.desarrollo.itsangee.com/wp-login.php" "Mozilla/5.0 (Macintosh; Intel Mac OS X 13_6_1; rv:121.0) Gecko/20100101 Firefox/121.0"
152.42.244.85 - - [03/Sep/2026:14:57:57 -0500] "GET /wp-admin/index.php HTTP/1.1" 302 - "https://newbiomuseo.desarrollo.itsangee.com/wp-login.php" "Mozilla/5.0 (Macintosh; Intel Mac OS X 13_6_1; rv:120.0) Gecko/20100101 Firefox/120.0"
152.42.244.85 - - [03/Sep/2026:14:58:15 -0500] "GET /wp-login.php?redirect_to=https%3A%2F%2Fnewbiomuseo.desarrollo.itsangee.com%2Fwp-admin%2Findex.php&reauth=1 HTTP/1.1" 200 11366 "https://newbiomuseo.desarrollo.itsangee.com/wp-login.php" "Mozilla/5.0 (Macintosh; Intel Mac OS X 13_6_1; rv:120.0) Gecko/20100101 Firefox/120.0"
103.185.74.134 - - [03/Sep/2026:14:58:33 -0500] "GET /wp-login.php HTTP/1.1" 200 11232 "-" "Mozilla/5.0 (Windows NT 10.0; Win64; x64) AppleWebKit/537.36 (KHTML, like Gecko) Chrome/151.0.0.0 Safari/537.36"
152.42.244.85 - - [03/Sep/2026:14:58:35 -0500] "POST /wp-login.php HTTP/1.1" 200 11655 "https://newbiomuseo.desarrollo.itsangee.com/wp-login.php" "Mozilla/5.0 (Macintosh; Intel Mac OS X 13_6_1) AppleWebKit/605.1.15 (KHTML, like Gecko) Version/17.1 Safari/605.1.15"
152.42.244.85 - - [03/Sep/2026:14:58:51 -0500] "GET /wp-admin/index.php HTTP/1.1" 302 - "https://newbiomuseo.desarrollo.itsangee.com/wp-login.php" "Mozilla/5.0 (Macintosh; Intel Mac OS X 13_6_1) AppleWebKit/537.36 (KHTML, like Gecko) Chrome/119.0.0.0 Safari/537.36"
152.42.244.85 - - [03/Sep/2026:14:59:09 -0500] "GET /wp-login.php?redirect_to=https%3A%2F%2Fnewbiomuseo.desarrollo.itsangee.com%2Fwp-admin%2Findex.php&reauth=1 HTTP/1.1" 200 11366 "https://newbiomuseo.desarrollo.itsangee.com/wp-login.php" "Mozilla/5.0 (Macintosh; Intel Mac OS X 13_6_1) AppleWebKit/537.36 (KHTML, like Gecko) Chrome/119.0.0.0 Safari/537.36"
152.42.244.85 - - [03/Sep/2026:14:59:35 -0500] "POST /wp-login.php HTTP/1.1" 200 11538 "https://newbiomuseo.desarrollo.itsangee.com/wp-login.php" "Mozilla/5.0 (Macintosh; Intel Mac OS X 10_15_7) AppleWebKit/605.1.15 (KHTML, like Gecko) Version/17.2 Safari/605.1.15"
152.42.244.85 - - [03/Sep/2026:14:59:49 -0500] "GET /wp-admin/index.php HTTP/1.1" 302 - "https://newbiomuseo.desarrollo.itsangee.com/wp-login.php" "Mozilla/5.0 (Macintosh; Intel Mac OS X 10_15_7; rv:119.0) Gecko/20100101 Firefox/119.0"
152.42.244.85 - - [03/Sep/2026:15:00:03 -0500] "GET /wp-login.php?redirect_to=https%3A%2F%2Fnewbiomuseo.desarrollo.itsangee.com%2Fwp-admin%2Findex.php&reauth=1 HTTP/1.1" 200 11366 "https://newbiomuseo.desarrollo.itsangee.com/wp-login.php" "Mozilla/5.0 (Macintosh; Intel Mac OS X 10_15_7; rv:119.0) Gecko/20100101 Firefox/119.0"
52.167.144.184 - - [03/Sep/2026:15:00:20 -0500] "GET /?pid=2220956751 HTTP/1.1" 200 282546 "-" "Mozilla/5.0 AppleWebKit/537.36 (KHTML, like Gecko; compatible; bingbot/2.0; +http://www.bing.com/bingbot.htm) Chrome/116.0.1938.76 Safari/537.36"
152.42.244.85 - - [03/Sep/2026:15:00:27 -0500] "POST /wp-login.php HTTP/1.1" 200 11651 "https://newbiomuseo.desarrollo.itsangee.com/wp-login.php" "Mozilla/5.0 (Macintosh; Intel Mac OS X 13_6_1; rv:118.0) Gecko/20100101 Firefox/118.0"
52.167.144.170 - - [03/Sep/2026:15:00:30 -0500] "GET /?pid=3911525750 HTTP/1.1" 200 282546 "-" "Mozilla/5.0 AppleWebKit/537.36 (KHTML, like Gecko; compatible; bingbot/2.0; +http://www.bing.com/bingbot.htm) Chrome/116.0.1938.76 Safari/537.36"
152.42.244.85 - - [03/Sep/2026:15:00:45 -0500] "GET /wp-admin/index.php HTTP/1.1" 302 - "https://newbiomuseo.desarrollo.itsangee.com/wp-login.php" "Mozilla/5.0 (Windows NT 10.0; Win64; x64; rv:119.0) Gecko/20100101 Firefox/119.0"
152.42.244.85 - - [03/Sep/2026:15:01:02 -0500] "GET /wp-login.php?redirect_to=https%3A%2F%2Fnewbiomuseo.desarrollo.itsangee.com%2Fwp-admin%2Findex.php&reauth=1 HTTP/1.1" 200 11366 "https://newbiomuseo.desarrollo.itsangee.com/wp-login.php" "Mozilla/5.0 (Windows NT 10.0; Win64; x64; rv:119.0) Gecko/20100101 Firefox/119.0"
152.42.244.85 - - [03/Sep/2026:15:01:19 -0500] "POST /wp-login.php HTTP/1.1" 200 11653 "https://newbiomuseo.desarrollo.itsangee.com/wp-login.php" "Mozilla/5.0 (Macintosh; Intel Mac OS X 13_6_1) AppleWebKit/537.36 (KHTML, like Gecko) Chrome/119.0.0.0 Safari/537.36"
152.42.244.85 - - [03/Sep/2026:15:01:35 -0500] "GET /wp-admin/index.php HTTP/1.1" 302 - "https://newbiomuseo.desarrollo.itsangee.com/wp-login.php" "Mozilla/5.0 (Macintosh; Intel Mac OS X 13_6_1) AppleWebKit/605.1.15 (KHTML, like Gecko) Version/16.6 Safari/605.1.15"
152.42.244.85 - - [03/Sep/2026:15:01:51 -0500] "GET /wp-login.php?redirect_to=https%3A%2F%2Fnewbiomuseo.desarrollo.itsangee.com%2Fwp-admin%2Findex.php&reauth=1 HTTP/1.1" 200 11366 "https://newbiomuseo.desarrollo.itsangee.com/wp-login.php" "Mozilla/5.0 (Macintosh; Intel Mac OS X 13_6_1) AppleWebKit/605.1.15 (KHTML, like Gecko) Version/16.6 Safari/605.1.15"
152.42.244.85 - - [03/Sep/2026:15:02:05 -0500] "POST /wp-login.php HTTP/1.1" 200 11654 "https://newbiomuseo.desarrollo.itsangee.com/wp-login.php" "Mozilla/5.0 (Windows NT 10.0; Win64; x64) AppleWebKit/537.36 (KHTML, like Gecko) Chrome/120.0.0.0 Safari/537.36"
152.42.244.85 - - [03/Sep/2026:15:02:40 -0500] "GET /wp-admin/index.php HTTP/1.1" 302 - "https://newbiomuseo.desarrollo.itsangee.com/wp-login.php" "Mozilla/5.0 (X11; Ubuntu; Linux x86_64) AppleWebKit/537.36 (KHTML, like Gecko) Chrome/120.0.0.0 Safari/537.36"
152.42.244.85 - - [03/Sep/2026:15:02:52 -0500] "GET /wp-login.php?redirect_to=https%3A%2F%2Fnewbiomuseo.desarrollo.itsangee.com%2Fwp-admin%2Findex.php&reauth=1 HTTP/1.1" 200 11366 "https://newbiomuseo.desarrollo.itsangee.com/wp-login.php" "Mozilla/5.0 (X11; Ubuntu; Linux x86_64) AppleWebKit/537.36 (KHTML, like Gecko) Chrome/120.0.0.0 Safari/537.36"
152.42.244.85 - - [03/Sep/2026:15:03:03 -0500] "POST /wp-login.php HTTP/1.1" 200 11538 "https://newbiomuseo.desarrollo.itsangee.com/wp-login.php" "Mozilla/5.0 (Macintosh; Intel Mac OS X 13_6_1) AppleWebKit/605.1.15 (KHTML, like Gecko) Version/16.6 Safari/605.1.15"
152.42.244.85 - - [03/Sep/2026:15:03:16 -0500] "GET /wp-admin/index.php HTTP/1.1" 302 - "https://newbiomuseo.desarrollo.itsangee.com/wp-login.php" "Mozilla/5.0 (X11; Ubuntu; Linux x86_64) AppleWebKit/537.36 (KHTML, like Gecko) Chrome/119.0.0.0 Safari/537.36"
66.249.70.7 - - [03/Sep/2026:15:03:26 -0500] "GET /?pid=1680517834 HTTP/1.1" 200 282546 "-" "Mozilla/5.0 (Linux; Android 6.0.1; Nexus 5X Build/MMB29P) AppleWebKit/537.36 (KHTML, like Gecko) Chrome/151.0.7922.173 Mobile Safari/537.36 (compatible; Googlebot/2.1; +http://www.google.com/bot.html)"
152.42.244.85 - - [03/Sep/2026:15:03:28 -0500] "GET /wp-login.php?redirect_to=https%3A%2F%2Fnewbiomuseo.desarrollo.itsangee.com%2Fwp-admin%2Findex.php&reauth=1 HTTP/1.1" 200 11366 "https://newbiomuseo.desarrollo.itsangee.com/wp-login.php" "Mozilla/5.0 (X11; Ubuntu; Linux x86_64) AppleWebKit/537.36 (KHTML, like Gecko) Chrome/119.0.0.0 Safari/537.36"
152.42.244.85 - - [03/Sep/2026:15:03:39 -0500] "POST /wp-login.php HTTP/1.1" 200 11538 "https://newbiomuseo.desarrollo.itsangee.com/wp-login.php" "Mozilla/5.0 (Macintosh; Intel Mac OS X 13_6_1; rv:118.0) Gecko/20100101 Firefox/118.0"
66.249.70.7 - - [03/Sep/2026:15:03:45 -0500] "GET /wp-content/plugins/brizy/public/editor-build/prod/editor/icons/glyph/ticket-75.svg HTTP/1.1" 200 366 "https://newbiomuseo.desarrollo.itsangee.com/?pid=1680517834" "Mozilla/5.0 (Linux; Android 6.0.1; Nexus 5X Build/MMB29P) AppleWebKit/537.36 (KHTML, like Gecko) Chrome/151.0.7922.173 Mobile Safari/537.36 (compatible; Googlebot/2.1; +http://www.google.com/bot.html)"
152.42.244.85 - - [03/Sep/2026:15:03:50 -0500] "GET /wp-admin/index.php HTTP/1.1" 302 - "https://newbiomuseo.desarrollo.itsangee.com/wp-login.php" "Mozilla/5.0 (Macintosh; Intel Mac OS X 13_6_1) AppleWebKit/605.1.15 (KHTML, like Gecko) Version/17.2 Safari/605.1.15"
152.42.244.85 - - [03/Sep/2026:15:04:01 -0500] "GET /wp-login.php?redirect_to=https%3A%2F%2Fnewbiomuseo.desarrollo.itsangee.com%2Fwp-admin%2Findex.php&reauth=1 HTTP/1.1" 200 11366 "https://newbiomuseo.desarrollo.itsangee.com/wp-login.php" "Mozilla/5.0 (Macintosh; Intel Mac OS X 13_6_1) AppleWebKit/605.1.15 (KHTML, like Gecko) Version/17.2 Safari/605.1.15"
152.42.244.85 - - [03/Sep/2026:15:04:14 -0500] "POST /wp-login.php HTTP/1.1" 200 11660 "https://newbiomuseo.desarrollo.itsangee.com/wp-login.php" "Mozilla/5.0 (X11; Ubuntu; Linux x86_64) AppleWebKit/537.36 (KHTML, like Gecko) Chrome/118.0.0.0 Safari/537.36"
152.42.244.85 - - [03/Sep/2026:15:04:25 -0500] "GET /wp-admin/index.php HTTP/1.1" 302 - "https://newbiomuseo.desarrollo.itsangee.com/wp-login.php" "Mozilla/5.0 (X11; Ubuntu; Linux x86_64) AppleWebKit/537.36 (KHTML, like Gecko) Chrome/120.0.0.0 Safari/537.36"
152.42.244.85 - - [03/Sep/2026:15:04:36 -0500] "GET /wp-login.php?redirect_to=https%3A%2F%2Fnewbiomuseo.desarrollo.itsangee.com%2Fwp-admin%2Findex.php&reauth=1 HTTP/1.1" 200 11366 "https://newbiomuseo.desarrollo.itsangee.com/wp-login.php" "Mozilla/5.0 (X11; Ubuntu; Linux x86_64) AppleWebKit/537.36 (KHTML, like Gecko) Chrome/120.0.0.0 Safari/537.36"
152.42.244.85 - - [03/Sep/2026:15:04:58 -0500] "POST /wp-login.php HTTP/1.1" 200 11694 "https://newbiomuseo.desarrollo.itsangee.com/wp-login.php" "Mozilla/5.0 (Windows NT 10.0; Win64; x64; rv:121.0) Gecko/20100101 Firefox/121.0"
152.42.244.85 - - [03/Sep/2026:15:05:19 -0500] "GET /wp-admin/index.php HTTP/1.1" 302 - "https://newbiomuseo.desarrollo.itsangee.com/wp-login.php" "Mozilla/5.0 (Windows NT 11.0; Win64; x64) AppleWebKit/537.36 (KHTML, like Gecko) Chrome/119.0.0.0 Safari/537.36"
152.42.244.85 - - [03/Sep/2026:15:05:35 -0500] "GET /wp-login.php?redirect_to=https%3A%2F%2Fnewbiomuseo.desarrollo.itsangee.com%2Fwp-admin%2Findex.php&reauth=1 HTTP/1.1" 200 11366 "https://newbiomuseo.desarrollo.itsangee.com/wp-login.php" "Mozilla/5.0 (Windows NT 11.0; Win64; x64) AppleWebKit/537.36 (KHTML, like Gecko) Chrome/119.0.0.0 Safari/537.36"
152.42.244.85 - - [03/Sep/2026:15:05:52 -0500] "POST /wp-login.php HTTP/1.1" 200 11694 "https://newbiomuseo.desarrollo.itsangee.com/wp-login.php" "Mozilla/5.0 (Windows NT 10.0; Win64; x64) AppleWebKit/537.36 (KHTML, like Gecko) Chrome/118.0.0.0 Safari/537.36"
152.42.244.85 - - [03/Sep/2026:15:06:09 -0500] "GET /wp-admin/index.php HTTP/1.1" 302 - "https://newbiomuseo.desarrollo.itsangee.com/wp-login.php" "Mozilla/5.0 (Macintosh; Intel Mac OS X 13_6_1; rv:118.0) Gecko/20100101 Firefox/118.0"
152.42.244.85 - - [03/Sep/2026:15:06:17 -0500] "GET /wp-login.php?redirect_to=https%3A%2F%2Fnewbiomuseo.desarrollo.itsangee.com%2Fwp-admin%2Findex.php&reauth=1 HTTP/1.1" 200 11366 "https://newbiomuseo.desarrollo.itsangee.com/wp-login.php" "Mozilla/5.0 (Macintosh; Intel Mac OS X 13_6_1; rv:118.0) Gecko/20100101 Firefox/118.0"
152.42.244.85 - - [03/Sep/2026:15:06:32 -0500] "POST /wp-login.php HTTP/1.1" 200 11694 "https://newbiomuseo.desarrollo.itsangee.com/wp-login.php" "Mozilla/5.0 (Windows NT 10.0; Win64; x64) AppleWebKit/537.36 (KHTML, like Gecko) Chrome/121.0.0.0 Safari/537.36"
152.42.244.85 - - [03/Sep/2026:15:06:48 -0500] "GET /wp-admin/index.php HTTP/1.1" 302 - "https://newbiomuseo.desarrollo.itsangee.com/wp-login.php" "Mozilla/5.0 (Macintosh; Intel Mac OS X 10_15_7) AppleWebKit/537.36 (KHTML, like Gecko) Chrome/121.0.0.0 Safari/537.36"
152.42.244.85 - - [03/Sep/2026:15:07:04 -0500] "GET /wp-login.php?redirect_to=https%3A%2F%2Fnewbiomuseo.desarrollo.itsangee.com%2Fwp-admin%2Findex.php&reauth=1 HTTP/1.1" 200 11366 "https://newbiomuseo.desarrollo.itsangee.com/wp-login.php" "Mozilla/5.0 (Macintosh; Intel Mac OS X 10_15_7) AppleWebKit/537.36 (KHTML, like Gecko) Chrome/121.0.0.0 Safari/537.36"
152.42.244.85 - - [03/Sep/2026:15:07:20 -0500] "POST /wp-login.php HTTP/1.1" 200 11694 "https://newbiomuseo.desarrollo.itsangee.com/wp-login.php" "Mozilla/5.0 (X11; Ubuntu; Linux x86_64) AppleWebKit/537.36 (KHTML, like Gecko) Chrome/120.0.0.0 Safari/537.36"
152.42.244.85 - - [03/Sep/2026:15:07:37 -0500] "GET /wp-admin/index.php HTTP/1.1" 302 - "https://newbiomuseo.desarrollo.itsangee.com/wp-login.php" "Mozilla/5.0 (Macintosh; Intel Mac OS X 10_15_7; rv:119.0) Gecko/20100101 Firefox/119.0"
152.42.244.85 - - [03/Sep/2026:15:07:54 -0500] "GET /wp-login.php?redirect_to=https%3A%2F%2Fnewbiomuseo.desarrollo.itsangee.com%2Fwp-admin%2Findex.php&reauth=1 HTTP/1.1" 200 11366 "https://newbiomuseo.desarrollo.itsangee.com/wp-login.php" "Mozilla/5.0 (Macintosh; Intel Mac OS X 10_15_7; rv:119.0) Gecko/20100101 Firefox/119.0"
152.42.244.85 - - [03/Sep/2026:15:08:12 -0500] "POST /wp-login.php HTTP/1.1" 200 11658 "https://newbiomuseo.desarrollo.itsangee.com/wp-login.php" "Mozilla/5.0 (Macintosh; Intel Mac OS X 10_15_7) AppleWebKit/605.1.15 (KHTML, like Gecko) Version/17.2 Safari/605.1.15"
152.42.244.85 - - [03/Sep/2026:15:08:28 -0500] "GET /wp-admin/index.php HTTP/1.1" 302 - "https://newbiomuseo.desarrollo.itsangee.com/wp-login.php" "Mozilla/5.0 (Macintosh; Intel Mac OS X 10_15_7) AppleWebKit/537.36 (KHTML, like Gecko) Chrome/119.0.0.0 Safari/537.36"
152.42.244.85 - - [03/Sep/2026:15:08:45 -0500] "GET /wp-login.php?redirect_to=https%3A%2F%2Fnewbiomuseo.desarrollo.itsangee.com%2Fwp-admin%2Findex.php&reauth=1 HTTP/1.1" 200 11366 "https://newbiomuseo.desarrollo.itsangee.com/wp-login.php" "Mozilla/5.0 (Macintosh; Intel Mac OS X 10_15_7) AppleWebKit/537.36 (KHTML, like Gecko) Chrome/119.0.0.0 Safari/537.36"
152.42.244.85 - - [03/Sep/2026:15:09:04 -0500] "POST /wp-login.php HTTP/1.1" 200 11658 "https://newbiomuseo.desarrollo.itsangee.com/wp-login.php" "Mozilla/5.0 (Macintosh; Intel Mac OS X 10_15_7) AppleWebKit/605.1.15 (KHTML, like Gecko) Version/16.6 Safari/605.1.15"
152.42.244.85 - - [03/Sep/2026:15:09:28 -0500] "GET /wp-admin/index.php HTTP/1.1" 302 - "https://newbiomuseo.desarrollo.itsangee.com/wp-login.php" "Mozilla/5.0 (Macintosh; Intel Mac OS X 10_15_7; rv:121.0) Gecko/20100101 Firefox/121.0"
40.77.167.116 - - [03/Sep/2026:15:09:30 -0500] "GET /?pid=541456955 HTTP/1.1" 200 282542 "-" "Mozilla/5.0 AppleWebKit/537.36 (KHTML, like Gecko; compatible; bingbot/2.0; +http://www.bing.com/bingbot.htm) Chrome/116.0.1938.76 Safari/537.36"
40.77.167.116 - - [03/Sep/2026:15:09:33 -0500] "GET /?pid=1437403503 HTTP/1.1" 200 282546 "-" "Mozilla/5.0 AppleWebKit/537.36 (KHTML, like Gecko; compatible; bingbot/2.0; +http://www.bing.com/bingbot.htm) Chrome/116.0.1938.76 Safari/537.36"
152.42.244.85 - - [03/Sep/2026:15:09:50 -0500] "GET /wp-login.php?redirect_to=https%3A%2F%2Fnewbiomuseo.desarrollo.itsangee.com%2Fwp-admin%2Findex.php&reauth=1 HTTP/1.1" 200 11366 "https://newbiomuseo.desarrollo.itsangee.com/wp-login.php" "Mozilla/5.0 (Macintosh; Intel Mac OS X 10_15_7; rv:121.0) Gecko/20100101 Firefox/121.0"
40.77.167.126 - - [03/Sep/2026:15:11:12 -0500] "GET /?pid=1051829801 HTTP/1.1" 200 282546 "-" "Mozilla/5.0 AppleWebKit/537.36 (KHTML, like Gecko; compatible; bingbot/2.0; +http://www.bing.com/bingbot.htm) Chrome/116.0.1938.76 Safari/537.36"
52.167.144.184 - - [03/Sep/2026:15:11:17 -0500] "GET /?pid=1570083667 HTTP/1.1" 200 282546 "-" "Mozilla/5.0 AppleWebKit/537.36 (KHTML, like Gecko; compatible; bingbot/2.0; +http://www.bing.com/bingbot.htm) Chrome/116.0.1938.76 Safari/537.36"
40.77.167.41 - - [03/Sep/2026:15:19:13 -0500] "GET /?pid=218137737 HTTP/1.1" 200 282542 "-" "Mozilla/5.0 AppleWebKit/537.36 (KHTML, like Gecko; compatible; bingbot/2.0; +http://www.bing.com/bingbot.htm) Chrome/116.0.1938.76 Safari/537.36"
52.167.144.165 - - [03/Sep/2026:15:19:22 -0500] "GET /?pid=3481558436 HTTP/1.1" 200 282546 "-" "Mozilla/5.0 AppleWebKit/537.36 (KHTML, like Gecko; compatible; bingbot/2.0; +http://www.bing.com/bingbot.htm) Chrome/116.0.1938.76 Safari/537.36"
40.77.167.74 - - [03/Sep/2026:15:19:35 -0500] "GET /?pid=3210771367 HTTP/1.1" 200 282546 "-" "Mozilla/5.0 AppleWebKit/537.36 (KHTML, like Gecko; compatible; bingbot/2.0; +http://www.bing.com/bingbot.htm) Chrome/116.0.1938.76 Safari/537.36"
45.227.253.15 - - [03/Sep/2026:15:20:20 -0500] "GET /578126-juejiang/?ARRAY=7o2230223n313738383437303936312p2231223n22687474703n5p2s5p2s7n73313030327631332r74726174652r6q795p2s3s6p633q7068705s636s64655s6n6326743q313738383436373336312q3730613637646538613733336163353531626139386364616234623035373863222p2232223n226138396461653834356330303433353232653737306138636639663931383838222p2233223n223032623832383666613964616438643064623861303630393930663139393437222p2262696r675s70617373223n2232382q33392q35312q36352q37322q38342q3838227q HTTP/1.1" 200 284386 "-" "Mozilla/5.0 (Windows NT 10.0; Win64; x64) AppleWebKit/537.36 (KHTML, like Gecko) Chrome/76.0.3800 Safari/537.36 Edg/76.0.140.6"
52.167.144.165 - - [03/Sep/2026:15:22:42 -0500] "GET /?pid=524995418 HTTP/1.1" 200 282542 "-" "Mozilla/5.0 AppleWebKit/537.36 (KHTML, like Gecko; compatible; bingbot/2.0; +http://www.bing.com/bingbot.htm) Chrome/116.0.1938.76 Safari/537.36"
114.119.141.100 - - [03/Sep/2026:15:22:43 -0500] "GET /wp-content/uploads/2024/09/supervivencia-1.webp HTTP/1.1" 200 287722 "http://newbiomuseo.desarrollo.itsangee.com/?page_id=2697" "Mozilla/5.0 (Linux; Android 7.0;) AppleWebKit/537.36 (HTML, like Gecko) Mobile Safari/537.36 (compatible; PetalBot;+https://webmaster.petalsearch.com/site/petalbot)"
40.77.167.74 - - [03/Sep/2026:15:22:47 -0500] "GET /?pid=1705617295 HTTP/1.1" 200 282546 "-" "Mozilla/5.0 AppleWebKit/537.36 (KHTML, like Gecko; compatible; bingbot/2.0; +http://www.bing.com/bingbot.htm) Chrome/116.0.1938.76 Safari/537.36"
40.77.167.41 - - [03/Sep/2026:15:24:44 -0500] "GET /?pid=1880565059 HTTP/1.1" 200 282546 "-" "Mozilla/5.0 AppleWebKit/537.36 (KHTML, like Gecko; compatible; bingbot/2.0; +http://www.bing.com/bingbot.htm) Chrome/116.0.1938.76 Safari/537.36"
40.77.167.41 - - [03/Sep/2026:15:24:47 -0500] "GET /?pid=3684278044 HTTP/1.1" 200 282546 "-" "Mozilla/5.0 AppleWebKit/537.36 (KHTML, like Gecko; compatible; bingbot/2.0; +http://www.bing.com/bingbot.htm) Chrome/116.0.1938.76 Safari/537.36"
192.250.235.185 - - [03/Sep/2026:15:28:34 -0500] "GET /wp-login.php HTTP/1.1" 200 11232 "-" "Mozilla/5.0 (Windows NT 10.0; Win64; x64) AppleWebKit/537.36 (KHTML, like Gecko) Chrome/151.0.0.0 Safari/537.36"
192.250.235.185 - - [03/Sep/2026:15:28:39 -0500] "POST /wp-login.php HTTP/1.1" 200 11712 "https://www.newbiomuseo.desarrollo.itsangee.com/wp-login.php" "Mozilla/5.0 (Windows NT 10.0; Win64; x64) AppleWebKit/537.36 (KHTML, like Gecko) Chrome/151.0.0.0 Safari/537.36"
93.123.109.53 - - [03/Sep/2026:15:29:56 -0500] "GET /toolbox-resource/../serverconfig.xml HTTP/1.1" 301 - "-" "Mozilla/5.0 (Windows NT 10.0; Win64; x64; rv:69.0) Gecko/20100101 Firefox/69.0"
52.167.144.174 - - [03/Sep/2026:15:31:53 -0500] "GET /?pid=3613414768 HTTP/1.1" 200 282546 "-" "Mozilla/5.0 AppleWebKit/537.36 (KHTML, like Gecko; compatible; bingbot/2.0; +http://www.bing.com/bingbot.htm) Chrome/116.0.1938.76 Safari/537.36"
52.167.144.174 - - [03/Sep/2026:15:31:56 -0500] "GET /?pid=1093067105 HTTP/1.1" 200 282546 "-" "Mozilla/5.0 AppleWebKit/537.36 (KHTML, like Gecko; compatible; bingbot/2.0; +http://www.bing.com/bingbot.htm) Chrome/116.0.1938.76 Safari/537.36"
40.77.167.38 - - [03/Sep/2026:15:31:57 -0500] "GET /?pid=1943609650 HTTP/1.1" 200 282546 "-" "Mozilla/5.0 AppleWebKit/537.36 (KHTML, like Gecko; compatible; bingbot/2.0; +http://www.bing.com/bingbot.htm) Chrome/116.0.1938.76 Safari/537.36"
52.167.144.16 - - [03/Sep/2026:15:32:03 -0500] "GET /?pid=2947315449 HTTP/1.1" 200 282546 "-" "Mozilla/5.0 AppleWebKit/537.36 (KHTML, like Gecko; compatible; bingbot/2.0; +http://www.bing.com/bingbot.htm) Chrome/116.0.1938.76 Safari/537.36"
52.167.144.16 - - [03/Sep/2026:15:33:24 -0500] "GET /?pid=3003767552 HTTP/1.1" 200 282546 "-" "Mozilla/5.0 AppleWebKit/537.36 (KHTML, like Gecko; compatible; bingbot/2.0; +http://www.bing.com/bingbot.htm) Chrome/116.0.1938.76 Safari/537.36"
87.58.197.107 - - [03/Sep/2026:15:36:45 -0500] "GET / HTTP/1.1" 301 - "-" "Mozilla/5.0 (Macintosh; Intel Mac OS X 10_15_7) AppleWebKit/537.36 (KHTML, like Gecko) Chrome/124.0.0.0 Safari/537.36"
87.58.197.107 - - [03/Sep/2026:15:36:47 -0500] "GET / HTTP/1.1" 200 282569 "https://www.newbiomuseo.desarrollo.itsangee.com:443" "Mozilla/5.0 (Macintosh; Intel Mac OS X 10_15_7) AppleWebKit/537.36 (KHTML, like Gecko) Chrome/124.0.0.0 Safari/537.36"
57.141.20.13 - - [03/Sep/2026:15:43:46 -0500] "GET /index.php?rest_route=%2Foembed%2F1.0%2Fembed&url=https%3A%2F%2Fnewbiomuseo.desarrollo.itsangee.com%2F HTTP/1.1" 200 2193 "-" "Mozilla/5.0 (X11; Linux x86_64) AppleWebKit/537.36 (KHTML, like Gecko) Chrome/145.0.0.0 Safari/537.36 (compatible; meta-externalagent/1.1 (+https://developers.facebook.com/docs/sharing/webmasters/crawler))"
216.73.216.232 - - [03/Sep/2026:15:56:31 -0500] "GET /robots.txt HTTP/1.1" 200 101 "-" "Mozilla/5.0 AppleWebKit/537.36 (KHTML, like Gecko; compatible; ClaudeBot/1.0; +claudebot@anthropic.com)"
216.73.216.232 - - [03/Sep/2026:15:56:34 -0500] "GET /sitemap.xml HTTP/1.1" 301 - "-" "Mozilla/5.0 AppleWebKit/537.36 (KHTML, like Gecko; compatible; ClaudeBot/1.0; +claudebot@anthropic.com)"
216.73.216.232 - - [03/Sep/2026:15:56:35 -0500] "GET /sitemap.xml/ HTTP/1.1" 200 282528 "https://newbiomuseo.desarrollo.itsangee.com/sitemap.xml" "Mozilla/5.0 AppleWebKit/537.36 (KHTML, like Gecko; compatible; ClaudeBot/1.0; +claudebot@anthropic.com)"
114.119.139.207 - - [03/Sep/2026:16:00:13 -0500] "GET /wp-content/uploads/2024/09/Aves-Sin-Fronteras-1.webp HTTP/1.1" 200 518368 "https://newbiomuseo.desarrollo.itsangee.com/?page_id=2831" "Mozilla/5.0 (Linux; Android 7.0;) AppleWebKit/537.36 (HTML, like Gecko) Mobile Safari/537.36 (compatible; PetalBot;+https://webmaster.petalsearch.com/site/petalbot)"
40.77.167.25 - - [03/Sep/2026:16:23:58 -0500] "GET /?pid=547816437 HTTP/1.1" 200 282542 "-" "Mozilla/5.0 AppleWebKit/537.36 (KHTML, like Gecko; compatible; bingbot/2.0; +http://www.bing.com/bingbot.htm) Chrome/116.0.1938.76 Safari/537.36"
40.77.167.235 - - [03/Sep/2026:16:24:07 -0500] "GET /?pid=683377814 HTTP/1.1" 200 282542 "-" "Mozilla/5.0 AppleWebKit/537.36 (KHTML, like Gecko; compatible; bingbot/2.0; +http://www.bing.com/bingbot.htm) Chrome/116.0.1938.76 Safari/537.36"
52.167.144.209 - - [03/Sep/2026:16:30:32 -0500] "GET /en/?pid=4261931535 HTTP/1.1" 200 285178 "-" "Mozilla/5.0 AppleWebKit/537.36 (KHTML, like Gecko; compatible; bingbot/2.0; +http://www.bing.com/bingbot.htm) Chrome/116.0.1938.76 Safari/537.36"
192.250.230.11 - - [03/Sep/2026:16:31:23 -0500] "GET /wp-login.php HTTP/1.1" 200 11232 "-" "Mozilla/5.0 (Windows NT 10.0; Win64; x64) AppleWebKit/537.36 (KHTML, like Gecko) Chrome/151.0.0.0 Safari/537.36"
192.250.230.11 - - [03/Sep/2026:16:31:24 -0500] "POST /wp-login.php HTTP/1.1" 200 11712 "https://newbiomuseo.desarrollo.itsangee.com/wp-login.php" "Mozilla/5.0 (Windows NT 10.0; Win64; x64) AppleWebKit/537.36 (KHTML, like Gecko) Chrome/151.0.0.0 Safari/537.36"
40.77.167.235 - - [03/Sep/2026:16:31:29 -0500] "GET /?pid=3500119201 HTTP/1.1" 200 282546 "-" "Mozilla/5.0 AppleWebKit/537.36 (KHTML, like Gecko; compatible; bingbot/2.0; +http://www.bing.com/bingbot.htm) Chrome/116.0.1938.76 Safari/537.36"
34.31.203.120 - - [03/Sep/2026:16:32:44 -0500] "HEAD /robots.txt HTTP/1.1" 304 - "-" "Mozilla/5.0 (X11; Linux x86_64) AppleWebKit/537.36 (KHTML, like Gecko) Chrome/136.0.0.0 Safari/537.36"
34.122.173.216 - - [03/Sep/2026:16:32:44 -0500] "HEAD /en HTTP/1.1" 301 - "-" "Mozilla/5.0 AppleWebKit/537.36 (KHTML, like Gecko); compatible; ShapBot/0.1.0"
34.31.203.120 - - [03/Sep/2026:16:32:45 -0500] "HEAD /eventos HTTP/1.1" 301 - "-" "Mozilla/5.0 AppleWebKit/537.36 (KHTML, like Gecko); compatible; ShapBot/0.1.0"
34.122.173.216 - - [03/Sep/2026:16:32:46 -0500] "HEAD /en HTTP/1.1" 301 - "-" "Mozilla/5.0 AppleWebKit/537.36 (KHTML, like Gecko); compatible; ShapBot/0.1.0"
34.31.203.120 - - [03/Sep/2026:16:32:46 -0500] "HEAD /eventos HTTP/1.1" 301 - "-" "Mozilla/5.0 AppleWebKit/537.36 (KHTML, like Gecko); compatible; ShapBot/0.1.0"
34.122.173.216 - - [03/Sep/2026:16:32:47 -0500] "HEAD /en/ HTTP/1.1" 200 - "-" "Mozilla/5.0 AppleWebKit/537.36 (KHTML, like Gecko); compatible; ShapBot/0.1.0"
34.31.203.120 - - [03/Sep/2026:16:32:48 -0500] "HEAD /eventos/ HTTP/1.1" 200 - "-" "Mozilla/5.0 AppleWebKit/537.36 (KHTML, like Gecko); compatible; ShapBot/0.1.0"
34.122.173.216 - - [03/Sep/2026:16:32:49 -0500] "GET /en HTTP/1.1" 301 - "-" "Mozilla/5.0 AppleWebKit/537.36 (KHTML, like Gecko); compatible; ShapBot/0.1.0"
34.31.203.120 - - [03/Sep/2026:16:32:49 -0500] "GET /eventos HTTP/1.1" 301 - "-" "Mozilla/5.0 AppleWebKit/537.36 (KHTML, like Gecko); compatible; ShapBot/0.1.0"
40.77.167.235 - - [03/Sep/2026:16:32:49 -0500] "GET /?pid=1453717680 HTTP/1.1" 200 282477 "-" "Mozilla/5.0 AppleWebKit/537.36 (KHTML, like Gecko; compatible; bingbot/2.0; +http://www.bing.com/bingbot.htm) Chrome/116.0.1938.76 Safari/537.36"
34.31.203.120 - - [03/Sep/2026:16:32:51 -0500] "GET /eventos/ HTTP/1.1" 200 282518 "-" "Mozilla/5.0 AppleWebKit/537.36 (KHTML, like Gecko); compatible; ShapBot/0.1.0"
34.122.173.216 - - [03/Sep/2026:16:32:50 -0500] "GET /en/ HTTP/1.1" 200 285118 "-" "Mozilla/5.0 AppleWebKit/537.36 (KHTML, like Gecko); compatible; ShapBot/0.1.0"
34.31.203.120 - - [03/Sep/2026:16:32:53 -0500] "HEAD /wp-content/uploads/2024/11/Biomuseo-Catalogo-alquiler-de-espacios_compressed.pdf HTTP/1.1" 304 - "-" "Mozilla/5.0 AppleWebKit/537.36 (KHTML, like Gecko); compatible; ShapBot/0.1.0"
52.167.144.209 - - [03/Sep/2026:16:35:52 -0500] "GET /?pid=1225990287 HTTP/1.1" 200 282546 "-" "Mozilla/5.0 AppleWebKit/537.36 (KHTML, like Gecko; compatible; bingbot/2.0; +http://www.bing.com/bingbot.htm) Chrome/116.0.1938.76 Safari/537.36"
52.167.144.231 - - [03/Sep/2026:16:38:00 -0500] "GET /?pid=3743950804 HTTP/1.1" 200 282546 "-" "Mozilla/5.0 AppleWebKit/537.36 (KHTML, like Gecko; compatible; bingbot/2.0; +http://www.bing.com/bingbot.htm) Chrome/116.0.1938.76 Safari/537.36"
52.167.144.209 - - [03/Sep/2026:16:38:12 -0500] "GET /?pid=469475695 HTTP/1.1" 200 282542 "-" "Mozilla/5.0 AppleWebKit/537.36 (KHTML, like Gecko; compatible; bingbot/2.0; +http://www.bing.com/bingbot.htm) Chrome/116.0.1938.76 Safari/537.36"
52.167.144.231 - - [03/Sep/2026:16:41:41 -0500] "GET /?pid=3140239897 HTTP/1.1" 200 282546 "-" "Mozilla/5.0 AppleWebKit/537.36 (KHTML, like Gecko; compatible; bingbot/2.0; +http://www.bing.com/bingbot.htm) Chrome/116.0.1938.76 Safari/537.36"
52.167.144.197 - - [03/Sep/2026:16:41:45 -0500] "GET /?pid=2999967236 HTTP/1.1" 200 282546 "-" "Mozilla/5.0 AppleWebKit/537.36 (KHTML, like Gecko; compatible; bingbot/2.0; +http://www.bing.com/bingbot.htm) Chrome/116.0.1938.76 Safari/537.36"
52.167.144.231 - - [03/Sep/2026:16:42:41 -0500] "GET /?pid=4114695529 HTTP/1.1" 200 282546 "-" "Mozilla/5.0 AppleWebKit/537.36 (KHTML, like Gecko; compatible; bingbot/2.0; +http://www.bing.com/bingbot.htm) Chrome/116.0.1938.76 Safari/537.36"
52.167.144.197 - - [03/Sep/2026:16:42:54 -0500] "GET /?pid=681082621 HTTP/1.1" 200 282542 "-" "Mozilla/5.0 AppleWebKit/537.36 (KHTML, like Gecko; compatible; bingbot/2.0; +http://www.bing.com/bingbot.htm) Chrome/116.0.1938.76 Safari/537.36"
52.167.144.197 - - [03/Sep/2026:16:45:33 -0500] "GET /?pid=3411680048 HTTP/1.1" 200 282546 "-" "Mozilla/5.0 AppleWebKit/537.36 (KHTML, like Gecko; compatible; bingbot/2.0; +http://www.bing.com/bingbot.htm) Chrome/116.0.1938.76 Safari/537.36"
40.77.167.45 - - [03/Sep/2026:17:00:03 -0500] "GET /?pid=1522106768 HTTP/1.1" 200 282546 "-" "Mozilla/5.0 AppleWebKit/537.36 (KHTML, like Gecko; compatible; bingbot/2.0; +http://www.bing.com/bingbot.htm) Chrome/116.0.1938.76 Safari/537.36"
52.72.157.105 - - [03/Sep/2026:17:02:25 -0500] "GET / HTTP/1.1" 200 282569 "-" "Mozilla/5.0 (Windows NT 10.0; Win64; x64) AppleWebKit/537.36 (KHTML, like Gecko) Chrome/145.0.0.0 Safari/537.36"
52.167.144.16 - - [03/Sep/2026:17:05:51 -0500] "GET /wp-content/uploads/2024/09/beneficios-membresias.webp HTTP/1.1" 200 281636 "-" "Mozilla/5.0 AppleWebKit/537.36 (KHTML, like Gecko; compatible; bingbot/2.0; +http://www.bing.com/bingbot.htm) Chrome/116.0.1938.76 Safari/537.36"
3.212.205.90 - - [03/Sep/2026:17:06:07 -0500] "GET /el-biomuseo/ HTTP/1.1" 200 282534 "-" "Mozilla/5.0 AppleWebKit/537.36 (KHTML, like Gecko; compatible; Amazonbot/0.1; +https://developer.amazon.com/support/amazonbot) Chrome/119.0.6045.214 Safari/537.36"
9.129.24.13 - - [03/Sep/2026:17:11:46 -0500] "GET / HTTP/1.1" 200 282569 "-" "Mozilla/5.0 AppleWebKit/537.36 (KHTML, like Gecko); compatible; ChatGPT-User/1.0; +https://openai.com/bot"
44.195.30.193 - - [03/Sep/2026:17:19:51 -0500] "POST / HTTP/1.1" 200 282559 "https://www.newbiomuseo.desarrollo.itsangee.com/" "Mozilla/5.0 (Windows NT 10.0; Win64; x64) AppleWebKit/537.36 (KHTML, like Gecko) Chrome/145.0.0.0 Safari/537.36"
57.141.20.18 - - [03/Sep/2026:17:39:32 -0500] "GET /?page_id=2519 HTTP/1.1" 200 115181 "-" "Mozilla/5.0 (Windows NT 10.0; Win64; x64) AppleWebKit/537.36 (KHTML, like Gecko) Chrome/145.0.0.0 Safari/537.36 (compatible; meta-externalagent/1.1 (+https://developers.facebook.com/docs/sharing/webmasters/crawler))"
216.73.216.232 - - [03/Sep/2026:17:49:56 -0500] "GET /robots.txt HTTP/1.1" 200 101 "-" "Mozilla/5.0 AppleWebKit/537.36 (KHTML, like Gecko; compatible; ClaudeBot/1.0; +claudebot@anthropic.com)"
216.73.216.232 - - [03/Sep/2026:17:49:57 -0500] "GET /sitemap.xml HTTP/1.1" 301 - "-" "Mozilla/5.0 AppleWebKit/537.36 (KHTML, like Gecko; compatible; ClaudeBot/1.0; +claudebot@anthropic.com)"
216.73.216.232 - - [03/Sep/2026:17:49:59 -0500] "GET /sitemap.xml/ HTTP/1.1" 200 282528 "https://newbiomuseo.desarrollo.itsangee.com/sitemap.xml" "Mozilla/5.0 AppleWebKit/537.36 (KHTML, like Gecko; compatible; ClaudeBot/1.0; +claudebot@anthropic.com)"
172.183.222.131 - - [03/Sep/2026:18:01:07 -0500] "GET / HTTP/1.1" 200 282569 "-" "Mozilla/5.0 AppleWebKit/537.36 (KHTML, like Gecko); compatible; ChatGPT-User/1.0; +https://openai.com/bot"
66.249.70.6 - - [03/Sep/2026:18:10:21 -0500] "GET /?pid=3246655758 HTTP/1.1" 200 282546 "-" "Mozilla/5.0 (Linux; Android 6.0.1; Nexus 5X Build/MMB29P) AppleWebKit/537.36 (KHTML, like Gecko) Chrome/151.0.7922.173 Mobile Safari/537.36 (compatible; Googlebot/2.1; +http://www.google.com/bot.html)"
103.173.66.99 - - [03/Sep/2026:18:11:19 -0500] "GET /wp-login.php HTTP/1.1" 200 11232 "-" "Mozilla/5.0 (Windows NT 10.0; Win64; x64) AppleWebKit/537.36 (KHTML, like Gecko) Chrome/151.0.0.0 Safari/537.36"
103.173.66.99 - - [03/Sep/2026:18:11:21 -0500] "POST /wp-login.php HTTP/1.1" 200 11712 "https://www.newbiomuseo.desarrollo.itsangee.com/wp-login.php" "Mozilla/5.0 (Windows NT 10.0; Win64; x64) AppleWebKit/537.36 (KHTML, like Gecko) Chrome/151.0.0.0 Safari/537.36"
114.119.139.207 - - [03/Sep/2026:18:12:56 -0500] "GET /robots.txt HTTP/1.1" 200 101 "https://newbiomuseo.desarrollo.itsangee.com/robots.txt" "Mozilla/5.0 (compatible;PetalBot;+https://webmaster.petalsearch.com/site/petalbot)"
44.220.172.166 - - [03/Sep/2026:18:20:05 -0500] "POST / HTTP/1.1" 200 282559 "https://www.newbiomuseo.desarrollo.itsangee.com/" "Mozilla/5.0 (Windows NT 10.0; Win64; x64) AppleWebKit/537.36 (KHTML, like Gecko) Chrome/145.0.0.0 Safari/537.36"
190.120.149.37 - - [03/Sep/2026:18:35:36 -0500] "GET /wp-content/uploads/brizy/imgs/17-6-1706x1200x54x0x1600x1200x1729660610.webp HTTP/1.1" 200 72562 "-" "Mozilla/5.0 (iPhone; CPU iPhone OS 14_8_1 like Mac OS X) AppleWebKit/531.1 (KHTML, like Gecko) FxiOS/15.3h4990.0 Mobile/60P498 Safari/531.1"
103.185.74.134 - - [03/Sep/2026:18:40:33 -0500] "GET /wp-login.php HTTP/1.1" 200 11232 "-" "Mozilla/5.0 (Windows NT 10.0; Win64; x64) AppleWebKit/537.36 (KHTML, like Gecko) Chrome/151.0.0.0 Safari/537.36"
103.185.74.134 - - [03/Sep/2026:18:40:51 -0500] "GET /wp-json/wp/v2/users/me HTTP/1.1" 301 - "-" "Mozilla/5.0 (Windows NT 10.0; Win64; x64) AppleWebKit/537.36 (KHTML, like Gecko) Chrome/151.0.0.0 Safari/537.36"
66.249.78.6 - - [03/Sep/2026:18:42:25 -0500] "GET /?pid=267494539 HTTP/1.1" 200 282542 "-" "Mozilla/5.0 (Linux; Android 6.0.1; Nexus 5X Build/MMB29P) AppleWebKit/537.36 (KHTML, like Gecko) Chrome/151.0.7922.173 Mobile Safari/537.36 (compatible; Googlebot/2.1; +http://www.google.com/bot.html)"
66.249.70.6 - - [03/Sep/2026:18:43:04 -0500] "GET /wp-content/plugins/instagram-feed/css/sbi-styles.min.css?ver=6.12.0 HTTP/1.1" 200 42223 "https://newbiomuseo.desarrollo.itsangee.com/?pid=267494539" "Mozilla/5.0 (Linux; Android 6.0.1; Nexus 5X Build/MMB29P) AppleWebKit/537.36 (KHTML, like Gecko) Chrome/151.0.7922.173 Mobile Safari/537.36 (compatible; Googlebot/2.1; +http://www.google.com/bot.html)"
116.111.186.104 - - [03/Sep/2026:19:00:24 -0500] "GET /wp-content/uploads/brizy/imgs/Clayton-3-457x306x25x0x408x306x1727743508.webp HTTP/1.1" 200 19046 "-" "Mozilla/5.0 (compatible; MSIE 7.0; Windows NT 11.0; Trident/5.0)"
52.167.144.232 - - [03/Sep/2026:19:04:13 -0500] "GET /en/?pid=2260070843 HTTP/1.1" 200 285178 "-" "Mozilla/5.0 AppleWebKit/537.36 (KHTML, like Gecko; compatible; bingbot/2.0; +http://www.bing.com/bingbot.htm) Chrome/116.0.1938.76 Safari/537.36"
40.77.167.79 - - [03/Sep/2026:19:07:46 -0500] "GET /?pid=3449716152 HTTP/1.1" 200 282546 "-" "Mozilla/5.0 AppleWebKit/537.36 (KHTML, like Gecko; compatible; bingbot/2.0; +http://www.bing.com/bingbot.htm) Chrome/116.0.1938.76 Safari/537.36"
51.8.102.243 - - [03/Sep/2026:19:13:12 -0500] "GET /robots.txt HTTP/1.1" 200 101 "-" "Mozilla/5.0 (Macintosh; Intel Mac OS X 10_15_7) AppleWebKit/537.36 (KHTML, like Gecko) Chrome/131.0.0.0 Safari/537.36; compatible; OAI-SearchBot/1.0; +https://openai.com/searchbot"
40.77.167.1 - - [03/Sep/2026:19:15:44 -0500] "GET /en/?pid=541593205 HTTP/1.1" 200 285174 "-" "Mozilla/5.0 AppleWebKit/537.36 (KHTML, like Gecko; compatible; bingbot/2.0; +http://www.bing.com/bingbot.htm) Chrome/116.0.1938.76 Safari/537.36"
40.77.167.40 - - [03/Sep/2026:19:15:49 -0500] "GET /en/?pid=3871277685 HTTP/1.1" 200 285178 "-" "Mozilla/5.0 AppleWebKit/537.36 (KHTML, like Gecko; compatible; bingbot/2.0; +http://www.bing.com/bingbot.htm) Chrome/116.0.1938.76 Safari/537.36"
40.77.167.241 - - [03/Sep/2026:19:15:55 -0500] "GET /?pid=1675409120 HTTP/1.1" 200 282477 "-" "Mozilla/5.0 AppleWebKit/537.36 (KHTML, like Gecko; compatible; bingbot/2.0; +http://www.bing.com/bingbot.htm) Chrome/116.0.1938.76 Safari/537.36"
40.77.167.1 - - [03/Sep/2026:19:16:00 -0500] "GET /?pid=1710824057 HTTP/1.1" 200 282546 "-" "Mozilla/5.0 AppleWebKit/537.36 (KHTML, like Gecko; compatible; bingbot/2.0; +http://www.bing.com/bingbot.htm) Chrome/116.0.1938.76 Safari/537.36"
191.128.82.92 - - [03/Sep/2026:19:19:05 -0500] "GET /wp-content/uploads/brizy/imgs/20-1-1-240x160x6x0x229x160x1729662276.webp HTTP/1.1" 200 10910 "-" "Mozilla/5.0 (Windows NT 6.0; nds-NL; rv:1.9.2.20) Gecko/5902-02-01 10:14:42.764999 Firefox/3.8"
40.77.167.40 - - [03/Sep/2026:19:20:17 -0500] "GET /?pid=1594270208 HTTP/1.1" 200 282546 "-" "Mozilla/5.0 AppleWebKit/537.36 (KHTML, like Gecko; compatible; bingbot/2.0; +http://www.bing.com/bingbot.htm) Chrome/116.0.1938.76 Safari/537.36"
181.198.198.148 - - [03/Sep/2026:19:21:08 -0500] "GET /wp-content/uploads/brizy/imgs/07-1-1-1990x1200x194x0x1600x1200x1729633110.webp HTTP/1.1" 200 28534 "-" "Opera/9.10.(X11; Linux x86_64; om-KE) Presto/2.9.171 Version/12.00"
40.77.167.40 - - [03/Sep/2026:19:21:37 -0500] "GET /?pid=1407761622 HTTP/1.1" 200 282546 "-" "Mozilla/5.0 AppleWebKit/537.36 (KHTML, like Gecko; compatible; bingbot/2.0; +http://www.bing.com/bingbot.htm) Chrome/116.0.1938.76 Safari/537.36"
74.7.230.39 - - [03/Sep/2026:19:32:13 -0500] "GET /robots.txt HTTP/1.1" 200 101 "-" "Mozilla/5.0 (Macintosh; Intel Mac OS X 10_15_7) AppleWebKit/537.36 (KHTML, like Gecko) Chrome/131.0.0.0 Safari/537.36; compatible; OAI-SearchBot/1.4; robots.txt; +https://openai.com/searchbot"
74.7.227.150 - - [03/Sep/2026:19:32:13 -0500] "GET /wp-sitemap.xml HTTP/1.1" 403 199 "-" "Mozilla/5.0 AppleWebKit/537.36 (KHTML, like Gecko; compatible; GPTBot/1.4; +https://openai.com/gptbot)"
52.167.144.169 - - [03/Sep/2026:19:35:42 -0500] "GET /wp-content/uploads/2024/09/biomuseo-2.webp HTTP/1.1" 200 204412 "-" "Mozilla/5.0 AppleWebKit/537.36 (KHTML, like Gecko; compatible; bingbot/2.0; +http://www.bing.com/bingbot.htm) Chrome/116.0.1938.76 Safari/537.36"
74.7.227.150 - - [03/Sep/2026:19:37:58 -0500] "GET /wp-sitemap.xml HTTP/1.1" 403 199 "-" "Mozilla/5.0 AppleWebKit/537.36 (KHTML, like Gecko; compatible; GPTBot/1.4; +https://openai.com/gptbot)"
74.7.230.39 - - [03/Sep/2026:19:37:58 -0500] "GET /robots.txt HTTP/1.1" 200 101 "-" "Mozilla/5.0 (Macintosh; Intel Mac OS X 10_15_7) AppleWebKit/537.36 (KHTML, like Gecko) Chrome/131.0.0.0 Safari/537.36; compatible; OAI-SearchBot/1.4; robots.txt; +https://openai.com/searchbot"
216.73.216.232 - - [03/Sep/2026:19:40:01 -0500] "GET /robots.txt HTTP/1.1" 200 101 "-" "Mozilla/5.0 AppleWebKit/537.36 (KHTML, like Gecko; compatible; ClaudeBot/1.0; +claudebot@anthropic.com)"
216.73.216.232 - - [03/Sep/2026:19:40:04 -0500] "GET /sitemap.xml HTTP/1.1" 301 - "-" "Mozilla/5.0 AppleWebKit/537.36 (KHTML, like Gecko; compatible; ClaudeBot/1.0; +claudebot@anthropic.com)"
216.73.216.232 - - [03/Sep/2026:19:40:06 -0500] "GET /sitemap.xml/ HTTP/1.1" 200 282528 "https://newbiomuseo.desarrollo.itsangee.com/sitemap.xml" "Mozilla/5.0 AppleWebKit/537.36 (KHTML, like Gecko; compatible; ClaudeBot/1.0; +claudebot@anthropic.com)"
114.119.153.97 - - [03/Sep/2026:19:48:13 -0500] "GET /en/permanentes HTTP/1.1" 301 - "https://newbiomuseo.desarrollo.itsangee.com/en/permanentes" "Mozilla/5.0 (Linux; Android 7.0;) AppleWebKit/537.36 (HTML, like Gecko) Mobile Safari/537.36 (compatible; PetalBot;+https://webmaster.petalsearch.com/site/petalbot)"
114.119.153.97 - - [03/Sep/2026:19:48:15 -0500] "GET /en/permanentes/ HTTP/1.1" 200 285166 "https://newbiomuseo.desarrollo.itsangee.com/en/permanentes" "Mozilla/5.0 (Linux; Android 7.0;) AppleWebKit/537.36 (HTML, like Gecko) Mobile Safari/537.36 (compatible; PetalBot;+https://webmaster.petalsearch.com/site/petalbot)"
40.77.167.126 - - [03/Sep/2026:19:50:47 -0500] "GET /en/?pid=3660975766 HTTP/1.1" 200 285178 "-" "Mozilla/5.0 AppleWebKit/537.36 (KHTML, like Gecko; compatible; bingbot/2.0; +http://www.bing.com/bingbot.htm) Chrome/116.0.1938.76 Safari/537.36"
42.119.1.46 - - [03/Sep/2026:19:52:13 -0500] "GET /wp-content/uploads/brizy/imgs/Clayton-2-189x173x0x16x189x142x1727743132.webp HTTP/1.1" 200 3974 "-" "Mozilla/5.0 (Windows; U; Windows NT 6.1) AppleWebKit/534.33.6 (KHTML, like Gecko) Version/5.0.4 Safari/534.33.6"
52.167.144.183 - - [03/Sep/2026:19:54:08 -0500] "GET /?pid=309501191 HTTP/1.1" 200 282542 "-" "Mozilla/5.0 AppleWebKit/537.36 (KHTML, like Gecko; compatible; bingbot/2.0; +http://www.bing.com/bingbot.htm) Chrome/116.0.1938.76 Safari/537.36"
52.167.144.183 - - [03/Sep/2026:19:55:38 -0500] "GET /?pid=2648468516 HTTP/1.1" 200 282546 "-" "Mozilla/5.0 AppleWebKit/537.36 (KHTML, like Gecko; compatible; bingbot/2.0; +http://www.bing.com/bingbot.htm) Chrome/116.0.1938.76 Safari/537.36"
116.96.155.81 - - [03/Sep/2026:19:56:09 -0500] "GET /wp-content/uploads/brizy/imgs/05-1-1800x1200x100x0x1600x1200x1729632151.jpg HTTP/1.1" 200 168002 "-" "Mozilla/5.0 (iPad; CPU iPad OS 16_7_7 like Mac OS X) AppleWebKit/536.1 (KHTML, like Gecko) FxiOS/12.0s7026.0 Mobile/36X184 Safari/536.1"
