98.98.187.164 - - [01/Sep/2026:10:07:03 -0500] "GET /wp-content/uploads/2020/05/mecacontrol-portada1.jpg HTTP/1.1" 200 196517 "https://mecacontrolsa.com/" "Mozilla/5.0 (Windows NT 10.0; Win64; x64) AppleWebKit/537.36 (KHTML, like Gecko) Chrome/152.0.0.0 Safari/537.36 Edg/152.0.0.0"
98.98.187.164 - - [01/Sep/2026:10:06:56 -0500] "GET /wp-content/uploads/2022/01/Diseno-sin-titulo-35.png HTTP/1.1" 200 8129 "https://mecacontrolsa.com/" "Mozilla/5.0 (Windows NT 10.0; Win64; x64) AppleWebKit/537.36 (KHTML, like Gecko) Chrome/152.0.0.0 Safari/537.36 Edg/152.0.0.0"
98.98.187.164 - - [01/Sep/2026:10:07:03 -0500] "GET /wp-content/uploads/2020/05/mecacontrol-portada2.jpg HTTP/1.1" 200 284167 "https://mecacontrolsa.com/" "Mozilla/5.0 (Windows NT 10.0; Win64; x64) AppleWebKit/537.36 (KHTML, like Gecko) Chrome/152.0.0.0 Safari/537.36 Edg/152.0.0.0"
98.98.187.164 - - [01/Sep/2026:10:07:05 -0500] "GET /wp-content/uploads/2020/02/cropped-mecacontrol-icono-32x32.png HTTP/1.1" 200 676 "https://mecacontrolsa.com/" "Mozilla/5.0 (Windows NT 10.0; Win64; x64) AppleWebKit/537.36 (KHTML, like Gecko) Chrome/152.0.0.0 Safari/537.36 Edg/152.0.0.0"
116.179.32.50 - - [01/Sep/2026:10:07:17 -0500] "GET /producto/ep0l001-master-io-link-multiprotocolo/ HTTP/1.1" 200 166399 "-" "Mozilla/5.0 (compatible; Baiduspider/2.0; +http://www.baidu.com/search/spider.html)"
116.179.37.29 - - [01/Sep/2026:10:07:19 -0500] "GET /wp-content/uploads/2022/03/EP0L001-1.jpg HTTP/1.1" 200 37556 "https://mecacontrolsa.com/producto/ep0l001-master-io-link-multiprotocolo/" "Mozilla/5.0 (compatible; Baiduspider-render/2.0; +http://www.baidu.com/search/spider.html)"
52.71.216.196 - - [01/Sep/2026:10:07:46 -0500] "GET /wp-content/uploads/2022/03/ODX202P0008-1-100x100.jpg HTTP/1.1" 200 2312 "-" "Mozilla/5.0 AppleWebKit/537.36 (KHTML, like Gecko; compatible; Amazonbot/0.1; +https://developer.amazon.com/support/amazonbot) Chrome/119.0.6045.214 Safari/537.36"
114.119.136.3 - - [01/Sep/2026:10:08:22 -0500] "GET /producto/i08h026-sensor-inductivo-con-io-link/ HTTP/1.1" 200 166803 "https://mecacontrolsa.com/catalogo/page/25/" "Mozilla/5.0 (Linux; Android 7.0;) AppleWebKit/537.36 (HTML, like Gecko) Mobile Safari/537.36 (compatible; PetalBot;+https://webmaster.petalsearch.com/site/petalbot)"
52.44.174.136 - - [01/Sep/2026:10:08:34 -0500] "GET /wp-content/uploads/2022/03/P1NH201-1-150x150.jpg HTTP/1.1" 200 3526 "-" "Mozilla/5.0 AppleWebKit/537.36 (KHTML, like Gecko; compatible; Amazonbot/0.1; +https://developer.amazon.com/support/amazonbot) Chrome/119.0.6045.214 Safari/537.36"
34.231.118.144 - - [01/Sep/2026:10:09:35 -0500] "GET /producto/flujometro-masivo-coriolis-para-hidrogeno-tmu-w/ HTTP/1.1" 200 168001 "-" "Mozilla/5.0 AppleWebKit/537.36 (KHTML, like Gecko; compatible; Amazonbot/0.1; +https://developer.amazon.com/support/amazonbot) Chrome/119.0.6045.214 Safari/537.36"
34.234.197.175 - - [01/Sep/2026:10:09:40 -0500] "GET /wp-content/uploads/2024/05/Tamano-Estandar-9.jpg HTTP/1.1" 200 59139 "-" "Mozilla/5.0 AppleWebKit/537.36 (KHTML, like Gecko; compatible; Amazonbot/0.1; +https://developer.amazon.com/support/amazonbot) Chrome/119.0.6045.214 Safari/537.36"
114.119.134.206 - - [01/Sep/2026:10:09:46 -0500] "GET /producto/y1ta100mhv80-sensor-de-distancia-laser-de-largo-alcance HTTP/1.1" 301 - "https://mecacontrolsa.com/producto/y1ta100mhv80-sensor-de-distancia-laser-de-largo-alcance" "Mozilla/5.0 (Linux; Android 7.0;) AppleWebKit/537.36 (HTML, like Gecko) Mobile Safari/537.36 (compatible; PetalBot;+https://webmaster.petalsearch.com/site/petalbot)"
114.119.134.206 - - [01/Sep/2026:10:09:47 -0500] "GET /producto/y1ta100mhv80-sensor-de-distancia-laser-de-largo-alcance/ HTTP/1.1" 200 167085 "https://mecacontrolsa.com/producto/y1ta100mhv80-sensor-de-distancia-laser-de-largo-alcance" "Mozilla/5.0 (Linux; Android 7.0;) AppleWebKit/537.36 (HTML, like Gecko) Mobile Safari/537.36 (compatible; PetalBot;+https://webmaster.petalsearch.com/site/petalbot)"
44.215.61.66 - - [01/Sep/2026:10:09:58 -0500] "GET /producto/ndr-paro-de-emergencia-pulsador/ HTTP/1.1" 200 166394 "-" "Mozilla/5.0 AppleWebKit/537.36 (KHTML, like Gecko; compatible; Amazonbot/0.1; +https://developer.amazon.com/support/amazonbot) Chrome/119.0.6045.214 Safari/537.36"
52.2.4.213 - - [01/Sep/2026:10:10:03 -0500] "GET /wp-content/uploads/2022/03/NDR-Paro-de-Emergencia_pulsador-1.jpg HTTP/1.1" 200 618303 "-" "Mozilla/5.0 AppleWebKit/537.36 (KHTML, like Gecko; compatible; Amazonbot/0.1; +https://developer.amazon.com/support/amazonbot) Chrome/119.0.6045.214 Safari/537.36"
105.113.90.85 - - [01/Sep/2026:10:10:14 -0500] "GET /wp-content/uploads/2020/03/PR12-2AO.jpg HTTP/1.1" 200 13052 "https://mecacontrolsa.com/producto/tubo-venturi/" "Mozilla/5.0 (Windows NT 10.0; Win64; x64) AppleWebKit/537.36 (KHTML, like Gecko) Chrome/152.0.0.0 Safari/537.36 Edg/152.0.0.0"
105.113.90.85 - - [01/Sep/2026:10:10:14 -0500] "GET /wp-content/uploads/2020/03/PR08-2DP.jpg HTTP/1.1" 200 13401 "https://mecacontrolsa.com/producto/tubo-venturi/" "Mozilla/5.0 (Windows NT 10.0; Win64; x64) AppleWebKit/537.36 (KHTML, like Gecko) Chrome/152.0.0.0 Safari/537.36 Edg/152.0.0.0"
105.113.90.85 - - [01/Sep/2026:10:10:14 -0500] "GET /wp-content/uploads/2020/03/CR30-15DP.jpg HTTP/1.1" 200 12763 "https://mecacontrolsa.com/producto/tubo-venturi/" "Mozilla/5.0 (Windows NT 10.0; Win64; x64) AppleWebKit/537.36 (KHTML, like Gecko) Chrome/152.0.0.0 Safari/537.36 Edg/152.0.0.0"
105.113.90.85 - - [01/Sep/2026:10:10:14 -0500] "GET /wp-content/uploads/2020/02/mecacontrol-logo-blanco-300x134.png HTTP/1.1" 200 12199 "https://mecacontrolsa.com/producto/tubo-venturi/" "Mozilla/5.0 (Windows NT 10.0; Win64; x64) AppleWebKit/537.36 (KHTML, like Gecko) Chrome/152.0.0.0 Safari/537.36 Edg/152.0.0.0"
54.197.82.195 - - [01/Sep/2026:10:10:18 -0500] "GET /wp-content/uploads/2022/03/DSS18T-3-100x100.png HTTP/1.1" 200 6857 "-" "Mozilla/5.0 AppleWebKit/537.36 (KHTML, like Gecko; compatible; Amazonbot/0.1; +https://developer.amazon.com/support/amazonbot) Chrome/119.0.6045.214 Safari/537.36"
57.141.20.25 - - [01/Sep/2026:10:10:39 -0500] "GET /categoria-producto/bombas/ HTTP/1.1" 200 158198 "-" "Mozilla/5.0 (Windows NT 10.0; Win64; x64) AppleWebKit/537.36 (KHTML, like Gecko) Chrome/145.0.0.0 Safari/537.36 (compatible; meta-externalagent/1.1 (+https://developers.facebook.com/docs/sharing/webmasters/crawler))"
54.147.80.137 - - [01/Sep/2026:10:11:06 -0500] "GET /wp-content/uploads/2022/03/DSS34T-3-100x100.png HTTP/1.1" 200 5161 "-" "Mozilla/5.0 AppleWebKit/537.36 (KHTML, like Gecko; compatible; Amazonbot/0.1; +https://developer.amazon.com/support/amazonbot) Chrome/119.0.6045.214 Safari/537.36"
114.119.134.206 - - [01/Sep/2026:10:11:10 -0500] "GET /producto/u1rt004-sensor-de-distancia HTTP/1.1" 301 - "https://mecacontrolsa.com/producto/u1rt004-sensor-de-distancia" "Mozilla/5.0 (Linux; Android 7.0;) AppleWebKit/537.36 (HTML, like Gecko) Mobile Safari/537.36 (compatible; PetalBot;+https://webmaster.petalsearch.com/site/petalbot)"
114.119.134.206 - - [01/Sep/2026:10:11:11 -0500] "GET /producto/u1rt004-sensor-de-distancia/ HTTP/1.1" 200 166368 "https://mecacontrolsa.com/producto/u1rt004-sensor-de-distancia" "Mozilla/5.0 (Linux; Android 7.0;) AppleWebKit/537.36 (HTML, like Gecko) Mobile Safari/537.36 (compatible; PetalBot;+https://webmaster.petalsearch.com/site/petalbot)"
184.73.167.217 - - [01/Sep/2026:10:11:59 -0500] "GET /wp-content/uploads/2022/03/332-1-100x100.jpg HTTP/1.1" 200 4236 "-" "Mozilla/5.0 AppleWebKit/537.36 (KHTML, like Gecko; compatible; Amazonbot/0.1; +https://developer.amazon.com/support/amazonbot) Chrome/119.0.6045.214 Safari/537.36"
114.119.158.128 - - [01/Sep/2026:10:12:34 -0500] "GET /producto/sensor-fotoelectrico-emisor-receptor-miniatura-bs5-k2m HTTP/1.1" 301 - "https://mecacontrolsa.com/producto/sensor-de-proximidad-inductivo-prcm12-2dn" "Mozilla/5.0 (Linux; Android 7.0;) AppleWebKit/537.36 (HTML, like Gecko) Mobile Safari/537.36 (compatible; PetalBot;+https://webmaster.petalsearch.com/site/petalbot)"
114.119.158.128 - - [01/Sep/2026:10:12:35 -0500] "GET /producto/sensor-fotoelectrico-emisor-receptor-miniatura-bs5-k2m/ HTTP/1.1" 200 166223 "https://mecacontrolsa.com/producto/sensor-de-proximidad-inductivo-prcm12-2dn" "Mozilla/5.0 (Linux; Android 7.0;) AppleWebKit/537.36 (HTML, like Gecko) Mobile Safari/537.36 (compatible; PetalBot;+https://webmaster.petalsearch.com/site/petalbot)"
54.147.182.90 - - [01/Sep/2026:10:12:38 -0500] "GET /wp-content/uploads/2022/03/BN-32-1-300x164.jpg HTTP/1.1" 200 7755 "-" "Mozilla/5.0 AppleWebKit/537.36 (KHTML, like Gecko; compatible; Amazonbot/0.1; +https://developer.amazon.com/support/amazonbot) Chrome/119.0.6045.214 Safari/537.36"
3.220.70.171 - - [01/Sep/2026:10:12:43 -0500] "GET /producto/interruptores-de-paro-de-emergencia/ HTTP/1.1" 200 166428 "-" "Mozilla/5.0 AppleWebKit/537.36 (KHTML, like Gecko; compatible; Amazonbot/0.1; +https://developer.amazon.com/support/amazonbot) Chrome/119.0.6045.214 Safari/537.36"
34.233.114.237 - - [01/Sep/2026:10:13:26 -0500] "GET /producto/b50r100-lector-ocr/ HTTP/1.1" 200 166076 "-" "Mozilla/5.0 AppleWebKit/537.36 (KHTML, like Gecko; compatible; Amazonbot/0.1; +https://developer.amazon.com/support/amazonbot) Chrome/119.0.6045.214 Safari/537.36"
3.224.104.67 - - [01/Sep/2026:10:13:30 -0500] "GET /wp-content/uploads/2022/03/990_27-1-150x150.png HTTP/1.1" 200 13789 "-" "Mozilla/5.0 AppleWebKit/537.36 (KHTML, like Gecko; compatible; Amazonbot/0.1; +https://developer.amazon.com/support/amazonbot) Chrome/119.0.6045.214 Safari/537.36"
54.197.82.195 - - [01/Sep/2026:10:13:32 -0500] "GET /wp-content/uploads/2022/03/B50R100-1.jpg HTTP/1.1" 200 51502 "-" "Mozilla/5.0 AppleWebKit/537.36 (KHTML, like Gecko; compatible; Amazonbot/0.1; +https://developer.amazon.com/support/amazonbot) Chrome/119.0.6045.214 Safari/537.36"
114.119.154.215 - - [01/Sep/2026:10:13:57 -0500] "GET /producto/sensor-fotoelectrico-auto-reflex-ba2m-ddt HTTP/1.1" 301 - "https://mecacontrolsa.com/producto/sensor-fotoelectrico-auto-reflex-ba2m-ddt" "Mozilla/5.0 (Linux; Android 7.0;) AppleWebKit/537.36 (HTML, like Gecko) Mobile Safari/537.36 (compatible; PetalBot;+https://webmaster.petalsearch.com/site/petalbot)"
114.119.154.215 - - [01/Sep/2026:10:13:58 -0500] "GET /producto/sensor-fotoelectrico-auto-reflex-ba2m-ddt/ HTTP/1.1" 200 166009 "https://mecacontrolsa.com/producto/sensor-fotoelectrico-auto-reflex-ba2m-ddt" "Mozilla/5.0 (Linux; Android 7.0;) AppleWebKit/537.36 (HTML, like Gecko) Mobile Safari/537.36 (compatible; PetalBot;+https://webmaster.petalsearch.com/site/petalbot)"
44.205.74.196 - - [01/Sep/2026:10:14:30 -0500] "GET /wp-content/uploads/2022/03/32-3-100x100.png HTTP/1.1" 200 5849 "-" "Mozilla/5.0 AppleWebKit/537.36 (KHTML, like Gecko; compatible; Amazonbot/0.1; +https://developer.amazon.com/support/amazonbot) Chrome/119.0.6045.214 Safari/537.36"
116.179.32.215 - - [01/Sep/2026:10:15:10 -0500] "GET /producto/ex-css-180/ HTTP/1.1" 200 164908 "-" "Mozilla/5.0 (compatible; Baiduspider/2.0; +http://www.baidu.com/search/spider.html)"
52.3.156.186 - - [01/Sep/2026:10:15:14 -0500] "GET /producto/valvula-monobloque-4/ HTTP/1.1" 200 167044 "-" "Mozilla/5.0 AppleWebKit/537.36 (KHTML, like Gecko; compatible; Amazonbot/0.1; +https://developer.amazon.com/support/amazonbot) Chrome/119.0.6045.214 Safari/537.36"
52.0.41.164 - - [01/Sep/2026:10:15:18 -0500] "GET /producto/termometro-de-capilla/ HTTP/1.1" 200 166306 "-" "Mozilla/5.0 AppleWebKit/537.36 (KHTML, like Gecko; compatible; Amazonbot/0.1; +https://developer.amazon.com/support/amazonbot) Chrome/119.0.6045.214 Safari/537.36"
184.73.35.182 - - [01/Sep/2026:10:15:19 -0500] "GET /wp-content/uploads/2022/03/IBM2_IBM3-1.png HTTP/1.1" 200 174066 "-" "Mozilla/5.0 AppleWebKit/537.36 (KHTML, like Gecko; compatible; Amazonbot/0.1; +https://developer.amazon.com/support/amazonbot) Chrome/119.0.6045.214 Safari/537.36"
114.119.154.215 - - [01/Sep/2026:10:15:21 -0500] "GET /producto/sensor-de-proximidad-inductivo-pr12-4dp2 HTTP/1.1" 301 - "https://mecacontrolsa.com/producto/sensor-de-proximidad-inductivo-pr12-4dp2" "Mozilla/5.0 (Linux; Android 7.0;) AppleWebKit/537.36 (HTML, like Gecko) Mobile Safari/537.36 (compatible; PetalBot;+https://webmaster.petalsearch.com/site/petalbot)"
114.119.154.215 - - [01/Sep/2026:10:15:22 -0500] "GET /producto/sensor-de-proximidad-inductivo-pr12-4dp2/ HTTP/1.1" 200 166131 "https://mecacontrolsa.com/producto/sensor-de-proximidad-inductivo-pr12-4dp2" "Mozilla/5.0 (Linux; Android 7.0;) AppleWebKit/537.36 (HTML, like Gecko) Mobile Safari/537.36 (compatible; PetalBot;+https://webmaster.petalsearch.com/site/petalbot)"
44.195.145.102 - - [01/Sep/2026:10:15:24 -0500] "GET /wp-content/uploads/2022/03/32-3.png HTTP/1.1" 200 262614 "-" "Mozilla/5.0 AppleWebKit/537.36 (KHTML, like Gecko; compatible; Amazonbot/0.1; +https://developer.amazon.com/support/amazonbot) Chrome/119.0.6045.214 Safari/537.36"
100.28.204.82 - - [01/Sep/2026:10:15:26 -0500] "GET /wp-content/uploads/2022/03/A46-3-150x150.png HTTP/1.1" 200 17513 "-" "Mozilla/5.0 AppleWebKit/537.36 (KHTML, like Gecko; compatible; Amazonbot/0.1; +https://developer.amazon.com/support/amazonbot) Chrome/119.0.6045.214 Safari/537.36"
195.178.110.137 - - [01/Sep/2026:10:15:50 -0500] "GET /.env HTTP/1.1" 403 199 "-" "fasthttp"
195.178.110.137 - - [01/Sep/2026:10:15:50 -0500] "GET /.env HTTP/1.1" 403 199 "-" "fasthttp"
195.178.110.137 - - [01/Sep/2026:10:15:50 -0500] "GET /.env.local HTTP/1.1" 403 199 "-" "fasthttp"
195.178.110.137 - - [01/Sep/2026:10:15:50 -0500] "GET /.env.local HTTP/1.1" 403 199 "-" "fasthttp"
195.178.110.137 - - [01/Sep/2026:10:15:51 -0500] "GET /.env.production HTTP/1.1" 403 199 "-" "fasthttp"
195.178.110.137 - - [01/Sep/2026:10:15:51 -0500] "GET /.env.production HTTP/1.1" 403 199 "-" "fasthttp"
195.178.110.137 - - [01/Sep/2026:10:15:51 -0500] "GET /.env.dev HTTP/1.1" 403 199 "-" "fasthttp"
195.178.110.137 - - [01/Sep/2026:10:15:51 -0500] "GET /.env.dev HTTP/1.1" 403 199 "-" "fasthttp"
195.178.110.137 - - [01/Sep/2026:10:15:51 -0500] "GET /.env.bak HTTP/1.1" 403 199 "-" "fasthttp"
195.178.110.137 - - [01/Sep/2026:10:15:52 -0500] "GET /.env.bak HTTP/1.1" 403 199 "-" "fasthttp"
195.178.110.137 - - [01/Sep/2026:10:15:52 -0500] "GET /.env.old HTTP/1.1" 403 199 "-" "fasthttp"
195.178.110.137 - - [01/Sep/2026:10:15:52 -0500] "GET /.env.old HTTP/1.1" 403 199 "-" "fasthttp"
195.178.110.137 - - [01/Sep/2026:10:15:53 -0500] "GET /.env.save HTTP/1.1" 403 199 "-" "fasthttp"
195.178.110.137 - - [01/Sep/2026:10:15:53 -0500] "GET /.env.save HTTP/1.1" 403 199 "-" "fasthttp"
195.178.110.137 - - [01/Sep/2026:10:15:53 -0500] "GET /.env.backup HTTP/1.1" 403 199 "-" "fasthttp"
195.178.110.137 - - [01/Sep/2026:10:15:54 -0500] "GET /.env.backup HTTP/1.1" 403 199 "-" "fasthttp"
47.128.58.233 - - [01/Sep/2026:10:15:54 -0500] "GET /apps/labatoto HTTP/1.1" 404 142178 "-" "Mozilla/5.0 (Linux; Android 5.0) AppleWebKit/537.36 (KHTML, like Gecko) Mobile Safari/537.36 (compatible; Bytespider; spider-feedback@bytedance.com)"
52.167.144.64 - - [01/Sep/2026:10:16:16 -0500] "GET /robots.txt HTTP/1.1" 200 320 "-" "Mozilla/5.0 AppleWebKit/537.36 (KHTML, like Gecko; compatible; bingbot/2.0; +http://www.bing.com/bingbot.htm) Chrome/116.0.1938.76 Safari/537.36"
40.77.167.14 - - [01/Sep/2026:10:16:18 -0500] "GET /sitemap.xml HTTP/1.1" 404 826 "-" "Mozilla/5.0 AppleWebKit/537.36 (KHTML, like Gecko; compatible; bingbot/2.0; +http://www.bing.com/bingbot.htm) Chrome/116.0.1938.76 Safari/537.36"
114.119.139.53 - - [01/Sep/2026:10:16:44 -0500] "GET /producto/racores-conexiones-neumaticas-de-bronce-85766 HTTP/1.1" 301 - "https://mecacontrolsa.com/producto/racores-conexiones-neumaticas-de-bronce-85766" "Mozilla/5.0 (Linux; Android 7.0;) AppleWebKit/537.36 (HTML, like Gecko) Mobile Safari/537.36 (compatible; PetalBot;+https://webmaster.petalsearch.com/site/petalbot)"
114.119.139.53 - - [01/Sep/2026:10:16:45 -0500] "GET /producto/racores-conexiones-neumaticas-de-bronce-85766/ HTTP/1.1" 200 166422 "https://mecacontrolsa.com/producto/racores-conexiones-neumaticas-de-bronce-85766" "Mozilla/5.0 (Linux; Android 7.0;) AppleWebKit/537.36 (HTML, like Gecko) Mobile Safari/537.36 (compatible; PetalBot;+https://webmaster.petalsearch.com/site/petalbot)"
54.84.93.8 - - [01/Sep/2026:10:16:50 -0500] "GET /producto/b50r101-lector-ocr/ HTTP/1.1" 200 166164 "-" "Mozilla/5.0 AppleWebKit/537.36 (KHTML, like Gecko; compatible; Amazonbot/0.1; +https://developer.amazon.com/support/amazonbot) Chrome/119.0.6045.214 Safari/537.36"
54.83.180.239 - - [01/Sep/2026:10:16:55 -0500] "GET /wp-content/uploads/2022/03/B50R101-1.jpg HTTP/1.1" 200 51502 "-" "Mozilla/5.0 AppleWebKit/537.36 (KHTML, like Gecko; compatible; Amazonbot/0.1; +https://developer.amazon.com/support/amazonbot) Chrome/119.0.6045.214 Safari/537.36"
47.128.58.55 - - [01/Sep/2026:10:17:36 -0500] "GET /producto/sensor-de-deformacion/ HTTP/1.1" 200 166460 "-" "Mozilla/5.0 (Linux; Android 5.0) AppleWebKit/537.36 (KHTML, like Gecko) Mobile Safari/537.36 (compatible; Bytespider; spider-feedback@bytedance.com)"
47.128.58.55 - - [01/Sep/2026:10:17:38 -0500] "GET /wp-content/uploads/2022/03/F9302-3-600x600.png HTTP/1.1" 206 500 "https://mecacontrolsa.com/producto/sensor-de-deformacion/" "Mozilla/5.0 (Linux; Android 5.0) AppleWebKit/537.36 (KHTML, like Gecko) Mobile Safari/537.36 (compatible; Bytespider; spider-feedback@bytedance.com)"
109.199.118.129 - - [01/Sep/2026:10:17:44 -0500] "GET / HTTP/1.1" 301 - "-" "Mozilla/5.0 (Windows NT 10.0; Win64; x64) AppleWebKit/537.36 (KHTML, like Gecko) Chrome/91.0.4472.114 Safari/537.36 Edg/91.0.864.54"
109.199.118.129 - - [01/Sep/2026:10:17:44 -0500] "GET / HTTP/1.1" 200 200150 "-" "Mozilla/5.0 (Windows NT 10.0; Win64; x64) AppleWebKit/537.36 (KHTML, like Gecko) Chrome/91.0.4472.114 Safari/537.36 Edg/91.0.864.54"
114.119.158.128 - - [01/Sep/2026:10:18:08 -0500] "GET /producto/racor-instantaneo-85778/ HTTP/1.1" 200 165733 "https://mecacontrolsa.com/producto/racor-instantaneo-86260" "Mozilla/5.0 (Linux; Android 7.0;) AppleWebKit/537.36 (HTML, like Gecko) Mobile Safari/537.36 (compatible; PetalBot;+https://webmaster.petalsearch.com/site/petalbot)"
23.23.214.190 - - [01/Sep/2026:10:18:15 -0500] "GET /wp-json/oembed/1.0/embed?format=xml&url=https://mecacontrolsa.com/producto/interruptor-de-seguridad-de-pivotante-7/ HTTP/1.1" 200 2663 "-" "Mozilla/5.0 AppleWebKit/537.36 (KHTML, like Gecko; compatible; Amazonbot/0.1; +https://developer.amazon.com/support/amazonbot) Chrome/119.0.6045.214 Safari/537.36"
66.249.64.4 - - [01/Sep/2026:10:19:09 -0500] "GET /wp-content/uploads/2022/03/APW_APW10-1-300x300.png HTTP/1.1" 200 95145 "-" "Googlebot-Image/1.0"
47.128.58.38 - - [01/Sep/2026:10:19:18 -0500] "GET /producto/medidor-schaeffer-de-acero-inoxidable-serie-sgo/ HTTP/1.1" 200 169101 "-" "Mozilla/5.0 (Linux; Android 5.0) AppleWebKit/537.36 (KHTML, like Gecko) Mobile Safari/537.36 (compatible; Bytespider; spider-feedback@bytedance.com)"
47.128.58.38 - - [01/Sep/2026:10:19:20 -0500] "GET /wp-content/uploads/2024/04/Tamano-Estandar-de-Imagen-producto-15-600x600.jpg HTTP/1.1" 206 500 "https://mecacontrolsa.com/producto/medidor-schaeffer-de-acero-inoxidable-serie-sgo/" "Mozilla/5.0 (Linux; Android 5.0) AppleWebKit/537.36 (KHTML, like Gecko) Mobile Safari/537.36 (compatible; Bytespider; spider-feedback@bytedance.com)"
47.128.58.38 - - [01/Sep/2026:10:19:21 -0500] "GET /wp-content/uploads/2024/04/3-300x300.jpg HTTP/1.1" 206 500 "https://mecacontrolsa.com/producto/medidor-schaeffer-de-acero-inoxidable-serie-sgo/" "Mozilla/5.0 (Linux; Android 5.0) AppleWebKit/537.36 (KHTML, like Gecko) Mobile Safari/537.36 (compatible; Bytespider; spider-feedback@bytedance.com)"
47.128.58.38 - - [01/Sep/2026:10:19:21 -0500] "GET /wp-content/uploads/2024/04/Tamano-Estandar-de-Imagen-producto-15-600x600.jpg HTTP/1.1" 304 - "https://mecacontrolsa.com/producto/medidor-schaeffer-de-acero-inoxidable-serie-sgo/" "Mozilla/5.0 (Linux; Android 5.0) AppleWebKit/537.36 (KHTML, like Gecko) Mobile Safari/537.36 (compatible; Bytespider; spider-feedback@bytedance.com)"
47.128.58.38 - - [01/Sep/2026:10:19:21 -0500] "GET /wp-content/uploads/2024/04/3-300x300.jpg HTTP/1.1" 304 - "https://mecacontrolsa.com/producto/medidor-schaeffer-de-acero-inoxidable-serie-sgo/" "Mozilla/5.0 (Linux; Android 5.0) AppleWebKit/537.36 (KHTML, like Gecko) Mobile Safari/537.36 (compatible; Bytespider; spider-feedback@bytedance.com)"
47.128.58.38 - - [01/Sep/2026:10:19:21 -0500] "GET /wp-content/uploads/2024/04/Tamano-Estandar-de-Imagen-producto-7-300x300.jpg HTTP/1.1" 206 500 "https://mecacontrolsa.com/producto/medidor-schaeffer-de-acero-inoxidable-serie-sgo/" "Mozilla/5.0 (Linux; Android 5.0) AppleWebKit/537.36 (KHTML, like Gecko) Mobile Safari/537.36 (compatible; Bytespider; spider-feedback@bytedance.com)"
47.128.58.38 - - [01/Sep/2026:10:19:21 -0500] "GET /wp-content/uploads/2024/03/TRANSMISOR-DE-VELOCIDAD-DE-AIRE-CON-CABLE-SERIE-641RM-300x300.png HTTP/1.1" 206 500 "https://mecacontrolsa.com/producto/medidor-schaeffer-de-acero-inoxidable-serie-sgo/" "Mozilla/5.0 (Linux; Android 5.0) AppleWebKit/537.36 (KHTML, like Gecko) Mobile Safari/537.36 (compatible; Bytespider; spider-feedback@bytedance.com)"
47.128.58.38 - - [01/Sep/2026:10:19:22 -0500] "GET /wp-content/uploads/2024/04/Tamano-Estandar-de-Imagen-producto-15-600x600.jpg HTTP/1.1" 206 32721 "https://mecacontrolsa.com/producto/medidor-schaeffer-de-acero-inoxidable-serie-sgo/" "Mozilla/5.0 (Linux; Android 5.0) AppleWebKit/537.36 (KHTML, like Gecko) Mobile Safari/537.36 (compatible; Bytespider; spider-feedback@bytedance.com)"
47.128.58.38 - - [01/Sep/2026:10:19:22 -0500] "GET /wp-content/uploads/2024/04/3-300x300.jpg HTTP/1.1" 206 12382 "https://mecacontrolsa.com/producto/medidor-schaeffer-de-acero-inoxidable-serie-sgo/" "Mozilla/5.0 (Linux; Android 5.0) AppleWebKit/537.36 (KHTML, like Gecko) Mobile Safari/537.36 (compatible; Bytespider; spider-feedback@bytedance.com)"
47.128.58.38 - - [01/Sep/2026:10:19:22 -0500] "GET /wp-content/uploads/2024/04/Tamano-Estandar-de-Imagen-producto-7-300x300.jpg HTTP/1.1" 304 - "https://mecacontrolsa.com/producto/medidor-schaeffer-de-acero-inoxidable-serie-sgo/" "Mozilla/5.0 (Linux; Android 5.0) AppleWebKit/537.36 (KHTML, like Gecko) Mobile Safari/537.36 (compatible; Bytespider; spider-feedback@bytedance.com)"
47.128.58.38 - - [01/Sep/2026:10:19:22 -0500] "GET /wp-content/uploads/2024/04/Tamano-Estandar-de-Imagen-producto-7-300x300.jpg HTTP/1.1" 206 18335 "https://mecacontrolsa.com/producto/medidor-schaeffer-de-acero-inoxidable-serie-sgo/" "Mozilla/5.0 (Linux; Android 5.0) AppleWebKit/537.36 (KHTML, like Gecko) Mobile Safari/537.36 (compatible; Bytespider; spider-feedback@bytedance.com)"
114.119.134.206 - - [01/Sep/2026:10:19:32 -0500] "GET /producto/p1kl002-sensor-retro-reflex-universales HTTP/1.1" 301 - "https://mecacontrolsa.com/producto/p1kl002-sensor-retro-reflex-universales" "Mozilla/5.0 (Linux; Android 7.0;) AppleWebKit/537.36 (HTML, like Gecko) Mobile Safari/537.36 (compatible; PetalBot;+https://webmaster.petalsearch.com/site/petalbot)"
114.119.134.206 - - [01/Sep/2026:10:19:33 -0500] "GET /producto/p1kl002-sensor-retro-reflex-universales/ HTTP/1.1" 200 166742 "https://mecacontrolsa.com/producto/p1kl002-sensor-retro-reflex-universales" "Mozilla/5.0 (Linux; Android 7.0;) AppleWebKit/537.36 (HTML, like Gecko) Mobile Safari/537.36 (compatible; PetalBot;+https://webmaster.petalsearch.com/site/petalbot)"
52.45.15.233 - - [01/Sep/2026:10:19:42 -0500] "GET /producto/interruptor-de-caudal/embed/ HTTP/1.1" 200 166589 "-" "Mozilla/5.0 AppleWebKit/537.36 (KHTML, like Gecko; compatible; Amazonbot/0.1; +https://developer.amazon.com/support/amazonbot) Chrome/119.0.6045.214 Safari/537.36"
114.119.134.206 - - [01/Sep/2026:10:21:08 -0500] "GET /producto/multiple-de-bloqueo-de-3-valvulas-serie-bbv-1 HTTP/1.1" 301 - "https://mecacontrolsa.com/producto/multiple-de-bloqueo-de-3-valvulas-serie-bbv-1" "Mozilla/5.0 (Linux; Android 7.0;) AppleWebKit/537.36 (HTML, like Gecko) Mobile Safari/537.36 (compatible; PetalBot;+https://webmaster.petalsearch.com/site/petalbot)"
114.119.134.206 - - [01/Sep/2026:10:21:10 -0500] "GET /producto/multiple-de-bloqueo-de-3-valvulas-serie-bbv-1/ HTTP/1.1" 200 169392 "https://mecacontrolsa.com/producto/multiple-de-bloqueo-de-3-valvulas-serie-bbv-1" "Mozilla/5.0 (Linux; Android 7.0;) AppleWebKit/537.36 (HTML, like Gecko) Mobile Safari/537.36 (compatible; PetalBot;+https://webmaster.petalsearch.com/site/petalbot)"
114.119.139.167 - - [01/Sep/2026:10:22:19 -0500] "GET /producto/medidor-e-interruptor-de-presion-diferencial-mini-photohelic-serie-mp HTTP/1.1" 301 - "https://mecacontrolsa.com/producto/indicador-de-flujo-con-mirilla-midwest-series-sfi-100-y-sfi-300" "Mozilla/5.0 (Linux; Android 7.0;) AppleWebKit/537.36 (HTML, like Gecko) Mobile Safari/537.36 (compatible; PetalBot;+https://webmaster.petalsearch.com/site/petalbot)"
114.119.139.167 - - [01/Sep/2026:10:22:21 -0500] "GET /producto/medidor-e-interruptor-de-presion-diferencial-mini-photohelic-serie-mp/ HTTP/1.1" 200 169230 "https://mecacontrolsa.com/producto/indicador-de-flujo-con-mirilla-midwest-series-sfi-100-y-sfi-300" "Mozilla/5.0 (Linux; Android 7.0;) AppleWebKit/537.36 (HTML, like Gecko) Mobile Safari/537.36 (compatible; PetalBot;+https://webmaster.petalsearch.com/site/petalbot)"
40.77.167.2 - - [01/Sep/2026:10:22:33 -0500] "GET /producto/otm502c0002-sensor-reflex-energeticos/ HTTP/1.1" 200 166613 "-" "Mozilla/5.0 AppleWebKit/537.36 (KHTML, like Gecko; compatible; bingbot/2.0; +http://www.bing.com/bingbot.htm) Chrome/116.0.1938.76 Safari/537.36"
40.77.167.2 - - [01/Sep/2026:10:22:34 -0500] "GET /categoria-producto/wika/controladores-de-presion-wika/ HTTP/1.1" 200 162244 "-" "Mozilla/5.0 AppleWebKit/537.36 (KHTML, like Gecko; compatible; bingbot/2.0; +http://www.bing.com/bingbot.htm) Chrome/116.0.1938.76 Safari/537.36"
116.179.37.224 - - [01/Sep/2026:10:23:10 -0500] "GET /wp-content/uploads/2022/03/EX-RSS16-3.png HTTP/1.1" 200 31662 "https://mecacontrolsa.com/producto/ex-rss16/" "Mozilla/5.0 (compatible; Baiduspider-render/2.0; +http://www.baidu.com/search/spider.html)"
220.181.108.105 - - [01/Sep/2026:10:23:01 -0500] "GET /producto/ex-rss16/ HTTP/1.1" 200 165677 "-" "Mozilla/5.0 (compatible; Baiduspider/2.0; +http://www.baidu.com/search/spider.html)"
47.128.58.42 - - [01/Sep/2026:10:23:24 -0500] "GET /producto/valvula-de-asiento-inclinado-de-2-2-vias-accionada-neumaticamente-tipo-2000/ HTTP/1.1" 200 169250 "-" "Mozilla/5.0 (Linux; Android 5.0) AppleWebKit/537.36 (KHTML, like Gecko) Mobile Safari/537.36 (compatible; Bytespider; spider-feedback@bytedance.com)"
47.128.58.42 - - [01/Sep/2026:10:23:26 -0500] "GET /wp-content/uploads/2024/05/burkert-600x600.jpg HTTP/1.1" 206 500 "https://mecacontrolsa.com/producto/valvula-de-asiento-inclinado-de-2-2-vias-accionada-neumaticamente-tipo-2000/" "Mozilla/5.0 (Linux; Android 5.0) AppleWebKit/537.36 (KHTML, like Gecko) Mobile Safari/537.36 (compatible; Bytespider; spider-feedback@bytedance.com)"
47.128.58.42 - - [01/Sep/2026:10:23:26 -0500] "GET /wp-content/uploads/2024/05/burkert-23-300x300.jpg HTTP/1.1" 206 500 "https://mecacontrolsa.com/producto/valvula-de-asiento-inclinado-de-2-2-vias-accionada-neumaticamente-tipo-2000/" "Mozilla/5.0 (Linux; Android 5.0) AppleWebKit/537.36 (KHTML, like Gecko) Mobile Safari/537.36 (compatible; Bytespider; spider-feedback@bytedance.com)"
47.128.58.42 - - [01/Sep/2026:10:23:27 -0500] "GET /wp-content/uploads/2024/05/burkert-600x600.jpg HTTP/1.1" 304 - "https://mecacontrolsa.com/producto/valvula-de-asiento-inclinado-de-2-2-vias-accionada-neumaticamente-tipo-2000/" "Mozilla/5.0 (Linux; Android 5.0) AppleWebKit/537.36 (KHTML, like Gecko) Mobile Safari/537.36 (compatible; Bytespider; spider-feedback@bytedance.com)"
47.128.58.42 - - [01/Sep/2026:10:23:27 -0500] "GET /wp-content/uploads/2024/05/burkert-19-300x300.jpg HTTP/1.1" 206 500 "https://mecacontrolsa.com/producto/valvula-de-asiento-inclinado-de-2-2-vias-accionada-neumaticamente-tipo-2000/" "Mozilla/5.0 (Linux; Android 5.0) AppleWebKit/537.36 (KHTML, like Gecko) Mobile Safari/537.36 (compatible; Bytespider; spider-feedback@bytedance.com)"
47.128.58.42 - - [01/Sep/2026:10:23:27 -0500] "GET /wp-content/uploads/2024/05/burkert-23-300x300.jpg HTTP/1.1" 304 - "https://mecacontrolsa.com/producto/valvula-de-asiento-inclinado-de-2-2-vias-accionada-neumaticamente-tipo-2000/" "Mozilla/5.0 (Linux; Android 5.0) AppleWebKit/537.36 (KHTML, like Gecko) Mobile Safari/537.36 (compatible; Bytespider; spider-feedback@bytedance.com)"
47.128.58.42 - - [01/Sep/2026:10:23:27 -0500] "GET /wp-content/uploads/2024/05/burkert-18-300x300.jpg HTTP/1.1" 206 500 "https://mecacontrolsa.com/producto/valvula-de-asiento-inclinado-de-2-2-vias-accionada-neumaticamente-tipo-2000/" "Mozilla/5.0 (Linux; Android 5.0) AppleWebKit/537.36 (KHTML, like Gecko) Mobile Safari/537.36 (compatible; Bytespider; spider-feedback@bytedance.com)"
47.128.58.42 - - [01/Sep/2026:10:23:27 -0500] "GET /wp-content/uploads/2024/05/burkert-19-300x300.jpg HTTP/1.1" 304 - "https://mecacontrolsa.com/producto/valvula-de-asiento-inclinado-de-2-2-vias-accionada-neumaticamente-tipo-2000/" "Mozilla/5.0 (Linux; Android 5.0) AppleWebKit/537.36 (KHTML, like Gecko) Mobile Safari/537.36 (compatible; Bytespider; spider-feedback@bytedance.com)"
47.128.58.42 - - [01/Sep/2026:10:23:27 -0500] "GET /wp-content/uploads/2024/05/burkert-600x600.jpg HTTP/1.1" 206 18959 "https://mecacontrolsa.com/producto/valvula-de-asiento-inclinado-de-2-2-vias-accionada-neumaticamente-tipo-2000/" "Mozilla/5.0 (Linux; Android 5.0) AppleWebKit/537.36 (KHTML, like Gecko) Mobile Safari/537.36 (compatible; Bytespider; spider-feedback@bytedance.com)"
47.128.58.42 - - [01/Sep/2026:10:23:27 -0500] "GET /wp-content/uploads/2024/05/burkert-10-300x300.jpg HTTP/1.1" 206 500 "https://mecacontrolsa.com/producto/valvula-de-asiento-inclinado-de-2-2-vias-accionada-neumaticamente-tipo-2000/" "Mozilla/5.0 (Linux; Android 5.0) AppleWebKit/537.36 (KHTML, like Gecko) Mobile Safari/537.36 (compatible; Bytespider; spider-feedback@bytedance.com)"
47.128.58.42 - - [01/Sep/2026:10:23:27 -0500] "GET /wp-content/uploads/2024/05/burkert-23-300x300.jpg HTTP/1.1" 206 8881 "https://mecacontrolsa.com/producto/valvula-de-asiento-inclinado-de-2-2-vias-accionada-neumaticamente-tipo-2000/" "Mozilla/5.0 (Linux; Android 5.0) AppleWebKit/537.36 (KHTML, like Gecko) Mobile Safari/537.36 (compatible; Bytespider; spider-feedback@bytedance.com)"
47.128.58.42 - - [01/Sep/2026:10:23:27 -0500] "GET /wp-content/uploads/2024/05/burkert-18-300x300.jpg HTTP/1.1" 304 - "https://mecacontrolsa.com/producto/valvula-de-asiento-inclinado-de-2-2-vias-accionada-neumaticamente-tipo-2000/" "Mozilla/5.0 (Linux; Android 5.0) AppleWebKit/537.36 (KHTML, like Gecko) Mobile Safari/537.36 (compatible; Bytespider; spider-feedback@bytedance.com)"
47.128.58.42 - - [01/Sep/2026:10:23:28 -0500] "GET /wp-content/uploads/2024/05/burkert-19-300x300.jpg HTTP/1.1" 206 12207 "https://mecacontrolsa.com/producto/valvula-de-asiento-inclinado-de-2-2-vias-accionada-neumaticamente-tipo-2000/" "Mozilla/5.0 (Linux; Android 5.0) AppleWebKit/537.36 (KHTML, like Gecko) Mobile Safari/537.36 (compatible; Bytespider; spider-feedback@bytedance.com)"
47.128.58.42 - - [01/Sep/2026:10:23:28 -0500] "GET /wp-content/uploads/2024/05/burkert-10-300x300.jpg HTTP/1.1" 304 - "https://mecacontrolsa.com/producto/valvula-de-asiento-inclinado-de-2-2-vias-accionada-neumaticamente-tipo-2000/" "Mozilla/5.0 (Linux; Android 5.0) AppleWebKit/537.36 (KHTML, like Gecko) Mobile Safari/537.36 (compatible; Bytespider; spider-feedback@bytedance.com)"
47.128.58.42 - - [01/Sep/2026:10:23:28 -0500] "GET /wp-content/uploads/2024/05/burkert-18-300x300.jpg HTTP/1.1" 206 9778 "https://mecacontrolsa.com/producto/valvula-de-asiento-inclinado-de-2-2-vias-accionada-neumaticamente-tipo-2000/" "Mozilla/5.0 (Linux; Android 5.0) AppleWebKit/537.36 (KHTML, like Gecko) Mobile Safari/537.36 (compatible; Bytespider; spider-feedback@bytedance.com)"
47.128.58.42 - - [01/Sep/2026:10:23:28 -0500] "GET /wp-content/uploads/2024/05/burkert-10-300x300.jpg HTTP/1.1" 206 6674 "https://mecacontrolsa.com/producto/valvula-de-asiento-inclinado-de-2-2-vias-accionada-neumaticamente-tipo-2000/" "Mozilla/5.0 (Linux; Android 5.0) AppleWebKit/537.36 (KHTML, like Gecko) Mobile Safari/537.36 (compatible; Bytespider; spider-feedback@bytedance.com)"
52.167.144.183 - - [01/Sep/2026:10:23:30 -0500] "GET /sitemap.xml.gz HTTP/1.1" 301 - "-" "Mozilla/5.0 AppleWebKit/537.36 (KHTML, like Gecko; compatible; bingbot/2.0; +http://www.bing.com/bingbot.htm) Chrome/116.0.1938.76 Safari/537.36"
40.77.167.2 - - [01/Sep/2026:10:23:41 -0500] "GET /sitemap.xml.gz HTTP/1.1" 404 826 "-" "Mozilla/5.0 AppleWebKit/537.36 (KHTML, like Gecko; compatible; bingbot/2.0; +http://www.bing.com/bingbot.htm) Chrome/116.0.1938.76 Safari/537.36"
114.119.139.167 - - [01/Sep/2026:10:23:42 -0500] "GET /producto/m-660_6600/ HTTP/1.1" 200 165454 "https://mecacontrolsa.com/categoria-producto/shmersal/page/12" "Mozilla/5.0 (Linux; Android 7.0;) AppleWebKit/537.36 (HTML, like Gecko) Mobile Safari/537.36 (compatible; PetalBot;+https://webmaster.petalsearch.com/site/petalbot)"
185.191.171.14 - - [01/Sep/2026:10:24:28 -0500] "GET /categoria-producto/wika/interruptores-de-caudal/ HTTP/1.1" 200 168974 "-" "Mozilla/5.0 (compatible; SemrushBot/7~bl; +http://www.semrush.com/bot.html)"
114.119.134.206 - - [01/Sep/2026:10:25:06 -0500] "GET /producto/l1fl66vb-sensor-retro-reflex-universales/ HTTP/1.1" 200 166449 "https://mecacontrolsa.com/catalogo/page/35" "Mozilla/5.0 (Linux; Android 7.0;) AppleWebKit/537.36 (HTML, like Gecko) Mobile Safari/537.36 (compatible; PetalBot;+https://webmaster.petalsearch.com/site/petalbot)"
40.77.167.2 - - [01/Sep/2026:10:25:34 -0500] "GET /categoria-producto/dwyer/valvulas-dwyer/feed/ HTTP/1.1" 200 19942 "-" "Mozilla/5.0 AppleWebKit/537.36 (KHTML, like Gecko; compatible; bingbot/2.0; +http://www.bing.com/bingbot.htm) Chrome/116.0.1938.76 Safari/537.36"
114.119.134.206 - - [01/Sep/2026:10:26:29 -0500] "GET /producto/horometro-digital-8-digitos-lcd-le8n-bf/ HTTP/1.1" 200 166421 "https://mecacontrolsa.com/categoria-producto/autonics/medicion-de-intensidad-de-corrientes-electricas" "Mozilla/5.0 (Linux; Android 7.0;) AppleWebKit/537.36 (HTML, like Gecko) Mobile Safari/537.36 (compatible; PetalBot;+https://webmaster.petalsearch.com/site/petalbot)"
159.89.235.201 - - [01/Sep/2026:10:27:52 -0500] "GET /wp-content/uploads/2022/03/86195-3.png HTTP/1.1" 200 18501 "https://mecacontrolsa.com/" "Mozilla/5.0 (Windows NT 10.0; Win64; x64) AppleWebKit/537.36 (KHTML, like Gecko) Chrome/107.0.0.0 Safari/537.36"
114.119.158.128 - - [01/Sep/2026:10:27:53 -0500] "GET /producto/ffmp071-sensor-de-presion/ HTTP/1.1" 200 166660 "https://mecacontrolsa.com/categoria-producto/wenglor/sensores-de-presion" "Mozilla/5.0 (Linux; Android 7.0;) AppleWebKit/537.36 (HTML, like Gecko) Mobile Safari/537.36 (compatible; PetalBot;+https://webmaster.petalsearch.com/site/petalbot)"
52.167.144.161 - - [01/Sep/2026:10:28:55 -0500] "GET /producto/termorresistencia-roscada/ HTTP/1.1" 200 166313 "-" "Mozilla/5.0 AppleWebKit/537.36 (KHTML, like Gecko; compatible; bingbot/2.0; +http://www.bing.com/bingbot.htm) Chrome/116.0.1938.76 Safari/537.36"
52.167.144.218 - - [01/Sep/2026:10:29:00 -0500] "GET /catalogo/page/105/ HTTP/1.1" 200 230647 "-" "Mozilla/5.0 AppleWebKit/537.36 (KHTML, like Gecko; compatible; bingbot/2.0; +http://www.bing.com/bingbot.htm) Chrome/116.0.1938.76 Safari/537.36"
114.119.139.53 - - [01/Sep/2026:10:29:17 -0500] "GET /producto/ex-shgv_ess HTTP/1.1" 301 - "https://mecacontrolsa.com/producto/ex-shgv_ess" "Mozilla/5.0 (Linux; Android 7.0;) AppleWebKit/537.36 (HTML, like Gecko) Mobile Safari/537.36 (compatible; PetalBot;+https://webmaster.petalsearch.com/site/petalbot)"
114.119.139.53 - - [01/Sep/2026:10:29:18 -0500] "GET /producto/ex-shgv_ess/ HTTP/1.1" 200 166048 "https://mecacontrolsa.com/producto/ex-shgv_ess" "Mozilla/5.0 (Linux; Android 7.0;) AppleWebKit/537.36 (HTML, like Gecko) Mobile Safari/537.36 (compatible; PetalBot;+https://webmaster.petalsearch.com/site/petalbot)"
52.167.144.218 - - [01/Sep/2026:10:29:19 -0500] "GET /producto/termometro-digital-longlife/ HTTP/1.1" 200 166275 "-" "Mozilla/5.0 AppleWebKit/537.36 (KHTML, like Gecko; compatible; bingbot/2.0; +http://www.bing.com/bingbot.htm) Chrome/116.0.1938.76 Safari/537.36"
52.167.144.161 - - [01/Sep/2026:10:29:23 -0500] "GET /producto/p1nl412-sensor-retro-reflex-universales/ HTTP/1.1" 200 166703 "-" "Mozilla/5.0 AppleWebKit/537.36 (KHTML, like Gecko; compatible; bingbot/2.0; +http://www.bing.com/bingbot.htm) Chrome/116.0.1938.76 Safari/537.36"
114.119.139.53 - - [01/Sep/2026:10:30:40 -0500] "GET /producto/ex-shgv/ HTTP/1.1" 200 165799 "https://mecacontrolsa.com/categoria-producto/shmersal/page/8/" "Mozilla/5.0 (Linux; Android 7.0;) AppleWebKit/537.36 (HTML, like Gecko) Mobile Safari/537.36 (compatible; PetalBot;+https://webmaster.petalsearch.com/site/petalbot)"
40.77.167.121 - - [01/Sep/2026:10:31:23 -0500] "GET /producto/monitor-maestro-de-seguridad-1605/ HTTP/1.1" 404 142167 "-" "Mozilla/5.0 AppleWebKit/537.36 (KHTML, like Gecko; compatible; bingbot/2.0; +http://www.bing.com/bingbot.htm) Chrome/116.0.1938.76 Safari/537.36"
52.167.144.161 - - [01/Sep/2026:10:31:35 -0500] "GET /producto/manometro-de-muelle-tubular-con-contactos-electricos/ HTTP/1.1" 200 167158 "-" "Mozilla/5.0 AppleWebKit/537.36 (KHTML, like Gecko; compatible; bingbot/2.0; +http://www.bing.com/bingbot.htm) Chrome/116.0.1938.76 Safari/537.36"
114.119.136.3 - - [01/Sep/2026:10:32:04 -0500] "GET /producto/ex-rss16/ HTTP/1.1" 200 165798 "https://mecacontrolsa.com/categoria-producto/shmersal/page/8/" "Mozilla/5.0 (Linux; Android 7.0;) AppleWebKit/537.36 (HTML, like Gecko) Mobile Safari/537.36 (compatible; PetalBot;+https://webmaster.petalsearch.com/site/petalbot)"
114.119.134.206 - - [01/Sep/2026:10:33:28 -0500] "GET /producto/ex-335-caja-metalica-con-actuador HTTP/1.1" 301 - "https://mecacontrolsa.com/catalogo/page/19" "Mozilla/5.0 (Linux; Android 7.0;) AppleWebKit/537.36 (HTML, like Gecko) Mobile Safari/537.36 (compatible; PetalBot;+https://webmaster.petalsearch.com/site/petalbot)"
114.119.134.206 - - [01/Sep/2026:10:33:28 -0500] "GET /producto/ex-335-caja-metalica-con-actuador/ HTTP/1.1" 200 166438 "https://mecacontrolsa.com/catalogo/page/19" "Mozilla/5.0 (Linux; Android 7.0;) AppleWebKit/537.36 (HTML, like Gecko) Mobile Safari/537.36 (compatible; PetalBot;+https://webmaster.petalsearch.com/site/petalbot)"
52.167.144.218 - - [01/Sep/2026:10:33:50 -0500] "GET /producto/termometro-bimetalico-4/ HTTP/1.1" 200 166486 "-" "Mozilla/5.0 AppleWebKit/537.36 (KHTML, like Gecko; compatible; bingbot/2.0; +http://www.bing.com/bingbot.htm) Chrome/116.0.1938.76 Safari/537.36"
52.167.144.161 - - [01/Sep/2026:10:33:55 -0500] "GET /producto/balanza-neumatica-de-pesos-muertos-2/ HTTP/1.1" 200 167145 "-" "Mozilla/5.0 AppleWebKit/537.36 (KHTML, like Gecko; compatible; bingbot/2.0; +http://www.bing.com/bingbot.htm) Chrome/116.0.1938.76 Safari/537.36"
114.119.134.206 - - [01/Sep/2026:10:34:51 -0500] "GET /producto/termorresistencia-para-roscar/ HTTP/1.1" 200 166298 "https://mecacontrolsa.com/categoria-producto/wika/page/30" "Mozilla/5.0 (Linux; Android 7.0;) AppleWebKit/537.36 (HTML, like Gecko) Mobile Safari/537.36 (compatible; PetalBot;+https://webmaster.petalsearch.com/site/petalbot)"
66.249.88.38 - - [01/Sep/2026:10:35:18 -0500] "GET /.well-known/traffic-advice HTTP/1.1" 404 142167 "-" "Chrome Privacy Preserving Prefetch Proxy"
162.120.186.165 - - [01/Sep/2026:10:35:18 -0500] "GET /producto/caudalimetro-v-cone/ HTTP/1.1" 200 166435 "https://www.google.com/" "Mozilla/5.0 (Windows NT 10.0; Win64; x64) AppleWebKit/537.36 (KHTML, like Gecko) Chrome/151.0.0.0 Safari/537.36"
114.119.139.167 - - [01/Sep/2026:10:36:15 -0500] "GET /producto/equipo-por-traccion-de-cable-completo HTTP/1.1" 301 - "https://mecacontrolsa.com/producto/equipo-por-traccion-de-cable-completo" "Mozilla/5.0 (Linux; Android 7.0;) AppleWebKit/537.36 (HTML, like Gecko) Mobile Safari/537.36 (compatible; PetalBot;+https://webmaster.petalsearch.com/site/petalbot)"
114.119.139.167 - - [01/Sep/2026:10:36:16 -0500] "GET /producto/equipo-por-traccion-de-cable-completo/ HTTP/1.1" 200 166355 "https://mecacontrolsa.com/producto/equipo-por-traccion-de-cable-completo" "Mozilla/5.0 (Linux; Android 7.0;) AppleWebKit/537.36 (HTML, like Gecko) Mobile Safari/537.36 (compatible; PetalBot;+https://webmaster.petalsearch.com/site/petalbot)"
114.119.136.3 - - [01/Sep/2026:10:37:38 -0500] "GET /producto/valvula-monobloque HTTP/1.1" 301 - "https://mecacontrolsa.com/producto/valvula-monobloque" "Mozilla/5.0 (Linux; Android 7.0;) AppleWebKit/537.36 (HTML, like Gecko) Mobile Safari/537.36 (compatible; PetalBot;+https://webmaster.petalsearch.com/site/petalbot)"
114.119.136.3 - - [01/Sep/2026:10:37:39 -0500] "GET /producto/valvula-monobloque/ HTTP/1.1" 200 167037 "https://mecacontrolsa.com/producto/valvula-monobloque" "Mozilla/5.0 (Linux; Android 7.0;) AppleWebKit/537.36 (HTML, like Gecko) Mobile Safari/537.36 (compatible; PetalBot;+https://webmaster.petalsearch.com/site/petalbot)"
134.231.218.136 - - [01/Sep/2026:10:37:56 -0500] "GET /wp-content/plugins/woocommerce/assets/css/photoswipe/photoswipe.min.css?ver=10.9.3 HTTP/1.1" 200 3265 "https://mecacontrolsa.com/producto/caudalimetro-v-cone/" "Mozilla/5.0 (Windows NT 10.0; Win64; x64) AppleWebKit/537.36 (KHTML, like Gecko) Chrome/151.0.0.0 Safari/537.36"
134.231.218.136 - - [01/Sep/2026:10:37:56 -0500] "GET /wp-content/plugins/woocommerce/assets/css/photoswipe/default-skin/default-skin.min.css?ver=10.9.3 HTTP/1.1" 200 7947 "https://mecacontrolsa.com/producto/caudalimetro-v-cone/" "Mozilla/5.0 (Windows NT 10.0; Win64; x64) AppleWebKit/537.36 (KHTML, like Gecko) Chrome/151.0.0.0 Safari/537.36"
134.231.218.136 - - [01/Sep/2026:10:37:56 -0500] "GET /wp-content/themes/astra/assets/css/minified/compatibility/woocommerce/woocommerce-layout.min.css?ver=4.8.3 HTTP/1.1" 200 18081 "https://mecacontrolsa.com/producto/caudalimetro-v-cone/" "Mozilla/5.0 (Windows NT 10.0; Win64; x64) AppleWebKit/537.36 (KHTML, like Gecko) Chrome/151.0.0.0 Safari/537.36"
134.231.218.136 - - [01/Sep/2026:10:37:56 -0500] "GET /wp-includes/css/dist/block-library/style.min.css?ver=7.1 HTTP/1.1" 200 140761 "https://mecacontrolsa.com/producto/caudalimetro-v-cone/" "Mozilla/5.0 (Windows NT 10.0; Win64; x64) AppleWebKit/537.36 (KHTML, like Gecko) Chrome/151.0.0.0 Safari/537.36"
134.231.218.136 - - [01/Sep/2026:10:37:56 -0500] "GET /wp-content/themes/astra/assets/css/minified/compatibility/woocommerce/woocommerce.min.css?ver=4.8.3 HTTP/1.1" 200 118226 "https://mecacontrolsa.com/producto/caudalimetro-v-cone/" "Mozilla/5.0 (Windows NT 10.0; Win64; x64) AppleWebKit/537.36 (KHTML, like Gecko) Chrome/151.0.0.0 Safari/537.36"
134.231.218.136 - - [01/Sep/2026:10:37:56 -0500] "GET /wp-content/plugins/elementor/assets/css/frontend.min.css?ver=4.1.4 HTTP/1.1" 200 54666 "https://mecacontrolsa.com/producto/caudalimetro-v-cone/" "Mozilla/5.0 (Windows NT 10.0; Win64; x64) AppleWebKit/537.36 (KHTML, like Gecko) Chrome/151.0.0.0 Safari/537.36"
134.231.218.136 - - [01/Sep/2026:10:37:56 -0500] "GET /wp-content/plugins/elementor/assets/css/widget-icon-list.min.css?ver=4.1.4 HTTP/1.1" 200 10255 "https://mecacontrolsa.com/producto/caudalimetro-v-cone/" "Mozilla/5.0 (Windows NT 10.0; Win64; x64) AppleWebKit/537.36 (KHTML, like Gecko) Chrome/151.0.0.0 Safari/537.36"
134.231.218.136 - - [01/Sep/2026:10:37:56 -0500] "GET /wp-content/plugins/elementor-pro/assets/css/widget-search-form.min.css?ver=3.35.0 HTTP/1.1" 200 4805 "https://mecacontrolsa.com/producto/caudalimetro-v-cone/" "Mozilla/5.0 (Windows NT 10.0; Win64; x64) AppleWebKit/537.36 (KHTML, like Gecko) Chrome/151.0.0.0 Safari/537.36"
134.231.218.136 - - [01/Sep/2026:10:37:56 -0500] "GET /wp-content/plugins/elementor/assets/lib/font-awesome/css/solid.min.css?ver=5.15.3 HTTP/1.1" 200 669 "https://mecacontrolsa.com/producto/caudalimetro-v-cone/" "Mozilla/5.0 (Windows NT 10.0; Win64; x64) AppleWebKit/537.36 (KHTML, like Gecko) Chrome/151.0.0.0 Safari/537.36"
134.231.218.136 - - [01/Sep/2026:10:37:56 -0500] "GET /wp-content/plugins/elementor/assets/lib/font-awesome/css/fontawesome.min.css?ver=5.15.3 HTTP/1.1" 200 58071 "https://mecacontrolsa.com/producto/caudalimetro-v-cone/" "Mozilla/5.0 (Windows NT 10.0; Win64; x64) AppleWebKit/537.36 (KHTML, like Gecko) Chrome/151.0.0.0 Safari/537.36"
134.231.218.136 - - [01/Sep/2026:10:37:57 -0500] "GET /wp-content/plugins/elementor/assets/css/widget-image.min.css?ver=4.1.4 HTTP/1.1" 200 214 "https://mecacontrolsa.com/producto/caudalimetro-v-cone/" "Mozilla/5.0 (Windows NT 10.0; Win64; x64) AppleWebKit/537.36 (KHTML, like Gecko) Chrome/151.0.0.0 Safari/537.36"
134.231.218.136 - - [01/Sep/2026:10:37:57 -0500] "GET /wp-content/plugins/elementor-pro/assets/css/widget-nav-menu.min.css?ver=3.35.0 HTTP/1.1" 200 27364 "https://mecacontrolsa.com/producto/caudalimetro-v-cone/" "Mozilla/5.0 (Windows NT 10.0; Win64; x64) AppleWebKit/537.36 (KHTML, like Gecko) Chrome/151.0.0.0 Safari/537.36"
134.231.218.136 - - [01/Sep/2026:10:37:57 -0500] "GET /wp-content/plugins/elementor-pro/assets/css/modules/sticky.min.css?ver=3.35.0 HTTP/1.1" 200 162 "https://mecacontrolsa.com/producto/caudalimetro-v-cone/" "Mozilla/5.0 (Windows NT 10.0; Win64; x64) AppleWebKit/537.36 (KHTML, like Gecko) Chrome/151.0.0.0 Safari/537.36"
134.231.218.136 - - [01/Sep/2026:10:37:57 -0500] "GET /wp-content/plugins/elementor/assets/lib/font-awesome/css/brands.min.css?ver=5.15.3 HTTP/1.1" 200 675 "https://mecacontrolsa.com/producto/caudalimetro-v-cone/" "Mozilla/5.0 (Windows NT 10.0; Win64; x64) AppleWebKit/537.36 (KHTML, like Gecko) Chrome/151.0.0.0 Safari/537.36"
134.231.218.136 - - [01/Sep/2026:10:37:57 -0500] "GET /wp-content/plugins/elementor/assets/css/conditionals/apple-webkit.min.css?ver=4.1.4 HTTP/1.1" 200 6713 "https://mecacontrolsa.com/producto/caudalimetro-v-cone/" "Mozilla/5.0 (Windows NT 10.0; Win64; x64) AppleWebKit/537.36 (KHTML, like Gecko) Chrome/151.0.0.0 Safari/537.36"
134.231.218.136 - - [01/Sep/2026:10:37:57 -0500] "GET /wp-content/plugins/elementor-pro/assets/css/widget-share-buttons.min.css?ver=3.35.0 HTTP/1.1" 200 32721 "https://mecacontrolsa.com/producto/caudalimetro-v-cone/" "Mozilla/5.0 (Windows NT 10.0; Win64; x64) AppleWebKit/537.36 (KHTML, like Gecko) Chrome/151.0.0.0 Safari/537.36"
134.231.218.136 - - [01/Sep/2026:10:37:57 -0500] "GET /wp-content/plugins/elementor/assets/css/widget-heading.min.css?ver=4.1.4 HTTP/1.1" 200 560 "https://mecacontrolsa.com/producto/caudalimetro-v-cone/" "Mozilla/5.0 (Windows NT 10.0; Win64; x64) AppleWebKit/537.36 (KHTML, like Gecko) Chrome/151.0.0.0 Safari/537.36"
134.231.218.136 - - [01/Sep/2026:10:37:57 -0500] "GET /wp-content/plugins/elementor-pro/assets/css/widget-woocommerce-product-meta.min.css?ver=3.35.0 HTTP/1.1" 200 966 "https://mecacontrolsa.com/producto/caudalimetro-v-cone/" "Mozilla/5.0 (Windows NT 10.0; Win64; x64) AppleWebKit/537.36 (KHTML, like Gecko) Chrome/151.0.0.0 Safari/537.36"
134.231.218.136 - - [01/Sep/2026:10:37:57 -0500] "GET /wp-content/plugins/elementor-pro/assets/css/widget-woocommerce-product-price.min.css?ver=3.35.0 HTTP/1.1" 200 262 "https://mecacontrolsa.com/producto/caudalimetro-v-cone/" "Mozilla/5.0 (Windows NT 10.0; Win64; x64) AppleWebKit/537.36 (KHTML, like Gecko) Chrome/151.0.0.0 Safari/537.36"
134.231.218.136 - - [01/Sep/2026:10:37:57 -0500] "GET /wp-content/plugins/elementor-pro/assets/css/widget-woocommerce-product-data-tabs.min.css?ver=3.35.0 HTTP/1.1" 200 739 "https://mecacontrolsa.com/producto/caudalimetro-v-cone/" "Mozilla/5.0 (Windows NT 10.0; Win64; x64) AppleWebKit/537.36 (KHTML, like Gecko) Chrome/151.0.0.0 Safari/537.36"
134.231.218.136 - - [01/Sep/2026:10:37:57 -0500] "GET /wp-content/plugins/elementor-pro/assets/css/widget-form.min.css?ver=3.35.0 HTTP/1.1" 200 6798 "https://mecacontrolsa.com/producto/caudalimetro-v-cone/" "Mozilla/5.0 (Windows NT 10.0; Win64; x64) AppleWebKit/537.36 (KHTML, like Gecko) Chrome/151.0.0.0 Safari/537.36"
134.231.218.136 - - [01/Sep/2026:10:37:57 -0500] "GET /wp-content/plugins/elementor-pro/assets/css/widget-woocommerce-products.min.css?ver=3.35.0 HTTP/1.1" 200 2365 "https://mecacontrolsa.com/producto/caudalimetro-v-cone/" "Mozilla/5.0 (Windows NT 10.0; Win64; x64) AppleWebKit/537.36 (KHTML, like Gecko) Chrome/151.0.0.0 Safari/537.36"
134.231.218.136 - - [01/Sep/2026:10:37:57 -0500] "GET /wp-content/uploads/elementor/css/post-11.css?ver=1787820687 HTTP/1.1" 200 1500 "https://mecacontrolsa.com/producto/caudalimetro-v-cone/" "Mozilla/5.0 (Windows NT 10.0; Win64; x64) AppleWebKit/537.36 (KHTML, like Gecko) Chrome/151.0.0.0 Safari/537.36"
134.231.218.136 - - [01/Sep/2026:10:37:57 -0500] "GET /wp-content/plugins/elementor/assets/lib/eicons/css/elementor-icons.min.css?ver=5.50.0 HTTP/1.1" 200 21976 "https://mecacontrolsa.com/producto/caudalimetro-v-cone/" "Mozilla/5.0 (Windows NT 10.0; Win64; x64) AppleWebKit/537.36 (KHTML, like Gecko) Chrome/151.0.0.0 Safari/537.36"
134.231.218.136 - - [01/Sep/2026:10:37:57 -0500] "GET /wp-content/plugins/elementor/assets/css/widget-social-icons.min.css?ver=3.24.0 HTTP/1.1" 200 5110 "https://mecacontrolsa.com/producto/caudalimetro-v-cone/" "Mozilla/5.0 (Windows NT 10.0; Win64; x64) AppleWebKit/537.36 (KHTML, like Gecko) Chrome/151.0.0.0 Safari/537.36"
134.231.218.136 - - [01/Sep/2026:10:37:57 -0500] "GET /wp-content/plugins/elementor/assets/lib/font-awesome/css/brands.css?ver=5.15.3 HTTP/1.1" 200 732 "https://mecacontrolsa.com/producto/caudalimetro-v-cone/" "Mozilla/5.0 (Windows NT 10.0; Win64; x64) AppleWebKit/537.36 (KHTML, like Gecko) Chrome/151.0.0.0 Safari/537.36"
134.231.218.136 - - [01/Sep/2026:10:37:57 -0500] "GET /wp-content/plugins/elementor/assets/lib/font-awesome/css/fontawesome.css?ver=5.15.3 HTTP/1.1" 200 72184 "https://mecacontrolsa.com/producto/caudalimetro-v-cone/" "Mozilla/5.0 (Windows NT 10.0; Win64; x64) AppleWebKit/537.36 (KHTML, like Gecko) Chrome/151.0.0.0 Safari/537.36"
