190.32.218.240 - - [01/Sep/2026:17:20:11 -0500] "GET /wp-content/plugins/elementor/assets/lib/font-awesome/css/brands.min.css?ver=5.15.3 HTTP/1.1" 200 675 "https://mecacontrolsa.com/categoria-producto/wika/manometros/" "Mozilla/5.0 (Linux; Android 10; K) AppleWebKit/537.36 (KHTML, like Gecko) Chrome/152.0.0.0 Mobile Safari/537.36"
190.32.218.240 - - [01/Sep/2026:17:20:11 -0500] "GET /wp-content/plugins/elementor/assets/css/widget-heading.min.css?ver=4.1.4 HTTP/1.1" 200 560 "https://mecacontrolsa.com/categoria-producto/wika/manometros/" "Mozilla/5.0 (Linux; Android 10; K) AppleWebKit/537.36 (KHTML, like Gecko) Chrome/152.0.0.0 Mobile Safari/537.36"
190.32.218.240 - - [01/Sep/2026:17:20:11 -0500] "GET /wp-content/plugins/elementor-pro/assets/css/widget-woocommerce-products.min.css?ver=3.35.0 HTTP/1.1" 200 2365 "https://mecacontrolsa.com/categoria-producto/wika/manometros/" "Mozilla/5.0 (Linux; Android 10; K) AppleWebKit/537.36 (KHTML, like Gecko) Chrome/152.0.0.0 Mobile Safari/537.36"
190.32.218.240 - - [01/Sep/2026:17:20:11 -0500] "GET /wp-content/plugins/elementor-pro/assets/css/widget-woocommerce-categories.min.css?ver=3.35.0 HTTP/1.1" 200 85 "https://mecacontrolsa.com/categoria-producto/wika/manometros/" "Mozilla/5.0 (Linux; Android 10; K) AppleWebKit/537.36 (KHTML, like Gecko) Chrome/152.0.0.0 Mobile Safari/537.36"
190.32.218.240 - - [01/Sep/2026:17:20:11 -0500] "GET /wp-content/plugins/elementor-pro/assets/css/widget-woocommerce-products-archive.min.css?ver=3.35.0 HTTP/1.1" 200 1497 "https://mecacontrolsa.com/categoria-producto/wika/manometros/" "Mozilla/5.0 (Linux; Android 10; K) AppleWebKit/537.36 (KHTML, like Gecko) Chrome/152.0.0.0 Mobile Safari/537.36"
190.32.218.240 - - [01/Sep/2026:17:20:11 -0500] "GET /wp-content/plugins/elementor/assets/lib/eicons/css/elementor-icons.min.css?ver=5.50.0 HTTP/1.1" 200 21976 "https://mecacontrolsa.com/categoria-producto/wika/manometros/" "Mozilla/5.0 (Linux; Android 10; K) AppleWebKit/537.36 (KHTML, like Gecko) Chrome/152.0.0.0 Mobile Safari/537.36"
190.32.218.240 - - [01/Sep/2026:17:20:11 -0500] "GET /wp-content/uploads/elementor/css/post-11.css?ver=1787820687 HTTP/1.1" 200 1500 "https://mecacontrolsa.com/categoria-producto/wika/manometros/" "Mozilla/5.0 (Linux; Android 10; K) AppleWebKit/537.36 (KHTML, like Gecko) Chrome/152.0.0.0 Mobile Safari/537.36"
190.32.218.240 - - [01/Sep/2026:17:20:12 -0500] "GET /wp-content/plugins/elementor/assets/css/widget-social-icons.min.css?ver=3.24.0 HTTP/1.1" 200 5110 "https://mecacontrolsa.com/categoria-producto/wika/manometros/" "Mozilla/5.0 (Linux; Android 10; K) AppleWebKit/537.36 (KHTML, like Gecko) Chrome/152.0.0.0 Mobile Safari/537.36"
190.32.218.240 - - [01/Sep/2026:17:20:12 -0500] "GET /wp-content/plugins/elementor/assets/lib/font-awesome/css/brands.css?ver=5.15.3 HTTP/1.1" 200 732 "https://mecacontrolsa.com/categoria-producto/wika/manometros/" "Mozilla/5.0 (Linux; Android 10; K) AppleWebKit/537.36 (KHTML, like Gecko) Chrome/152.0.0.0 Mobile Safari/537.36"
190.32.218.240 - - [01/Sep/2026:17:20:12 -0500] "GET /wp-content/plugins/elementor/assets/lib/font-awesome/css/fontawesome.css?ver=5.15.3 HTTP/1.1" 200 72184 "https://mecacontrolsa.com/categoria-producto/wika/manometros/" "Mozilla/5.0 (Linux; Android 10; K) AppleWebKit/537.36 (KHTML, like Gecko) Chrome/152.0.0.0 Mobile Safari/537.36"
190.32.218.240 - - [01/Sep/2026:17:20:12 -0500] "GET /wp-content/plugins/elementor/assets/lib/font-awesome/css/solid.css?ver=5.15.3 HTTP/1.1" 200 727 "https://mecacontrolsa.com/categoria-producto/wika/manometros/" "Mozilla/5.0 (Linux; Android 10; K) AppleWebKit/537.36 (KHTML, like Gecko) Chrome/152.0.0.0 Mobile Safari/537.36"
190.32.218.240 - - [01/Sep/2026:17:20:12 -0500] "GET /wp-content/uploads/elementor/css/post-10.css?ver=1787820687 HTTP/1.1" 200 24235 "https://mecacontrolsa.com/categoria-producto/wika/manometros/" "Mozilla/5.0 (Linux; Android 10; K) AppleWebKit/537.36 (KHTML, like Gecko) Chrome/152.0.0.0 Mobile Safari/537.36"
190.32.218.240 - - [01/Sep/2026:17:20:12 -0500] "GET /wp-content/uploads/elementor/css/post-17.css?ver=1787820687 HTTP/1.1" 200 17406 "https://mecacontrolsa.com/categoria-producto/wika/manometros/" "Mozilla/5.0 (Linux; Android 10; K) AppleWebKit/537.36 (KHTML, like Gecko) Chrome/152.0.0.0 Mobile Safari/537.36"
190.32.218.240 - - [01/Sep/2026:17:20:12 -0500] "GET /wp-content/uploads/elementor/css/post-953.css?ver=1787821958 HTTP/1.1" 200 10523 "https://mecacontrolsa.com/categoria-producto/wika/manometros/" "Mozilla/5.0 (Linux; Android 10; K) AppleWebKit/537.36 (KHTML, like Gecko) Chrome/152.0.0.0 Mobile Safari/537.36"
190.32.218.240 - - [01/Sep/2026:17:20:12 -0500] "GET /wp-content/plugins/creame-whatsapp-me/public/css/joinchat.min.css?ver=6.2.3 HTTP/1.1" 200 20868 "https://mecacontrolsa.com/categoria-producto/wika/manometros/" "Mozilla/5.0 (Linux; Android 10; K) AppleWebKit/537.36 (KHTML, like Gecko) Chrome/152.0.0.0 Mobile Safari/537.36"
190.32.218.240 - - [01/Sep/2026:17:20:12 -0500] "GET /wp-content/themes/mecacontrol/style.css?ver=1.0.0 HTTP/1.1" 200 306 "https://mecacontrolsa.com/categoria-producto/wika/manometros/" "Mozilla/5.0 (Linux; Android 10; K) AppleWebKit/537.36 (KHTML, like Gecko) Chrome/152.0.0.0 Mobile Safari/537.36"
190.32.218.240 - - [01/Sep/2026:17:20:12 -0500] "GET /wp-content/plugins/elementor/assets/lib/font-awesome/css/regular.min.css?ver=5.15.3 HTTP/1.1" 200 677 "https://mecacontrolsa.com/categoria-producto/wika/manometros/" "Mozilla/5.0 (Linux; Android 10; K) AppleWebKit/537.36 (KHTML, like Gecko) Chrome/152.0.0.0 Mobile Safari/537.36"
190.32.218.240 - - [01/Sep/2026:17:20:12 -0500] "GET /wp-includes/js/jquery/jquery-migrate.min.js?ver=3.4.1 HTTP/1.1" 200 13577 "https://mecacontrolsa.com/categoria-producto/wika/manometros/" "Mozilla/5.0 (Linux; Android 10; K) AppleWebKit/537.36 (KHTML, like Gecko) Chrome/152.0.0.0 Mobile Safari/537.36"
190.32.218.240 - - [01/Sep/2026:17:20:12 -0500] "GET /wp-includes/js/jquery/jquery.min.js?ver=3.7.1 HTTP/1.1" 200 87553 "https://mecacontrolsa.com/categoria-producto/wika/manometros/" "Mozilla/5.0 (Linux; Android 10; K) AppleWebKit/537.36 (KHTML, like Gecko) Chrome/152.0.0.0 Mobile Safari/537.36"
190.32.218.240 - - [01/Sep/2026:17:20:12 -0500] "GET /wp-content/uploads/2020/02/mecacontrol-logo.png HTTP/1.1" 200 8944 "https://mecacontrolsa.com/categoria-producto/wika/manometros/" "Mozilla/5.0 (Linux; Android 10; K) AppleWebKit/537.36 (KHTML, like Gecko) Chrome/152.0.0.0 Mobile Safari/537.36"
190.32.218.240 - - [01/Sep/2026:17:20:12 -0500] "GET /wp-content/uploads/2022/03/WIKA.png HTTP/1.1" 200 16406 "https://mecacontrolsa.com/categoria-producto/wika/manometros/" "Mozilla/5.0 (Linux; Android 10; K) AppleWebKit/537.36 (KHTML, like Gecko) Chrome/152.0.0.0 Mobile Safari/537.36"
190.32.218.240 - - [01/Sep/2026:17:20:12 -0500] "GET /wp-content/uploads/2022/03/Diseno-sin-titulo-29.png HTTP/1.1" 200 12389 "https://mecacontrolsa.com/categoria-producto/wika/manometros/" "Mozilla/5.0 (Linux; Android 10; K) AppleWebKit/537.36 (KHTML, like Gecko) Chrome/152.0.0.0 Mobile Safari/537.36"
190.32.218.240 - - [01/Sep/2026:17:20:11 -0500] "GET /wp-content/plugins/ultimate-elementor/assets/min-css/uael-frontend.min.css?ver=1.45.0 HTTP/1.1" 200 751778 "https://mecacontrolsa.com/categoria-producto/wika/manometros/" "Mozilla/5.0 (Linux; Android 10; K) AppleWebKit/537.36 (KHTML, like Gecko) Chrome/152.0.0.0 Mobile Safari/537.36"
190.32.218.240 - - [01/Sep/2026:17:20:12 -0500] "GET /wp-content/plugins/woocommerce/assets/client/blocks/wc-blocks.css?ver=wc-10.9.3 HTTP/1.1" 200 14006 "https://mecacontrolsa.com/categoria-producto/wika/manometros/" "Mozilla/5.0 (Linux; Android 10; K) AppleWebKit/537.36 (KHTML, like Gecko) Chrome/152.0.0.0 Mobile Safari/537.36"
190.32.218.240 - - [01/Sep/2026:17:20:12 -0500] "GET /wp-content/themes/astra/assets/js/minified/style.min.js?ver=4.8.3 HTTP/1.1" 200 12379 "https://mecacontrolsa.com/categoria-producto/wika/manometros/" "Mozilla/5.0 (Linux; Android 10; K) AppleWebKit/537.36 (KHTML, like Gecko) Chrome/152.0.0.0 Mobile Safari/537.36"
190.32.218.240 - - [01/Sep/2026:17:20:13 -0500] "GET /wp-content/plugins/elementor/assets/js/webpack.runtime.min.js?ver=4.1.4 HTTP/1.1" 200 5819 "https://mecacontrolsa.com/categoria-producto/wika/manometros/" "Mozilla/5.0 (Linux; Android 10; K) AppleWebKit/537.36 (KHTML, like Gecko) Chrome/152.0.0.0 Mobile Safari/537.36"
190.32.218.240 - - [01/Sep/2026:17:20:13 -0500] "GET /wp-content/plugins/elementor/assets/js/frontend-modules.min.js?ver=4.1.4 HTTP/1.1" 200 50602 "https://mecacontrolsa.com/categoria-producto/wika/manometros/" "Mozilla/5.0 (Linux; Android 10; K) AppleWebKit/537.36 (KHTML, like Gecko) Chrome/152.0.0.0 Mobile Safari/537.36"
190.32.218.240 - - [01/Sep/2026:17:20:13 -0500] "GET /wp-includes/js/jquery/ui/core.min.js?ver=1.14.2 HTTP/1.1" 200 18674 "https://mecacontrolsa.com/categoria-producto/wika/manometros/" "Mozilla/5.0 (Linux; Android 10; K) AppleWebKit/537.36 (KHTML, like Gecko) Chrome/152.0.0.0 Mobile Safari/537.36"
190.32.218.240 - - [01/Sep/2026:17:20:13 -0500] "GET /wp-content/plugins/elementor/assets/js/frontend.min.js?ver=4.1.4 HTTP/1.1" 200 32098 "https://mecacontrolsa.com/categoria-producto/wika/manometros/" "Mozilla/5.0 (Linux; Android 10; K) AppleWebKit/537.36 (KHTML, like Gecko) Chrome/152.0.0.0 Mobile Safari/537.36"
190.32.218.240 - - [01/Sep/2026:17:20:13 -0500] "GET /wp-content/plugins/elementor-pro/assets/lib/sticky/jquery.sticky.min.js?ver=3.35.0 HTTP/1.1" 200 3721 "https://mecacontrolsa.com/categoria-producto/wika/manometros/" "Mozilla/5.0 (Linux; Android 10; K) AppleWebKit/537.36 (KHTML, like Gecko) Chrome/152.0.0.0 Mobile Safari/537.36"
190.32.218.240 - - [01/Sep/2026:17:20:13 -0500] "GET /wp-content/plugins/woocommerce/assets/js/sourcebuster/sourcebuster.min.js?ver=10.9.3 HTTP/1.1" 200 15315 "https://mecacontrolsa.com/categoria-producto/wika/manometros/" "Mozilla/5.0 (Linux; Android 10; K) AppleWebKit/537.36 (KHTML, like Gecko) Chrome/152.0.0.0 Mobile Safari/537.36"
190.32.218.240 - - [01/Sep/2026:17:20:13 -0500] "GET /wp-content/plugins/elementor-pro/assets/lib/smartmenus/jquery.smartmenus.min.js?ver=1.2.1 HTTP/1.1" 200 24109 "https://mecacontrolsa.com/categoria-producto/wika/manometros/" "Mozilla/5.0 (Linux; Android 10; K) AppleWebKit/537.36 (KHTML, like Gecko) Chrome/152.0.0.0 Mobile Safari/537.36"
190.32.218.240 - - [01/Sep/2026:17:20:13 -0500] "GET /wp-content/plugins/elementor-pro/assets/js/webpack-pro.runtime.min.js?ver=3.35.0 HTTP/1.1" 200 6248 "https://mecacontrolsa.com/categoria-producto/wika/manometros/" "Mozilla/5.0 (Linux; Android 10; K) AppleWebKit/537.36 (KHTML, like Gecko) Chrome/152.0.0.0 Mobile Safari/537.36"
190.32.218.240 - - [01/Sep/2026:17:20:13 -0500] "GET /wp-content/plugins/woocommerce/assets/js/frontend/order-attribution.min.js?ver=10.9.3 HTTP/1.1" 200 2439 "https://mecacontrolsa.com/categoria-producto/wika/manometros/" "Mozilla/5.0 (Linux; Android 10; K) AppleWebKit/537.36 (KHTML, like Gecko) Chrome/152.0.0.0 Mobile Safari/537.36"
190.32.218.240 - - [01/Sep/2026:17:20:13 -0500] "GET /wp-includes/js/dist/hooks.min.js?ver=f0f188028580e8dc1255 HTTP/1.1" 200 5107 "https://mecacontrolsa.com/categoria-producto/wika/manometros/" "Mozilla/5.0 (Linux; Android 10; K) AppleWebKit/537.36 (KHTML, like Gecko) Chrome/152.0.0.0 Mobile Safari/537.36"
190.32.218.240 - - [01/Sep/2026:17:20:13 -0500] "GET /wp-content/plugins/elementor/assets/lib/font-awesome/webfonts/fa-brands-400.woff2 HTTP/1.1" 200 81612 "https://mecacontrolsa.com/wp-content/plugins/elementor/assets/lib/font-awesome/css/brands.min.css?ver=5.15.3" "Mozilla/5.0 (Linux; Android 10; K) AppleWebKit/537.36 (KHTML, like Gecko) Chrome/152.0.0.0 Mobile Safari/537.36"
190.32.218.240 - - [01/Sep/2026:17:20:13 -0500] "GET /wp-content/plugins/elementor/assets/lib/font-awesome/webfonts/fa-solid-900.woff2 HTTP/1.1" 200 78196 "https://mecacontrolsa.com/wp-content/plugins/elementor/assets/lib/font-awesome/css/solid.min.css?ver=5.15.3" "Mozilla/5.0 (Linux; Android 10; K) AppleWebKit/537.36 (KHTML, like Gecko) Chrome/152.0.0.0 Mobile Safari/537.36"
190.32.218.240 - - [01/Sep/2026:17:20:13 -0500] "GET /wp-content/plugins/elementor/assets/lib/eicons/fonts/eicons.woff2?5.50.0 HTTP/1.1" 200 106500 "https://mecacontrolsa.com/wp-content/plugins/elementor/assets/lib/eicons/css/elementor-icons.min.css?ver=5.50.0" "Mozilla/5.0 (Linux; Android 10; K) AppleWebKit/537.36 (KHTML, like Gecko) Chrome/152.0.0.0 Mobile Safari/537.36"
190.32.218.240 - - [01/Sep/2026:17:20:13 -0500] "GET /wp-content/plugins/elementor/assets/lib/font-awesome/webfonts/fa-regular-400.woff2 HTTP/1.1" 200 13276 "https://mecacontrolsa.com/wp-content/plugins/elementor/assets/lib/font-awesome/css/regular.min.css?ver=5.15.3" "Mozilla/5.0 (Linux; Android 10; K) AppleWebKit/537.36 (KHTML, like Gecko) Chrome/152.0.0.0 Mobile Safari/537.36"
190.32.218.240 - - [01/Sep/2026:17:20:13 -0500] "GET /wp-content/uploads/2024/03/KOBOLD.jpg HTTP/1.1" 200 5616 "https://mecacontrolsa.com/categoria-producto/wika/manometros/" "Mozilla/5.0 (Linux; Android 10; K) AppleWebKit/537.36 (KHTML, like Gecko) Chrome/152.0.0.0 Mobile Safari/537.36"
190.32.218.240 - - [01/Sep/2026:17:20:14 -0500] "GET /wp-content/uploads/2024/03/dwyer-1.png HTTP/1.1" 200 4929 "https://mecacontrolsa.com/categoria-producto/wika/manometros/" "Mozilla/5.0 (Linux; Android 10; K) AppleWebKit/537.36 (KHTML, like Gecko) Chrome/152.0.0.0 Mobile Safari/537.36"
190.32.218.240 - - [01/Sep/2026:17:20:14 -0500] "GET /wp-content/uploads/2022/03/AUTONICS.png HTTP/1.1" 200 15093 "https://mecacontrolsa.com/categoria-producto/wika/manometros/" "Mozilla/5.0 (Linux; Android 10; K) AppleWebKit/537.36 (KHTML, like Gecko) Chrome/152.0.0.0 Mobile Safari/537.36"
190.32.218.240 - - [01/Sep/2026:17:20:14 -0500] "GET /wp-content/uploads/2022/03/Palazzoli-2.png HTTP/1.1" 200 17790 "https://mecacontrolsa.com/categoria-producto/wika/manometros/" "Mozilla/5.0 (Linux; Android 10; K) AppleWebKit/537.36 (KHTML, like Gecko) Chrome/152.0.0.0 Mobile Safari/537.36"
190.32.218.240 - - [01/Sep/2026:17:20:14 -0500] "GET /wp-content/uploads/2022/03/SCHMERSAL.png HTTP/1.1" 200 11402 "https://mecacontrolsa.com/categoria-producto/wika/manometros/" "Mozilla/5.0 (Linux; Android 10; K) AppleWebKit/537.36 (KHTML, like Gecko) Chrome/152.0.0.0 Mobile Safari/537.36"
190.32.218.240 - - [01/Sep/2026:17:20:13 -0500] "GET /wp-content/uploads/2022/04/50158945.png HTTP/1.1" 200 354776 "https://mecacontrolsa.com/categoria-producto/wika/manometros/" "Mozilla/5.0 (Linux; Android 10; K) AppleWebKit/537.36 (KHTML, like Gecko) Chrome/152.0.0.0 Mobile Safari/537.36"
190.32.218.240 - - [01/Sep/2026:17:20:14 -0500] "GET /wp-content/uploads/2024/05/Diseno-sin-titulo-31.jpg HTTP/1.1" 200 7736 "https://mecacontrolsa.com/categoria-producto/wika/manometros/" "Mozilla/5.0 (Linux; Android 10; K) AppleWebKit/537.36 (KHTML, like Gecko) Chrome/152.0.0.0 Mobile Safari/537.36"
190.32.218.240 - - [01/Sep/2026:17:20:14 -0500] "GET /wp-content/uploads/2022/03/PNEUFLEX.png HTTP/1.1" 200 13181 "https://mecacontrolsa.com/categoria-producto/wika/manometros/" "Mozilla/5.0 (Linux; Android 10; K) AppleWebKit/537.36 (KHTML, like Gecko) Chrome/152.0.0.0 Mobile Safari/537.36"
190.32.218.240 - - [01/Sep/2026:17:20:14 -0500] "GET /wp-content/uploads/2022/03/pneumatic.png HTTP/1.1" 200 19508 "https://mecacontrolsa.com/categoria-producto/wika/manometros/" "Mozilla/5.0 (Linux; Android 10; K) AppleWebKit/537.36 (KHTML, like Gecko) Chrome/152.0.0.0 Mobile Safari/537.36"
17.166.234.16 - - [01/Sep/2026:17:20:14 -0500] "GET /wp-content/themes/astra/assets/css/minified/style.min.css?ver=4.8.3 HTTP/1.1" 200 73072 "https://mecacontrolsa.com/producto/conector-de-mampara-series-bhc/" "Mozilla/5.0 (Macintosh; Intel Mac OS X 10_15_7) AppleWebKit/605.1.15 (KHTML, like Gecko) Version/17.4 Safari/605.1.15 (Applebot/0.1; +http://www.apple.com/go/applebot)"
190.32.218.240 - - [01/Sep/2026:17:20:14 -0500] "GET /wp-content/uploads/2022/03/NITRA.png HTTP/1.1" 200 11662 "https://mecacontrolsa.com/categoria-producto/wika/manometros/" "Mozilla/5.0 (Linux; Android 10; K) AppleWebKit/537.36 (KHTML, like Gecko) Chrome/152.0.0.0 Mobile Safari/537.36"
190.32.218.240 - - [01/Sep/2026:17:20:14 -0500] "GET /wp-content/uploads/2022/03/BIMED.png HTTP/1.1" 200 10845 "https://mecacontrolsa.com/categoria-producto/wika/manometros/" "Mozilla/5.0 (Linux; Android 10; K) AppleWebKit/537.36 (KHTML, like Gecko) Chrome/152.0.0.0 Mobile Safari/537.36"
190.32.218.240 - - [01/Sep/2026:17:20:14 -0500] "GET /wp-content/uploads/2022/03/432_50_433_50-1.png HTTP/1.1" 200 392751 "https://mecacontrolsa.com/categoria-producto/wika/manometros/" "Mozilla/5.0 (Linux; Android 10; K) AppleWebKit/537.36 (KHTML, like Gecko) Chrome/152.0.0.0 Mobile Safari/537.36"
190.32.218.240 - - [01/Sep/2026:17:20:14 -0500] "GET /wp-content/uploads/2022/03/MERSEN.png HTTP/1.1" 200 12151 "https://mecacontrolsa.com/categoria-producto/wika/manometros/" "Mozilla/5.0 (Linux; Android 10; K) AppleWebKit/537.36 (KHTML, like Gecko) Chrome/152.0.0.0 Mobile Safari/537.36"
190.32.218.240 - - [01/Sep/2026:17:20:14 -0500] "GET /wp-includes/js/dist/i18n.min.js?ver=1dfe7db3940c23ea9216 HTTP/1.1" 200 5791 "https://mecacontrolsa.com/categoria-producto/wika/manometros/" "Mozilla/5.0 (Linux; Android 10; K) AppleWebKit/537.36 (KHTML, like Gecko) Chrome/152.0.0.0 Mobile Safari/537.36"
190.32.218.240 - - [01/Sep/2026:17:20:14 -0500] "GET /wp-content/plugins/elementor-pro/assets/js/frontend.min.js?ver=3.35.0 HTTP/1.1" 200 24047 "https://mecacontrolsa.com/categoria-producto/wika/manometros/" "Mozilla/5.0 (Linux; Android 10; K) AppleWebKit/537.36 (KHTML, like Gecko) Chrome/152.0.0.0 Mobile Safari/537.36"
190.32.218.240 - - [01/Sep/2026:17:20:14 -0500] "GET /wp-content/plugins/elementor-pro/assets/js/elements-handlers.min.js?ver=3.35.0 HTTP/1.1" 200 44258 "https://mecacontrolsa.com/categoria-producto/wika/manometros/" "Mozilla/5.0 (Linux; Android 10; K) AppleWebKit/537.36 (KHTML, like Gecko) Chrome/152.0.0.0 Mobile Safari/537.36"
190.32.218.240 - - [01/Sep/2026:17:20:14 -0500] "GET /wp-content/plugins/woocommerce/assets/js/jquery-blockui/jquery.blockUI.min.js?ver=2.7.0-wc.10.9.3 HTTP/1.1" 200 9636 "https://mecacontrolsa.com/categoria-producto/wika/manometros/" "Mozilla/5.0 (Linux; Android 10; K) AppleWebKit/537.36 (KHTML, like Gecko) Chrome/152.0.0.0 Mobile Safari/537.36"
190.32.218.240 - - [01/Sep/2026:17:20:14 -0500] "GET /wp-content/plugins/woocommerce/assets/js/frontend/add-to-cart.min.js?ver=10.9.3 HTTP/1.1" 200 4350 "https://mecacontrolsa.com/categoria-producto/wika/manometros/" "Mozilla/5.0 (Linux; Android 10; K) AppleWebKit/537.36 (KHTML, like Gecko) Chrome/152.0.0.0 Mobile Safari/537.36"
190.32.218.240 - - [01/Sep/2026:17:20:14 -0500] "GET /wp-content/plugins/woocommerce/assets/js/js-cookie/js.cookie.min.js?ver=2.1.4-wc.10.9.3 HTTP/1.1" 200 1720 "https://mecacontrolsa.com/categoria-producto/wika/manometros/" "Mozilla/5.0 (Linux; Android 10; K) AppleWebKit/537.36 (KHTML, like Gecko) Chrome/152.0.0.0 Mobile Safari/537.36"
190.32.218.240 - - [01/Sep/2026:17:20:14 -0500] "GET /wp-content/plugins/woocommerce/assets/js/frontend/woocommerce.min.js?ver=10.9.3 HTTP/1.1" 200 4270 "https://mecacontrolsa.com/categoria-producto/wika/manometros/" "Mozilla/5.0 (Linux; Android 10; K) AppleWebKit/537.36 (KHTML, like Gecko) Chrome/152.0.0.0 Mobile Safari/537.36"
190.32.218.240 - - [01/Sep/2026:17:20:14 -0500] "GET /wp-content/plugins/creame-whatsapp-me/public/js/joinchat.min.js?ver=6.2.3 HTTP/1.1" 200 11161 "https://mecacontrolsa.com/categoria-producto/wika/manometros/" "Mozilla/5.0 (Linux; Android 10; K) AppleWebKit/537.36 (KHTML, like Gecko) Chrome/152.0.0.0 Mobile Safari/537.36"
190.32.218.240 - - [01/Sep/2026:17:20:14 -0500] "GET /wp-content/uploads/woocommerce-placeholder-1024x1024.png HTTP/1.1" 200 92161 "https://mecacontrolsa.com/categoria-producto/wika/manometros/" "Mozilla/5.0 (Linux; Android 10; K) AppleWebKit/537.36 (KHTML, like Gecko) Chrome/152.0.0.0 Mobile Safari/537.36"
190.32.218.240 - - [01/Sep/2026:17:20:14 -0500] "GET /wp-content/uploads/2022/03/PG43SA_S-1.png HTTP/1.1" 200 318947 "https://mecacontrolsa.com/categoria-producto/wika/manometros/" "Mozilla/5.0 (Linux; Android 10; K) AppleWebKit/537.36 (KHTML, like Gecko) Chrome/152.0.0.0 Mobile Safari/537.36"
190.32.218.240 - - [01/Sep/2026:17:20:14 -0500] "GET /wp-content/uploads/2022/03/PG43SA_de_de_13261.jpg-1.png HTTP/1.1" 200 693283 "https://mecacontrolsa.com/categoria-producto/wika/manometros/" "Mozilla/5.0 (Linux; Android 10; K) AppleWebKit/537.36 (KHTML, like Gecko) Chrome/152.0.0.0 Mobile Safari/537.36"
190.32.218.240 - - [01/Sep/2026:17:20:15 -0500] "GET /wp-content/uploads/2020/02/cropped-mecacontrol-icono-192x192.png HTTP/1.1" 200 5310 "https://mecacontrolsa.com/categoria-producto/wika/manometros/" "Mozilla/5.0 (Linux; Android 10; K) AppleWebKit/537.36 (KHTML, like Gecko) Chrome/152.0.0.0 Mobile Safari/537.36"
190.32.218.240 - - [01/Sep/2026:17:20:14 -0500] "GET /wp-content/uploads/2022/03/PR_111_10_111_12.jpg-1.png HTTP/1.1" 200 495522 "https://mecacontrolsa.com/categoria-producto/wika/manometros/" "Mozilla/5.0 (Linux; Android 10; K) AppleWebKit/537.36 (KHTML, like Gecko) Chrome/152.0.0.0 Mobile Safari/537.36"
190.32.218.240 - - [01/Sep/2026:17:20:14 -0500] "GET /wp-content/uploads/2022/03/422_12_423_12-1.png HTTP/1.1" 200 310375 "https://mecacontrolsa.com/categoria-producto/wika/manometros/" "Mozilla/5.0 (Linux; Android 10; K) AppleWebKit/537.36 (KHTML, like Gecko) Chrome/152.0.0.0 Mobile Safari/537.36"
190.32.218.240 - - [01/Sep/2026:17:20:14 -0500] "GET /wp-content/uploads/2022/03/432_36_432_56-1.png HTTP/1.1" 200 425096 "https://mecacontrolsa.com/categoria-producto/wika/manometros/" "Mozilla/5.0 (Linux; Android 10; K) AppleWebKit/537.36 (KHTML, like Gecko) Chrome/152.0.0.0 Mobile Safari/537.36"
190.32.218.240 - - [01/Sep/2026:17:20:15 -0500] "GET /wp-content/uploads/2020/02/cropped-mecacontrol-icono-180x180.png HTTP/1.1" 200 7612 "https://mecacontrolsa.com/categoria-producto/wika/manometros/" "Mozilla/5.0 (Linux; Android 10; K) AppleWebKit/537.36 (KHTML, like Gecko) Chrome/152.0.0.0 Mobile Safari/537.36"
190.32.218.240 - - [01/Sep/2026:17:20:15 -0500] "GET /wp-content/plugins/elementor/assets/js/section-frontend-handlers.d85ab872da118940910d.bundle.min.js HTTP/1.1" 200 449 "https://mecacontrolsa.com/categoria-producto/wika/manometros/" "Mozilla/5.0 (Linux; Android 10; K) AppleWebKit/537.36 (KHTML, like Gecko) Chrome/152.0.0.0 Mobile Safari/537.36"
17.166.234.16 - - [01/Sep/2026:17:20:15 -0500] "GET /wp-content/themes/astra/assets/css/minified/compatibility/woocommerce/woocommerce.min.css?ver=4.8.3 HTTP/1.1" 200 118226 "https://mecacontrolsa.com/producto/conector-de-mampara-series-bhc/" "Mozilla/5.0 (Macintosh; Intel Mac OS X 10_15_7) AppleWebKit/605.1.15 (KHTML, like Gecko) Version/17.4 Safari/605.1.15 (Applebot/0.1; +http://www.apple.com/go/applebot)"
190.32.218.240 - - [01/Sep/2026:17:20:15 -0500] "GET /wp-content/plugins/elementor/assets/js/shared-frontend-handlers.03caa53373b56d3bab67.bundle.min.js HTTP/1.1" 200 8481 "https://mecacontrolsa.com/categoria-producto/wika/manometros/" "Mozilla/5.0 (Linux; Android 10; K) AppleWebKit/537.36 (KHTML, like Gecko) Chrome/152.0.0.0 Mobile Safari/537.36"
190.32.218.240 - - [01/Sep/2026:17:20:15 -0500] "GET /wp-content/plugins/elementor-pro/assets/js/search-form.b7065999d77832a1b764.bundle.min.js HTTP/1.1" 200 2124 "https://mecacontrolsa.com/categoria-producto/wika/manometros/" "Mozilla/5.0 (Linux; Android 10; K) AppleWebKit/537.36 (KHTML, like Gecko) Chrome/152.0.0.0 Mobile Safari/537.36"
190.32.218.240 - - [01/Sep/2026:17:20:15 -0500] "GET /wp-content/plugins/elementor-pro/assets/js/nav-menu.8521a0597c50611efdc6.bundle.min.js HTTP/1.1" 200 5240 "https://mecacontrolsa.com/categoria-producto/wika/manometros/" "Mozilla/5.0 (Linux; Android 10; K) AppleWebKit/537.36 (KHTML, like Gecko) Chrome/152.0.0.0 Mobile Safari/537.36"
190.32.218.240 - - [01/Sep/2026:17:20:15 -0500] "GET /wp-content/plugins/elementor/assets/js/text-editor.45609661e409413f1cef.bundle.min.js HTTP/1.1" 200 1348 "https://mecacontrolsa.com/categoria-producto/wika/manometros/" "Mozilla/5.0 (Linux; Android 10; K) AppleWebKit/537.36 (KHTML, like Gecko) Chrome/152.0.0.0 Mobile Safari/537.36"
190.32.218.240 - - [01/Sep/2026:17:20:15 -0500] "GET /wp-content/plugins/elementor-pro/assets/js/share-buttons.63d984f8c96d1e053bc0.bundle.min.js HTTP/1.1" 200 1577 "https://mecacontrolsa.com/categoria-producto/wika/manometros/" "Mozilla/5.0 (Linux; Android 10; K) AppleWebKit/537.36 (KHTML, like Gecko) Chrome/152.0.0.0 Mobile Safari/537.36"
190.32.218.240 - - [01/Sep/2026:17:20:15 -0500] "GET /wp-content/uploads/2022/03/PR_111_16.jpg-1.png HTTP/1.1" 200 442400 "https://mecacontrolsa.com/categoria-producto/wika/manometros/" "Mozilla/5.0 (Linux; Android 10; K) AppleWebKit/537.36 (KHTML, like Gecko) Chrome/152.0.0.0 Mobile Safari/537.36"
190.32.218.240 - - [01/Sep/2026:17:20:16 -0500] "GET /wp-includes/js/wp-emoji-release.min.js?ver=7.1 HTTP/1.1" 200 22752 "https://mecacontrolsa.com/categoria-producto/wika/manometros/" "Mozilla/5.0 (Linux; Android 10; K) AppleWebKit/537.36 (KHTML, like Gecko) Chrome/152.0.0.0 Mobile Safari/537.36"
190.32.218.240 - - [01/Sep/2026:17:20:16 -0500] "GET /wp-content/plugins/elementor/assets/lib/share-link/share-link.min.js?ver=4.1.4 HTTP/1.1" 200 2752 "https://mecacontrolsa.com/categoria-producto/wika/manometros/" "Mozilla/5.0 (Linux; Android 10; K) AppleWebKit/537.36 (KHTML, like Gecko) Chrome/152.0.0.0 Mobile Safari/537.36"
190.32.218.240 - - [01/Sep/2026:17:20:16 -0500] "GET /wp-content/uploads/2022/03/111_11-1.png HTTP/1.1" 200 330026 "https://mecacontrolsa.com/categoria-producto/wika/manometros/" "Mozilla/5.0 (Linux; Android 10; K) AppleWebKit/537.36 (KHTML, like Gecko) Chrome/152.0.0.0 Mobile Safari/537.36"
190.32.218.240 - - [01/Sep/2026:17:20:16 -0500] "GET /wp-content/uploads/2022/03/213_40-1.png HTTP/1.1" 200 395127 "https://mecacontrolsa.com/categoria-producto/wika/manometros/" "Mozilla/5.0 (Linux; Android 10; K) AppleWebKit/537.36 (KHTML, like Gecko) Chrome/152.0.0.0 Mobile Safari/537.36"
190.32.218.240 - - [01/Sep/2026:17:20:16 -0500] "GET /wp-content/uploads/2022/03/113_53_de_de_48090.jpg-1.png HTTP/1.1" 200 346272 "https://mecacontrolsa.com/categoria-producto/wika/manometros/" "Mozilla/5.0 (Linux; Android 10; K) AppleWebKit/537.36 (KHTML, like Gecko) Chrome/152.0.0.0 Mobile Safari/537.36"
17.166.234.16 - - [01/Sep/2026:17:20:17 -0500] "GET /wp-content/plugins/woocommerce/assets/css/photoswipe/photoswipe.min.css?ver=10.9.3 HTTP/1.1" 200 3265 "https://mecacontrolsa.com/producto/conector-de-mampara-series-bhc/" "Mozilla/5.0 (Macintosh; Intel Mac OS X 10_15_7) AppleWebKit/605.1.15 (KHTML, like Gecko) Version/17.4 Safari/605.1.15 (Applebot/0.1; +http://www.apple.com/go/applebot)"
190.32.218.240 - - [01/Sep/2026:17:20:18 -0500] "GET /wp-content/uploads/2022/03/111_31-1.png HTTP/1.1" 200 359845 "https://mecacontrolsa.com/categoria-producto/wika/manometros/" "Mozilla/5.0 (Linux; Android 10; K) AppleWebKit/537.36 (KHTML, like Gecko) Chrome/152.0.0.0 Mobile Safari/537.36"
190.32.218.240 - - [01/Sep/2026:17:20:18 -0500] "GET /wp-content/uploads/2022/03/101_00_101_12-1.png HTTP/1.1" 200 289816 "https://mecacontrolsa.com/categoria-producto/wika/manometros/" "Mozilla/5.0 (Linux; Android 10; K) AppleWebKit/537.36 (KHTML, like Gecko) Chrome/152.0.0.0 Mobile Safari/537.36"
17.166.234.16 - - [01/Sep/2026:17:20:19 -0500] "GET /wp-includes/css/dist/block-library/style.min.css?ver=7.1 HTTP/1.1" 200 140761 "https://mecacontrolsa.com/producto/conector-de-mampara-series-bhc/" "Mozilla/5.0 (Macintosh; Intel Mac OS X 10_15_7) AppleWebKit/605.1.15 (KHTML, like Gecko) Version/17.4 Safari/605.1.15 (Applebot/0.1; +http://www.apple.com/go/applebot)"
190.32.218.240 - - [01/Sep/2026:17:20:18 -0500] "GET /wp-content/uploads/2022/03/212_20-1.png HTTP/1.1" 200 429255 "https://mecacontrolsa.com/categoria-producto/wika/manometros/" "Mozilla/5.0 (Linux; Android 10; K) AppleWebKit/537.36 (KHTML, like Gecko) Chrome/152.0.0.0 Mobile Safari/537.36"
190.32.218.240 - - [01/Sep/2026:17:20:20 -0500] "GET /wp-content/uploads/2022/03/632_51-1.png HTTP/1.1" 200 350932 "https://mecacontrolsa.com/categoria-producto/wika/manometros/" "Mozilla/5.0 (Linux; Android 10; K) AppleWebKit/537.36 (KHTML, like Gecko) Chrome/152.0.0.0 Mobile Safari/537.36"
17.166.234.16 - - [01/Sep/2026:17:20:20 -0500] "GET /wp-content/themes/astra/assets/css/minified/compatibility/woocommerce/woocommerce-layout.min.css?ver=4.8.3 HTTP/1.1" 200 18081 "https://mecacontrolsa.com/producto/conector-de-mampara-series-bhc/" "Mozilla/5.0 (Macintosh; Intel Mac OS X 10_15_7) AppleWebKit/605.1.15 (KHTML, like Gecko) Version/17.4 Safari/605.1.15 (Applebot/0.1; +http://www.apple.com/go/applebot)"
190.32.218.240 - - [01/Sep/2026:17:20:20 -0500] "GET /wp-content/uploads/2022/03/632_50_633_50-1.png HTTP/1.1" 200 358816 "https://mecacontrolsa.com/categoria-producto/wika/manometros/" "Mozilla/5.0 (Linux; Android 10; K) AppleWebKit/537.36 (KHTML, like Gecko) Chrome/152.0.0.0 Mobile Safari/537.36"
17.166.234.16 - - [01/Sep/2026:17:20:22 -0500] "GET /wp-content/plugins/woocommerce/assets/css/photoswipe/default-skin/default-skin.min.css?ver=10.9.3 HTTP/1.1" 200 7947 "https://mecacontrolsa.com/producto/conector-de-mampara-series-bhc/" "Mozilla/5.0 (Macintosh; Intel Mac OS X 10_15_7) AppleWebKit/605.1.15 (KHTML, like Gecko) Version/17.4 Safari/605.1.15 (Applebot/0.1; +http://www.apple.com/go/applebot)"
190.32.218.240 - - [01/Sep/2026:17:20:16 -0500] "GET /wp-content/uploads/2022/03/113_13.jpg-1.png HTTP/1.1" 200 429289 "https://mecacontrolsa.com/categoria-producto/wika/manometros/" "Mozilla/5.0 (Linux; Android 10; K) AppleWebKit/537.36 (KHTML, like Gecko) Chrome/152.0.0.0 Mobile Safari/537.36"
17.166.234.16 - - [01/Sep/2026:17:20:24 -0500] "GET /wp-content/plugins/elementor/assets/css/frontend.min.css?ver=4.1.4 HTTP/1.1" 200 54666 "https://mecacontrolsa.com/producto/conector-de-mampara-series-bhc/" "Mozilla/5.0 (Macintosh; Intel Mac OS X 10_15_7) AppleWebKit/605.1.15 (KHTML, like Gecko) Version/17.4 Safari/605.1.15 (Applebot/0.1; +http://www.apple.com/go/applebot)"
17.166.234.16 - - [01/Sep/2026:17:20:25 -0500] "GET /wp-content/plugins/elementor/assets/css/widget-icon-list.min.css?ver=4.1.4 HTTP/1.1" 200 10255 "https://mecacontrolsa.com/producto/conector-de-mampara-series-bhc/" "Mozilla/5.0 (Macintosh; Intel Mac OS X 10_15_7) AppleWebKit/605.1.15 (KHTML, like Gecko) Version/17.4 Safari/605.1.15 (Applebot/0.1; +http://www.apple.com/go/applebot)"
17.166.234.16 - - [01/Sep/2026:17:20:27 -0500] "GET /wp-content/plugins/elementor-pro/assets/css/widget-search-form.min.css?ver=3.35.0 HTTP/1.1" 200 4805 "https://mecacontrolsa.com/producto/conector-de-mampara-series-bhc/" "Mozilla/5.0 (Macintosh; Intel Mac OS X 10_15_7) AppleWebKit/605.1.15 (KHTML, like Gecko) Version/17.4 Safari/605.1.15 (Applebot/0.1; +http://www.apple.com/go/applebot)"
17.166.234.16 - - [01/Sep/2026:17:20:29 -0500] "GET /wp-content/plugins/elementor/assets/lib/font-awesome/css/fontawesome.min.css?ver=5.15.3 HTTP/1.1" 200 58071 "https://mecacontrolsa.com/producto/conector-de-mampara-series-bhc/" "Mozilla/5.0 (Macintosh; Intel Mac OS X 10_15_7) AppleWebKit/605.1.15 (KHTML, like Gecko) Version/17.4 Safari/605.1.15 (Applebot/0.1; +http://www.apple.com/go/applebot)"
190.32.218.240 - - [01/Sep/2026:17:20:23 -0500] "GET /wp-content/uploads/2022/03/PG28-3.png HTTP/1.1" 200 331025 "https://mecacontrolsa.com/categoria-producto/wika/manometros/" "Mozilla/5.0 (Linux; Android 10; K) AppleWebKit/537.36 (KHTML, like Gecko) Chrome/152.0.0.0 Mobile Safari/537.36"
17.166.234.16 - - [01/Sep/2026:17:20:31 -0500] "GET /wp-content/plugins/elementor/assets/lib/font-awesome/css/solid.min.css?ver=5.15.3 HTTP/1.1" 200 669 "https://mecacontrolsa.com/producto/conector-de-mampara-series-bhc/" "Mozilla/5.0 (Macintosh; Intel Mac OS X 10_15_7) AppleWebKit/605.1.15 (KHTML, like Gecko) Version/17.4 Safari/605.1.15 (Applebot/0.1; +http://www.apple.com/go/applebot)"
190.32.218.240 - - [01/Sep/2026:17:20:33 -0500] "GET /wp-content/uploads/2020/02/mecacontrol-logo-blanco.png HTTP/1.1" 200 8209 "https://mecacontrolsa.com/categoria-producto/wika/manometros/" "Mozilla/5.0 (Linux; Android 10; K) AppleWebKit/537.36 (KHTML, like Gecko) Chrome/152.0.0.0 Mobile Safari/537.36"
17.166.235.58 - - [01/Sep/2026:17:20:36 -0500] "GET /wp-content/plugins/elementor-pro/assets/css/modules/sticky.min.css?ver=3.35.0 HTTP/1.1" 200 162 "https://mecacontrolsa.com/producto/conector-de-mampara-series-bhc/" "Mozilla/5.0 (Macintosh; Intel Mac OS X 10_15_7) AppleWebKit/605.1.15 (KHTML, like Gecko) Version/17.4 Safari/605.1.15 (Applebot/0.1; +http://www.apple.com/go/applebot)"
17.166.235.58 - - [01/Sep/2026:17:20:37 -0500] "GET /wp-content/plugins/elementor-pro/assets/css/widget-share-buttons.min.css?ver=3.35.0 HTTP/1.1" 200 32721 "https://mecacontrolsa.com/producto/conector-de-mampara-series-bhc/" "Mozilla/5.0 (Macintosh; Intel Mac OS X 10_15_7) AppleWebKit/605.1.15 (KHTML, like Gecko) Version/17.4 Safari/605.1.15 (Applebot/0.1; +http://www.apple.com/go/applebot)"
17.166.235.58 - - [01/Sep/2026:17:20:39 -0500] "GET /wp-content/plugins/elementor/assets/css/conditionals/apple-webkit.min.css?ver=4.1.4 HTTP/1.1" 200 6713 "https://mecacontrolsa.com/producto/conector-de-mampara-series-bhc/" "Mozilla/5.0 (Macintosh; Intel Mac OS X 10_15_7) AppleWebKit/605.1.15 (KHTML, like Gecko) Version/17.4 Safari/605.1.15 (Applebot/0.1; +http://www.apple.com/go/applebot)"
17.166.234.16 - - [01/Sep/2026:17:20:32 -0500] "GET /wp-content/plugins/elementor/assets/css/widget-image.min.css?ver=4.1.4 HTTP/1.1" 200 214 "https://mecacontrolsa.com/producto/conector-de-mampara-series-bhc/" "Mozilla/5.0 (Macintosh; Intel Mac OS X 10_15_7) AppleWebKit/605.1.15 (KHTML, like Gecko) Version/17.4 Safari/605.1.15 (Applebot/0.1; +http://www.apple.com/go/applebot)"
17.166.234.16 - - [01/Sep/2026:17:20:40 -0500] "GET /wp-content/plugins/elementor-pro/assets/css/widget-nav-menu.min.css?ver=3.35.0 HTTP/1.1" 200 27364 "https://mecacontrolsa.com/producto/conector-de-mampara-series-bhc/" "Mozilla/5.0 (Macintosh; Intel Mac OS X 10_15_7) AppleWebKit/605.1.15 (KHTML, like Gecko) Version/17.4 Safari/605.1.15 (Applebot/0.1; +http://www.apple.com/go/applebot)"
17.166.235.58 - - [01/Sep/2026:17:20:41 -0500] "GET /wp-content/plugins/elementor/assets/lib/font-awesome/css/brands.min.css?ver=5.15.3 HTTP/1.1" 200 675 "https://mecacontrolsa.com/producto/conector-de-mampara-series-bhc/" "Mozilla/5.0 (Macintosh; Intel Mac OS X 10_15_7) AppleWebKit/605.1.15 (KHTML, like Gecko) Version/17.4 Safari/605.1.15 (Applebot/0.1; +http://www.apple.com/go/applebot)"
17.166.235.58 - - [01/Sep/2026:17:20:42 -0500] "GET /wp-content/plugins/elementor/assets/css/widget-heading.min.css?ver=4.1.4 HTTP/1.1" 200 560 "https://mecacontrolsa.com/producto/conector-de-mampara-series-bhc/" "Mozilla/5.0 (Macintosh; Intel Mac OS X 10_15_7) AppleWebKit/605.1.15 (KHTML, like Gecko) Version/17.4 Safari/605.1.15 (Applebot/0.1; +http://www.apple.com/go/applebot)"
17.166.234.16 - - [01/Sep/2026:17:20:44 -0500] "GET /wp-content/plugins/elementor-pro/assets/css/widget-woocommerce-product-meta.min.css?ver=3.35.0 HTTP/1.1" 200 966 "https://mecacontrolsa.com/producto/conector-de-mampara-series-bhc/" "Mozilla/5.0 (Macintosh; Intel Mac OS X 10_15_7) AppleWebKit/605.1.15 (KHTML, like Gecko) Version/17.4 Safari/605.1.15 (Applebot/0.1; +http://www.apple.com/go/applebot)"
17.166.235.58 - - [01/Sep/2026:17:20:46 -0500] "GET /wp-content/plugins/elementor-pro/assets/css/widget-woocommerce-product-price.min.css?ver=3.35.0 HTTP/1.1" 200 262 "https://mecacontrolsa.com/producto/conector-de-mampara-series-bhc/" "Mozilla/5.0 (Macintosh; Intel Mac OS X 10_15_7) AppleWebKit/605.1.15 (KHTML, like Gecko) Version/17.4 Safari/605.1.15 (Applebot/0.1; +http://www.apple.com/go/applebot)"
17.166.234.16 - - [01/Sep/2026:17:20:47 -0500] "GET /wp-content/plugins/elementor-pro/assets/css/widget-woocommerce-product-data-tabs.min.css?ver=3.35.0 HTTP/1.1" 200 739 "https://mecacontrolsa.com/producto/conector-de-mampara-series-bhc/" "Mozilla/5.0 (Macintosh; Intel Mac OS X 10_15_7) AppleWebKit/605.1.15 (KHTML, like Gecko) Version/17.4 Safari/605.1.15 (Applebot/0.1; +http://www.apple.com/go/applebot)"
17.166.235.58 - - [01/Sep/2026:17:20:49 -0500] "GET /wp-content/plugins/elementor-pro/assets/css/widget-form.min.css?ver=3.35.0 HTTP/1.1" 200 6798 "https://mecacontrolsa.com/producto/conector-de-mampara-series-bhc/" "Mozilla/5.0 (Macintosh; Intel Mac OS X 10_15_7) AppleWebKit/605.1.15 (KHTML, like Gecko) Version/17.4 Safari/605.1.15 (Applebot/0.1; +http://www.apple.com/go/applebot)"
17.166.234.16 - - [01/Sep/2026:17:20:51 -0500] "GET /wp-content/plugins/elementor-pro/assets/css/widget-woocommerce-products.min.css?ver=3.35.0 HTTP/1.1" 200 2365 "https://mecacontrolsa.com/producto/conector-de-mampara-series-bhc/" "Mozilla/5.0 (Macintosh; Intel Mac OS X 10_15_7) AppleWebKit/605.1.15 (KHTML, like Gecko) Version/17.4 Safari/605.1.15 (Applebot/0.1; +http://www.apple.com/go/applebot)"
17.166.235.58 - - [01/Sep/2026:17:20:53 -0500] "GET /wp-content/plugins/elementor/assets/lib/eicons/css/elementor-icons.min.css?ver=5.50.0 HTTP/1.1" 200 21976 "https://mecacontrolsa.com/producto/conector-de-mampara-series-bhc/" "Mozilla/5.0 (Macintosh; Intel Mac OS X 10_15_7) AppleWebKit/605.1.15 (KHTML, like Gecko) Version/17.4 Safari/605.1.15 (Applebot/0.1; +http://www.apple.com/go/applebot)"
17.166.234.16 - - [01/Sep/2026:17:20:54 -0500] "GET /wp-content/uploads/elementor/css/post-11.css?ver=1787820687 HTTP/1.1" 200 1500 "https://mecacontrolsa.com/producto/conector-de-mampara-series-bhc/" "Mozilla/5.0 (Macintosh; Intel Mac OS X 10_15_7) AppleWebKit/605.1.15 (KHTML, like Gecko) Version/17.4 Safari/605.1.15 (Applebot/0.1; +http://www.apple.com/go/applebot)"
17.166.235.58 - - [01/Sep/2026:17:20:56 -0500] "GET /wp-content/plugins/ultimate-elementor/assets/min-css/uael-frontend.min.css?ver=1.45.0 HTTP/1.1" 200 751778 "https://mecacontrolsa.com/producto/conector-de-mampara-series-bhc/" "Mozilla/5.0 (Macintosh; Intel Mac OS X 10_15_7) AppleWebKit/605.1.15 (KHTML, like Gecko) Version/17.4 Safari/605.1.15 (Applebot/0.1; +http://www.apple.com/go/applebot)"
17.166.234.16 - - [01/Sep/2026:17:20:58 -0500] "GET /wp-content/plugins/elementor/assets/css/widget-social-icons.min.css?ver=3.24.0 HTTP/1.1" 200 5110 "https://mecacontrolsa.com/producto/conector-de-mampara-series-bhc/" "Mozilla/5.0 (Macintosh; Intel Mac OS X 10_15_7) AppleWebKit/605.1.15 (KHTML, like Gecko) Version/17.4 Safari/605.1.15 (Applebot/0.1; +http://www.apple.com/go/applebot)"
17.166.235.58 - - [01/Sep/2026:17:20:59 -0500] "GET /wp-content/plugins/elementor/assets/lib/font-awesome/css/brands.css?ver=5.15.3 HTTP/1.1" 200 732 "https://mecacontrolsa.com/producto/conector-de-mampara-series-bhc/" "Mozilla/5.0 (Macintosh; Intel Mac OS X 10_15_7) AppleWebKit/605.1.15 (KHTML, like Gecko) Version/17.4 Safari/605.1.15 (Applebot/0.1; +http://www.apple.com/go/applebot)"
17.166.234.16 - - [01/Sep/2026:17:21:01 -0500] "GET /wp-content/plugins/elementor/assets/lib/font-awesome/css/fontawesome.css?ver=5.15.3 HTTP/1.1" 200 72184 "https://mecacontrolsa.com/producto/conector-de-mampara-series-bhc/" "Mozilla/5.0 (Macintosh; Intel Mac OS X 10_15_7) AppleWebKit/605.1.15 (KHTML, like Gecko) Version/17.4 Safari/605.1.15 (Applebot/0.1; +http://www.apple.com/go/applebot)"
17.166.234.16 - - [01/Sep/2026:17:21:04 -0500] "GET /wp-content/uploads/elementor/css/post-10.css?ver=1787820687 HTTP/1.1" 200 24235 "https://mecacontrolsa.com/producto/conector-de-mampara-series-bhc/" "Mozilla/5.0 (Macintosh; Intel Mac OS X 10_15_7) AppleWebKit/605.1.15 (KHTML, like Gecko) Version/17.4 Safari/605.1.15 (Applebot/0.1; +http://www.apple.com/go/applebot)"
17.166.234.16 - - [01/Sep/2026:17:21:08 -0500] "GET /wp-content/uploads/elementor/css/post-945.css?ver=1787820700 HTTP/1.1" 200 17041 "https://mecacontrolsa.com/producto/conector-de-mampara-series-bhc/" "Mozilla/5.0 (Macintosh; Intel Mac OS X 10_15_7) AppleWebKit/605.1.15 (KHTML, like Gecko) Version/17.4 Safari/605.1.15 (Applebot/0.1; +http://www.apple.com/go/applebot)"
17.166.234.16 - - [01/Sep/2026:17:21:09 -0500] "GET /wp-content/plugins/creame-whatsapp-me/public/css/joinchat.min.css?ver=6.2.3 HTTP/1.1" 200 20868 "https://mecacontrolsa.com/producto/conector-de-mampara-series-bhc/" "Mozilla/5.0 (Macintosh; Intel Mac OS X 10_15_7) AppleWebKit/605.1.15 (KHTML, like Gecko) Version/17.4 Safari/605.1.15 (Applebot/0.1; +http://www.apple.com/go/applebot)"
17.166.234.16 - - [01/Sep/2026:17:21:11 -0500] "GET /wp-content/themes/mecacontrol/style.css?ver=1.0.0 HTTP/1.1" 200 306 "https://mecacontrolsa.com/producto/conector-de-mampara-series-bhc/" "Mozilla/5.0 (Macintosh; Intel Mac OS X 10_15_7) AppleWebKit/605.1.15 (KHTML, like Gecko) Version/17.4 Safari/605.1.15 (Applebot/0.1; +http://www.apple.com/go/applebot)"
17.166.235.58 - - [01/Sep/2026:17:21:03 -0500] "GET /wp-content/plugins/elementor/assets/lib/font-awesome/css/solid.css?ver=5.15.3 HTTP/1.1" 200 727 "https://mecacontrolsa.com/producto/conector-de-mampara-series-bhc/" "Mozilla/5.0 (Macintosh; Intel Mac OS X 10_15_7) AppleWebKit/605.1.15 (KHTML, like Gecko) Version/17.4 Safari/605.1.15 (Applebot/0.1; +http://www.apple.com/go/applebot)"
17.166.235.58 - - [01/Sep/2026:17:21:12 -0500] "GET /wp-content/uploads/elementor/css/post-17.css?ver=1787820687 HTTP/1.1" 200 17406 "https://mecacontrolsa.com/producto/conector-de-mampara-series-bhc/" "Mozilla/5.0 (Macintosh; Intel Mac OS X 10_15_7) AppleWebKit/605.1.15 (KHTML, like Gecko) Version/17.4 Safari/605.1.15 (Applebot/0.1; +http://www.apple.com/go/applebot)"
17.166.235.58 - - [01/Sep/2026:17:21:13 -0500] "GET /wp-content/plugins/elementor/assets/lib/font-awesome/css/regular.min.css?ver=5.15.3 HTTP/1.1" 200 677 "https://mecacontrolsa.com/producto/conector-de-mampara-series-bhc/" "Mozilla/5.0 (Macintosh; Intel Mac OS X 10_15_7) AppleWebKit/605.1.15 (KHTML, like Gecko) Version/17.4 Safari/605.1.15 (Applebot/0.1; +http://www.apple.com/go/applebot)"
17.166.234.16 - - [01/Sep/2026:17:21:14 -0500] "GET /wp-includes/js/jquery/jquery.min.js?ver=3.7.1 HTTP/1.1" 200 87553 "https://mecacontrolsa.com/producto/conector-de-mampara-series-bhc/" "Mozilla/5.0 (Macintosh; Intel Mac OS X 10_15_7) AppleWebKit/605.1.15 (KHTML, like Gecko) Version/17.4 Safari/605.1.15 (Applebot/0.1; +http://www.apple.com/go/applebot)"
17.166.235.58 - - [01/Sep/2026:17:21:16 -0500] "GET /wp-includes/js/jquery/jquery-migrate.min.js?ver=3.4.1 HTTP/1.1" 200 13577 "https://mecacontrolsa.com/producto/conector-de-mampara-series-bhc/" "Mozilla/5.0 (Macintosh; Intel Mac OS X 10_15_7) AppleWebKit/605.1.15 (KHTML, like Gecko) Version/17.4 Safari/605.1.15 (Applebot/0.1; +http://www.apple.com/go/applebot)"
17.166.234.16 - - [01/Sep/2026:17:21:18 -0500] "GET /wp-content/plugins/woocommerce/assets/js/jquery-blockui/jquery.blockUI.min.js?ver=2.7.0-wc.10.9.3 HTTP/1.1" 200 9636 "https://mecacontrolsa.com/producto/conector-de-mampara-series-bhc/" "Mozilla/5.0 (Macintosh; Intel Mac OS X 10_15_7) AppleWebKit/605.1.15 (KHTML, like Gecko) Version/17.4 Safari/605.1.15 (Applebot/0.1; +http://www.apple.com/go/applebot)"
17.166.235.58 - - [01/Sep/2026:17:21:19 -0500] "GET /wp-content/plugins/woocommerce/assets/js/frontend/add-to-cart.min.js?ver=10.9.3 HTTP/1.1" 200 4350 "https://mecacontrolsa.com/producto/conector-de-mampara-series-bhc/" "Mozilla/5.0 (Macintosh; Intel Mac OS X 10_15_7) AppleWebKit/605.1.15 (KHTML, like Gecko) Version/17.4 Safari/605.1.15 (Applebot/0.1; +http://www.apple.com/go/applebot)"
17.166.234.16 - - [01/Sep/2026:17:21:21 -0500] "GET /wp-content/plugins/woocommerce/assets/js/zoom/jquery.zoom.min.js?ver=1.7.21-wc.10.9.3 HTTP/1.1" 200 2673 "https://mecacontrolsa.com/producto/conector-de-mampara-series-bhc/" "Mozilla/5.0 (Macintosh; Intel Mac OS X 10_15_7) AppleWebKit/605.1.15 (KHTML, like Gecko) Version/17.4 Safari/605.1.15 (Applebot/0.1; +http://www.apple.com/go/applebot)"
17.166.235.58 - - [01/Sep/2026:17:21:23 -0500] "GET /wp-content/plugins/woocommerce/assets/js/flexslider/jquery.flexslider.min.js?ver=2.7.2-wc.10.9.3 HTTP/1.1" 200 21555 "https://mecacontrolsa.com/producto/conector-de-mampara-series-bhc/" "Mozilla/5.0 (Macintosh; Intel Mac OS X 10_15_7) AppleWebKit/605.1.15 (KHTML, like Gecko) Version/17.4 Safari/605.1.15 (Applebot/0.1; +http://www.apple.com/go/applebot)"
17.166.234.16 - - [01/Sep/2026:17:21:24 -0500] "GET /wp-content/plugins/woocommerce/assets/js/photoswipe/photoswipe.min.js?ver=4.1.1-wc.10.9.3 HTTP/1.1" 200 31626 "https://mecacontrolsa.com/producto/conector-de-mampara-series-bhc/" "Mozilla/5.0 (Macintosh; Intel Mac OS X 10_15_7) AppleWebKit/605.1.15 (KHTML, like Gecko) Version/17.4 Safari/605.1.15 (Applebot/0.1; +http://www.apple.com/go/applebot)"
17.166.235.58 - - [01/Sep/2026:17:21:26 -0500] "GET /wp-content/plugins/woocommerce/assets/js/photoswipe/photoswipe-ui-default.min.js?ver=4.1.1-wc.10.9.3 HTTP/1.1" 200 9749 "https://mecacontrolsa.com/producto/conector-de-mampara-series-bhc/" "Mozilla/5.0 (Macintosh; Intel Mac OS X 10_15_7) AppleWebKit/605.1.15 (KHTML, like Gecko) Version/17.4 Safari/605.1.15 (Applebot/0.1; +http://www.apple.com/go/applebot)"
17.166.234.16 - - [01/Sep/2026:17:21:28 -0500] "GET /wp-content/plugins/woocommerce/assets/js/frontend/single-product.min.js?ver=10.9.3 HTTP/1.1" 200 9802 "https://mecacontrolsa.com/producto/conector-de-mampara-series-bhc/" "Mozilla/5.0 (Macintosh; Intel Mac OS X 10_15_7) AppleWebKit/605.1.15 (KHTML, like Gecko) Version/17.4 Safari/605.1.15 (Applebot/0.1; +http://www.apple.com/go/applebot)"
73.185.166.196 - - [01/Sep/2026:17:21:28 -0500] "GET /wp-sitemap-taxonomies-product_cat-1.xml HTTP/1.1" 404 23710 "-" "Mozilla/5.0 (Macintosh; Intel Mac OS X 13_4_1) AppleWebKit/537.36 (KHTML, like Gecko) Chrome/130.0.6723.116 Safari/537.36"
17.166.235.58 - - [01/Sep/2026:17:21:29 -0500] "GET /wp-content/plugins/woocommerce/assets/js/js-cookie/js.cookie.min.js?ver=2.1.4-wc.10.9.3 HTTP/1.1" 200 1720 "https://mecacontrolsa.com/producto/conector-de-mampara-series-bhc/" "Mozilla/5.0 (Macintosh; Intel Mac OS X 10_15_7) AppleWebKit/605.1.15 (KHTML, like Gecko) Version/17.4 Safari/605.1.15 (Applebot/0.1; +http://www.apple.com/go/applebot)"
17.166.234.16 - - [01/Sep/2026:17:21:31 -0500] "GET /wp-content/plugins/woocommerce/assets/js/frontend/woocommerce.min.js?ver=10.9.3 HTTP/1.1" 200 4270 "https://mecacontrolsa.com/producto/conector-de-mampara-series-bhc/" "Mozilla/5.0 (Macintosh; Intel Mac OS X 10_15_7) AppleWebKit/605.1.15 (KHTML, like Gecko) Version/17.4 Safari/605.1.15 (Applebot/0.1; +http://www.apple.com/go/applebot)"
17.166.235.58 - - [01/Sep/2026:17:21:33 -0500] "GET /wp-content/plugins/woocommerce/assets/client/blocks/wc-blocks.css?ver=wc-10.9.3 HTTP/1.1" 200 14006 "https://mecacontrolsa.com/producto/conector-de-mampara-series-bhc/" "Mozilla/5.0 (Macintosh; Intel Mac OS X 10_15_7) AppleWebKit/605.1.15 (KHTML, like Gecko) Version/17.4 Safari/605.1.15 (Applebot/0.1; +http://www.apple.com/go/applebot)"
17.166.234.16 - - [01/Sep/2026:17:21:34 -0500] "GET /wp-content/themes/astra/assets/js/minified/style.min.js?ver=4.8.3 HTTP/1.1" 200 12379 "https://mecacontrolsa.com/producto/conector-de-mampara-series-bhc/" "Mozilla/5.0 (Macintosh; Intel Mac OS X 10_15_7) AppleWebKit/605.1.15 (KHTML, like Gecko) Version/17.4 Safari/605.1.15 (Applebot/0.1; +http://www.apple.com/go/applebot)"
17.166.235.58 - - [01/Sep/2026:17:21:36 -0500] "GET /wp-content/plugins/elementor/assets/js/webpack.runtime.min.js?ver=4.1.4 HTTP/1.1" 200 5819 "https://mecacontrolsa.com/producto/conector-de-mampara-series-bhc/" "Mozilla/5.0 (Macintosh; Intel Mac OS X 10_15_7) AppleWebKit/605.1.15 (KHTML, like Gecko) Version/17.4 Safari/605.1.15 (Applebot/0.1; +http://www.apple.com/go/applebot)"
17.166.234.16 - - [01/Sep/2026:17:21:38 -0500] "GET /wp-content/plugins/elementor/assets/js/frontend-modules.min.js?ver=4.1.4 HTTP/1.1" 200 50602 "https://mecacontrolsa.com/producto/conector-de-mampara-series-bhc/" "Mozilla/5.0 (Macintosh; Intel Mac OS X 10_15_7) AppleWebKit/605.1.15 (KHTML, like Gecko) Version/17.4 Safari/605.1.15 (Applebot/0.1; +http://www.apple.com/go/applebot)"
17.166.235.58 - - [01/Sep/2026:17:21:39 -0500] "GET /wp-includes/js/jquery/ui/core.min.js?ver=1.14.2 HTTP/1.1" 200 18674 "https://mecacontrolsa.com/producto/conector-de-mampara-series-bhc/" "Mozilla/5.0 (Macintosh; Intel Mac OS X 10_15_7) AppleWebKit/605.1.15 (KHTML, like Gecko) Version/17.4 Safari/605.1.15 (Applebot/0.1; +http://www.apple.com/go/applebot)"
17.166.234.16 - - [01/Sep/2026:17:21:41 -0500] "GET /wp-content/plugins/elementor/assets/js/frontend.min.js?ver=4.1.4 HTTP/1.1" 200 32098 "https://mecacontrolsa.com/producto/conector-de-mampara-series-bhc/" "Mozilla/5.0 (Macintosh; Intel Mac OS X 10_15_7) AppleWebKit/605.1.15 (KHTML, like Gecko) Version/17.4 Safari/605.1.15 (Applebot/0.1; +http://www.apple.com/go/applebot)"
17.166.235.58 - - [01/Sep/2026:17:21:42 -0500] "GET /wp-content/plugins/elementor-pro/assets/lib/smartmenus/jquery.smartmenus.min.js?ver=1.2.1 HTTP/1.1" 200 24109 "https://mecacontrolsa.com/producto/conector-de-mampara-series-bhc/" "Mozilla/5.0 (Macintosh; Intel Mac OS X 10_15_7) AppleWebKit/605.1.15 (KHTML, like Gecko) Version/17.4 Safari/605.1.15 (Applebot/0.1; +http://www.apple.com/go/applebot)"
17.166.234.16 - - [01/Sep/2026:17:21:44 -0500] "GET /wp-content/plugins/elementor-pro/assets/lib/sticky/jquery.sticky.min.js?ver=3.35.0 HTTP/1.1" 200 3721 "https://mecacontrolsa.com/producto/conector-de-mampara-series-bhc/" "Mozilla/5.0 (Macintosh; Intel Mac OS X 10_15_7) AppleWebKit/605.1.15 (KHTML, like Gecko) Version/17.4 Safari/605.1.15 (Applebot/0.1; +http://www.apple.com/go/applebot)"
