114.119.136.3 - - [01/Sep/2026:09:18:14 -0500] "GET /producto/p1ke003-sensor-de-barrera/ HTTP/1.1" 200 166465 "https://mecacontrolsa.com/catalogo/page/55" "Mozilla/5.0 (Linux; Android 7.0;) AppleWebKit/537.36 (HTML, like Gecko) Mobile Safari/537.36 (compatible; PetalBot;+https://webmaster.petalsearch.com/site/petalbot)"
200.46.209.149 - - [01/Sep/2026:09:18:52 -0500] "GET /producto/sensor-de-proximidad-inductivo-38102/ HTTP/1.1" 200 165555 "https://www.google.com/" "Mozilla/5.0 (Windows NT 10.0; Win64; x64) AppleWebKit/537.36 (KHTML, like Gecko) Chrome/152.0.0.0 Safari/537.36"
200.46.209.149 - - [01/Sep/2026:09:18:54 -0500] "GET /wp-content/uploads/2020/03/BS5-K2M.jpg HTTP/1.1" 200 9833 "https://mecacontrolsa.com/producto/sensor-de-proximidad-inductivo-38102/" "Mozilla/5.0 (Windows NT 10.0; Win64; x64) AppleWebKit/537.36 (KHTML, like Gecko) Chrome/152.0.0.0 Safari/537.36"
200.46.209.149 - - [01/Sep/2026:09:18:54 -0500] "GET /wp-content/uploads/2020/03/PSN17-5DP.jpg HTTP/1.1" 200 11097 "https://mecacontrolsa.com/producto/sensor-de-proximidad-inductivo-38102/" "Mozilla/5.0 (Windows NT 10.0; Win64; x64) AppleWebKit/537.36 (KHTML, like Gecko) Chrome/152.0.0.0 Safari/537.36"
114.119.156.225 - - [01/Sep/2026:09:19:37 -0500] "GET /producto/p1ke002-sensor-de-barrera HTTP/1.1" 301 - "https://mecacontrolsa.com/producto/p1ke002-sensor-de-barrera" "Mozilla/5.0 (Linux; Android 7.0;) AppleWebKit/537.36 (HTML, like Gecko) Mobile Safari/537.36 (compatible; PetalBot;+https://webmaster.petalsearch.com/site/petalbot)"
114.119.156.225 - - [01/Sep/2026:09:19:38 -0500] "GET /producto/p1ke002-sensor-de-barrera/ HTTP/1.1" 200 166420 "https://mecacontrolsa.com/producto/p1ke002-sensor-de-barrera" "Mozilla/5.0 (Linux; Android 7.0;) AppleWebKit/537.36 (HTML, like Gecko) Mobile Safari/537.36 (compatible; PetalBot;+https://webmaster.petalsearch.com/site/petalbot)"
3.226.34.98 - - [01/Sep/2026:09:19:50 -0500] "GET /producto/manometro-con-membrana-aflorante-3/embed/ HTTP/1.1" 200 165742 "-" "Mozilla/5.0 AppleWebKit/537.36 (KHTML, like Gecko; compatible; Amazonbot/0.1; +https://developer.amazon.com/support/amazonbot) Chrome/119.0.6045.214 Safari/537.36"
34.225.138.57 - - [01/Sep/2026:09:19:54 -0500] "GET /producto/m-689/embed/ HTTP/1.1" 200 165234 "-" "Mozilla/5.0 AppleWebKit/537.36 (KHTML, like Gecko; compatible; Amazonbot/0.1; +https://developer.amazon.com/support/amazonbot) Chrome/119.0.6045.214 Safari/537.36"
54.204.62.163 - - [01/Sep/2026:09:19:58 -0500] "GET /producto/sensor-de-proximidad-inductivo-prcm18-8ao/embed/ HTTP/1.1" 200 166710 "-" "Mozilla/5.0 AppleWebKit/537.36 (KHTML, like Gecko; compatible; Amazonbot/0.1; +https://developer.amazon.com/support/amazonbot) Chrome/119.0.6045.214 Safari/537.36"
34.206.249.188 - - [01/Sep/2026:09:20:02 -0500] "GET /producto/b50s100-sensor-de-vision/embed/ HTTP/1.1" 200 165669 "-" "Mozilla/5.0 AppleWebKit/537.36 (KHTML, like Gecko; compatible; Amazonbot/0.1; +https://developer.amazon.com/support/amazonbot) Chrome/119.0.6045.214 Safari/537.36"
116.179.32.84 - - [01/Sep/2026:09:20:03 -0500] "GET /producto/ocp352h0180-sensor-de-distancia-laser-de-alta-precision/ HTTP/1.1" 200 167048 "-" "Mozilla/5.0 (compatible; Baiduspider/2.0; +http://www.baidu.com/search/spider.html)"
200.46.209.149 - - [01/Sep/2026:09:20:05 -0500] "GET /producto/sensor-de-proximidad-inductivo-38102/ HTTP/1.1" 200 165552 "https://www.google.com/" "Mozilla/5.0 (Windows NT 10.0; Win64; x64) AppleWebKit/537.36 (KHTML, like Gecko) Chrome/152.0.0.0 Safari/537.36"
114.119.154.215 - - [01/Sep/2026:09:21:00 -0500] "GET /producto/zai02cn02-caja-de-conexion-ethernet/ HTTP/1.1" 200 166447 "https://mecacontrolsa.com/etiqueta-producto/automatizacion-y-control/page/97" "Mozilla/5.0 (Linux; Android 7.0;) AppleWebKit/537.36 (HTML, like Gecko) Mobile Safari/537.36 (compatible; PetalBot;+https://webmaster.petalsearch.com/site/petalbot)"
114.119.136.3 - - [01/Sep/2026:09:22:24 -0500] "GET /producto/y1ta100mhv80-sensor-de-distancia-laser-de-largo-alcance/ HTTP/1.1" 200 166954 "https://mecacontrolsa.com/etiqueta-producto/automatizacion-y-control/page/95" "Mozilla/5.0 (Linux; Android 7.0;) AppleWebKit/537.36 (HTML, like Gecko) Mobile Safari/537.36 (compatible; PetalBot;+https://webmaster.petalsearch.com/site/petalbot)"
114.119.139.53 - - [01/Sep/2026:09:23:47 -0500] "GET /producto/oseb123z0103-barrera-para-tareas-de-medicion HTTP/1.1" 301 - "https://mecacontrolsa.com/producto/oseb123z0103-barrera-para-tareas-de-medicion" "Mozilla/5.0 (Linux; Android 7.0;) AppleWebKit/537.36 (HTML, like Gecko) Mobile Safari/537.36 (compatible; PetalBot;+https://webmaster.petalsearch.com/site/petalbot)"
114.119.139.53 - - [01/Sep/2026:09:23:48 -0500] "GET /producto/oseb123z0103-barrera-para-tareas-de-medicion/ HTTP/1.1" 200 166661 "https://mecacontrolsa.com/producto/oseb123z0103-barrera-para-tareas-de-medicion" "Mozilla/5.0 (Linux; Android 7.0;) AppleWebKit/537.36 (HTML, like Gecko) Mobile Safari/537.36 (compatible; PetalBot;+https://webmaster.petalsearch.com/site/petalbot)"
114.119.139.167 - - [01/Sep/2026:09:25:13 -0500] "GET /producto/opt1540-sensor-reflex-con-supresion-de-fondo HTTP/1.1" 301 - "https://mecacontrolsa.com/categoria-producto/wenglor/sensores-de-distancia-laser-de-largo-alcance" "Mozilla/5.0 (Linux; Android 7.0;) AppleWebKit/537.36 (HTML, like Gecko) Mobile Safari/537.36 (compatible; PetalBot;+https://webmaster.petalsearch.com/site/petalbot)"
114.119.139.167 - - [01/Sep/2026:09:25:14 -0500] "GET /producto/opt1540-sensor-reflex-con-supresion-de-fondo/ HTTP/1.1" 200 167019 "https://mecacontrolsa.com/categoria-producto/wenglor/sensores-de-distancia-laser-de-largo-alcance" "Mozilla/5.0 (Linux; Android 7.0;) AppleWebKit/537.36 (HTML, like Gecko) Mobile Safari/537.36 (compatible; PetalBot;+https://webmaster.petalsearch.com/site/petalbot)"
98.84.60.17 - - [01/Sep/2026:09:25:58 -0500] "GET /wp-json/oembed/1.0/embed?url=https://mecacontrolsa.com/producto/sensor-de-proximidad-inductivo-pr12-2dp/ HTTP/1.1" 200 2340 "-" "Mozilla/5.0 AppleWebKit/537.36 (KHTML, like Gecko; compatible; Amazonbot/0.1; +https://developer.amazon.com/support/amazonbot) Chrome/119.0.6045.214 Safari/537.36"
195.53.57.97 - - [01/Sep/2026:09:26:09 -0500] "GET /wp-content/uploads/2022/03/F2802-3.png HTTP/1.1" 200 321149 "https://www.google.com/" "Mozilla/5.0 (Windows NT 10.0; Win64; x64) AppleWebKit/537.36 (KHTML, like Gecko) Chrome/152.0.0.0 Safari/537.36"
195.53.57.97 - - [01/Sep/2026:09:26:11 -0500] "GET /producto/celula-de-carga-a-traccion-compresion/ HTTP/1.1" 200 166831 "https://www.google.com/" "Mozilla/5.0 (Windows NT 10.0; Win64; x64) AppleWebKit/537.36 (KHTML, like Gecko) Chrome/152.0.0.0 Safari/537.36"
195.53.57.97 - - [01/Sep/2026:09:26:12 -0500] "GET /wp-content/plugins/woocommerce/assets/css/photoswipe/photoswipe.min.css?ver=10.9.3 HTTP/1.1" 200 3265 "https://mecacontrolsa.com/producto/celula-de-carga-a-traccion-compresion/" "Mozilla/5.0 (Windows NT 10.0; Win64; x64) AppleWebKit/537.36 (KHTML, like Gecko) Chrome/152.0.0.0 Safari/537.36"
195.53.57.97 - - [01/Sep/2026:09:26:12 -0500] "GET /wp-includes/css/dist/block-library/style.min.css?ver=7.1 HTTP/1.1" 200 140761 "https://mecacontrolsa.com/producto/celula-de-carga-a-traccion-compresion/" "Mozilla/5.0 (Windows NT 10.0; Win64; x64) AppleWebKit/537.36 (KHTML, like Gecko) Chrome/152.0.0.0 Safari/537.36"
195.53.57.97 - - [01/Sep/2026:09:26:12 -0500] "GET /wp-content/themes/astra/assets/css/minified/compatibility/woocommerce/woocommerce-layout.min.css?ver=4.8.3 HTTP/1.1" 200 18081 "https://mecacontrolsa.com/producto/celula-de-carga-a-traccion-compresion/" "Mozilla/5.0 (Windows NT 10.0; Win64; x64) AppleWebKit/537.36 (KHTML, like Gecko) Chrome/152.0.0.0 Safari/537.36"
195.53.57.97 - - [01/Sep/2026:09:26:12 -0500] "GET /wp-content/plugins/woocommerce/assets/css/photoswipe/default-skin/default-skin.min.css?ver=10.9.3 HTTP/1.1" 200 7947 "https://mecacontrolsa.com/producto/celula-de-carga-a-traccion-compresion/" "Mozilla/5.0 (Windows NT 10.0; Win64; x64) AppleWebKit/537.36 (KHTML, like Gecko) Chrome/152.0.0.0 Safari/537.36"
195.53.57.97 - - [01/Sep/2026:09:26:12 -0500] "GET /wp-content/themes/astra/assets/css/minified/compatibility/woocommerce/woocommerce.min.css?ver=4.8.3 HTTP/1.1" 200 118226 "https://mecacontrolsa.com/producto/celula-de-carga-a-traccion-compresion/" "Mozilla/5.0 (Windows NT 10.0; Win64; x64) AppleWebKit/537.36 (KHTML, like Gecko) Chrome/152.0.0.0 Safari/537.36"
195.53.57.97 - - [01/Sep/2026:09:26:12 -0500] "GET /wp-content/plugins/elementor/assets/css/widget-icon-list.min.css?ver=4.1.4 HTTP/1.1" 200 10255 "https://mecacontrolsa.com/producto/celula-de-carga-a-traccion-compresion/" "Mozilla/5.0 (Windows NT 10.0; Win64; x64) AppleWebKit/537.36 (KHTML, like Gecko) Chrome/152.0.0.0 Safari/537.36"
195.53.57.97 - - [01/Sep/2026:09:26:12 -0500] "GET /wp-content/plugins/elementor-pro/assets/css/widget-search-form.min.css?ver=3.35.0 HTTP/1.1" 200 4805 "https://mecacontrolsa.com/producto/celula-de-carga-a-traccion-compresion/" "Mozilla/5.0 (Windows NT 10.0; Win64; x64) AppleWebKit/537.36 (KHTML, like Gecko) Chrome/152.0.0.0 Safari/537.36"
195.53.57.97 - - [01/Sep/2026:09:26:12 -0500] "GET /wp-content/plugins/elementor/assets/lib/font-awesome/css/fontawesome.min.css?ver=5.15.3 HTTP/1.1" 200 58071 "https://mecacontrolsa.com/producto/celula-de-carga-a-traccion-compresion/" "Mozilla/5.0 (Windows NT 10.0; Win64; x64) AppleWebKit/537.36 (KHTML, like Gecko) Chrome/152.0.0.0 Safari/537.36"
195.53.57.97 - - [01/Sep/2026:09:26:12 -0500] "GET /wp-content/plugins/elementor/assets/lib/font-awesome/css/solid.min.css?ver=5.15.3 HTTP/1.1" 200 669 "https://mecacontrolsa.com/producto/celula-de-carga-a-traccion-compresion/" "Mozilla/5.0 (Windows NT 10.0; Win64; x64) AppleWebKit/537.36 (KHTML, like Gecko) Chrome/152.0.0.0 Safari/537.36"
195.53.57.97 - - [01/Sep/2026:09:26:12 -0500] "GET /wp-content/plugins/elementor/assets/css/widget-image.min.css?ver=4.1.4 HTTP/1.1" 200 214 "https://mecacontrolsa.com/producto/celula-de-carga-a-traccion-compresion/" "Mozilla/5.0 (Windows NT 10.0; Win64; x64) AppleWebKit/537.36 (KHTML, like Gecko) Chrome/152.0.0.0 Safari/537.36"
195.53.57.97 - - [01/Sep/2026:09:26:12 -0500] "GET /wp-content/plugins/elementor-pro/assets/css/widget-nav-menu.min.css?ver=3.35.0 HTTP/1.1" 200 27364 "https://mecacontrolsa.com/producto/celula-de-carga-a-traccion-compresion/" "Mozilla/5.0 (Windows NT 10.0; Win64; x64) AppleWebKit/537.36 (KHTML, like Gecko) Chrome/152.0.0.0 Safari/537.36"
195.53.57.97 - - [01/Sep/2026:09:26:12 -0500] "GET /wp-content/plugins/elementor-pro/assets/css/modules/sticky.min.css?ver=3.35.0 HTTP/1.1" 200 162 "https://mecacontrolsa.com/producto/celula-de-carga-a-traccion-compresion/" "Mozilla/5.0 (Windows NT 10.0; Win64; x64) AppleWebKit/537.36 (KHTML, like Gecko) Chrome/152.0.0.0 Safari/537.36"
195.53.57.97 - - [01/Sep/2026:09:26:12 -0500] "GET /wp-content/plugins/elementor-pro/assets/css/widget-share-buttons.min.css?ver=3.35.0 HTTP/1.1" 200 32721 "https://mecacontrolsa.com/producto/celula-de-carga-a-traccion-compresion/" "Mozilla/5.0 (Windows NT 10.0; Win64; x64) AppleWebKit/537.36 (KHTML, like Gecko) Chrome/152.0.0.0 Safari/537.36"
195.53.57.97 - - [01/Sep/2026:09:26:12 -0500] "GET /wp-content/plugins/elementor/assets/css/conditionals/apple-webkit.min.css?ver=4.1.4 HTTP/1.1" 200 6713 "https://mecacontrolsa.com/producto/celula-de-carga-a-traccion-compresion/" "Mozilla/5.0 (Windows NT 10.0; Win64; x64) AppleWebKit/537.36 (KHTML, like Gecko) Chrome/152.0.0.0 Safari/537.36"
195.53.57.97 - - [01/Sep/2026:09:26:12 -0500] "GET /wp-content/plugins/elementor/assets/lib/font-awesome/css/brands.min.css?ver=5.15.3 HTTP/1.1" 200 675 "https://mecacontrolsa.com/producto/celula-de-carga-a-traccion-compresion/" "Mozilla/5.0 (Windows NT 10.0; Win64; x64) AppleWebKit/537.36 (KHTML, like Gecko) Chrome/152.0.0.0 Safari/537.36"
195.53.57.97 - - [01/Sep/2026:09:26:12 -0500] "GET /wp-content/plugins/elementor/assets/css/widget-heading.min.css?ver=4.1.4 HTTP/1.1" 200 560 "https://mecacontrolsa.com/producto/celula-de-carga-a-traccion-compresion/" "Mozilla/5.0 (Windows NT 10.0; Win64; x64) AppleWebKit/537.36 (KHTML, like Gecko) Chrome/152.0.0.0 Safari/537.36"
195.53.57.97 - - [01/Sep/2026:09:26:12 -0500] "GET /wp-content/plugins/elementor-pro/assets/css/widget-woocommerce-product-meta.min.css?ver=3.35.0 HTTP/1.1" 200 966 "https://mecacontrolsa.com/producto/celula-de-carga-a-traccion-compresion/" "Mozilla/5.0 (Windows NT 10.0; Win64; x64) AppleWebKit/537.36 (KHTML, like Gecko) Chrome/152.0.0.0 Safari/537.36"
195.53.57.97 - - [01/Sep/2026:09:26:12 -0500] "GET /wp-content/plugins/elementor-pro/assets/css/widget-woocommerce-product-price.min.css?ver=3.35.0 HTTP/1.1" 200 262 "https://mecacontrolsa.com/producto/celula-de-carga-a-traccion-compresion/" "Mozilla/5.0 (Windows NT 10.0; Win64; x64) AppleWebKit/537.36 (KHTML, like Gecko) Chrome/152.0.0.0 Safari/537.36"
195.53.57.97 - - [01/Sep/2026:09:26:12 -0500] "GET /wp-content/plugins/elementor-pro/assets/css/widget-woocommerce-product-data-tabs.min.css?ver=3.35.0 HTTP/1.1" 200 739 "https://mecacontrolsa.com/producto/celula-de-carga-a-traccion-compresion/" "Mozilla/5.0 (Windows NT 10.0; Win64; x64) AppleWebKit/537.36 (KHTML, like Gecko) Chrome/152.0.0.0 Safari/537.36"
195.53.57.97 - - [01/Sep/2026:09:26:12 -0500] "GET /wp-content/plugins/elementor-pro/assets/css/widget-form.min.css?ver=3.35.0 HTTP/1.1" 200 6798 "https://mecacontrolsa.com/producto/celula-de-carga-a-traccion-compresion/" "Mozilla/5.0 (Windows NT 10.0; Win64; x64) AppleWebKit/537.36 (KHTML, like Gecko) Chrome/152.0.0.0 Safari/537.36"
195.53.57.97 - - [01/Sep/2026:09:26:12 -0500] "GET /wp-content/plugins/elementor-pro/assets/css/widget-woocommerce-products.min.css?ver=3.35.0 HTTP/1.1" 200 2365 "https://mecacontrolsa.com/producto/celula-de-carga-a-traccion-compresion/" "Mozilla/5.0 (Windows NT 10.0; Win64; x64) AppleWebKit/537.36 (KHTML, like Gecko) Chrome/152.0.0.0 Safari/537.36"
195.53.57.97 - - [01/Sep/2026:09:26:12 -0500] "GET /wp-content/plugins/elementor/assets/lib/eicons/css/elementor-icons.min.css?ver=5.50.0 HTTP/1.1" 200 21976 "https://mecacontrolsa.com/producto/celula-de-carga-a-traccion-compresion/" "Mozilla/5.0 (Windows NT 10.0; Win64; x64) AppleWebKit/537.36 (KHTML, like Gecko) Chrome/152.0.0.0 Safari/537.36"
195.53.57.97 - - [01/Sep/2026:09:26:12 -0500] "GET /wp-content/uploads/elementor/css/post-11.css?ver=1787820687 HTTP/1.1" 200 1500 "https://mecacontrolsa.com/producto/celula-de-carga-a-traccion-compresion/" "Mozilla/5.0 (Windows NT 10.0; Win64; x64) AppleWebKit/537.36 (KHTML, like Gecko) Chrome/152.0.0.0 Safari/537.36"
195.53.57.97 - - [01/Sep/2026:09:26:12 -0500] "GET /wp-content/plugins/elementor/assets/css/widget-social-icons.min.css?ver=3.24.0 HTTP/1.1" 200 5110 "https://mecacontrolsa.com/producto/celula-de-carga-a-traccion-compresion/" "Mozilla/5.0 (Windows NT 10.0; Win64; x64) AppleWebKit/537.36 (KHTML, like Gecko) Chrome/152.0.0.0 Safari/537.36"
195.53.57.97 - - [01/Sep/2026:09:26:12 -0500] "GET /wp-content/plugins/elementor/assets/lib/font-awesome/css/brands.css?ver=5.15.3 HTTP/1.1" 200 732 "https://mecacontrolsa.com/producto/celula-de-carga-a-traccion-compresion/" "Mozilla/5.0 (Windows NT 10.0; Win64; x64) AppleWebKit/537.36 (KHTML, like Gecko) Chrome/152.0.0.0 Safari/537.36"
195.53.57.97 - - [01/Sep/2026:09:26:12 -0500] "GET /wp-content/plugins/elementor/assets/lib/font-awesome/css/solid.css?ver=5.15.3 HTTP/1.1" 200 727 "https://mecacontrolsa.com/producto/celula-de-carga-a-traccion-compresion/" "Mozilla/5.0 (Windows NT 10.0; Win64; x64) AppleWebKit/537.36 (KHTML, like Gecko) Chrome/152.0.0.0 Safari/537.36"
195.53.57.97 - - [01/Sep/2026:09:26:12 -0500] "GET /wp-content/uploads/elementor/css/post-10.css?ver=1787820687 HTTP/1.1" 200 24235 "https://mecacontrolsa.com/producto/celula-de-carga-a-traccion-compresion/" "Mozilla/5.0 (Windows NT 10.0; Win64; x64) AppleWebKit/537.36 (KHTML, like Gecko) Chrome/152.0.0.0 Safari/537.36"
195.53.57.97 - - [01/Sep/2026:09:26:12 -0500] "GET /wp-content/uploads/elementor/css/post-17.css?ver=1787820687 HTTP/1.1" 200 17406 "https://mecacontrolsa.com/producto/celula-de-carga-a-traccion-compresion/" "Mozilla/5.0 (Windows NT 10.0; Win64; x64) AppleWebKit/537.36 (KHTML, like Gecko) Chrome/152.0.0.0 Safari/537.36"
195.53.57.97 - - [01/Sep/2026:09:26:12 -0500] "GET /wp-content/plugins/elementor/assets/lib/font-awesome/css/fontawesome.css?ver=5.15.3 HTTP/1.1" 200 72184 "https://mecacontrolsa.com/producto/celula-de-carga-a-traccion-compresion/" "Mozilla/5.0 (Windows NT 10.0; Win64; x64) AppleWebKit/537.36 (KHTML, like Gecko) Chrome/152.0.0.0 Safari/537.36"
195.53.57.97 - - [01/Sep/2026:09:26:12 -0500] "GET /wp-content/uploads/elementor/css/post-945.css?ver=1787820700 HTTP/1.1" 200 17041 "https://mecacontrolsa.com/producto/celula-de-carga-a-traccion-compresion/" "Mozilla/5.0 (Windows NT 10.0; Win64; x64) AppleWebKit/537.36 (KHTML, like Gecko) Chrome/152.0.0.0 Safari/537.36"
195.53.57.97 - - [01/Sep/2026:09:26:12 -0500] "GET /wp-content/plugins/ultimate-elementor/assets/min-css/uael-frontend.min.css?ver=1.45.0 HTTP/1.1" 200 751778 "https://mecacontrolsa.com/producto/celula-de-carga-a-traccion-compresion/" "Mozilla/5.0 (Windows NT 10.0; Win64; x64) AppleWebKit/537.36 (KHTML, like Gecko) Chrome/152.0.0.0 Safari/537.36"
195.53.57.97 - - [01/Sep/2026:09:26:12 -0500] "GET /wp-content/plugins/creame-whatsapp-me/public/css/joinchat.min.css?ver=6.2.3 HTTP/1.1" 200 20868 "https://mecacontrolsa.com/producto/celula-de-carga-a-traccion-compresion/" "Mozilla/5.0 (Windows NT 10.0; Win64; x64) AppleWebKit/537.36 (KHTML, like Gecko) Chrome/152.0.0.0 Safari/537.36"
195.53.57.97 - - [01/Sep/2026:09:26:12 -0500] "GET /wp-content/themes/mecacontrol/style.css?ver=1.0.0 HTTP/1.1" 200 306 "https://mecacontrolsa.com/producto/celula-de-carga-a-traccion-compresion/" "Mozilla/5.0 (Windows NT 10.0; Win64; x64) AppleWebKit/537.36 (KHTML, like Gecko) Chrome/152.0.0.0 Safari/537.36"
195.53.57.97 - - [01/Sep/2026:09:26:12 -0500] "GET /wp-content/plugins/elementor/assets/lib/font-awesome/css/regular.min.css?ver=5.15.3 HTTP/1.1" 200 677 "https://mecacontrolsa.com/producto/celula-de-carga-a-traccion-compresion/" "Mozilla/5.0 (Windows NT 10.0; Win64; x64) AppleWebKit/537.36 (KHTML, like Gecko) Chrome/152.0.0.0 Safari/537.36"
195.53.57.97 - - [01/Sep/2026:09:26:12 -0500] "GET /wp-includes/js/jquery/jquery.min.js?ver=3.7.1 HTTP/1.1" 200 87553 "https://mecacontrolsa.com/producto/celula-de-carga-a-traccion-compresion/" "Mozilla/5.0 (Windows NT 10.0; Win64; x64) AppleWebKit/537.36 (KHTML, like Gecko) Chrome/152.0.0.0 Safari/537.36"
195.53.57.97 - - [01/Sep/2026:09:26:12 -0500] "GET /wp-includes/js/jquery/jquery-migrate.min.js?ver=3.4.1 HTTP/1.1" 200 13577 "https://mecacontrolsa.com/producto/celula-de-carga-a-traccion-compresion/" "Mozilla/5.0 (Windows NT 10.0; Win64; x64) AppleWebKit/537.36 (KHTML, like Gecko) Chrome/152.0.0.0 Safari/537.36"
195.53.57.97 - - [01/Sep/2026:09:26:12 -0500] "GET /wp-content/uploads/2020/02/mecacontrol-logo.png HTTP/1.1" 200 8944 "https://mecacontrolsa.com/producto/celula-de-carga-a-traccion-compresion/" "Mozilla/5.0 (Windows NT 10.0; Win64; x64) AppleWebKit/537.36 (KHTML, like Gecko) Chrome/152.0.0.0 Safari/537.36"
195.53.57.97 - - [01/Sep/2026:09:26:12 -0500] "GET /wp-content/uploads/2022/03/F2802-3.png HTTP/1.1" 200 321149 "https://mecacontrolsa.com/producto/celula-de-carga-a-traccion-compresion/" "Mozilla/5.0 (Windows NT 10.0; Win64; x64) AppleWebKit/537.36 (KHTML, like Gecko) Chrome/152.0.0.0 Safari/537.36"
195.53.57.97 - - [01/Sep/2026:09:26:12 -0500] "GET /wp-content/uploads/2020/03/CR18-8DN2.jpg HTTP/1.1" 200 11746 "https://mecacontrolsa.com/producto/celula-de-carga-a-traccion-compresion/" "Mozilla/5.0 (Windows NT 10.0; Win64; x64) AppleWebKit/537.36 (KHTML, like Gecko) Chrome/152.0.0.0 Safari/537.36"
195.53.57.97 - - [01/Sep/2026:09:26:12 -0500] "GET /wp-content/themes/astra/assets/js/minified/style.min.js?ver=4.8.3 HTTP/1.1" 200 12379 "https://mecacontrolsa.com/producto/celula-de-carga-a-traccion-compresion/" "Mozilla/5.0 (Windows NT 10.0; Win64; x64) AppleWebKit/537.36 (KHTML, like Gecko) Chrome/152.0.0.0 Safari/537.36"
195.53.57.97 - - [01/Sep/2026:09:26:12 -0500] "GET /wp-content/plugins/woocommerce/assets/client/blocks/wc-blocks.css?ver=wc-10.9.3 HTTP/1.1" 200 14006 "https://mecacontrolsa.com/producto/celula-de-carga-a-traccion-compresion/" "Mozilla/5.0 (Windows NT 10.0; Win64; x64) AppleWebKit/537.36 (KHTML, like Gecko) Chrome/152.0.0.0 Safari/537.36"
195.53.57.97 - - [01/Sep/2026:09:26:13 -0500] "GET /wp-content/plugins/elementor/assets/js/webpack.runtime.min.js?ver=4.1.4 HTTP/1.1" 200 5819 "https://mecacontrolsa.com/producto/celula-de-carga-a-traccion-compresion/" "Mozilla/5.0 (Windows NT 10.0; Win64; x64) AppleWebKit/537.36 (KHTML, like Gecko) Chrome/152.0.0.0 Safari/537.36"
195.53.57.97 - - [01/Sep/2026:09:26:13 -0500] "GET /wp-content/plugins/elementor/assets/js/frontend-modules.min.js?ver=4.1.4 HTTP/1.1" 200 50602 "https://mecacontrolsa.com/producto/celula-de-carga-a-traccion-compresion/" "Mozilla/5.0 (Windows NT 10.0; Win64; x64) AppleWebKit/537.36 (KHTML, like Gecko) Chrome/152.0.0.0 Safari/537.36"
195.53.57.97 - - [01/Sep/2026:09:26:13 -0500] "GET /wp-includes/js/jquery/ui/core.min.js?ver=1.14.2 HTTP/1.1" 200 18674 "https://mecacontrolsa.com/producto/celula-de-carga-a-traccion-compresion/" "Mozilla/5.0 (Windows NT 10.0; Win64; x64) AppleWebKit/537.36 (KHTML, like Gecko) Chrome/152.0.0.0 Safari/537.36"
195.53.57.97 - - [01/Sep/2026:09:26:13 -0500] "GET /wp-content/plugins/elementor/assets/js/frontend.min.js?ver=4.1.4 HTTP/1.1" 200 32098 "https://mecacontrolsa.com/producto/celula-de-carga-a-traccion-compresion/" "Mozilla/5.0 (Windows NT 10.0; Win64; x64) AppleWebKit/537.36 (KHTML, like Gecko) Chrome/152.0.0.0 Safari/537.36"
195.53.57.97 - - [01/Sep/2026:09:26:13 -0500] "GET /wp-content/plugins/elementor-pro/assets/lib/smartmenus/jquery.smartmenus.min.js?ver=1.2.1 HTTP/1.1" 200 24109 "https://mecacontrolsa.com/producto/celula-de-carga-a-traccion-compresion/" "Mozilla/5.0 (Windows NT 10.0; Win64; x64) AppleWebKit/537.36 (KHTML, like Gecko) Chrome/152.0.0.0 Safari/537.36"
195.53.57.97 - - [01/Sep/2026:09:26:13 -0500] "GET /wp-content/plugins/elementor-pro/assets/lib/sticky/jquery.sticky.min.js?ver=3.35.0 HTTP/1.1" 200 3721 "https://mecacontrolsa.com/producto/celula-de-carga-a-traccion-compresion/" "Mozilla/5.0 (Windows NT 10.0; Win64; x64) AppleWebKit/537.36 (KHTML, like Gecko) Chrome/152.0.0.0 Safari/537.36"
195.53.57.97 - - [01/Sep/2026:09:26:13 -0500] "GET /wp-content/plugins/woocommerce/assets/js/sourcebuster/sourcebuster.min.js?ver=10.9.3 HTTP/1.1" 200 15315 "https://mecacontrolsa.com/producto/celula-de-carga-a-traccion-compresion/" "Mozilla/5.0 (Windows NT 10.0; Win64; x64) AppleWebKit/537.36 (KHTML, like Gecko) Chrome/152.0.0.0 Safari/537.36"
195.53.57.97 - - [01/Sep/2026:09:26:13 -0500] "GET /wp-content/plugins/woocommerce/assets/js/frontend/order-attribution.min.js?ver=10.9.3 HTTP/1.1" 200 2439 "https://mecacontrolsa.com/producto/celula-de-carga-a-traccion-compresion/" "Mozilla/5.0 (Windows NT 10.0; Win64; x64) AppleWebKit/537.36 (KHTML, like Gecko) Chrome/152.0.0.0 Safari/537.36"
195.53.57.97 - - [01/Sep/2026:09:26:13 -0500] "GET /wp-includes/js/dist/hooks.min.js?ver=f0f188028580e8dc1255 HTTP/1.1" 200 5107 "https://mecacontrolsa.com/producto/celula-de-carga-a-traccion-compresion/" "Mozilla/5.0 (Windows NT 10.0; Win64; x64) AppleWebKit/537.36 (KHTML, like Gecko) Chrome/152.0.0.0 Safari/537.36"
195.53.57.97 - - [01/Sep/2026:09:26:13 -0500] "GET /wp-content/plugins/elementor-pro/assets/js/webpack-pro.runtime.min.js?ver=3.35.0 HTTP/1.1" 200 6248 "https://mecacontrolsa.com/producto/celula-de-carga-a-traccion-compresion/" "Mozilla/5.0 (Windows NT 10.0; Win64; x64) AppleWebKit/537.36 (KHTML, like Gecko) Chrome/152.0.0.0 Safari/537.36"
195.53.57.97 - - [01/Sep/2026:09:26:13 -0500] "GET /wp-includes/js/dist/i18n.min.js?ver=1dfe7db3940c23ea9216 HTTP/1.1" 200 5791 "https://mecacontrolsa.com/producto/celula-de-carga-a-traccion-compresion/" "Mozilla/5.0 (Windows NT 10.0; Win64; x64) AppleWebKit/537.36 (KHTML, like Gecko) Chrome/152.0.0.0 Safari/537.36"
195.53.57.97 - - [01/Sep/2026:09:26:13 -0500] "GET /wp-content/plugins/elementor-pro/assets/js/frontend.min.js?ver=3.35.0 HTTP/1.1" 200 24047 "https://mecacontrolsa.com/producto/celula-de-carga-a-traccion-compresion/" "Mozilla/5.0 (Windows NT 10.0; Win64; x64) AppleWebKit/537.36 (KHTML, like Gecko) Chrome/152.0.0.0 Safari/537.36"
195.53.57.97 - - [01/Sep/2026:09:26:13 -0500] "GET /wp-content/plugins/elementor-pro/assets/js/elements-handlers.min.js?ver=3.35.0 HTTP/1.1" 200 44258 "https://mecacontrolsa.com/producto/celula-de-carga-a-traccion-compresion/" "Mozilla/5.0 (Windows NT 10.0; Win64; x64) AppleWebKit/537.36 (KHTML, like Gecko) Chrome/152.0.0.0 Safari/537.36"
195.53.57.97 - - [01/Sep/2026:09:26:13 -0500] "GET /wp-content/plugins/woocommerce/assets/js/jquery-blockui/jquery.blockUI.min.js?ver=2.7.0-wc.10.9.3 HTTP/1.1" 200 9636 "https://mecacontrolsa.com/producto/celula-de-carga-a-traccion-compresion/" "Mozilla/5.0 (Windows NT 10.0; Win64; x64) AppleWebKit/537.36 (KHTML, like Gecko) Chrome/152.0.0.0 Safari/537.36"
195.53.57.97 - - [01/Sep/2026:09:26:13 -0500] "GET /wp-content/plugins/woocommerce/assets/js/frontend/add-to-cart.min.js?ver=10.9.3 HTTP/1.1" 200 4350 "https://mecacontrolsa.com/producto/celula-de-carga-a-traccion-compresion/" "Mozilla/5.0 (Windows NT 10.0; Win64; x64) AppleWebKit/537.36 (KHTML, like Gecko) Chrome/152.0.0.0 Safari/537.36"
195.53.57.97 - - [01/Sep/2026:09:26:13 -0500] "GET /wp-content/plugins/woocommerce/assets/js/zoom/jquery.zoom.min.js?ver=1.7.21-wc.10.9.3 HTTP/1.1" 200 2673 "https://mecacontrolsa.com/producto/celula-de-carga-a-traccion-compresion/" "Mozilla/5.0 (Windows NT 10.0; Win64; x64) AppleWebKit/537.36 (KHTML, like Gecko) Chrome/152.0.0.0 Safari/537.36"
195.53.57.97 - - [01/Sep/2026:09:26:13 -0500] "GET /wp-content/plugins/woocommerce/assets/js/flexslider/jquery.flexslider.min.js?ver=2.7.2-wc.10.9.3 HTTP/1.1" 200 21555 "https://mecacontrolsa.com/producto/celula-de-carga-a-traccion-compresion/" "Mozilla/5.0 (Windows NT 10.0; Win64; x64) AppleWebKit/537.36 (KHTML, like Gecko) Chrome/152.0.0.0 Safari/537.36"
195.53.57.97 - - [01/Sep/2026:09:26:13 -0500] "GET /wp-content/plugins/woocommerce/assets/js/photoswipe/photoswipe.min.js?ver=4.1.1-wc.10.9.3 HTTP/1.1" 200 31626 "https://mecacontrolsa.com/producto/celula-de-carga-a-traccion-compresion/" "Mozilla/5.0 (Windows NT 10.0; Win64; x64) AppleWebKit/537.36 (KHTML, like Gecko) Chrome/152.0.0.0 Safari/537.36"
195.53.57.97 - - [01/Sep/2026:09:26:13 -0500] "GET /wp-content/plugins/woocommerce/assets/js/photoswipe/photoswipe-ui-default.min.js?ver=4.1.1-wc.10.9.3 HTTP/1.1" 200 9749 "https://mecacontrolsa.com/producto/celula-de-carga-a-traccion-compresion/" "Mozilla/5.0 (Windows NT 10.0; Win64; x64) AppleWebKit/537.36 (KHTML, like Gecko) Chrome/152.0.0.0 Safari/537.36"
195.53.57.97 - - [01/Sep/2026:09:26:13 -0500] "GET /wp-content/plugins/woocommerce/assets/js/frontend/single-product.min.js?ver=10.9.3 HTTP/1.1" 200 9802 "https://mecacontrolsa.com/producto/celula-de-carga-a-traccion-compresion/" "Mozilla/5.0 (Windows NT 10.0; Win64; x64) AppleWebKit/537.36 (KHTML, like Gecko) Chrome/152.0.0.0 Safari/537.36"
195.53.57.97 - - [01/Sep/2026:09:26:13 -0500] "GET /wp-content/plugins/woocommerce/assets/js/js-cookie/js.cookie.min.js?ver=2.1.4-wc.10.9.3 HTTP/1.1" 200 1720 "https://mecacontrolsa.com/producto/celula-de-carga-a-traccion-compresion/" "Mozilla/5.0 (Windows NT 10.0; Win64; x64) AppleWebKit/537.36 (KHTML, like Gecko) Chrome/152.0.0.0 Safari/537.36"
195.53.57.97 - - [01/Sep/2026:09:26:13 -0500] "GET /wp-content/plugins/woocommerce/assets/js/frontend/woocommerce.min.js?ver=10.9.3 HTTP/1.1" 200 4270 "https://mecacontrolsa.com/producto/celula-de-carga-a-traccion-compresion/" "Mozilla/5.0 (Windows NT 10.0; Win64; x64) AppleWebKit/537.36 (KHTML, like Gecko) Chrome/152.0.0.0 Safari/537.36"
195.53.57.97 - - [01/Sep/2026:09:26:13 -0500] "GET /wp-content/plugins/creame-whatsapp-me/public/js/joinchat.min.js?ver=6.2.3 HTTP/1.1" 200 11161 "https://mecacontrolsa.com/producto/celula-de-carga-a-traccion-compresion/" "Mozilla/5.0 (Windows NT 10.0; Win64; x64) AppleWebKit/537.36 (KHTML, like Gecko) Chrome/152.0.0.0 Safari/537.36"
195.53.57.97 - - [01/Sep/2026:09:26:13 -0500] "GET /wp-content/themes/astra/assets/css/minified/compatibility/woocommerce/woocommerce-smallscreen.min.css?ver=4.8.3 HTTP/1.1" 200 6262 "https://mecacontrolsa.com/producto/celula-de-carga-a-traccion-compresion/" "Mozilla/5.0 (Windows NT 10.0; Win64; x64) AppleWebKit/537.36 (KHTML, like Gecko) Chrome/152.0.0.0 Safari/537.36"
195.53.57.97 - - [01/Sep/2026:09:26:12 -0500] "GET /wp-content/themes/astra/assets/css/minified/style.min.css?ver=4.8.3 HTTP/1.1" 200 73072 "https://mecacontrolsa.com/producto/celula-de-carga-a-traccion-compresion/" "Mozilla/5.0 (Windows NT 10.0; Win64; x64) AppleWebKit/537.36 (KHTML, like Gecko) Chrome/152.0.0.0 Safari/537.36"
195.53.57.97 - - [01/Sep/2026:09:26:19 -0500] "GET /wp-content/plugins/elementor/assets/css/frontend.min.css?ver=4.1.4 HTTP/1.1" 200 54666 "https://mecacontrolsa.com/producto/celula-de-carga-a-traccion-compresion/" "Mozilla/5.0 (Windows NT 10.0; Win64; x64) AppleWebKit/537.36 (KHTML, like Gecko) Chrome/152.0.0.0 Safari/537.36"
195.53.57.97 - - [01/Sep/2026:09:26:20 -0500] "GET /wp-content/uploads/2020/03/PSN17-5DP.jpg HTTP/1.1" 200 11097 "https://mecacontrolsa.com/producto/celula-de-carga-a-traccion-compresion/" "Mozilla/5.0 (Windows NT 10.0; Win64; x64) AppleWebKit/537.36 (KHTML, like Gecko) Chrome/152.0.0.0 Safari/537.36"
195.53.57.97 - - [01/Sep/2026:09:26:20 -0500] "GET /wp-content/plugins/elementor/assets/lib/font-awesome/webfonts/fa-solid-900.woff2 HTTP/1.1" 200 78196 "https://mecacontrolsa.com/wp-content/plugins/elementor/assets/lib/font-awesome/css/solid.min.css?ver=5.15.3" "Mozilla/5.0 (Windows NT 10.0; Win64; x64) AppleWebKit/537.36 (KHTML, like Gecko) Chrome/152.0.0.0 Safari/537.36"
195.53.57.97 - - [01/Sep/2026:09:26:20 -0500] "GET /wp-content/plugins/elementor/assets/lib/font-awesome/webfonts/fa-regular-400.woff2 HTTP/1.1" 200 13276 "https://mecacontrolsa.com/wp-content/plugins/elementor/assets/lib/font-awesome/css/regular.min.css?ver=5.15.3" "Mozilla/5.0 (Windows NT 10.0; Win64; x64) AppleWebKit/537.36 (KHTML, like Gecko) Chrome/152.0.0.0 Safari/537.36"
195.53.57.97 - - [01/Sep/2026:09:26:20 -0500] "GET /wp-content/uploads/2020/03/PRCM12-4DP.jpg HTTP/1.1" 200 11630 "https://mecacontrolsa.com/producto/celula-de-carga-a-traccion-compresion/" "Mozilla/5.0 (Windows NT 10.0; Win64; x64) AppleWebKit/537.36 (KHTML, like Gecko) Chrome/152.0.0.0 Safari/537.36"
195.53.57.97 - - [01/Sep/2026:09:26:20 -0500] "GET /wp-content/plugins/elementor/assets/lib/font-awesome/webfonts/fa-brands-400.woff2 HTTP/1.1" 200 81612 "https://mecacontrolsa.com/wp-content/plugins/elementor/assets/lib/font-awesome/css/brands.min.css?ver=5.15.3" "Mozilla/5.0 (Windows NT 10.0; Win64; x64) AppleWebKit/537.36 (KHTML, like Gecko) Chrome/152.0.0.0 Safari/537.36"
195.53.57.97 - - [01/Sep/2026:09:26:20 -0500] "GET /wp-content/uploads/2020/03/PRCM18-5DN.jpg HTTP/1.1" 200 11497 "https://mecacontrolsa.com/producto/celula-de-carga-a-traccion-compresion/" "Mozilla/5.0 (Windows NT 10.0; Win64; x64) AppleWebKit/537.36 (KHTML, like Gecko) Chrome/152.0.0.0 Safari/537.36"
195.53.57.97 - - [01/Sep/2026:09:26:20 -0500] "GET /wp-content/uploads/2020/02/mecacontrol-logo-blanco-300x134.png HTTP/1.1" 200 12199 "https://mecacontrolsa.com/producto/celula-de-carga-a-traccion-compresion/" "Mozilla/5.0 (Windows NT 10.0; Win64; x64) AppleWebKit/537.36 (KHTML, like Gecko) Chrome/152.0.0.0 Safari/537.36"
195.53.57.97 - - [01/Sep/2026:09:26:20 -0500] "GET /wp-content/plugins/elementor/assets/js/shared-frontend-handlers.03caa53373b56d3bab67.bundle.min.js HTTP/1.1" 200 8481 "https://mecacontrolsa.com/producto/celula-de-carga-a-traccion-compresion/" "Mozilla/5.0 (Windows NT 10.0; Win64; x64) AppleWebKit/537.36 (KHTML, like Gecko) Chrome/152.0.0.0 Safari/537.36"
195.53.57.97 - - [01/Sep/2026:09:26:20 -0500] "GET /wp-content/plugins/elementor/assets/js/section-frontend-handlers.d85ab872da118940910d.bundle.min.js HTTP/1.1" 200 449 "https://mecacontrolsa.com/producto/celula-de-carga-a-traccion-compresion/" "Mozilla/5.0 (Windows NT 10.0; Win64; x64) AppleWebKit/537.36 (KHTML, like Gecko) Chrome/152.0.0.0 Safari/537.36"
195.53.57.97 - - [01/Sep/2026:09:26:20 -0500] "GET /wp-content/plugins/elementor-pro/assets/js/search-form.b7065999d77832a1b764.bundle.min.js HTTP/1.1" 200 2124 "https://mecacontrolsa.com/producto/celula-de-carga-a-traccion-compresion/" "Mozilla/5.0 (Windows NT 10.0; Win64; x64) AppleWebKit/537.36 (KHTML, like Gecko) Chrome/152.0.0.0 Safari/537.36"
195.53.57.97 - - [01/Sep/2026:09:26:20 -0500] "GET /wp-content/plugins/elementor-pro/assets/js/nav-menu.8521a0597c50611efdc6.bundle.min.js HTTP/1.1" 200 5240 "https://mecacontrolsa.com/producto/celula-de-carga-a-traccion-compresion/" "Mozilla/5.0 (Windows NT 10.0; Win64; x64) AppleWebKit/537.36 (KHTML, like Gecko) Chrome/152.0.0.0 Safari/537.36"
195.53.57.97 - - [01/Sep/2026:09:26:20 -0500] "GET /wp-content/plugins/elementor-pro/assets/js/form.71055747203b48a65a24.bundle.min.js HTTP/1.1" 200 19776 "https://mecacontrolsa.com/producto/celula-de-carga-a-traccion-compresion/" "Mozilla/5.0 (Windows NT 10.0; Win64; x64) AppleWebKit/537.36 (KHTML, like Gecko) Chrome/152.0.0.0 Safari/537.36"
195.53.57.97 - - [01/Sep/2026:09:26:20 -0500] "GET /wp-content/plugins/elementor-pro/assets/js/popup.f7b15b2ca565b152bf98.bundle.min.js HTTP/1.1" 200 752 "https://mecacontrolsa.com/producto/celula-de-carga-a-traccion-compresion/" "Mozilla/5.0 (Windows NT 10.0; Win64; x64) AppleWebKit/537.36 (KHTML, like Gecko) Chrome/152.0.0.0 Safari/537.36"
195.53.57.97 - - [01/Sep/2026:09:26:20 -0500] "GET /wp-content/plugins/elementor/assets/js/text-editor.45609661e409413f1cef.bundle.min.js HTTP/1.1" 200 1348 "https://mecacontrolsa.com/producto/celula-de-carga-a-traccion-compresion/" "Mozilla/5.0 (Windows NT 10.0; Win64; x64) AppleWebKit/537.36 (KHTML, like Gecko) Chrome/152.0.0.0 Safari/537.36"
195.53.57.97 - - [01/Sep/2026:09:26:20 -0500] "GET /wp-content/plugins/elementor-pro/assets/js/share-buttons.63d984f8c96d1e053bc0.bundle.min.js HTTP/1.1" 200 1577 "https://mecacontrolsa.com/producto/celula-de-carga-a-traccion-compresion/" "Mozilla/5.0 (Windows NT 10.0; Win64; x64) AppleWebKit/537.36 (KHTML, like Gecko) Chrome/152.0.0.0 Safari/537.36"
195.53.57.97 - - [01/Sep/2026:09:26:20 -0500] "GET /wp-includes/js/wp-emoji-release.min.js?ver=7.1 HTTP/1.1" 200 22752 "https://mecacontrolsa.com/producto/celula-de-carga-a-traccion-compresion/" "Mozilla/5.0 (Windows NT 10.0; Win64; x64) AppleWebKit/537.36 (KHTML, like Gecko) Chrome/152.0.0.0 Safari/537.36"
195.53.57.97 - - [01/Sep/2026:09:26:20 -0500] "GET /wp-content/plugins/elementor/assets/lib/share-link/share-link.min.js?ver=4.1.4 HTTP/1.1" 200 2752 "https://mecacontrolsa.com/producto/celula-de-carga-a-traccion-compresion/" "Mozilla/5.0 (Windows NT 10.0; Win64; x64) AppleWebKit/537.36 (KHTML, like Gecko) Chrome/152.0.0.0 Safari/537.36"
195.53.57.97 - - [01/Sep/2026:09:26:20 -0500] "GET /wp-content/plugins/elementor/assets/lib/eicons/fonts/eicons.woff2?5.50.0 HTTP/1.1" 200 106500 "https://mecacontrolsa.com/wp-content/plugins/elementor/assets/lib/eicons/css/elementor-icons.min.css?ver=5.50.0" "Mozilla/5.0 (Windows NT 10.0; Win64; x64) AppleWebKit/537.36 (KHTML, like Gecko) Chrome/152.0.0.0 Safari/537.36"
195.53.57.97 - - [01/Sep/2026:09:26:20 -0500] "GET /wp-content/uploads/2020/02/cropped-mecacontrol-icono-32x32.png HTTP/1.1" 200 676 "https://mecacontrolsa.com/producto/celula-de-carga-a-traccion-compresion/" "Mozilla/5.0 (Windows NT 10.0; Win64; x64) AppleWebKit/537.36 (KHTML, like Gecko) Chrome/152.0.0.0 Safari/537.36"
114.119.139.167 - - [01/Sep/2026:09:26:36 -0500] "GET /producto/oeii403c0103-sensor-de-barrera/ HTTP/1.1" 200 166621 "https://mecacontrolsa.com/categoria-producto/wenglor/page/14" "Mozilla/5.0 (Linux; Android 7.0;) AppleWebKit/537.36 (HTML, like Gecko) Mobile Safari/537.36 (compatible; PetalBot;+https://webmaster.petalsearch.com/site/petalbot)"
54.83.56.1 - - [01/Sep/2026:09:26:42 -0500] "GET /wp-json/wp/v2/product/5312 HTTP/1.1" 200 4517 "-" "Mozilla/5.0 AppleWebKit/537.36 (KHTML, like Gecko; compatible; Amazonbot/0.1; +https://developer.amazon.com/support/amazonbot) Chrome/119.0.6045.214 Safari/537.36"
52.6.232.201 - - [01/Sep/2026:09:27:02 -0500] "GET /wp-json/wp/v2/product/10045 HTTP/1.1" 200 5314 "-" "Mozilla/5.0 AppleWebKit/537.36 (KHTML, like Gecko; compatible; Amazonbot/0.1; +https://developer.amazon.com/support/amazonbot) Chrome/119.0.6045.214 Safari/537.36"
114.119.139.53 - - [01/Sep/2026:09:27:59 -0500] "GET /producto/u1kt002-sensor-de-distancia HTTP/1.1" 301 - "https://mecacontrolsa.com/producto/u1kt002-sensor-de-distancia" "Mozilla/5.0 (Linux; Android 7.0;) AppleWebKit/537.36 (HTML, like Gecko) Mobile Safari/537.36 (compatible; PetalBot;+https://webmaster.petalsearch.com/site/petalbot)"
116.179.32.84 - - [01/Sep/2026:09:27:55 -0500] "GET /producto/unidad-extraible-para-termopar/ HTTP/1.1" 200 166291 "-" "Mozilla/5.0 (compatible; Baiduspider/2.0; +http://www.baidu.com/search/spider.html)"
114.119.139.53 - - [01/Sep/2026:09:28:00 -0500] "GET /producto/u1kt002-sensor-de-distancia/ HTTP/1.1" 200 165486 "https://mecacontrolsa.com/producto/u1kt002-sensor-de-distancia" "Mozilla/5.0 (Linux; Android 7.0;) AppleWebKit/537.36 (HTML, like Gecko) Mobile Safari/537.36 (compatible; PetalBot;+https://webmaster.petalsearch.com/site/petalbot)"
116.179.37.247 - - [01/Sep/2026:09:28:04 -0500] "GET /wp-content/uploads/2022/03/TC10_A-1.png HTTP/1.1" 200 49963 "https://mecacontrolsa.com/producto/unidad-extraible-para-termopar/" "Mozilla/5.0 (compatible; Baiduspider-render/2.0; +http://www.baidu.com/search/spider.html)"
69.41.68.12 - - [01/Sep/2026:09:29:19 -0500] "GET /wp-content/uploads/2022/03/910_32-1.png HTTP/1.1" 200 447579 "https://www.google.com/" "Mozilla/5.0 (Windows NT 10.0; Win64; x64) AppleWebKit/537.36 (KHTML, like Gecko) Chrome/152.0.0.0 Safari/537.36"
114.119.136.3 - - [01/Sep/2026:09:29:23 -0500] "GET /producto/transmisor-de-presion-con-senales-de-salida-canopen-y-j1939/ HTTP/1.1" 200 166859 "https://mecacontrolsa.com/producto/transmisor-de-presion-con-senales-de-salida-canopen-y-j1939" "Mozilla/5.0 (Linux; Android 7.0;) AppleWebKit/537.36 (HTML, like Gecko) Mobile Safari/537.36 (compatible; PetalBot;+https://webmaster.petalsearch.com/site/petalbot)"
189.206.125.78 - - [01/Sep/2026:09:30:08 -0500] "GET /wp-content/uploads/2022/03/FWS-2105-1.jpg HTTP/1.1" 200 1181019 "https://www.google.com/" "Mozilla/5.0 (Windows NT 10.0; Win64; x64) AppleWebKit/537.36 (KHTML, like Gecko) Chrome/152.0.0.0 Safari/537.36"
47.128.58.238 - - [01/Sep/2026:09:30:13 -0500] "GET /apps/wso38 HTTP/1.1" 404 142178 "-" "Mozilla/5.0 (Linux; Android 5.0) AppleWebKit/537.36 (KHTML, like Gecko) Mobile Safari/537.36 (compatible; Bytespider; spider-feedback@bytedance.com)"
34.139.216.212 - - [01/Sep/2026:09:30:18 -0500] "GET /.git/config HTTP/1.1" 403 199 "-" "Mozilla/5.0 (Windows NT 10.0; Win64; x64) AppleWebKit/537.36"
114.119.158.128 - - [01/Sep/2026:09:30:47 -0500] "GET /producto/sensor-fotoelectrico-emisor-receptor-byd3m-tdt-p HTTP/1.1" 301 - "https://mecacontrolsa.com/producto/sensor-fotoelectrico-emisor-receptor-byd3m-tdt-p" "Mozilla/5.0 (Linux; Android 7.0;) AppleWebKit/537.36 (HTML, like Gecko) Mobile Safari/537.36 (compatible; PetalBot;+https://webmaster.petalsearch.com/site/petalbot)"
114.119.158.128 - - [01/Sep/2026:09:30:48 -0500] "GET /producto/sensor-fotoelectrico-emisor-receptor-byd3m-tdt-p/ HTTP/1.1" 200 166286 "https://mecacontrolsa.com/producto/sensor-fotoelectrico-emisor-receptor-byd3m-tdt-p" "Mozilla/5.0 (Linux; Android 7.0;) AppleWebKit/537.36 (HTML, like Gecko) Mobile Safari/537.36 (compatible; PetalBot;+https://webmaster.petalsearch.com/site/petalbot)"
114.119.139.53 - - [01/Sep/2026:09:32:10 -0500] "GET /producto/sensor-de-proximidad-inductivo-pr12-4dp2/ HTTP/1.1" 200 166136 "https://mecacontrolsa.com/categoria-producto/wika/manometros-con-contacto-electrico/page/2/" "Mozilla/5.0 (Linux; Android 7.0;) AppleWebKit/537.36 (HTML, like Gecko) Mobile Safari/537.36 (compatible; PetalBot;+https://webmaster.petalsearch.com/site/petalbot)"
40.77.167.77 - - [01/Sep/2026:09:32:47 -0500] "GET /producto/srb301st-1515/ HTTP/1.1" 404 142167 "-" "Mozilla/5.0 AppleWebKit/537.36 (KHTML, like Gecko; compatible; bingbot/2.0; +http://www.bing.com/bingbot.htm) Chrome/116.0.1938.76 Safari/537.36"
40.77.167.57 - - [01/Sep/2026:09:33:25 -0500] "GET /producto/manometro-de-presion-diferencial-13/ HTTP/1.1" 200 167023 "-" "Mozilla/5.0 AppleWebKit/537.36 (KHTML, like Gecko; compatible; bingbot/2.0; +http://www.bing.com/bingbot.htm) Chrome/116.0.1938.76 Safari/537.36"
40.77.167.57 - - [01/Sep/2026:09:33:26 -0500] "GET /producto/filtro-en-y-de-laton-serie-bys/ HTTP/1.1" 200 168211 "-" "Mozilla/5.0 AppleWebKit/537.36 (KHTML, like Gecko; compatible; bingbot/2.0; +http://www.bing.com/bingbot.htm) Chrome/116.0.1938.76 Safari/537.36"
114.119.153.105 - - [01/Sep/2026:09:33:34 -0500] "GET /producto/oeeb452u0135-barrera-para-tareas-de-medicion/ HTTP/1.1" 200 166603 "https://mecacontrolsa.com/categoria-producto/wenglor/barreras/" "Mozilla/5.0 (Linux; Android 7.0;) AppleWebKit/537.36 (HTML, like Gecko) Mobile Safari/537.36 (compatible; PetalBot;+https://webmaster.petalsearch.com/site/petalbot)"
40.77.167.77 - - [01/Sep/2026:09:33:45 -0500] "GET /producto/valvula-solenoide-en-acero-inoxidable-220vac-1-2-npt-91102/ HTTP/1.1" 200 166471 "-" "Mozilla/5.0 AppleWebKit/537.36 (KHTML, like Gecko; compatible; bingbot/2.0; +http://www.bing.com/bingbot.htm) Chrome/116.0.1938.76 Safari/537.36"
114.119.139.53 - - [01/Sep/2026:09:34:57 -0500] "GET /producto/oeeb452u0135-barrera-para-tareas-de-medicion HTTP/1.1" 301 - "https://mecacontrolsa.com/etiqueta-producto/automatizacion-y-control/page/43" "Mozilla/5.0 (Linux; Android 7.0;) AppleWebKit/537.36 (HTML, like Gecko) Mobile Safari/537.36 (compatible; PetalBot;+https://webmaster.petalsearch.com/site/petalbot)"
114.119.139.53 - - [01/Sep/2026:09:34:58 -0500] "GET /producto/oeeb452u0135-barrera-para-tareas-de-medicion/ HTTP/1.1" 200 166608 "https://mecacontrolsa.com/etiqueta-producto/automatizacion-y-control/page/43" "Mozilla/5.0 (Linux; Android 7.0;) AppleWebKit/537.36 (HTML, like Gecko) Mobile Safari/537.36 (compatible; PetalBot;+https://webmaster.petalsearch.com/site/petalbot)"
3.213.85.234 - - [01/Sep/2026:09:35:39 -0500] "GET /wp-content/uploads/2024/03/TRANSMISOR-DE-VELOCIDAD-DE-AIRE-SERIE-AVU-100x100.png HTTP/1.1" 200 1956 "-" "Mozilla/5.0 AppleWebKit/537.36 (KHTML, like Gecko; compatible; Amazonbot/0.1; +https://developer.amazon.com/support/amazonbot) Chrome/119.0.6045.214 Safari/537.36"
220.181.108.82 - - [01/Sep/2026:09:35:48 -0500] "GET /producto/rwt-interruptor-selector-de-llave/ HTTP/1.1" 200 166542 "-" "Mozilla/5.0 (compatible; Baiduspider/2.0; +http://www.baidu.com/search/spider.html)"
116.179.37.49 - - [01/Sep/2026:09:35:57 -0500] "GET /wp-content/uploads/2022/03/RWT-Interruptor-selector-de-llave-1.jpg HTTP/1.1" 200 784104 "https://mecacontrolsa.com/producto/rwt-interruptor-selector-de-llave/" "Mozilla/5.0 (compatible; Baiduspider-render/2.0; +http://www.baidu.com/search/spider.html)"
114.119.136.3 - - [01/Sep/2026:09:36:21 -0500] "GET /producto/oed000c0003-sensor-de-barrera HTTP/1.1" 301 - "https://mecacontrolsa.com/producto/oed000c0003-sensor-de-barrera" "Mozilla/5.0 (Linux; Android 7.0;) AppleWebKit/537.36 (HTML, like Gecko) Mobile Safari/537.36 (compatible; PetalBot;+https://webmaster.petalsearch.com/site/petalbot)"
114.119.136.3 - - [01/Sep/2026:09:36:22 -0500] "GET /producto/oed000c0003-sensor-de-barrera/ HTTP/1.1" 200 166352 "https://mecacontrolsa.com/producto/oed000c0003-sensor-de-barrera" "Mozilla/5.0 (Linux; Android 7.0;) AppleWebKit/537.36 (HTML, like Gecko) Mobile Safari/537.36 (compatible; PetalBot;+https://webmaster.petalsearch.com/site/petalbot)"
40.77.167.77 - - [01/Sep/2026:09:36:25 -0500] "GET /wp-content/uploads/2022/03/P1NE201-1-300x300.jpg HTTP/1.1" 200 6109 "-" "Mozilla/5.0 AppleWebKit/537.36 (KHTML, like Gecko; compatible; bingbot/2.0; +http://www.bing.com/bingbot.htm) Chrome/116.0.1938.76 Safari/537.36"
114.119.136.3 - - [01/Sep/2026:09:37:44 -0500] "GET /producto/ocp242x0135-sensor-de-distancia-laser-de-alta-precision HTTP/1.1" 301 - "https://mecacontrolsa.com/categoria-producto/wenglor/page/12" "Mozilla/5.0 (Linux; Android 7.0;) AppleWebKit/537.36 (HTML, like Gecko) Mobile Safari/537.36 (compatible; PetalBot;+https://webmaster.petalsearch.com/site/petalbot)"
114.119.136.3 - - [01/Sep/2026:09:37:45 -0500] "GET /producto/ocp242x0135-sensor-de-distancia-laser-de-alta-precision/ HTTP/1.1" 200 167240 "https://mecacontrolsa.com/categoria-producto/wenglor/page/12" "Mozilla/5.0 (Linux; Android 7.0;) AppleWebKit/537.36 (HTML, like Gecko) Mobile Safari/537.36 (compatible; PetalBot;+https://webmaster.petalsearch.com/site/petalbot)"
40.77.167.57 - - [01/Sep/2026:09:37:47 -0500] "GET /producto/separador-de-membrana/ HTTP/1.1" 200 166142 "-" "Mozilla/5.0 AppleWebKit/537.36 (KHTML, like Gecko; compatible; bingbot/2.0; +http://www.bing.com/bingbot.htm) Chrome/116.0.1938.76 Safari/537.36"
114.119.158.128 - - [01/Sep/2026:09:39:08 -0500] "GET /producto/nhs-interruptor-principal/ HTTP/1.1" 200 166317 "https://mecacontrolsa.com/categoria-producto/shmersal/pulsadores-y-pilotos-serie-n-shmersal" "Mozilla/5.0 (Linux; Android 7.0;) AppleWebKit/537.36 (HTML, like Gecko) Mobile Safari/537.36 (compatible; PetalBot;+https://webmaster.petalsearch.com/site/petalbot)"
114.119.154.215 - - [01/Sep/2026:09:40:33 -0500] "GET /producto/mini-interruptor-de-nivel-metalico-52908/ HTTP/1.1" 200 166196 "https://mecacontrolsa.com/producto/mini-interruptor-de-nivel-metalico-52908" "Mozilla/5.0 (Linux; Android 7.0;) AppleWebKit/537.36 (HTML, like Gecko) Mobile Safari/537.36 (compatible; PetalBot;+https://webmaster.petalsearch.com/site/petalbot)"
114.119.154.215 - - [01/Sep/2026:09:40:32 -0500] "GET /producto/mini-interruptor-de-nivel-metalico-52908 HTTP/1.1" 301 - "https://mecacontrolsa.com/producto/mini-interruptor-de-nivel-metalico-52908" "Mozilla/5.0 (Linux; Android 7.0;) AppleWebKit/537.36 (HTML, like Gecko) Mobile Safari/537.36 (compatible; PetalBot;+https://webmaster.petalsearch.com/site/petalbot)"
40.77.167.57 - - [01/Sep/2026:09:40:45 -0500] "GET /producto/bomba-de-comprobacion-hidraulica/ HTTP/1.1" 200 165567 "-" "Mozilla/5.0 AppleWebKit/537.36 (KHTML, like Gecko; compatible; bingbot/2.0; +http://www.bing.com/bingbot.htm) Chrome/116.0.1938.76 Safari/537.36"
40.77.167.57 - - [01/Sep/2026:09:40:46 -0500] "GET /producto/interruptor-electronico-de-temperatura-tdd-d6/ HTTP/1.1" 200 168446 "-" "Mozilla/5.0 AppleWebKit/537.36 (KHTML, like Gecko; compatible; bingbot/2.0; +http://www.bing.com/bingbot.htm) Chrome/116.0.1938.76 Safari/537.36"
40.77.167.143 - - [01/Sep/2026:09:40:49 -0500] "GET /producto/cinta-sensora-y-detectora-de-agua-modelo-wd/ HTTP/1.1" 200 168942 "-" "Mozilla/5.0 AppleWebKit/537.36 (KHTML, like Gecko; compatible; bingbot/2.0; +http://www.bing.com/bingbot.htm) Chrome/116.0.1938.76 Safari/537.36"
114.119.156.225 - - [01/Sep/2026:09:41:55 -0500] "GET /producto/medidor-de-viento-portatil/ HTTP/1.1" 200 168758 "https://mecacontrolsa.com/producto/indicador-de-velocidad-de-viento-mark-ii-wsi/" "Mozilla/5.0 (Linux; Android 7.0;) AppleWebKit/537.36 (HTML, like Gecko) Mobile Safari/537.36 (compatible; PetalBot;+https://webmaster.petalsearch.com/site/petalbot)"
66.249.64.4 - - [01/Sep/2026:09:42:14 -0500] "GET /robots.txt HTTP/1.1" 200 320 "-" "Mozilla/5.0 (compatible; Googlebot/2.1; +http://www.google.com/bot.html)"
66.249.78.39 - - [01/Sep/2026:09:42:15 -0500] "GET /wp-content/uploads/2022/03/APA_APA10-1-300x300.png HTTP/1.1" 200 106816 "-" "Googlebot-Image/1.0"
66.249.64.5 - - [01/Sep/2026:09:43:05 -0500] "GET /producto/transductor-de-presion-oem HTTP/1.1" 301 - "-" "Mozilla/5.0 (Linux; Android 6.0.1; Nexus 5X Build/MMB29P) AppleWebKit/537.36 (KHTML, like Gecko) Chrome/151.0.7922.173 Mobile Safari/537.36 (compatible; Googlebot/2.1; +http://www.google.com/bot.html)"
66.249.78.38 - - [01/Sep/2026:09:43:06 -0500] "GET /producto/transductor-de-presion-oem/ HTTP/1.1" 200 166280 "-" "Mozilla/5.0 (Linux; Android 6.0.1; Nexus 5X Build/MMB29P) AppleWebKit/537.36 (KHTML, like Gecko) Chrome/151.0.7922.173 Mobile Safari/537.36 (compatible; Googlebot/2.1; +http://www.google.com/bot.html)"
66.249.78.38 - - [01/Sep/2026:09:43:11 -0500] "GET /wp-content/plugins/elementor/assets/css/widget-heading.min.css?ver=4.1.4 HTTP/1.1" 200 560 "https://mecacontrolsa.com/producto/transductor-de-presion-oem/" "Mozilla/5.0 (Linux; Android 6.0.1; Nexus 5X Build/MMB29P) AppleWebKit/537.36 (KHTML, like Gecko) Chrome/151.0.7922.173 Mobile Safari/537.36 (compatible; Googlebot/2.1; +http://www.google.com/bot.html)"
114.119.153.105 - - [01/Sep/2026:09:43:19 -0500] "GET /producto/xps810-amaaa-nes-nf-mne-0677/ HTTP/1.1" 404 142178 "https://mecacontrolsa.com/etiqueta-producto/bomba-grande-de-manejo-de-solidos/" "Mozilla/5.0 (Linux; Android 7.0;) AppleWebKit/537.36 (HTML, like Gecko) Mobile Safari/537.36 (compatible; PetalBot;+https://webmaster.petalsearch.com/site/petalbot)"
40.77.167.154 - - [01/Sep/2026:09:43:21 -0500] "GET /producto/ib060se65ub3-sensor-inductivo-con-carcasa-de-metal-2400/ HTTP/1.1" 404 142167 "-" "Mozilla/5.0 AppleWebKit/537.36 (KHTML, like Gecko; compatible; bingbot/2.0; +http://www.bing.com/bingbot.htm) Chrome/116.0.1938.76 Safari/537.36"
158.23.184.117 - - [01/Sep/2026:09:43:33 -0500] "GET / HTTP/1.1" 200 200150 "-" "Mozilla/5.0 (Windows NT 10.0; Win64; x64) AppleWebKit/537.36 (KHTML, like Gecko) Chrome/120.0.0.0 Safari/537.36"
