17.166.236.84 - - [01/Sep/2026:18:31:50 -0500] "GET /wp-content/plugins/elementor/assets/css/conditionals/apple-webkit.min.css?ver=4.1.4 HTTP/1.1" 200 6713 "https://mecacontrolsa.com/telegram/" "Mozilla/5.0 (Macintosh; Intel Mac OS X 10_15_7) AppleWebKit/605.1.15 (KHTML, like Gecko) Version/17.4 Safari/605.1.15 (Applebot/0.1; +http://www.apple.com/go/applebot)"
185.177.72.30 - - [01/Sep/2026:18:31:50 -0500] "GET /proc/self/cmdline HTTP/1.1" 404 142167 "-" "curl/8.7.1"
17.166.21.5 - - [01/Sep/2026:18:31:50 -0500] "GET /wp-content/plugins/elementor-pro/assets/js/elements-handlers.min.js?ver=3.35.0 HTTP/1.1" 200 44258 "https://mecacontrolsa.com/apps/slottobet" "Mozilla/5.0 (Macintosh; Intel Mac OS X 10_15_7) AppleWebKit/605.1.15 (KHTML, like Gecko) Version/17.4 Safari/605.1.15 (Applebot/0.1; +http://www.apple.com/go/applebot)"
190.57.41.67 - - [01/Sep/2026:18:31:50 -0500] "GET /wp-content/uploads/2020/05/mecacontrol-portada2.jpg HTTP/1.1" 200 284167 "https://mecacontrolsa.com/" "Mozilla/5.0 (Linux; Android 10; K) AppleWebKit/537.36 (KHTML, like Gecko) Chrome/151.0.0.0 Mobile Safari/537.36"
185.177.72.30 - - [01/Sep/2026:18:31:50 -0500] "GET /proc/self/environ HTTP/1.1" 404 142167 "-" "curl/8.7.1"
185.177.72.30 - - [01/Sep/2026:18:31:50 -0500] "GET /.git/config HTTP/1.1" 403 199 "-" "curl/8.7.1"
185.177.72.30 - - [01/Sep/2026:18:31:51 -0500] "GET /prisma/schema.prisma HTTP/1.1" 404 142167 "-" "curl/8.7.1"
17.166.24.76 - - [01/Sep/2026:18:31:51 -0500] "GET /wp-content/plugins/creame-whatsapp-me/public/js/joinchat.min.js?ver=6.2.3 HTTP/1.1" 200 11161 "https://mecacontrolsa.com/apps/slottobet" "Mozilla/5.0 (Macintosh; Intel Mac OS X 10_15_7) AppleWebKit/605.1.15 (KHTML, like Gecko) Version/17.4 Safari/605.1.15 (Applebot/0.1; +http://www.apple.com/go/applebot)"
185.177.72.30 - - [01/Sep/2026:18:31:51 -0500] "GET /config/settings/production.py HTTP/1.1" 404 142167 "-" "curl/8.7.1"
17.166.236.84 - - [01/Sep/2026:18:31:51 -0500] "GET /wp-content/plugins/elementor/assets/lib/font-awesome/css/brands.min.css?ver=5.15.3 HTTP/1.1" 200 675 "https://mecacontrolsa.com/telegram/" "Mozilla/5.0 (Macintosh; Intel Mac OS X 10_15_7) AppleWebKit/605.1.15 (KHTML, like Gecko) Version/17.4 Safari/605.1.15 (Applebot/0.1; +http://www.apple.com/go/applebot)"
185.177.72.30 - - [01/Sep/2026:18:31:51 -0500] "GET /magento/app/etc/env.php HTTP/1.1" 404 142167 "-" "curl/8.7.1"
190.57.41.67 - - [01/Sep/2026:18:31:49 -0500] "GET /wp-content/uploads/2020/05/mecacontrol-portada1.jpg HTTP/1.1" 200 196517 "https://mecacontrolsa.com/" "Mozilla/5.0 (Linux; Android 10; K) AppleWebKit/537.36 (KHTML, like Gecko) Chrome/151.0.0.0 Mobile Safari/537.36"
17.166.21.5 - - [01/Sep/2026:18:31:52 -0500] "GET /wp-content/themes/astra/assets/css/minified/compatibility/woocommerce/woocommerce-smallscreen.min.css?ver=4.8.3 HTTP/1.1" 200 6262 "https://mecacontrolsa.com/apps/slottobet" "Mozilla/5.0 (Macintosh; Intel Mac OS X 10_15_7) AppleWebKit/605.1.15 (KHTML, like Gecko) Version/17.4 Safari/605.1.15 (Applebot/0.1; +http://www.apple.com/go/applebot)"
185.177.72.30 - - [01/Sep/2026:18:31:52 -0500] "GET /config/initializers/aws.rb HTTP/1.1" 404 142167 "-" "curl/8.7.1"
185.177.72.30 - - [01/Sep/2026:18:31:52 -0500] "GET /config/initializers/sendgrid.rb HTTP/1.1" 404 142167 "-" "curl/8.7.1"
17.166.236.84 - - [01/Sep/2026:18:31:53 -0500] "GET /wp-content/plugins/elementor/assets/css/widget-heading.min.css?ver=4.1.4 HTTP/1.1" 200 560 "https://mecacontrolsa.com/telegram/" "Mozilla/5.0 (Macintosh; Intel Mac OS X 10_15_7) AppleWebKit/605.1.15 (KHTML, like Gecko) Version/17.4 Safari/605.1.15 (Applebot/0.1; +http://www.apple.com/go/applebot)"
185.177.72.30 - - [01/Sep/2026:18:31:53 -0500] "GET /config/initializers/twilio.rb HTTP/1.1" 404 142167 "-" "curl/8.7.1"
17.166.24.76 - - [01/Sep/2026:18:31:53 -0500] "GET /wp-content/plugins/elementor/assets/js/section-frontend-handlers.d85ab872da118940910d.bundle.min.js HTTP/1.1" 200 449 "https://mecacontrolsa.com/apps/slottobet" "Mozilla/5.0 (Macintosh; Intel Mac OS X 10_15_7) AppleWebKit/605.1.15 (KHTML, like Gecko) Version/17.4 Safari/605.1.15 (Applebot/0.1; +http://www.apple.com/go/applebot)"
185.177.72.30 - - [01/Sep/2026:18:31:53 -0500] "GET /docker-secrets.env HTTP/1.1" 404 142167 "-" "curl/8.7.1"
185.177.72.30 - - [01/Sep/2026:18:31:54 -0500] "GET /s3/credentials.json HTTP/1.1" 404 142167 "-" "curl/8.7.1"
185.177.72.30 - - [01/Sep/2026:18:31:54 -0500] "GET /s3-config.json HTTP/1.1" 404 142167 "-" "curl/8.7.1"
17.166.21.5 - - [01/Sep/2026:18:31:54 -0500] "GET /wp-content/plugins/elementor/assets/js/shared-frontend-handlers.03caa53373b56d3bab67.bundle.min.js HTTP/1.1" 200 8481 "https://mecacontrolsa.com/apps/slottobet" "Mozilla/5.0 (Macintosh; Intel Mac OS X 10_15_7) AppleWebKit/605.1.15 (KHTML, like Gecko) Version/17.4 Safari/605.1.15 (Applebot/0.1; +http://www.apple.com/go/applebot)"
185.177.72.30 - - [01/Sep/2026:18:31:55 -0500] "GET /supabase/.env HTTP/1.1" 403 199 "-" "curl/8.7.1"
185.177.72.30 - - [01/Sep/2026:18:31:55 -0500] "GET /.env HTTP/1.1" 403 199 "-" "curl/8.7.1"
17.166.236.84 - - [01/Sep/2026:18:31:55 -0500] "GET /wp-content/plugins/elementor/assets/lib/eicons/css/elementor-icons.min.css?ver=5.50.0 HTTP/1.1" 200 21976 "https://mecacontrolsa.com/telegram/" "Mozilla/5.0 (Macintosh; Intel Mac OS X 10_15_7) AppleWebKit/605.1.15 (KHTML, like Gecko) Version/17.4 Safari/605.1.15 (Applebot/0.1; +http://www.apple.com/go/applebot)"
185.177.72.30 - - [01/Sep/2026:18:31:55 -0500] "GET /api/.env HTTP/1.1" 403 199 "-" "curl/8.7.1"
185.177.72.30 - - [01/Sep/2026:18:31:55 -0500] "GET /app/.env HTTP/1.1" 403 199 "-" "curl/8.7.1"
185.177.72.30 - - [01/Sep/2026:18:31:55 -0500] "GET /system/.env HTTP/1.1" 403 199 "-" "curl/8.7.1"
190.57.41.67 - - [01/Sep/2026:18:31:47 -0500] "GET /wp-content/uploads/2022/01/Diseno-sin-titulo-50.png HTTP/1.1" 200 13537 "https://mecacontrolsa.com/" "Mozilla/5.0 (Linux; Android 10; K) AppleWebKit/537.36 (KHTML, like Gecko) Chrome/151.0.0.0 Mobile Safari/537.36"
190.57.41.67 - - [01/Sep/2026:18:31:55 -0500] "GET /wp-content/uploads/2022/01/Diseno-sin-titulo-48.png HTTP/1.1" 200 8462 "https://mecacontrolsa.com/" "Mozilla/5.0 (Linux; Android 10; K) AppleWebKit/537.36 (KHTML, like Gecko) Chrome/151.0.0.0 Mobile Safari/537.36"
185.177.72.30 - - [01/Sep/2026:18:31:55 -0500] "GET /laravel/.env HTTP/1.1" 403 199 "-" "curl/8.7.1"
185.177.72.30 - - [01/Sep/2026:18:31:55 -0500] "GET /core/.env HTTP/1.1" 403 199 "-" "curl/8.7.1"
185.177.72.30 - - [01/Sep/2026:18:31:55 -0500] "GET /vendor/.env HTTP/1.1" 403 199 "-" "curl/8.7.1"
185.177.72.30 - - [01/Sep/2026:18:31:55 -0500] "GET /storage/.env HTTP/1.1" 403 199 "-" "curl/8.7.1"
185.177.72.30 - - [01/Sep/2026:18:31:55 -0500] "GET /public/.env HTTP/1.1" 403 199 "-" "curl/8.7.1"
185.177.72.30 - - [01/Sep/2026:18:31:55 -0500] "GET /dev/.env HTTP/1.1" 403 199 "-" "curl/8.7.1"
185.177.72.30 - - [01/Sep/2026:18:31:55 -0500] "GET /api/v1/.env HTTP/1.1" 403 199 "-" "curl/8.7.1"
185.177.72.30 - - [01/Sep/2026:18:31:55 -0500] "GET /api/v2/.env HTTP/1.1" 403 199 "-" "curl/8.7.1"
185.177.72.30 - - [01/Sep/2026:18:31:55 -0500] "GET /admin/.env HTTP/1.1" 403 199 "-" "curl/8.7.1"
185.177.72.30 - - [01/Sep/2026:18:31:55 -0500] "GET /.environment HTTP/1.1" 403 199 "-" "curl/8.7.1"
185.177.72.30 - - [01/Sep/2026:18:31:55 -0500] "GET /api/.environment HTTP/1.1" 403 199 "-" "curl/8.7.1"
185.177.72.30 - - [01/Sep/2026:18:31:56 -0500] "GET /app/.environment HTTP/1.1" 403 199 "-" "curl/8.7.1"
185.177.72.30 - - [01/Sep/2026:18:31:56 -0500] "GET /.env.dist HTTP/1.1" 403 199 "-" "curl/8.7.1"
17.166.24.76 - - [01/Sep/2026:18:31:56 -0500] "GET /wp-content/plugins/elementor-pro/assets/js/search-form.b7065999d77832a1b764.bundle.min.js HTTP/1.1" 200 2124 "https://mecacontrolsa.com/apps/slottobet" "Mozilla/5.0 (Macintosh; Intel Mac OS X 10_15_7) AppleWebKit/605.1.15 (KHTML, like Gecko) Version/17.4 Safari/605.1.15 (Applebot/0.1; +http://www.apple.com/go/applebot)"
185.177.72.30 - - [01/Sep/2026:18:31:56 -0500] "GET /.env.local.php HTTP/1.1" 403 199 "-" "curl/8.7.1"
185.177.72.30 - - [01/Sep/2026:18:31:56 -0500] "GET /config/.env HTTP/1.1" 403 199 "-" "curl/8.7.1"
185.177.72.30 - - [01/Sep/2026:18:31:56 -0500] "GET /config/env HTTP/1.1" 404 142167 "-" "curl/8.7.1"
17.166.236.84 - - [01/Sep/2026:18:31:56 -0500] "GET /wp-content/uploads/elementor/css/post-11.css?ver=1787820687 HTTP/1.1" 200 1500 "https://mecacontrolsa.com/telegram/" "Mozilla/5.0 (Macintosh; Intel Mac OS X 10_15_7) AppleWebKit/605.1.15 (KHTML, like Gecko) Version/17.4 Safari/605.1.15 (Applebot/0.1; +http://www.apple.com/go/applebot)"
185.177.72.30 - - [01/Sep/2026:18:31:56 -0500] "GET /config/environment HTTP/1.1" 404 142167 "-" "curl/8.7.1"
185.177.72.30 - - [01/Sep/2026:18:31:57 -0500] "GET /app/config/.env HTTP/1.1" 403 199 "-" "curl/8.7.1"
185.177.72.30 - - [01/Sep/2026:18:31:57 -0500] "GET /apps/.env HTTP/1.1" 403 199 "-" "curl/8.7.1"
185.177.72.30 - - [01/Sep/2026:18:31:57 -0500] "GET /apps/config/.env HTTP/1.1" 403 199 "-" "curl/8.7.1"
190.57.41.67 - - [01/Sep/2026:18:31:57 -0500] "GET /wp-content/uploads/2020/02/cropped-mecacontrol-icono-192x192.png HTTP/1.1" 200 5310 "https://mecacontrolsa.com/" "Mozilla/5.0 (Linux; Android 10; K) AppleWebKit/537.36 (KHTML, like Gecko) Chrome/151.0.0.0 Mobile Safari/537.36"
17.166.21.5 - - [01/Sep/2026:18:31:57 -0500] "GET /wp-content/plugins/elementor-pro/assets/js/nav-menu.8521a0597c50611efdc6.bundle.min.js HTTP/1.1" 200 5240 "https://mecacontrolsa.com/apps/slottobet" "Mozilla/5.0 (Macintosh; Intel Mac OS X 10_15_7) AppleWebKit/605.1.15 (KHTML, like Gecko) Version/17.4 Safari/605.1.15 (Applebot/0.1; +http://www.apple.com/go/applebot)"
190.57.41.67 - - [01/Sep/2026:18:31:57 -0500] "GET /wp-content/uploads/2020/02/cropped-mecacontrol-icono-180x180.png HTTP/1.1" 200 7612 "https://mecacontrolsa.com/" "Mozilla/5.0 (Linux; Android 10; K) AppleWebKit/537.36 (KHTML, like Gecko) Chrome/151.0.0.0 Mobile Safari/537.36"
185.177.72.30 - - [01/Sep/2026:18:31:57 -0500] "GET /backend/.env HTTP/1.1" 403 199 "-" "curl/8.7.1"
185.177.72.30 - - [01/Sep/2026:18:31:57 -0500] "GET /client/.env HTTP/1.1" 403 199 "-" "curl/8.7.1"
185.177.72.30 - - [01/Sep/2026:18:31:57 -0500] "GET /clients/.env HTTP/1.1" 403 199 "-" "curl/8.7.1"
185.177.72.30 - - [01/Sep/2026:18:31:57 -0500] "GET /customer/.env HTTP/1.1" 403 199 "-" "curl/8.7.1"
185.177.72.30 - - [01/Sep/2026:18:31:57 -0500] "GET /customers/.env HTTP/1.1" 403 199 "-" "curl/8.7.1"
185.177.72.30 - - [01/Sep/2026:18:31:57 -0500] "GET /admin/config/.env HTTP/1.1" 403 199 "-" "curl/8.7.1"
185.177.72.30 - - [01/Sep/2026:18:31:57 -0500] "GET /administrator/.env HTTP/1.1" 403 199 "-" "curl/8.7.1"
185.177.72.30 - - [01/Sep/2026:18:31:57 -0500] "GET /wp/.env HTTP/1.1" 403 199 "-" "curl/8.7.1"
185.177.72.30 - - [01/Sep/2026:18:31:57 -0500] "GET /wordpress/.env HTTP/1.1" 403 199 "-" "curl/8.7.1"
185.177.72.30 - - [01/Sep/2026:18:31:57 -0500] "GET /cms/.env HTTP/1.1" 403 199 "-" "curl/8.7.1"
185.177.72.30 - - [01/Sep/2026:18:31:57 -0500] "GET /database/.env HTTP/1.1" 403 199 "-" "curl/8.7.1"
185.177.72.30 - - [01/Sep/2026:18:31:57 -0500] "GET /db/.env HTTP/1.1" 403 199 "-" "curl/8.7.1"
185.177.72.30 - - [01/Sep/2026:18:31:57 -0500] "GET /upload/.env HTTP/1.1" 403 199 "-" "curl/8.7.1"
185.177.72.30 - - [01/Sep/2026:18:31:58 -0500] "GET /uploads/.env HTTP/1.1" 403 199 "-" "curl/8.7.1"
185.177.72.30 - - [01/Sep/2026:18:31:58 -0500] "GET /backup/.env HTTP/1.1" 403 199 "-" "curl/8.7.1"
185.177.72.30 - - [01/Sep/2026:18:31:58 -0500] "GET /backups/.env HTTP/1.1" 403 199 "-" "curl/8.7.1"
185.177.72.30 - - [01/Sep/2026:18:31:58 -0500] "GET /.backup/.env HTTP/1.1" 403 199 "-" "curl/8.7.1"
17.166.24.76 - - [01/Sep/2026:18:31:58 -0500] "GET /wp-content/plugins/elementor/assets/js/text-editor.45609661e409413f1cef.bundle.min.js HTTP/1.1" 200 1348 "https://mecacontrolsa.com/apps/slottobet" "Mozilla/5.0 (Macintosh; Intel Mac OS X 10_15_7) AppleWebKit/605.1.15 (KHTML, like Gecko) Version/17.4 Safari/605.1.15 (Applebot/0.1; +http://www.apple.com/go/applebot)"
17.166.236.84 - - [01/Sep/2026:18:31:58 -0500] "GET /wp-content/plugins/ultimate-elementor/assets/min-css/uael-frontend.min.css?ver=1.45.0 HTTP/1.1" 200 751778 "https://mecacontrolsa.com/telegram/" "Mozilla/5.0 (Macintosh; Intel Mac OS X 10_15_7) AppleWebKit/605.1.15 (KHTML, like Gecko) Version/17.4 Safari/605.1.15 (Applebot/0.1; +http://www.apple.com/go/applebot)"
185.177.72.30 - - [01/Sep/2026:18:31:58 -0500] "GET /backup/env HTTP/1.1" 404 142167 "-" "curl/8.7.1"
185.177.72.30 - - [01/Sep/2026:18:31:58 -0500] "GET /old/.env HTTP/1.1" 403 199 "-" "curl/8.7.1"
185.177.72.30 - - [01/Sep/2026:18:31:58 -0500] "GET /new/.env HTTP/1.1" 403 199 "-" "curl/8.7.1"
185.177.72.30 - - [01/Sep/2026:18:31:58 -0500] "GET /2020/.env HTTP/1.1" 403 199 "-" "curl/8.7.1"
185.177.72.30 - - [01/Sep/2026:18:31:58 -0500] "GET /2021/.env HTTP/1.1" 403 199 "-" "curl/8.7.1"
185.177.72.30 - - [01/Sep/2026:18:31:58 -0500] "GET /2022/.env HTTP/1.1" 403 199 "-" "curl/8.7.1"
185.177.72.30 - - [01/Sep/2026:18:31:59 -0500] "GET /2023/.env HTTP/1.1" 403 199 "-" "curl/8.7.1"
185.177.72.30 - - [01/Sep/2026:18:31:59 -0500] "GET /2024/.env HTTP/1.1" 403 199 "-" "curl/8.7.1"
185.177.72.30 - - [01/Sep/2026:18:31:59 -0500] "GET /v1/.env HTTP/1.1" 403 199 "-" "curl/8.7.1"
185.177.72.30 - - [01/Sep/2026:18:31:59 -0500] "GET /v2/.env HTTP/1.1" 403 199 "-" "curl/8.7.1"
185.177.72.30 - - [01/Sep/2026:18:31:59 -0500] "GET /v3/.env HTTP/1.1" 403 199 "-" "curl/8.7.1"
185.177.72.30 - - [01/Sep/2026:18:31:59 -0500] "GET /api/config/.env HTTP/1.1" 403 199 "-" "curl/8.7.1"
185.177.72.30 - - [01/Sep/2026:18:31:59 -0500] "GET /api/core/.env HTTP/1.1" 403 199 "-" "curl/8.7.1"
185.177.72.30 - - [01/Sep/2026:18:31:59 -0500] "GET /api/app/.env HTTP/1.1" 403 199 "-" "curl/8.7.1"
17.166.21.5 - - [01/Sep/2026:18:31:59 -0500] "GET /wp-content/plugins/elementor-pro/assets/js/share-buttons.63d984f8c96d1e053bc0.bundle.min.js HTTP/1.1" 200 1577 "https://mecacontrolsa.com/apps/slottobet" "Mozilla/5.0 (Macintosh; Intel Mac OS X 10_15_7) AppleWebKit/605.1.15 (KHTML, like Gecko) Version/17.4 Safari/605.1.15 (Applebot/0.1; +http://www.apple.com/go/applebot)"
185.177.72.30 - - [01/Sep/2026:18:31:59 -0500] "GET /api/test/.env HTTP/1.1" 403 199 "-" "curl/8.7.1"
17.166.236.84 - - [01/Sep/2026:18:31:59 -0500] "GET /wp-content/plugins/elementor/assets/css/widget-social-icons.min.css?ver=3.24.0 HTTP/1.1" 200 5110 "https://mecacontrolsa.com/telegram/" "Mozilla/5.0 (Macintosh; Intel Mac OS X 10_15_7) AppleWebKit/605.1.15 (KHTML, like Gecko) Version/17.4 Safari/605.1.15 (Applebot/0.1; +http://www.apple.com/go/applebot)"
17.166.24.76 - - [01/Sep/2026:18:32:00 -0500] "GET /wp-includes/js/wp-emoji-release.min.js?ver=7.1 HTTP/1.1" 200 22752 "https://mecacontrolsa.com/apps/slottobet" "Mozilla/5.0 (Macintosh; Intel Mac OS X 10_15_7) AppleWebKit/605.1.15 (KHTML, like Gecko) Version/17.4 Safari/605.1.15 (Applebot/0.1; +http://www.apple.com/go/applebot)"
17.166.236.84 - - [01/Sep/2026:18:32:01 -0500] "GET /wp-content/plugins/elementor/assets/lib/font-awesome/css/brands.css?ver=5.15.3 HTTP/1.1" 200 732 "https://mecacontrolsa.com/telegram/" "Mozilla/5.0 (Macintosh; Intel Mac OS X 10_15_7) AppleWebKit/605.1.15 (KHTML, like Gecko) Version/17.4 Safari/605.1.15 (Applebot/0.1; +http://www.apple.com/go/applebot)"
17.166.21.5 - - [01/Sep/2026:18:32:01 -0500] "GET /wp-content/plugins/elementor/assets/lib/share-link/share-link.min.js?ver=4.1.4 HTTP/1.1" 200 2752 "https://mecacontrolsa.com/apps/slottobet" "Mozilla/5.0 (Macintosh; Intel Mac OS X 10_15_7) AppleWebKit/605.1.15 (KHTML, like Gecko) Version/17.4 Safari/605.1.15 (Applebot/0.1; +http://www.apple.com/go/applebot)"
17.166.236.84 - - [01/Sep/2026:18:32:03 -0500] "GET /wp-content/plugins/elementor/assets/lib/font-awesome/css/fontawesome.css?ver=5.15.3 HTTP/1.1" 200 72184 "https://mecacontrolsa.com/telegram/" "Mozilla/5.0 (Macintosh; Intel Mac OS X 10_15_7) AppleWebKit/605.1.15 (KHTML, like Gecko) Version/17.4 Safari/605.1.15 (Applebot/0.1; +http://www.apple.com/go/applebot)"
17.166.236.84 - - [01/Sep/2026:18:32:04 -0500] "GET /wp-content/plugins/elementor/assets/lib/font-awesome/css/solid.css?ver=5.15.3 HTTP/1.1" 200 727 "https://mecacontrolsa.com/telegram/" "Mozilla/5.0 (Macintosh; Intel Mac OS X 10_15_7) AppleWebKit/605.1.15 (KHTML, like Gecko) Version/17.4 Safari/605.1.15 (Applebot/0.1; +http://www.apple.com/go/applebot)"
17.166.236.84 - - [01/Sep/2026:18:32:06 -0500] "GET /wp-content/uploads/elementor/css/post-10.css?ver=1787820687 HTTP/1.1" 200 24235 "https://mecacontrolsa.com/telegram/" "Mozilla/5.0 (Macintosh; Intel Mac OS X 10_15_7) AppleWebKit/605.1.15 (KHTML, like Gecko) Version/17.4 Safari/605.1.15 (Applebot/0.1; +http://www.apple.com/go/applebot)"
185.177.72.30 - - [01/Sep/2026:18:31:59 -0500] "GET /api/dev/.env HTTP/1.1" 403 199 "-" "curl/8.7.1"
185.177.72.30 - - [01/Sep/2026:18:32:07 -0500] "GET /api/beta/.env HTTP/1.1" 403 199 "-" "curl/8.7.1"
185.177.72.30 - - [01/Sep/2026:18:32:07 -0500] "GET /beta/.env HTTP/1.1" 403 199 "-" "curl/8.7.1"
185.177.72.30 - - [01/Sep/2026:18:32:07 -0500] "GET /prod/.env HTTP/1.1" 403 199 "-" "curl/8.7.1"
17.166.236.84 - - [01/Sep/2026:18:32:07 -0500] "GET /wp-content/uploads/elementor/css/post-17.css?ver=1787820687 HTTP/1.1" 200 17406 "https://mecacontrolsa.com/telegram/" "Mozilla/5.0 (Macintosh; Intel Mac OS X 10_15_7) AppleWebKit/605.1.15 (KHTML, like Gecko) Version/17.4 Safari/605.1.15 (Applebot/0.1; +http://www.apple.com/go/applebot)"
185.177.72.30 - - [01/Sep/2026:18:32:07 -0500] "GET /production/.env HTTP/1.1" 403 199 "-" "curl/8.7.1"
185.177.72.30 - - [01/Sep/2026:18:32:07 -0500] "GET /stage/.env HTTP/1.1" 403 199 "-" "curl/8.7.1"
185.177.72.30 - - [01/Sep/2026:18:32:07 -0500] "GET /staging/.env HTTP/1.1" 403 199 "-" "curl/8.7.1"
185.177.72.30 - - [01/Sep/2026:18:32:08 -0500] "GET /test/.env HTTP/1.1" 403 199 "-" "curl/8.7.1"
185.177.72.30 - - [01/Sep/2026:18:32:08 -0500] "GET /testing/.env HTTP/1.1" 403 199 "-" "curl/8.7.1"
185.177.72.30 - - [01/Sep/2026:18:32:08 -0500] "GET /development/.env HTTP/1.1" 403 199 "-" "curl/8.7.1"
185.177.72.30 - - [01/Sep/2026:18:32:08 -0500] "GET /develop/.env HTTP/1.1" 403 199 "-" "curl/8.7.1"
185.177.72.30 - - [01/Sep/2026:18:32:08 -0500] "GET /docker/.env HTTP/1.1" 403 199 "-" "curl/8.7.1"
185.177.72.30 - - [01/Sep/2026:18:32:08 -0500] "GET /docker-compose/.env HTTP/1.1" 403 199 "-" "curl/8.7.1"
185.177.72.30 - - [01/Sep/2026:18:32:08 -0500] "GET /.docker/.env HTTP/1.1" 403 199 "-" "curl/8.7.1"
185.177.72.30 - - [01/Sep/2026:18:32:08 -0500] "GET /src/.env HTTP/1.1" 403 199 "-" "curl/8.7.1"
185.177.72.30 - - [01/Sep/2026:18:32:08 -0500] "GET /source/.env HTTP/1.1" 403 199 "-" "curl/8.7.1"
185.177.72.30 - - [01/Sep/2026:18:32:08 -0500] "GET /sources/.env HTTP/1.1" 403 199 "-" "curl/8.7.1"
185.177.72.30 - - [01/Sep/2026:18:32:08 -0500] "GET /root/.env HTTP/1.1" 403 199 "-" "curl/8.7.1"
185.177.72.30 - - [01/Sep/2026:18:32:08 -0500] "GET /home/.env HTTP/1.1" 403 199 "-" "curl/8.7.1"
185.177.72.30 - - [01/Sep/2026:18:32:08 -0500] "GET /site/.env HTTP/1.1" 403 199 "-" "curl/8.7.1"
185.177.72.30 - - [01/Sep/2026:18:32:08 -0500] "GET /panel/.env HTTP/1.1" 403 199 "-" "curl/8.7.1"
185.177.72.30 - - [01/Sep/2026:18:32:08 -0500] "GET /control/.env HTTP/1.1" 403 199 "-" "curl/8.7.1"
185.177.72.30 - - [01/Sep/2026:18:32:08 -0500] "GET /console/.env HTTP/1.1" 403 199 "-" "curl/8.7.1"
185.177.72.30 - - [01/Sep/2026:18:32:09 -0500] "GET /admin/console/.env HTTP/1.1" 403 199 "-" "curl/8.7.1"
185.177.72.30 - - [01/Sep/2026:18:32:09 -0500] "GET /administrator/config/.env HTTP/1.1" 403 199 "-" "curl/8.7.1"
185.177.72.30 - - [01/Sep/2026:18:32:09 -0500] "GET /webadmin/.env HTTP/1.1" 403 199 "-" "curl/8.7.1"
185.177.72.30 - - [01/Sep/2026:18:32:09 -0500] "GET /sysadmin/.env HTTP/1.1" 403 199 "-" "curl/8.7.1"
185.177.72.30 - - [01/Sep/2026:18:32:09 -0500] "GET /mysql/.env HTTP/1.1" 403 199 "-" "curl/8.7.1"
185.177.72.30 - - [01/Sep/2026:18:32:09 -0500] "GET /dbadmin/.env HTTP/1.1" 403 199 "-" "curl/8.7.1"
17.166.236.84 - - [01/Sep/2026:18:32:09 -0500] "GET /wp-content/plugins/creame-whatsapp-me/public/css/joinchat.min.css?ver=6.2.3 HTTP/1.1" 200 20868 "https://mecacontrolsa.com/telegram/" "Mozilla/5.0 (Macintosh; Intel Mac OS X 10_15_7) AppleWebKit/605.1.15 (KHTML, like Gecko) Version/17.4 Safari/605.1.15 (Applebot/0.1; +http://www.apple.com/go/applebot)"
185.177.72.30 - - [01/Sep/2026:18:32:09 -0500] "GET /sql/.env HTTP/1.1" 403 199 "-" "curl/8.7.1"
185.177.72.30 - - [01/Sep/2026:18:32:09 -0500] "GET /master/.env HTTP/1.1" 403 199 "-" "curl/8.7.1"
185.177.72.30 - - [01/Sep/2026:18:32:09 -0500] "GET /temp/.env HTTP/1.1" 403 199 "-" "curl/8.7.1"
185.177.72.30 - - [01/Sep/2026:18:32:09 -0500] "GET /tmp/.env HTTP/1.1" 403 199 "-" "curl/8.7.1"
185.177.72.30 - - [01/Sep/2026:18:32:09 -0500] "GET /cloud/.env HTTP/1.1" 403 199 "-" "curl/8.7.1"
185.177.72.30 - - [01/Sep/2026:18:32:09 -0500] "GET /cgi-bin/.env HTTP/1.1" 403 199 "-" "curl/8.7.1"
185.177.72.30 - - [01/Sep/2026:18:32:09 -0500] "GET /blog/.env HTTP/1.1" 403 199 "-" "curl/8.7.1"
185.177.72.30 - - [01/Sep/2026:18:32:09 -0500] "GET /blogs/.env HTTP/1.1" 403 199 "-" "curl/8.7.1"
185.177.72.30 - - [01/Sep/2026:18:32:09 -0500] "GET /engine/.env HTTP/1.1" 403 199 "-" "curl/8.7.1"
185.177.72.30 - - [01/Sep/2026:18:32:09 -0500] "GET /forum/.env HTTP/1.1" 403 199 "-" "curl/8.7.1"
185.177.72.30 - - [01/Sep/2026:18:32:10 -0500] "GET /forums/.env HTTP/1.1" 403 199 "-" "curl/8.7.1"
190.57.41.67 - - [01/Sep/2026:18:32:08 -0500] "GET /?s=Electrobalvulas HTTP/1.1" 200 114680 "https://mecacontrolsa.com/" "Mozilla/5.0 (Linux; Android 10; K) AppleWebKit/537.36 (KHTML, like Gecko) Chrome/151.0.0.0 Mobile Safari/537.36"
185.177.72.30 - - [01/Sep/2026:18:32:10 -0500] "GET /store/.env HTTP/1.1" 403 199 "-" "curl/8.7.1"
185.177.72.30 - - [01/Sep/2026:18:32:10 -0500] "GET /shop/.env HTTP/1.1" 403 199 "-" "curl/8.7.1"
185.177.72.30 - - [01/Sep/2026:18:32:10 -0500] "GET /cart/.env HTTP/1.1" 403 199 "-" "curl/8.7.1"
190.57.41.67 - - [01/Sep/2026:18:32:08 -0500] "GET /?s=Electrobalvulas HTTP/1.1" 200 147725 "https://mecacontrolsa.com/" "Mozilla/5.0 (Linux; Android 10; K) AppleWebKit/537.36 (KHTML, like Gecko) Chrome/151.0.0.0 Mobile Safari/537.36"
185.177.72.30 - - [01/Sep/2026:18:32:10 -0500] "GET /info HTTP/1.1" 404 142167 "-" "curl/8.7.1"
190.57.41.67 - - [01/Sep/2026:18:32:10 -0500] "GET /wp-includes/css/dist/block-library/style.min.css?ver=7.1 HTTP/1.1" 200 140761 "https://mecacontrolsa.com/?s=Electrobalvulas" "Mozilla/5.0 (Linux; Android 10; K) AppleWebKit/537.36 (KHTML, like Gecko) Chrome/151.0.0.0 Mobile Safari/537.36"
17.166.236.84 - - [01/Sep/2026:18:32:10 -0500] "GET /wp-content/themes/mecacontrol/style.css?ver=1.0.0 HTTP/1.1" 200 306 "https://mecacontrolsa.com/telegram/" "Mozilla/5.0 (Macintosh; Intel Mac OS X 10_15_7) AppleWebKit/605.1.15 (KHTML, like Gecko) Version/17.4 Safari/605.1.15 (Applebot/0.1; +http://www.apple.com/go/applebot)"
185.177.72.30 - - [01/Sep/2026:18:32:10 -0500] "GET /phpinfo HTTP/1.1" 404 142167 "-" "curl/8.7.1"
190.57.41.67 - - [01/Sep/2026:18:32:11 -0500] "GET /wp-content/plugins/elementor-pro/assets/css/widget-woocommerce-products.min.css?ver=3.35.0 HTTP/1.1" 200 2365 "https://mecacontrolsa.com/?s=Electrobalvulas" "Mozilla/5.0 (Linux; Android 10; K) AppleWebKit/537.36 (KHTML, like Gecko) Chrome/151.0.0.0 Mobile Safari/537.36"
190.57.41.67 - - [01/Sep/2026:18:32:11 -0500] "GET /wp-content/plugins/elementor-pro/assets/css/widget-woocommerce-products-archive.min.css?ver=3.35.0 HTTP/1.1" 200 1497 "https://mecacontrolsa.com/?s=Electrobalvulas" "Mozilla/5.0 (Linux; Android 10; K) AppleWebKit/537.36 (KHTML, like Gecko) Chrome/151.0.0.0 Mobile Safari/537.36"
190.57.41.67 - - [01/Sep/2026:18:32:11 -0500] "GET /wp-content/uploads/elementor/css/post-1519.css?ver=1787846842 HTTP/1.1" 200 12468 "https://mecacontrolsa.com/?s=Electrobalvulas" "Mozilla/5.0 (Linux; Android 10; K) AppleWebKit/537.36 (KHTML, like Gecko) Chrome/151.0.0.0 Mobile Safari/537.36"
185.177.72.30 - - [01/Sep/2026:18:32:11 -0500] "GET /phpinfo.php HTTP/1.1" 404 142167 "-" "curl/8.7.1"
185.177.72.30 - - [01/Sep/2026:18:32:11 -0500] "GET /info.php HTTP/1.1" 404 142167 "-" "curl/8.7.1"
185.177.72.30 - - [01/Sep/2026:18:32:12 -0500] "GET /php.php HTTP/1.1" 404 142167 "-" "curl/8.7.1"
17.166.236.84 - - [01/Sep/2026:18:32:12 -0500] "GET /wp-content/plugins/elementor/assets/lib/font-awesome/css/regular.min.css?ver=5.15.3 HTTP/1.1" 200 677 "https://mecacontrolsa.com/telegram/" "Mozilla/5.0 (Macintosh; Intel Mac OS X 10_15_7) AppleWebKit/605.1.15 (KHTML, like Gecko) Version/17.4 Safari/605.1.15 (Applebot/0.1; +http://www.apple.com/go/applebot)"
185.177.72.30 - - [01/Sep/2026:18:32:12 -0500] "GET /test.php HTTP/1.1" 404 142167 "-" "curl/8.7.1"
185.177.72.30 - - [01/Sep/2026:18:32:12 -0500] "GET /i.php HTTP/1.1" 404 142167 "-" "curl/8.7.1"
185.177.72.30 - - [01/Sep/2026:18:32:13 -0500] "GET /asdf.php HTTP/1.1" 404 142167 "-" "curl/8.7.1"
17.166.236.84 - - [01/Sep/2026:18:32:14 -0500] "GET /wp-includes/js/jquery/jquery.min.js?ver=3.7.1 HTTP/1.1" 200 87553 "https://mecacontrolsa.com/telegram/" "Mozilla/5.0 (Macintosh; Intel Mac OS X 10_15_7) AppleWebKit/605.1.15 (KHTML, like Gecko) Version/17.4 Safari/605.1.15 (Applebot/0.1; +http://www.apple.com/go/applebot)"
185.177.72.30 - - [01/Sep/2026:18:32:13 -0500] "GET /phpversion.php HTTP/1.1" 404 142167 "-" "curl/8.7.1"
185.177.72.30 - - [01/Sep/2026:18:32:14 -0500] "GET /temp.php HTTP/1.1" 404 142167 "-" "curl/8.7.1"
185.177.72.30 - - [01/Sep/2026:18:32:14 -0500] "GET /old/phpinfo.php HTTP/1.1" 404 142167 "-" "curl/8.7.1"
185.177.72.30 - - [01/Sep/2026:18:32:15 -0500] "GET /infophp.php HTTP/1.1" 404 142167 "-" "curl/8.7.1"
17.166.236.84 - - [01/Sep/2026:18:32:15 -0500] "GET /wp-includes/js/jquery/jquery-migrate.min.js?ver=3.4.1 HTTP/1.1" 200 13577 "https://mecacontrolsa.com/telegram/" "Mozilla/5.0 (Macintosh; Intel Mac OS X 10_15_7) AppleWebKit/605.1.15 (KHTML, like Gecko) Version/17.4 Safari/605.1.15 (Applebot/0.1; +http://www.apple.com/go/applebot)"
185.177.72.30 - - [01/Sep/2026:18:32:15 -0500] "GET /server/php HTTP/1.1" 404 142167 "-" "curl/8.7.1"
185.177.72.30 - - [01/Sep/2026:18:32:16 -0500] "GET /php/info.php HTTP/1.1" 404 142167 "-" "curl/8.7.1"
185.177.72.30 - - [01/Sep/2026:18:32:16 -0500] "GET /php/phpinfo.php HTTP/1.1" 404 142167 "-" "curl/8.7.1"
17.166.236.84 - - [01/Sep/2026:18:32:17 -0500] "GET /wp-content/plugins/woocommerce/assets/js/jquery-blockui/jquery.blockUI.min.js?ver=2.7.0-wc.10.9.3 HTTP/1.1" 200 9636 "https://mecacontrolsa.com/telegram/" "Mozilla/5.0 (Macintosh; Intel Mac OS X 10_15_7) AppleWebKit/605.1.15 (KHTML, like Gecko) Version/17.4 Safari/605.1.15 (Applebot/0.1; +http://www.apple.com/go/applebot)"
185.177.72.30 - - [01/Sep/2026:18:32:16 -0500] "GET /test/phpinfo.php HTTP/1.1" 404 142167 "-" "curl/8.7.1"
185.177.72.30 - - [01/Sep/2026:18:32:17 -0500] "GET /demo/phpinfo.php HTTP/1.1" 404 142167 "-" "curl/8.7.1"
185.177.72.30 - - [01/Sep/2026:18:32:17 -0500] "GET /site/phpinfo.php HTTP/1.1" 404 142167 "-" "curl/8.7.1"
185.177.72.30 - - [01/Sep/2026:18:32:18 -0500] "GET /tmp/phpinfo.php HTTP/1.1" 404 142167 "-" "curl/8.7.1"
185.177.72.30 - - [01/Sep/2026:18:32:18 -0500] "GET /dev/phpinfo.php HTTP/1.1" 404 142167 "-" "curl/8.7.1"
185.177.72.30 - - [01/Sep/2026:18:32:19 -0500] "GET /local/phpinfo.php HTTP/1.1" 404 142167 "-" "curl/8.7.1"
185.177.72.30 - - [01/Sep/2026:18:32:19 -0500] "GET /backend/phpinfo.php HTTP/1.1" 404 142167 "-" "curl/8.7.1"
185.177.72.30 - - [01/Sep/2026:18:32:19 -0500] "GET /blog/phpinfo.php HTTP/1.1" 404 142167 "-" "curl/8.7.1"
185.177.72.30 - - [01/Sep/2026:18:32:20 -0500] "GET /_profiler/info HTTP/1.1" 404 142167 "-" "curl/8.7.1"
185.177.72.30 - - [01/Sep/2026:18:32:20 -0500] "GET /index.php?page=phpinfo HTTP/1.1" 301 - "-" "curl/8.7.1"
185.177.72.30 - - [01/Sep/2026:18:32:21 -0500] "GET /?page=phpinfo HTTP/1.1" 404 142747 "-" "curl/8.7.1"
185.177.72.30 - - [01/Sep/2026:18:32:21 -0500] "GET /index.php?view=phpinfo HTTP/1.1" 301 - "-" "curl/8.7.1"
17.166.235.250 - - [01/Sep/2026:18:32:22 -0500] "GET /wp-content/plugins/woocommerce/assets/js/frontend/woocommerce.min.js?ver=10.9.3 HTTP/1.1" 200 4270 "https://mecacontrolsa.com/telegram/" "Mozilla/5.0 (Macintosh; Intel Mac OS X 10_15_7) AppleWebKit/605.1.15 (KHTML, like Gecko) Version/17.4 Safari/605.1.15 (Applebot/0.1; +http://www.apple.com/go/applebot)"
185.177.72.30 - - [01/Sep/2026:18:32:22 -0500] "GET /index.php?action=phpinfo HTTP/1.1" 301 - "-" "curl/8.7.1"
185.177.72.30 - - [01/Sep/2026:18:32:22 -0500] "GET /?action=phpinfo HTTP/1.1" 200 185830 "-" "curl/8.7.1"
185.177.72.30 - - [01/Sep/2026:18:32:22 -0500] "GET /index.php?do=phpinfo HTTP/1.1" 301 - "-" "curl/8.7.1"
185.177.72.30 - - [01/Sep/2026:18:32:23 -0500] "GET /?do=phpinfo HTTP/1.1" 200 185830 "-" "curl/8.7.1"
17.166.235.250 - - [01/Sep/2026:18:32:23 -0500] "GET /wp-content/plugins/woocommerce/assets/client/blocks/wc-blocks.css?ver=wc-10.9.3 HTTP/1.1" 200 14006 "https://mecacontrolsa.com/telegram/" "Mozilla/5.0 (Macintosh; Intel Mac OS X 10_15_7) AppleWebKit/605.1.15 (KHTML, like Gecko) Version/17.4 Safari/605.1.15 (Applebot/0.1; +http://www.apple.com/go/applebot)"
185.177.72.30 - - [01/Sep/2026:18:32:23 -0500] "GET /index.php?mode=phpinfo HTTP/1.1" 301 - "-" "curl/8.7.1"
185.177.72.30 - - [01/Sep/2026:18:32:23 -0500] "GET /?mode=phpinfo HTTP/1.1" 200 185830 "-" "curl/8.7.1"
185.177.72.30 - - [01/Sep/2026:18:32:24 -0500] "GET /index.php?phpinfo=1 HTTP/1.1" 301 - "-" "curl/8.7.1"
185.177.72.30 - - [01/Sep/2026:18:32:24 -0500] "GET /?phpinfo=1 HTTP/1.1" 200 185830 "-" "curl/8.7.1"
185.177.72.30 - - [01/Sep/2026:18:32:24 -0500] "GET /index.php?=phpinfo() HTTP/1.1" 301 - "-" "curl/8.7.1"
17.166.235.250 - - [01/Sep/2026:18:32:25 -0500] "GET /wp-content/themes/astra/assets/js/minified/style.min.js?ver=4.8.3 HTTP/1.1" 200 12379 "https://mecacontrolsa.com/telegram/" "Mozilla/5.0 (Macintosh; Intel Mac OS X 10_15_7) AppleWebKit/605.1.15 (KHTML, like Gecko) Version/17.4 Safari/605.1.15 (Applebot/0.1; +http://www.apple.com/go/applebot)"
185.177.72.30 - - [01/Sep/2026:18:32:24 -0500] "GET / HTTP/1.1" 200 185830 "-" "curl/8.7.1"
185.177.72.30 - - [01/Sep/2026:18:32:25 -0500] "GET /index.php?=-phpinfo() HTTP/1.1" 301 - "-" "curl/8.7.1"
185.177.72.30 - - [01/Sep/2026:18:32:25 -0500] "GET / HTTP/1.1" 200 185830 "-" "curl/8.7.1"
185.177.72.30 - - [01/Sep/2026:18:32:26 -0500] "GET /?=phpinfo HTTP/1.1" 301 - "-" "curl/8.7.1"
17.166.235.250 - - [01/Sep/2026:18:32:26 -0500] "GET /wp-content/plugins/elementor/assets/js/webpack.runtime.min.js?ver=4.1.4 HTTP/1.1" 200 5819 "https://mecacontrolsa.com/telegram/" "Mozilla/5.0 (Macintosh; Intel Mac OS X 10_15_7) AppleWebKit/605.1.15 (KHTML, like Gecko) Version/17.4 Safari/605.1.15 (Applebot/0.1; +http://www.apple.com/go/applebot)"
185.177.72.30 - - [01/Sep/2026:18:32:26 -0500] "GET / HTTP/1.1" 200 185830 "-" "curl/8.7.1"
17.166.236.84 - - [01/Sep/2026:18:32:18 -0500] "GET /wp-content/plugins/woocommerce/assets/js/frontend/add-to-cart.min.js?ver=10.9.3 HTTP/1.1" 200 4350 "https://mecacontrolsa.com/telegram/" "Mozilla/5.0 (Macintosh; Intel Mac OS X 10_15_7) AppleWebKit/605.1.15 (KHTML, like Gecko) Version/17.4 Safari/605.1.15 (Applebot/0.1; +http://www.apple.com/go/applebot)"
17.166.236.84 - - [01/Sep/2026:18:32:26 -0500] "GET /wp-content/plugins/woocommerce/assets/js/js-cookie/js.cookie.min.js?ver=2.1.4-wc.10.9.3 HTTP/1.1" 200 1720 "https://mecacontrolsa.com/telegram/" "Mozilla/5.0 (Macintosh; Intel Mac OS X 10_15_7) AppleWebKit/605.1.15 (KHTML, like Gecko) Version/17.4 Safari/605.1.15 (Applebot/0.1; +http://www.apple.com/go/applebot)"
185.177.72.30 - - [01/Sep/2026:18:32:26 -0500] "GET /?phpinfo=1 HTTP/1.1" 200 200150 "-" "curl/8.7.1"
185.177.72.30 - - [01/Sep/2026:18:32:27 -0500] "GET /?page=phpinfo HTTP/1.1" 404 142747 "-" "curl/8.7.1"
185.177.72.30 - - [01/Sep/2026:18:32:27 -0500] "GET /test/php.php HTTP/1.1" 404 142167 "-" "curl/8.7.1"
17.166.235.250 - - [01/Sep/2026:18:32:28 -0500] "GET /wp-content/plugins/elementor/assets/js/frontend-modules.min.js?ver=4.1.4 HTTP/1.1" 200 50602 "https://mecacontrolsa.com/telegram/" "Mozilla/5.0 (Macintosh; Intel Mac OS X 10_15_7) AppleWebKit/605.1.15 (KHTML, like Gecko) Version/17.4 Safari/605.1.15 (Applebot/0.1; +http://www.apple.com/go/applebot)"
185.177.72.30 - - [01/Sep/2026:18:32:27 -0500] "GET /test/info.php HTTP/1.1" 404 142167 "-" "curl/8.7.1"
185.177.72.30 - - [01/Sep/2026:18:32:28 -0500] "GET /test/index.php HTTP/1.1" 301 - "-" "curl/8.7.1"
185.177.72.30 - - [01/Sep/2026:18:32:28 -0500] "GET /test/ HTTP/1.1" 301 - "-" "curl/8.7.1"
185.177.72.30 - - [01/Sep/2026:18:32:21 -0500] "GET /?view=phpinfo HTTP/1.1" 200 200150 "-" "curl/8.7.1"
185.177.72.30 - - [01/Sep/2026:18:32:28 -0500] "GET /producto/tester-hidraulico-de-tuberia/ HTTP/1.1" 200 166555 "-" "curl/8.7.1"
185.177.72.30 - - [01/Sep/2026:18:32:29 -0500] "GET /test/testing.php HTTP/1.1" 404 142167 "-" "curl/8.7.1"
17.166.236.84 - - [01/Sep/2026:18:32:29 -0500] "GET /wp-includes/js/jquery/ui/core.min.js?ver=1.14.2 HTTP/1.1" 200 18674 "https://mecacontrolsa.com/telegram/" "Mozilla/5.0 (Macintosh; Intel Mac OS X 10_15_7) AppleWebKit/605.1.15 (KHTML, like Gecko) Version/17.4 Safari/605.1.15 (Applebot/0.1; +http://www.apple.com/go/applebot)"
185.177.72.30 - - [01/Sep/2026:18:32:29 -0500] "GET /testing/phpinfo.php HTTP/1.1" 404 142167 "-" "curl/8.7.1"
185.177.72.30 - - [01/Sep/2026:18:32:30 -0500] "GET /testing/info.php HTTP/1.1" 404 142167 "-" "curl/8.7.1"
185.177.72.30 - - [01/Sep/2026:18:32:30 -0500] "GET /testing/php.php HTTP/1.1" 404 142167 "-" "curl/8.7.1"
17.166.235.250 - - [01/Sep/2026:18:32:31 -0500] "GET /wp-content/plugins/elementor/assets/js/frontend.min.js?ver=4.1.4 HTTP/1.1" 200 32098 "https://mecacontrolsa.com/telegram/" "Mozilla/5.0 (Macintosh; Intel Mac OS X 10_15_7) AppleWebKit/605.1.15 (KHTML, like Gecko) Version/17.4 Safari/605.1.15 (Applebot/0.1; +http://www.apple.com/go/applebot)"
185.177.72.30 - - [01/Sep/2026:18:32:30 -0500] "GET /php-info.php HTTP/1.1" 404 142167 "-" "curl/8.7.1"
185.177.72.30 - - [01/Sep/2026:18:32:31 -0500] "GET /php_info.php HTTP/1.1" 404 142167 "-" "curl/8.7.1"
185.177.72.30 - - [01/Sep/2026:18:32:31 -0500] "GET /info/php.php HTTP/1.1" 404 142167 "-" "curl/8.7.1"
185.177.72.30 - - [01/Sep/2026:18:32:32 -0500] "GET /info/info.php HTTP/1.1" 404 142167 "-" "curl/8.7.1"
17.166.236.84 - - [01/Sep/2026:18:32:32 -0500] "GET /wp-content/plugins/elementor-pro/assets/lib/smartmenus/jquery.smartmenus.min.js?ver=1.2.1 HTTP/1.1" 200 24109 "https://mecacontrolsa.com/telegram/" "Mozilla/5.0 (Macintosh; Intel Mac OS X 10_15_7) AppleWebKit/605.1.15 (KHTML, like Gecko) Version/17.4 Safari/605.1.15 (Applebot/0.1; +http://www.apple.com/go/applebot)"
185.177.72.30 - - [01/Sep/2026:18:32:32 -0500] "GET /info/phpinfo.php HTTP/1.1" 404 142167 "-" "curl/8.7.1"
185.177.72.30 - - [01/Sep/2026:18:32:33 -0500] "GET /phpinfo/info.php HTTP/1.1" 404 142167 "-" "curl/8.7.1"
185.177.72.30 - - [01/Sep/2026:18:32:33 -0500] "GET /phpinfo/test.php HTTP/1.1" 404 142167 "-" "curl/8.7.1"
17.166.235.250 - - [01/Sep/2026:18:32:34 -0500] "GET /wp-content/plugins/elementor-pro/assets/lib/sticky/jquery.sticky.min.js?ver=3.35.0 HTTP/1.1" 200 3721 "https://mecacontrolsa.com/telegram/" "Mozilla/5.0 (Macintosh; Intel Mac OS X 10_15_7) AppleWebKit/605.1.15 (KHTML, like Gecko) Version/17.4 Safari/605.1.15 (Applebot/0.1; +http://www.apple.com/go/applebot)"
185.177.72.30 - - [01/Sep/2026:18:32:34 -0500] "GET /server-info.php HTTP/1.1" 404 142167 "-" "curl/8.7.1"
185.177.72.30 - - [01/Sep/2026:18:32:34 -0500] "GET /server_info.php HTTP/1.1" 404 142167 "-" "curl/8.7.1"
185.177.72.30 - - [01/Sep/2026:18:32:34 -0500] "GET /tests/phpinfo.php HTTP/1.1" 404 142167 "-" "curl/8.7.1"
17.166.236.84 - - [01/Sep/2026:18:32:35 -0500] "GET /wp-content/plugins/woocommerce/assets/js/sourcebuster/sourcebuster.min.js?ver=10.9.3 HTTP/1.1" 200 15315 "https://mecacontrolsa.com/telegram/" "Mozilla/5.0 (Macintosh; Intel Mac OS X 10_15_7) AppleWebKit/605.1.15 (KHTML, like Gecko) Version/17.4 Safari/605.1.15 (Applebot/0.1; +http://www.apple.com/go/applebot)"
185.177.72.30 - - [01/Sep/2026:18:32:35 -0500] "GET /tests/info.php HTTP/1.1" 404 142167 "-" "curl/8.7.1"
185.177.72.30 - - [01/Sep/2026:18:32:36 -0500] "GET /admin/phpinfo.php HTTP/1.1" 404 142167 "-" "curl/8.7.1"
185.177.72.30 - - [01/Sep/2026:18:32:36 -0500] "GET /admin/info.php HTTP/1.1" 404 142167 "-" "curl/8.7.1"
185.177.72.30 - - [01/Sep/2026:18:32:37 -0500] "GET /admin/php.php HTTP/1.1" 404 142167 "-" "curl/8.7.1"
17.166.235.250 - - [01/Sep/2026:18:32:37 -0500] "GET /wp-content/plugins/woocommerce/assets/js/frontend/order-attribution.min.js?ver=10.9.3 HTTP/1.1" 200 2439 "https://mecacontrolsa.com/telegram/" "Mozilla/5.0 (Macintosh; Intel Mac OS X 10_15_7) AppleWebKit/605.1.15 (KHTML, like Gecko) Version/17.4 Safari/605.1.15 (Applebot/0.1; +http://www.apple.com/go/applebot)"
185.177.72.30 - - [01/Sep/2026:18:32:37 -0500] "GET /admin/php_info.php HTTP/1.1" 404 142167 "-" "curl/8.7.1"
185.177.72.30 - - [01/Sep/2026:18:32:37 -0500] "GET /admin/php-info.php HTTP/1.1" 404 142167 "-" "curl/8.7.1"
185.177.72.30 - - [01/Sep/2026:18:32:38 -0500] "GET /administrator/phpinfo.php HTTP/1.1" 404 142167 "-" "curl/8.7.1"
17.166.236.84 - - [01/Sep/2026:18:32:39 -0500] "GET /wp-content/plugins/elementor-pro/assets/js/webpack-pro.runtime.min.js?ver=3.35.0 HTTP/1.1" 200 6248 "https://mecacontrolsa.com/telegram/" "Mozilla/5.0 (Macintosh; Intel Mac OS X 10_15_7) AppleWebKit/605.1.15 (KHTML, like Gecko) Version/17.4 Safari/605.1.15 (Applebot/0.1; +http://www.apple.com/go/applebot)"
185.177.72.30 - - [01/Sep/2026:18:32:38 -0500] "GET /administrator/info.php HTTP/1.1" 404 142167 "-" "curl/8.7.1"
185.177.72.30 - - [01/Sep/2026:18:32:39 -0500] "GET /web/phpinfo.php HTTP/1.1" 404 142167 "-" "curl/8.7.1"
185.177.72.30 - - [01/Sep/2026:18:32:39 -0500] "GET /web/info.php HTTP/1.1" 404 142167 "-" "curl/8.7.1"
17.166.235.250 - - [01/Sep/2026:18:32:40 -0500] "GET /wp-includes/js/dist/hooks.min.js?ver=f0f188028580e8dc1255 HTTP/1.1" 200 5107 "https://mecacontrolsa.com/telegram/" "Mozilla/5.0 (Macintosh; Intel Mac OS X 10_15_7) AppleWebKit/605.1.15 (KHTML, like Gecko) Version/17.4 Safari/605.1.15 (Applebot/0.1; +http://www.apple.com/go/applebot)"
185.177.72.30 - - [01/Sep/2026:18:32:40 -0500] "GET /web/php.php HTTP/1.1" 404 142167 "-" "curl/8.7.1"
185.177.72.30 - - [01/Sep/2026:18:32:40 -0500] "GET /_inc/phpinfo.php HTTP/1.1" 404 142167 "-" "curl/8.7.1"
185.177.72.30 - - [01/Sep/2026:18:32:41 -0500] "GET /includes/phpinfo.php HTTP/1.1" 404 142167 "-" "curl/8.7.1"
185.177.72.30 - - [01/Sep/2026:18:32:41 -0500] "GET /include/phpinfo.php HTTP/1.1" 404 142167 "-" "curl/8.7.1"
17.166.236.84 - - [01/Sep/2026:18:32:42 -0500] "GET /wp-includes/js/dist/i18n.min.js?ver=1dfe7db3940c23ea9216 HTTP/1.1" 200 5791 "https://mecacontrolsa.com/telegram/" "Mozilla/5.0 (Macintosh; Intel Mac OS X 10_15_7) AppleWebKit/605.1.15 (KHTML, like Gecko) Version/17.4 Safari/605.1.15 (Applebot/0.1; +http://www.apple.com/go/applebot)"
185.177.72.30 - - [01/Sep/2026:18:32:42 -0500] "GET /inc/phpinfo.php HTTP/1.1" 404 142167 "-" "curl/8.7.1"
185.177.72.30 - - [01/Sep/2026:18:32:42 -0500] "GET /core/phpinfo.php HTTP/1.1" 404 142167 "-" "curl/8.7.1"
185.177.72.30 - - [01/Sep/2026:18:32:42 -0500] "GET /core/info.php HTTP/1.1" 404 142167 "-" "curl/8.7.1"
17.166.235.250 - - [01/Sep/2026:18:32:43 -0500] "GET /wp-content/plugins/elementor-pro/assets/js/frontend.min.js?ver=3.35.0 HTTP/1.1" 200 24047 "https://mecacontrolsa.com/telegram/" "Mozilla/5.0 (Macintosh; Intel Mac OS X 10_15_7) AppleWebKit/605.1.15 (KHTML, like Gecko) Version/17.4 Safari/605.1.15 (Applebot/0.1; +http://www.apple.com/go/applebot)"
185.177.72.30 - - [01/Sep/2026:18:32:43 -0500] "GET /app/phpinfo.php HTTP/1.1" 404 142167 "-" "curl/8.7.1"
185.177.72.30 - - [01/Sep/2026:18:32:43 -0500] "GET /apps/phpinfo.php HTTP/1.1" 404 142167 "-" "curl/8.7.1"
185.177.72.30 - - [01/Sep/2026:18:32:44 -0500] "GET /upload/phpinfo.php HTTP/1.1" 404 142167 "-" "curl/8.7.1"
185.177.72.30 - - [01/Sep/2026:18:32:44 -0500] "GET /uploads/phpinfo.php HTTP/1.1" 404 142167 "-" "curl/8.7.1"
17.166.236.84 - - [01/Sep/2026:18:32:45 -0500] "GET /wp-content/plugins/elementor-pro/assets/js/elements-handlers.min.js?ver=3.35.0 HTTP/1.1" 200 44258 "https://mecacontrolsa.com/telegram/" "Mozilla/5.0 (Macintosh; Intel Mac OS X 10_15_7) AppleWebKit/605.1.15 (KHTML, like Gecko) Version/17.4 Safari/605.1.15 (Applebot/0.1; +http://www.apple.com/go/applebot)"
185.177.72.30 - - [01/Sep/2026:18:32:45 -0500] "GET /exported/phpinfo.php HTTP/1.1" 404 142167 "-" "curl/8.7.1"
185.177.72.30 - - [01/Sep/2026:18:32:45 -0500] "GET /backup/phpinfo.php HTTP/1.1" 404 142167 "-" "curl/8.7.1"
185.177.72.30 - - [01/Sep/2026:18:32:46 -0500] "GET /back/phpinfo.php HTTP/1.1" 404 142167 "-" "curl/8.7.1"
17.166.235.250 - - [01/Sep/2026:18:32:46 -0500] "GET /wp-content/plugins/creame-whatsapp-me/public/js/joinchat.min.js?ver=6.2.3 HTTP/1.1" 200 11161 "https://mecacontrolsa.com/telegram/" "Mozilla/5.0 (Macintosh; Intel Mac OS X 10_15_7) AppleWebKit/605.1.15 (KHTML, like Gecko) Version/17.4 Safari/605.1.15 (Applebot/0.1; +http://www.apple.com/go/applebot)"
185.177.72.30 - - [01/Sep/2026:18:32:46 -0500] "GET /bak/phpinfo.php HTTP/1.1" 404 142167 "-" "curl/8.7.1"
185.177.72.30 - - [01/Sep/2026:18:32:46 -0500] "GET /.backup/phpinfo.php HTTP/1.1" 404 142167 "-" "curl/8.7.1"
185.177.72.30 - - [01/Sep/2026:18:32:47 -0500] "GET /_backup/phpinfo.php HTTP/1.1" 404 142167 "-" "curl/8.7.1"
185.177.72.30 - - [01/Sep/2026:18:32:47 -0500] "GET /beta/phpinfo.php HTTP/1.1" 404 142167 "-" "curl/8.7.1"
17.166.236.84 - - [01/Sep/2026:18:32:48 -0500] "GET /wp-content/themes/astra/assets/css/minified/compatibility/woocommerce/woocommerce-smallscreen.min.css?ver=4.8.3 HTTP/1.1" 200 6262 "https://mecacontrolsa.com/telegram/" "Mozilla/5.0 (Macintosh; Intel Mac OS X 10_15_7) AppleWebKit/605.1.15 (KHTML, like Gecko) Version/17.4 Safari/605.1.15 (Applebot/0.1; +http://www.apple.com/go/applebot)"
185.177.72.30 - - [01/Sep/2026:18:32:48 -0500] "GET /old/info.php HTTP/1.1" 404 142167 "-" "curl/8.7.1"
185.177.72.30 - - [01/Sep/2026:18:32:48 -0500] "GET /2020/phpinfo.php HTTP/1.1" 404 142167 "-" "curl/8.7.1"
185.177.72.30 - - [01/Sep/2026:18:32:49 -0500] "GET /2021/phpinfo.php HTTP/1.1" 404 142167 "-" "curl/8.7.1"
185.177.72.30 - - [01/Sep/2026:18:32:49 -0500] "GET /2022/phpinfo.php HTTP/1.1" 404 142167 "-" "curl/8.7.1"
17.166.235.250 - - [01/Sep/2026:18:32:49 -0500] "GET /wp-content/plugins/elementor/assets/js/section-frontend-handlers.d85ab872da118940910d.bundle.min.js HTTP/1.1" 200 449 "https://mecacontrolsa.com/telegram/" "Mozilla/5.0 (Macintosh; Intel Mac OS X 10_15_7) AppleWebKit/605.1.15 (KHTML, like Gecko) Version/17.4 Safari/605.1.15 (Applebot/0.1; +http://www.apple.com/go/applebot)"
185.177.72.30 - - [01/Sep/2026:18:32:49 -0500] "GET /2023/phpinfo.php HTTP/1.1" 404 142167 "-" "curl/8.7.1"
185.177.72.30 - - [01/Sep/2026:18:32:50 -0500] "GET /2024/phpinfo.php HTTP/1.1" 404 142167 "-" "curl/8.7.1"
185.177.72.30 - - [01/Sep/2026:18:32:50 -0500] "GET /v1/phpinfo.php HTTP/1.1" 404 142167 "-" "curl/8.7.1"
17.166.236.84 - - [01/Sep/2026:18:32:51 -0500] "GET /wp-content/plugins/elementor/assets/js/shared-frontend-handlers.03caa53373b56d3bab67.bundle.min.js HTTP/1.1" 200 8481 "https://mecacontrolsa.com/telegram/" "Mozilla/5.0 (Macintosh; Intel Mac OS X 10_15_7) AppleWebKit/605.1.15 (KHTML, like Gecko) Version/17.4 Safari/605.1.15 (Applebot/0.1; +http://www.apple.com/go/applebot)"
185.177.72.30 - - [01/Sep/2026:18:32:51 -0500] "GET /v2/phpinfo.php HTTP/1.1" 404 142167 "-" "curl/8.7.1"
185.177.72.30 - - [01/Sep/2026:18:32:51 -0500] "GET /v3/phpinfo.php HTTP/1.1" 404 142167 "-" "curl/8.7.1"
185.177.72.30 - - [01/Sep/2026:18:32:52 -0500] "GET /api/phpinfo.php HTTP/1.1" 404 142167 "-" "curl/8.7.1"
17.166.235.250 - - [01/Sep/2026:18:32:52 -0500] "GET /wp-content/plugins/elementor-pro/assets/js/search-form.b7065999d77832a1b764.bundle.min.js HTTP/1.1" 200 2124 "https://mecacontrolsa.com/telegram/" "Mozilla/5.0 (Macintosh; Intel Mac OS X 10_15_7) AppleWebKit/605.1.15 (KHTML, like Gecko) Version/17.4 Safari/605.1.15 (Applebot/0.1; +http://www.apple.com/go/applebot)"
185.177.72.30 - - [01/Sep/2026:18:32:52 -0500] "GET /api/info.php HTTP/1.1" 404 142167 "-" "curl/8.7.1"
185.177.72.30 - - [01/Sep/2026:18:32:53 -0500] "GET /api/v1/phpinfo.php HTTP/1.1" 404 142167 "-" "curl/8.7.1"
185.177.72.30 - - [01/Sep/2026:18:32:53 -0500] "GET /api/v2/phpinfo.php HTTP/1.1" 404 142167 "-" "curl/8.7.1"
185.177.72.30 - - [01/Sep/2026:18:32:53 -0500] "GET /apis/phpinfo.php HTTP/1.1" 404 142167 "-" "curl/8.7.1"
17.166.236.84 - - [01/Sep/2026:18:32:54 -0500] "GET /wp-content/plugins/elementor/assets/js/text-editor.45609661e409413f1cef.bundle.min.js HTTP/1.1" 200 1348 "https://mecacontrolsa.com/telegram/" "Mozilla/5.0 (Macintosh; Intel Mac OS X 10_15_7) AppleWebKit/605.1.15 (KHTML, like Gecko) Version/17.4 Safari/605.1.15 (Applebot/0.1; +http://www.apple.com/go/applebot)"
185.177.72.30 - - [01/Sep/2026:18:32:54 -0500] "GET /site-info.php HTTP/1.1" 404 142167 "-" "curl/8.7.1"
185.177.72.30 - - [01/Sep/2026:18:32:54 -0500] "GET /server.php HTTP/1.1" 404 142167 "-" "curl/8.7.1"
185.177.72.30 - - [01/Sep/2026:18:32:55 -0500] "GET /host.php HTTP/1.1" 404 142167 "-" "curl/8.7.1"
17.166.235.250 - - [01/Sep/2026:18:32:56 -0500] "GET /wp-content/plugins/elementor-pro/assets/js/nav-menu.8521a0597c50611efdc6.bundle.min.js HTTP/1.1" 200 5240 "https://mecacontrolsa.com/telegram/" "Mozilla/5.0 (Macintosh; Intel Mac OS X 10_15_7) AppleWebKit/605.1.15 (KHTML, like Gecko) Version/17.4 Safari/605.1.15 (Applebot/0.1; +http://www.apple.com/go/applebot)"
185.177.72.30 - - [01/Sep/2026:18:32:55 -0500] "GET /host-info.php HTTP/1.1" 404 142167 "-" "curl/8.7.1"
185.177.72.30 - - [01/Sep/2026:18:32:56 -0500] "GET /status.php HTTP/1.1" 404 142167 "-" "curl/8.7.1"
185.177.72.30 - - [01/Sep/2026:18:32:56 -0500] "GET /system.php HTTP/1.1" 404 142167 "-" "curl/8.7.1"
185.177.72.30 - - [01/Sep/2026:18:32:57 -0500] "GET /system/info.php HTTP/1.1" 404 142167 "-" "curl/8.7.1"
17.166.236.84 - - [01/Sep/2026:18:32:57 -0500] "GET /wp-content/plugins/elementor-pro/assets/js/share-buttons.63d984f8c96d1e053bc0.bundle.min.js HTTP/1.1" 200 1577 "https://mecacontrolsa.com/telegram/" "Mozilla/5.0 (Macintosh; Intel Mac OS X 10_15_7) AppleWebKit/605.1.15 (KHTML, like Gecko) Version/17.4 Safari/605.1.15 (Applebot/0.1; +http://www.apple.com/go/applebot)"
185.177.72.30 - - [01/Sep/2026:18:32:57 -0500] "GET /sys/info.php HTTP/1.1" 404 142167 "-" "curl/8.7.1"
185.177.72.30 - - [01/Sep/2026:18:32:57 -0500] "GET /sys/phpinfo.php HTTP/1.1" 404 142167 "-" "curl/8.7.1"
185.177.72.30 - - [01/Sep/2026:18:32:58 -0500] "GET /.php HTTP/1.1" 404 142167 "-" "curl/8.7.1"
17.166.235.250 - - [01/Sep/2026:18:32:59 -0500] "GET /wp-includes/js/wp-emoji-release.min.js?ver=7.1 HTTP/1.1" 200 22752 "https://mecacontrolsa.com/telegram/" "Mozilla/5.0 (Macintosh; Intel Mac OS X 10_15_7) AppleWebKit/605.1.15 (KHTML, like Gecko) Version/17.4 Safari/605.1.15 (Applebot/0.1; +http://www.apple.com/go/applebot)"
185.177.72.30 - - [01/Sep/2026:18:32:58 -0500] "GET /db.php HTTP/1.1" 404 142167 "-" "curl/8.7.1"
185.177.72.30 - - [01/Sep/2026:18:32:59 -0500] "GET /database.php HTTP/1.1" 404 142167 "-" "curl/8.7.1"
185.177.72.30 - - [01/Sep/2026:18:32:59 -0500] "GET /home.php HTTP/1.1" 404 142167 "-" "curl/8.7.1"
185.177.72.30 - - [01/Sep/2026:18:33:00 -0500] "GET /default.php HTTP/1.1" 404 142167 "-" "curl/8.7.1"
17.166.236.84 - - [01/Sep/2026:18:33:00 -0500] "GET /wp-content/plugins/elementor/assets/lib/share-link/share-link.min.js?ver=4.1.4 HTTP/1.1" 200 2752 "https://mecacontrolsa.com/telegram/" "Mozilla/5.0 (Macintosh; Intel Mac OS X 10_15_7) AppleWebKit/605.1.15 (KHTML, like Gecko) Version/17.4 Safari/605.1.15 (Applebot/0.1; +http://www.apple.com/go/applebot)"
185.177.72.30 - - [01/Sep/2026:18:33:00 -0500] "GET /conf.php HTTP/1.1" 404 142167 "-" "curl/8.7.1"
185.177.72.30 - - [01/Sep/2026:18:33:00 -0500] "GET /config.php HTTP/1.1" 404 142167 "-" "curl/8.7.1"
185.177.72.30 - - [01/Sep/2026:18:33:01 -0500] "GET /configuration.php HTTP/1.1" 404 142167 "-" "curl/8.7.1"
185.177.72.30 - - [01/Sep/2026:18:33:01 -0500] "GET /_test.php HTTP/1.1" 404 142167 "-" "curl/8.7.1"
185.177.72.30 - - [01/Sep/2026:18:33:02 -0500] "GET /_phpinfo.php HTTP/1.1" 404 142167 "-" "curl/8.7.1"
185.177.72.30 - - [01/Sep/2026:18:33:02 -0500] "GET /__test.php HTTP/1.1" 404 142167 "-" "curl/8.7.1"
185.177.72.30 - - [01/Sep/2026:18:33:03 -0500] "GET /__phpinfo.php HTTP/1.1" 404 142167 "-" "curl/8.7.1"
185.177.72.30 - - [01/Sep/2026:18:33:03 -0500] "GET /admin.html HTTP/1.1" 404 142167 "-" "curl/8.7.1"
185.177.72.30 - - [01/Sep/2026:18:33:04 -0500] "GET /wp-content HTTP/1.1" 301 245 "-" "curl/8.7.1"
185.177.72.30 - - [01/Sep/2026:18:33:04 -0500] "GET /wp-content/ HTTP/1.1" 200 - "-" "curl/8.7.1"
185.177.72.30 - - [01/Sep/2026:18:33:04 -0500] "GET /wp-content/debug.log HTTP/1.1" 403 199 "-" "curl/8.7.1"
185.177.72.30 - - [01/Sep/2026:18:33:04 -0500] "GET /config/secrets.yml HTTP/1.1" 404 142167 "-" "curl/8.7.1"
185.177.72.30 - - [01/Sep/2026:18:33:04 -0500] "GET /wp-config.php HTTP/1.1" 403 199 "-" "curl/8.7.1"
185.177.72.30 - - [01/Sep/2026:18:33:04 -0500] "GET /.cache HTTP/1.1" 404 142167 "-" "curl/8.7.1"
185.177.72.30 - - [01/Sep/2026:18:33:05 -0500] "GET /js/config.js HTTP/1.1" 404 142167 "-" "curl/8.7.1"
185.177.72.30 - - [01/Sep/2026:18:33:05 -0500] "GET /git/config HTTP/1.1" 404 142167 "-" "curl/8.7.1"
185.177.72.30 - - [01/Sep/2026:18:33:06 -0500] "GET /WEB-INF/web.xml HTTP/1.1" 404 142167 "-" "curl/8.7.1"
185.177.72.30 - - [01/Sep/2026:18:33:06 -0500] "GET /bitbucket-pipelines.yml HTTP/1.1" 404 142167 "-" "curl/8.7.1"
185.177.72.30 - - [01/Sep/2026:18:33:07 -0500] "GET /etc/passwd HTTP/1.1" 404 142167 "-" "curl/8.7.1"
185.177.72.30 - - [01/Sep/2026:18:33:07 -0500] "GET /.env.example HTTP/1.1" 403 199 "-" "curl/8.7.1"
185.177.72.30 - - [01/Sep/2026:18:33:07 -0500] "GET /backend HTTP/1.1" 404 142167 "-" "curl/8.7.1"
