190.57.41.67 - - [01/Sep/2026:18:31:23 -0500] "GET /wp-content/plugins/creame-whatsapp-me/public/css/joinchat.min.css?ver=6.2.3 HTTP/1.1" 200 20868 "https://mecacontrolsa.com/" "Mozilla/5.0 (Linux; Android 10; K) AppleWebKit/537.36 (KHTML, like Gecko) Chrome/151.0.0.0 Mobile Safari/537.36"
190.57.41.67 - - [01/Sep/2026:18:31:23 -0500] "GET /wp-content/themes/mecacontrol/style.css?ver=1.0.0 HTTP/1.1" 200 306 "https://mecacontrolsa.com/" "Mozilla/5.0 (Linux; Android 10; K) AppleWebKit/537.36 (KHTML, like Gecko) Chrome/151.0.0.0 Mobile Safari/537.36"
190.57.41.67 - - [01/Sep/2026:18:31:23 -0500] "GET /wp-content/plugins/elementor/assets/lib/font-awesome/css/regular.min.css?ver=5.15.3 HTTP/1.1" 200 677 "https://mecacontrolsa.com/" "Mozilla/5.0 (Linux; Android 10; K) AppleWebKit/537.36 (KHTML, like Gecko) Chrome/151.0.0.0 Mobile Safari/537.36"
185.177.72.30 - - [01/Sep/2026:18:31:23 -0500] "GET /.aws/credentials HTTP/1.1" 404 142167 "-" "curl/8.7.1"
190.57.41.67 - - [01/Sep/2026:18:31:24 -0500] "GET /wp-includes/js/jquery/jquery-migrate.min.js?ver=3.4.1 HTTP/1.1" 200 13577 "https://mecacontrolsa.com/" "Mozilla/5.0 (Linux; Android 10; K) AppleWebKit/537.36 (KHTML, like Gecko) Chrome/151.0.0.0 Mobile Safari/537.36"
190.57.41.67 - - [01/Sep/2026:18:31:24 -0500] "GET /wp-includes/js/jquery/jquery.min.js?ver=3.7.1 HTTP/1.1" 200 87553 "https://mecacontrolsa.com/" "Mozilla/5.0 (Linux; Android 10; K) AppleWebKit/537.36 (KHTML, like Gecko) Chrome/151.0.0.0 Mobile Safari/537.36"
190.57.41.67 - - [01/Sep/2026:18:31:24 -0500] "GET /wp-content/uploads/2020/02/mecacontrol-logo.png HTTP/1.1" 200 8944 "https://mecacontrolsa.com/" "Mozilla/5.0 (Linux; Android 10; K) AppleWebKit/537.36 (KHTML, like Gecko) Chrome/151.0.0.0 Mobile Safari/537.36"
17.166.24.76 - - [01/Sep/2026:18:31:24 -0500] "GET /wp-content/plugins/creame-whatsapp-me/public/css/joinchat.min.css?ver=6.2.3 HTTP/1.1" 200 20868 "https://mecacontrolsa.com/apps/slottobet" "Mozilla/5.0 (Macintosh; Intel Mac OS X 10_15_7) AppleWebKit/605.1.15 (KHTML, like Gecko) Version/17.4 Safari/605.1.15 (Applebot/0.1; +http://www.apple.com/go/applebot)"
185.177.72.30 - - [01/Sep/2026:18:31:24 -0500] "GET /%2eaws/credentials HTTP/1.1" 404 142167 "-" "curl/8.7.1"
17.166.21.5 - - [01/Sep/2026:18:31:25 -0500] "GET /wp-content/themes/mecacontrol/style.css?ver=1.0.0 HTTP/1.1" 200 306 "https://mecacontrolsa.com/apps/slottobet" "Mozilla/5.0 (Macintosh; Intel Mac OS X 10_15_7) AppleWebKit/605.1.15 (KHTML, like Gecko) Version/17.4 Safari/605.1.15 (Applebot/0.1; +http://www.apple.com/go/applebot)"
185.177.72.30 - - [01/Sep/2026:18:31:25 -0500] "GET /s3%2esecret HTTP/1.1" 404 142167 "-" "curl/8.7.1"
190.57.41.67 - - [01/Sep/2026:18:31:20 -0500] "GET /wp-content/plugins/ultimate-elementor/assets/min-css/uael-frontend.min.css?ver=1.45.0 HTTP/1.1" 200 751778 "https://mecacontrolsa.com/" "Mozilla/5.0 (Linux; Android 10; K) AppleWebKit/537.36 (KHTML, like Gecko) Chrome/151.0.0.0 Mobile Safari/537.36"
17.166.24.76 - - [01/Sep/2026:18:31:26 -0500] "GET /wp-content/plugins/elementor/assets/lib/font-awesome/css/regular.min.css?ver=5.15.3 HTTP/1.1" 200 677 "https://mecacontrolsa.com/apps/slottobet" "Mozilla/5.0 (Macintosh; Intel Mac OS X 10_15_7) AppleWebKit/605.1.15 (KHTML, like Gecko) Version/17.4 Safari/605.1.15 (Applebot/0.1; +http://www.apple.com/go/applebot)"
190.57.41.67 - - [01/Sep/2026:18:31:26 -0500] "GET /wp-content/uploads/2022/02/WIKA.png HTTP/1.1" 200 13051 "https://mecacontrolsa.com/" "Mozilla/5.0 (Linux; Android 10; K) AppleWebKit/537.36 (KHTML, like Gecko) Chrome/151.0.0.0 Mobile Safari/537.36"
190.57.41.67 - - [01/Sep/2026:18:31:26 -0500] "GET /wp-content/uploads/2022/01/Diseno-sin-titulo-10.png HTTP/1.1" 200 14445 "https://mecacontrolsa.com/" "Mozilla/5.0 (Linux; Android 10; K) AppleWebKit/537.36 (KHTML, like Gecko) Chrome/151.0.0.0 Mobile Safari/537.36"
185.177.72.30 - - [01/Sep/2026:18:31:26 -0500] "GET /root/%2eaws/credentials HTTP/1.1" 404 142167 "-" "curl/8.7.1"
190.57.41.67 - - [01/Sep/2026:18:31:27 -0500] "GET /wp-content/uploads/2024/03/BURKERT.jpg HTTP/1.1" 200 6742 "https://mecacontrolsa.com/" "Mozilla/5.0 (Linux; Android 10; K) AppleWebKit/537.36 (KHTML, like Gecko) Chrome/151.0.0.0 Mobile Safari/537.36"
190.57.41.67 - - [01/Sep/2026:18:31:27 -0500] "GET /wp-content/uploads/2025/09/METALWORK.png HTTP/1.1" 200 15054 "https://mecacontrolsa.com/" "Mozilla/5.0 (Linux; Android 10; K) AppleWebKit/537.36 (KHTML, like Gecko) Chrome/151.0.0.0 Mobile Safari/537.36"
17.166.21.5 - - [01/Sep/2026:18:31:27 -0500] "GET /wp-includes/js/jquery/jquery.min.js?ver=3.7.1 HTTP/1.1" 200 87553 "https://mecacontrolsa.com/apps/slottobet" "Mozilla/5.0 (Macintosh; Intel Mac OS X 10_15_7) AppleWebKit/605.1.15 (KHTML, like Gecko) Version/17.4 Safari/605.1.15 (Applebot/0.1; +http://www.apple.com/go/applebot)"
185.177.72.30 - - [01/Sep/2026:18:31:27 -0500] "GET /root/%2eaws/config HTTP/1.1" 404 142167 "-" "curl/8.7.1"
190.57.41.67 - - [01/Sep/2026:18:31:27 -0500] "GET /wp-content/plugins/woocommerce/assets/client/blocks/wc-blocks.css?ver=wc-10.9.3 HTTP/1.1" 200 14006 "https://mecacontrolsa.com/" "Mozilla/5.0 (Linux; Android 10; K) AppleWebKit/537.36 (KHTML, like Gecko) Chrome/151.0.0.0 Mobile Safari/537.36"
190.57.41.67 - - [01/Sep/2026:18:31:27 -0500] "GET /wp-content/themes/astra/assets/js/minified/style.min.js?ver=4.8.3 HTTP/1.1" 200 12379 "https://mecacontrolsa.com/" "Mozilla/5.0 (Linux; Android 10; K) AppleWebKit/537.36 (KHTML, like Gecko) Chrome/151.0.0.0 Mobile Safari/537.36"
185.177.72.30 - - [01/Sep/2026:18:31:28 -0500] "GET /var/www/%2eenv HTTP/1.1" 404 142167 "-" "curl/8.7.1"
17.166.24.76 - - [01/Sep/2026:18:31:29 -0500] "GET /wp-includes/js/jquery/jquery-migrate.min.js?ver=3.4.1 HTTP/1.1" 200 13577 "https://mecacontrolsa.com/apps/slottobet" "Mozilla/5.0 (Macintosh; Intel Mac OS X 10_15_7) AppleWebKit/605.1.15 (KHTML, like Gecko) Version/17.4 Safari/605.1.15 (Applebot/0.1; +http://www.apple.com/go/applebot)"
185.177.72.30 - - [01/Sep/2026:18:31:29 -0500] "GET /var/www/html/%2eenv HTTP/1.1" 404 142167 "-" "curl/8.7.1"
17.166.236.84 - - [01/Sep/2026:18:31:30 -0500] "GET /wp-content/themes/astra/assets/css/minified/style.min.css?ver=4.8.3 HTTP/1.1" 200 73072 "https://mecacontrolsa.com/telegram/" "Mozilla/5.0 (Macintosh; Intel Mac OS X 10_15_7) AppleWebKit/605.1.15 (KHTML, like Gecko) Version/17.4 Safari/605.1.15 (Applebot/0.1; +http://www.apple.com/go/applebot)"
190.57.41.67 - - [01/Sep/2026:18:31:21 -0500] "GET /wp-content/plugins/elementor/assets/css/conditionals/e-swiper.min.css?ver=4.1.4 HTTP/1.1" 200 5486 "https://mecacontrolsa.com/" "Mozilla/5.0 (Linux; Android 10; K) AppleWebKit/537.36 (KHTML, like Gecko) Chrome/151.0.0.0 Mobile Safari/537.36"
190.57.41.67 - - [01/Sep/2026:18:31:30 -0500] "GET /wp-content/plugins/elementor/assets/css/widget-icon-box.min.css?ver=4.1.4 HTTP/1.1" 200 4726 "https://mecacontrolsa.com/" "Mozilla/5.0 (Linux; Android 10; K) AppleWebKit/537.36 (KHTML, like Gecko) Chrome/151.0.0.0 Mobile Safari/537.36"
17.166.21.5 - - [01/Sep/2026:18:31:30 -0500] "GET /wp-content/plugins/woocommerce/assets/js/jquery-blockui/jquery.blockUI.min.js?ver=2.7.0-wc.10.9.3 HTTP/1.1" 200 9636 "https://mecacontrolsa.com/apps/slottobet" "Mozilla/5.0 (Macintosh; Intel Mac OS X 10_15_7) AppleWebKit/605.1.15 (KHTML, like Gecko) Version/17.4 Safari/605.1.15 (Applebot/0.1; +http://www.apple.com/go/applebot)"
190.57.41.67 - - [01/Sep/2026:18:31:30 -0500] "GET /wp-content/plugins/elementor/assets/js/webpack.runtime.min.js?ver=4.1.4 HTTP/1.1" 200 5819 "https://mecacontrolsa.com/" "Mozilla/5.0 (Linux; Android 10; K) AppleWebKit/537.36 (KHTML, like Gecko) Chrome/151.0.0.0 Mobile Safari/537.36"
190.57.41.67 - - [01/Sep/2026:18:31:30 -0500] "GET /wp-includes/js/jquery/ui/core.min.js?ver=1.14.2 HTTP/1.1" 200 18674 "https://mecacontrolsa.com/" "Mozilla/5.0 (Linux; Android 10; K) AppleWebKit/537.36 (KHTML, like Gecko) Chrome/151.0.0.0 Mobile Safari/537.36"
190.57.41.67 - - [01/Sep/2026:18:31:30 -0500] "GET /wp-content/plugins/elementor/assets/js/frontend-modules.min.js?ver=4.1.4 HTTP/1.1" 200 50602 "https://mecacontrolsa.com/" "Mozilla/5.0 (Linux; Android 10; K) AppleWebKit/537.36 (KHTML, like Gecko) Chrome/151.0.0.0 Mobile Safari/537.36"
190.57.41.67 - - [01/Sep/2026:18:31:30 -0500] "GET /wp-content/plugins/elementor/assets/lib/font-awesome/webfonts/fa-solid-900.woff2 HTTP/1.1" 200 78196 "https://mecacontrolsa.com/wp-content/plugins/elementor/assets/lib/font-awesome/css/solid.min.css?ver=5.15.3" "Mozilla/5.0 (Linux; Android 10; K) AppleWebKit/537.36 (KHTML, like Gecko) Chrome/151.0.0.0 Mobile Safari/537.36"
190.57.41.67 - - [01/Sep/2026:18:31:30 -0500] "GET /wp-content/plugins/elementor/assets/lib/font-awesome/webfonts/fa-brands-400.woff2 HTTP/1.1" 200 81612 "https://mecacontrolsa.com/wp-content/plugins/elementor/assets/lib/font-awesome/css/brands.min.css?ver=5.15.3" "Mozilla/5.0 (Linux; Android 10; K) AppleWebKit/537.36 (KHTML, like Gecko) Chrome/151.0.0.0 Mobile Safari/537.36"
185.177.72.30 - - [01/Sep/2026:18:31:29 -0500] "GET /%2egit-credentials HTTP/1.1" 404 142167 "-" "curl/8.7.1"
190.57.41.67 - - [01/Sep/2026:18:31:31 -0500] "GET /wp-content/plugins/elementor/assets/lib/font-awesome/webfonts/fa-regular-400.woff2 HTTP/1.1" 200 13276 "https://mecacontrolsa.com/wp-content/plugins/elementor/assets/lib/font-awesome/css/regular.min.css?ver=5.15.3" "Mozilla/5.0 (Linux; Android 10; K) AppleWebKit/537.36 (KHTML, like Gecko) Chrome/151.0.0.0 Mobile Safari/537.36"
190.57.41.67 - - [01/Sep/2026:18:31:31 -0500] "GET /wp-content/uploads/2024/03/ASHCROFT.jpg HTTP/1.1" 200 5238 "https://mecacontrolsa.com/" "Mozilla/5.0 (Linux; Android 10; K) AppleWebKit/537.36 (KHTML, like Gecko) Chrome/151.0.0.0 Mobile Safari/537.36"
17.166.236.84 - - [01/Sep/2026:18:31:31 -0500] "GET /wp-content/plugins/elementor/assets/css/widget-icon-list.min.css?ver=4.1.4 HTTP/1.1" 200 10255 "https://mecacontrolsa.com/telegram/" "Mozilla/5.0 (Macintosh; Intel Mac OS X 10_15_7) AppleWebKit/605.1.15 (KHTML, like Gecko) Version/17.4 Safari/605.1.15 (Applebot/0.1; +http://www.apple.com/go/applebot)"
17.166.24.76 - - [01/Sep/2026:18:31:31 -0500] "GET /wp-content/plugins/woocommerce/assets/js/frontend/add-to-cart.min.js?ver=10.9.3 HTTP/1.1" 200 4350 "https://mecacontrolsa.com/apps/slottobet" "Mozilla/5.0 (Macintosh; Intel Mac OS X 10_15_7) AppleWebKit/605.1.15 (KHTML, like Gecko) Version/17.4 Safari/605.1.15 (Applebot/0.1; +http://www.apple.com/go/applebot)"
190.57.41.67 - - [01/Sep/2026:18:31:31 -0500] "GET /wp-content/uploads/2024/03/KOBOLD.jpg HTTP/1.1" 200 5616 "https://mecacontrolsa.com/" "Mozilla/5.0 (Linux; Android 10; K) AppleWebKit/537.36 (KHTML, like Gecko) Chrome/151.0.0.0 Mobile Safari/537.36"
190.57.41.67 - - [01/Sep/2026:18:31:31 -0500] "GET /wp-content/plugins/elementor/assets/js/frontend.min.js?ver=4.1.4 HTTP/1.1" 200 32098 "https://mecacontrolsa.com/" "Mozilla/5.0 (Linux; Android 10; K) AppleWebKit/537.36 (KHTML, like Gecko) Chrome/151.0.0.0 Mobile Safari/537.36"
190.57.41.67 - - [01/Sep/2026:18:31:31 -0500] "GET /wp-content/plugins/elementor-pro/assets/lib/smartmenus/jquery.smartmenus.min.js?ver=1.2.1 HTTP/1.1" 200 24109 "https://mecacontrolsa.com/" "Mozilla/5.0 (Linux; Android 10; K) AppleWebKit/537.36 (KHTML, like Gecko) Chrome/151.0.0.0 Mobile Safari/537.36"
190.57.41.67 - - [01/Sep/2026:18:31:31 -0500] "GET /wp-content/plugins/elementor-pro/assets/lib/sticky/jquery.sticky.min.js?ver=3.35.0 HTTP/1.1" 200 3721 "https://mecacontrolsa.com/" "Mozilla/5.0 (Linux; Android 10; K) AppleWebKit/537.36 (KHTML, like Gecko) Chrome/151.0.0.0 Mobile Safari/537.36"
190.57.41.67 - - [01/Sep/2026:18:31:32 -0500] "GET /wp-content/plugins/woocommerce/assets/js/sourcebuster/sourcebuster.min.js?ver=10.9.3 HTTP/1.1" 200 15315 "https://mecacontrolsa.com/" "Mozilla/5.0 (Linux; Android 10; K) AppleWebKit/537.36 (KHTML, like Gecko) Chrome/151.0.0.0 Mobile Safari/537.36"
185.177.72.30 - - [01/Sep/2026:18:31:31 -0500] "GET /%2egit-secret HTTP/1.1" 404 142167 "-" "curl/8.7.1"
190.57.41.67 - - [01/Sep/2026:18:31:32 -0500] "GET /wp-content/plugins/woocommerce/assets/js/frontend/order-attribution.min.js?ver=10.9.3 HTTP/1.1" 200 2439 "https://mecacontrolsa.com/" "Mozilla/5.0 (Linux; Android 10; K) AppleWebKit/537.36 (KHTML, like Gecko) Chrome/151.0.0.0 Mobile Safari/537.36"
190.57.41.67 - - [01/Sep/2026:18:31:31 -0500] "GET /wp-content/plugins/elementor/assets/lib/swiper/v8/swiper.min.js?ver=8.4.5 HTTP/1.1" 200 143709 "https://mecacontrolsa.com/" "Mozilla/5.0 (Linux; Android 10; K) AppleWebKit/537.36 (KHTML, like Gecko) Chrome/151.0.0.0 Mobile Safari/537.36"
190.57.41.67 - - [01/Sep/2026:18:31:32 -0500] "GET /wp-content/plugins/elementor-pro/assets/js/webpack-pro.runtime.min.js?ver=3.35.0 HTTP/1.1" 200 6248 "https://mecacontrolsa.com/" "Mozilla/5.0 (Linux; Android 10; K) AppleWebKit/537.36 (KHTML, like Gecko) Chrome/151.0.0.0 Mobile Safari/537.36"
190.57.41.67 - - [01/Sep/2026:18:31:32 -0500] "GET /wp-includes/js/dist/hooks.min.js?ver=f0f188028580e8dc1255 HTTP/1.1" 200 5107 "https://mecacontrolsa.com/" "Mozilla/5.0 (Linux; Android 10; K) AppleWebKit/537.36 (KHTML, like Gecko) Chrome/151.0.0.0 Mobile Safari/537.36"
190.57.41.67 - - [01/Sep/2026:18:31:32 -0500] "GET /wp-includes/js/dist/i18n.min.js?ver=1dfe7db3940c23ea9216 HTTP/1.1" 200 5791 "https://mecacontrolsa.com/" "Mozilla/5.0 (Linux; Android 10; K) AppleWebKit/537.36 (KHTML, like Gecko) Chrome/151.0.0.0 Mobile Safari/537.36"
17.166.21.5 - - [01/Sep/2026:18:31:32 -0500] "GET /wp-content/plugins/woocommerce/assets/js/js-cookie/js.cookie.min.js?ver=2.1.4-wc.10.9.3 HTTP/1.1" 200 1720 "https://mecacontrolsa.com/apps/slottobet" "Mozilla/5.0 (Macintosh; Intel Mac OS X 10_15_7) AppleWebKit/605.1.15 (KHTML, like Gecko) Version/17.4 Safari/605.1.15 (Applebot/0.1; +http://www.apple.com/go/applebot)"
190.57.41.67 - - [01/Sep/2026:18:31:32 -0500] "GET /wp-content/plugins/elementor-pro/assets/js/frontend.min.js?ver=3.35.0 HTTP/1.1" 200 24047 "https://mecacontrolsa.com/" "Mozilla/5.0 (Linux; Android 10; K) AppleWebKit/537.36 (KHTML, like Gecko) Chrome/151.0.0.0 Mobile Safari/537.36"
185.177.72.30 - - [01/Sep/2026:18:31:32 -0500] "GET /root/%2egit-credentials HTTP/1.1" 404 142167 "-" "curl/8.7.1"
190.57.41.67 - - [01/Sep/2026:18:31:32 -0500] "GET /wp-content/plugins/woocommerce/assets/js/jquery-blockui/jquery.blockUI.min.js?ver=2.7.0-wc.10.9.3 HTTP/1.1" 200 9636 "https://mecacontrolsa.com/" "Mozilla/5.0 (Linux; Android 10; K) AppleWebKit/537.36 (KHTML, like Gecko) Chrome/151.0.0.0 Mobile Safari/537.36"
190.57.41.67 - - [01/Sep/2026:18:31:32 -0500] "GET /wp-content/plugins/elementor-pro/assets/js/elements-handlers.min.js?ver=3.35.0 HTTP/1.1" 200 44258 "https://mecacontrolsa.com/" "Mozilla/5.0 (Linux; Android 10; K) AppleWebKit/537.36 (KHTML, like Gecko) Chrome/151.0.0.0 Mobile Safari/537.36"
190.57.41.67 - - [01/Sep/2026:18:31:32 -0500] "GET /wp-content/plugins/woocommerce/assets/js/frontend/add-to-cart.min.js?ver=10.9.3 HTTP/1.1" 200 4350 "https://mecacontrolsa.com/" "Mozilla/5.0 (Linux; Android 10; K) AppleWebKit/537.36 (KHTML, like Gecko) Chrome/151.0.0.0 Mobile Safari/537.36"
190.57.41.67 - - [01/Sep/2026:18:31:32 -0500] "GET /wp-content/uploads/2022/03/AUTONICS.png HTTP/1.1" 200 15093 "https://mecacontrolsa.com/" "Mozilla/5.0 (Linux; Android 10; K) AppleWebKit/537.36 (KHTML, like Gecko) Chrome/151.0.0.0 Mobile Safari/537.36"
17.166.236.84 - - [01/Sep/2026:18:31:32 -0500] "GET /wp-includes/css/dist/block-library/style.min.css?ver=7.1 HTTP/1.1" 200 140761 "https://mecacontrolsa.com/telegram/" "Mozilla/5.0 (Macintosh; Intel Mac OS X 10_15_7) AppleWebKit/605.1.15 (KHTML, like Gecko) Version/17.4 Safari/605.1.15 (Applebot/0.1; +http://www.apple.com/go/applebot)"
190.57.41.67 - - [01/Sep/2026:18:31:33 -0500] "GET /wp-content/plugins/woocommerce/assets/js/js-cookie/js.cookie.min.js?ver=2.1.4-wc.10.9.3 HTTP/1.1" 200 1720 "https://mecacontrolsa.com/" "Mozilla/5.0 (Linux; Android 10; K) AppleWebKit/537.36 (KHTML, like Gecko) Chrome/151.0.0.0 Mobile Safari/537.36"
190.57.41.67 - - [01/Sep/2026:18:31:33 -0500] "GET /wp-content/plugins/woocommerce/assets/js/frontend/woocommerce.min.js?ver=10.9.3 HTTP/1.1" 200 4270 "https://mecacontrolsa.com/" "Mozilla/5.0 (Linux; Android 10; K) AppleWebKit/537.36 (KHTML, like Gecko) Chrome/151.0.0.0 Mobile Safari/537.36"
185.177.72.30 - - [01/Sep/2026:18:31:32 -0500] "GET /root/%2egitconfig HTTP/1.1" 404 142167 "-" "curl/8.7.1"
190.57.41.67 - - [01/Sep/2026:18:31:33 -0500] "GET /wp-content/uploads/2022/02/WENGLOR.png HTTP/1.1" 200 10840 "https://mecacontrolsa.com/" "Mozilla/5.0 (Linux; Android 10; K) AppleWebKit/537.36 (KHTML, like Gecko) Chrome/151.0.0.0 Mobile Safari/537.36"
190.57.41.67 - - [01/Sep/2026:18:31:33 -0500] "GET /wp-content/uploads/2022/01/Diseno-sin-titulo-32.png HTTP/1.1" 200 10466 "https://mecacontrolsa.com/" "Mozilla/5.0 (Linux; Android 10; K) AppleWebKit/537.36 (KHTML, like Gecko) Chrome/151.0.0.0 Mobile Safari/537.36"
190.57.41.67 - - [01/Sep/2026:18:31:33 -0500] "GET /wp-content/uploads/2022/01/Diseno-sin-titulo-14.png HTTP/1.1" 200 11040 "https://mecacontrolsa.com/" "Mozilla/5.0 (Linux; Android 10; K) AppleWebKit/537.36 (KHTML, like Gecko) Chrome/151.0.0.0 Mobile Safari/537.36"
190.57.41.67 - - [01/Sep/2026:18:31:33 -0500] "GET /wp-content/uploads/2022/01/Diseno-sin-titulo-31.png HTTP/1.1" 200 13795 "https://mecacontrolsa.com/" "Mozilla/5.0 (Linux; Android 10; K) AppleWebKit/537.36 (KHTML, like Gecko) Chrome/151.0.0.0 Mobile Safari/537.36"
17.166.24.76 - - [01/Sep/2026:18:31:33 -0500] "GET /wp-content/plugins/woocommerce/assets/js/frontend/woocommerce.min.js?ver=10.9.3 HTTP/1.1" 200 4270 "https://mecacontrolsa.com/apps/slottobet" "Mozilla/5.0 (Macintosh; Intel Mac OS X 10_15_7) AppleWebKit/605.1.15 (KHTML, like Gecko) Version/17.4 Safari/605.1.15 (Applebot/0.1; +http://www.apple.com/go/applebot)"
185.177.72.30 - - [01/Sep/2026:18:31:33 -0500] "GET /phpinfo%2ephp HTTP/1.1" 404 142167 "-" "curl/8.7.1"
190.57.41.67 - - [01/Sep/2026:18:31:33 -0500] "GET /wp-content/uploads/2022/01/Diseno-sin-titulo-30.png HTTP/1.1" 200 10233 "https://mecacontrolsa.com/" "Mozilla/5.0 (Linux; Android 10; K) AppleWebKit/537.36 (KHTML, like Gecko) Chrome/151.0.0.0 Mobile Safari/537.36"
190.57.41.67 - - [01/Sep/2026:18:31:33 -0500] "GET /wp-content/uploads/2022/03/WIKA.png HTTP/1.1" 200 16406 "https://mecacontrolsa.com/" "Mozilla/5.0 (Linux; Android 10; K) AppleWebKit/537.36 (KHTML, like Gecko) Chrome/151.0.0.0 Mobile Safari/537.36"
185.177.72.30 - - [01/Sep/2026:18:31:33 -0500] "GET /config/secrets%2eyml HTTP/1.1" 404 142167 "-" "curl/8.7.1"
185.177.72.30 - - [01/Sep/2026:18:31:34 -0500] "GET /wp-config%2ephp HTTP/1.1" 200 - "-" "curl/8.7.1"
190.57.41.67 - - [01/Sep/2026:18:31:34 -0500] "GET /wp-content/uploads/2022/01/Diseno-sin-titulo-29.png HTTP/1.1" 200 14883 "https://mecacontrolsa.com/" "Mozilla/5.0 (Linux; Android 10; K) AppleWebKit/537.36 (KHTML, like Gecko) Chrome/151.0.0.0 Mobile Safari/537.36"
190.57.41.67 - - [01/Sep/2026:18:31:34 -0500] "GET /wp-content/uploads/2022/01/Diseno-sin-titulo-19.png HTTP/1.1" 200 10666 "https://mecacontrolsa.com/" "Mozilla/5.0 (Linux; Android 10; K) AppleWebKit/537.36 (KHTML, like Gecko) Chrome/151.0.0.0 Mobile Safari/537.36"
17.166.236.84 - - [01/Sep/2026:18:31:34 -0500] "GET /wp-content/plugins/elementor/assets/css/frontend.min.css?ver=4.1.4 HTTP/1.1" 200 54666 "https://mecacontrolsa.com/telegram/" "Mozilla/5.0 (Macintosh; Intel Mac OS X 10_15_7) AppleWebKit/605.1.15 (KHTML, like Gecko) Version/17.4 Safari/605.1.15 (Applebot/0.1; +http://www.apple.com/go/applebot)"
190.57.41.67 - - [01/Sep/2026:18:31:34 -0500] "GET /wp-content/uploads/2022/01/Diseno-sin-titulo-28.png HTTP/1.1" 200 10536 "https://mecacontrolsa.com/" "Mozilla/5.0 (Linux; Android 10; K) AppleWebKit/537.36 (KHTML, like Gecko) Chrome/151.0.0.0 Mobile Safari/537.36"
190.57.41.67 - - [01/Sep/2026:18:31:34 -0500] "GET /wp-content/uploads/2022/01/Diseno-sin-titulo-27.png HTTP/1.1" 200 12003 "https://mecacontrolsa.com/" "Mozilla/5.0 (Linux; Android 10; K) AppleWebKit/537.36 (KHTML, like Gecko) Chrome/151.0.0.0 Mobile Safari/537.36"
185.177.72.30 - - [01/Sep/2026:18:31:34 -0500] "GET /stripe/webhook_secret%2eenv HTTP/1.1" 404 142167 "-" "curl/8.7.1"
190.57.41.67 - - [01/Sep/2026:18:31:34 -0500] "GET /wp-content/uploads/2022/01/Diseno-sin-titulo-26.png HTTP/1.1" 200 10877 "https://mecacontrolsa.com/" "Mozilla/5.0 (Linux; Android 10; K) AppleWebKit/537.36 (KHTML, like Gecko) Chrome/151.0.0.0 Mobile Safari/537.36"
17.166.21.5 - - [01/Sep/2026:18:31:34 -0500] "GET /wp-content/plugins/woocommerce/assets/client/blocks/wc-blocks.css?ver=wc-10.9.3 HTTP/1.1" 200 14006 "https://mecacontrolsa.com/apps/slottobet" "Mozilla/5.0 (Macintosh; Intel Mac OS X 10_15_7) AppleWebKit/605.1.15 (KHTML, like Gecko) Version/17.4 Safari/605.1.15 (Applebot/0.1; +http://www.apple.com/go/applebot)"
190.57.41.67 - - [01/Sep/2026:18:31:34 -0500] "GET /wp-content/uploads/2022/01/Diseno-sin-titulo-25.png HTTP/1.1" 200 11909 "https://mecacontrolsa.com/" "Mozilla/5.0 (Linux; Android 10; K) AppleWebKit/537.36 (KHTML, like Gecko) Chrome/151.0.0.0 Mobile Safari/537.36"
190.57.41.67 - - [01/Sep/2026:18:31:34 -0500] "GET /wp-content/uploads/2022/01/Diseno-sin-titulo-24.png HTTP/1.1" 200 12199 "https://mecacontrolsa.com/" "Mozilla/5.0 (Linux; Android 10; K) AppleWebKit/537.36 (KHTML, like Gecko) Chrome/151.0.0.0 Mobile Safari/537.36"
185.177.72.30 - - [01/Sep/2026:18:31:34 -0500] "GET /stripe-credentials%2ejson HTTP/1.1" 404 142167 "-" "curl/8.7.1"
190.57.41.67 - - [01/Sep/2026:18:31:35 -0500] "GET /wp-content/uploads/2022/03/WENGLOR.png HTTP/1.1" 200 12357 "https://mecacontrolsa.com/" "Mozilla/5.0 (Linux; Android 10; K) AppleWebKit/537.36 (KHTML, like Gecko) Chrome/151.0.0.0 Mobile Safari/537.36"
190.57.41.67 - - [01/Sep/2026:18:31:35 -0500] "GET /wp-content/uploads/2022/01/Diseno-sin-titulo-23.png HTTP/1.1" 200 15947 "https://mecacontrolsa.com/" "Mozilla/5.0 (Linux; Android 10; K) AppleWebKit/537.36 (KHTML, like Gecko) Chrome/151.0.0.0 Mobile Safari/537.36"
190.57.41.67 - - [01/Sep/2026:18:31:35 -0500] "GET /wp-content/uploads/2022/01/Diseno-sin-titulo-22.png HTTP/1.1" 200 13279 "https://mecacontrolsa.com/" "Mozilla/5.0 (Linux; Android 10; K) AppleWebKit/537.36 (KHTML, like Gecko) Chrome/151.0.0.0 Mobile Safari/537.36"
190.57.41.67 - - [01/Sep/2026:18:31:35 -0500] "GET /wp-content/uploads/2022/01/Diseno-sin-titulo-20.png HTTP/1.1" 200 8917 "https://mecacontrolsa.com/" "Mozilla/5.0 (Linux; Android 10; K) AppleWebKit/537.36 (KHTML, like Gecko) Chrome/151.0.0.0 Mobile Safari/537.36"
190.57.41.67 - - [01/Sep/2026:18:31:35 -0500] "GET /wp-content/uploads/2022/01/Diseno-sin-titulo-21.png HTTP/1.1" 200 15930 "https://mecacontrolsa.com/" "Mozilla/5.0 (Linux; Android 10; K) AppleWebKit/537.36 (KHTML, like Gecko) Chrome/151.0.0.0 Mobile Safari/537.36"
190.57.41.67 - - [01/Sep/2026:18:31:35 -0500] "GET /wp-content/uploads/2022/01/Diseno-sin-titulo-18.png HTTP/1.1" 200 11573 "https://mecacontrolsa.com/" "Mozilla/5.0 (Linux; Android 10; K) AppleWebKit/537.36 (KHTML, like Gecko) Chrome/151.0.0.0 Mobile Safari/537.36"
190.57.41.67 - - [01/Sep/2026:18:31:35 -0500] "GET /wp-content/uploads/2022/01/Diseno-sin-titulo-17.png HTTP/1.1" 200 19692 "https://mecacontrolsa.com/" "Mozilla/5.0 (Linux; Android 10; K) AppleWebKit/537.36 (KHTML, like Gecko) Chrome/151.0.0.0 Mobile Safari/537.36"
185.177.72.30 - - [01/Sep/2026:18:31:35 -0500] "GET /etc/mail/sendmail%2ecf HTTP/1.1" 404 142167 "-" "curl/8.7.1"
185.177.72.30 - - [01/Sep/2026:18:31:35 -0500] "GET /etc/ssmtp/ssmtp%2econf HTTP/1.1" 403 199 "-" "curl/8.7.1"
185.177.72.30 - - [01/Sep/2026:18:31:35 -0500] "GET /etc/exim4/exim4%2econf HTTP/1.1" 403 199 "-" "curl/8.7.1"
185.177.72.30 - - [01/Sep/2026:18:31:35 -0500] "GET /etc/exim4/update-exim4%2econf%2econf HTTP/1.1" 403 199 "-" "curl/8.7.1"
190.57.41.67 - - [01/Sep/2026:18:31:35 -0500] "GET /wp-content/uploads/2022/01/Diseno-sin-titulo-16.png HTTP/1.1" 200 14163 "https://mecacontrolsa.com/" "Mozilla/5.0 (Linux; Android 10; K) AppleWebKit/537.36 (KHTML, like Gecko) Chrome/151.0.0.0 Mobile Safari/537.36"
17.166.24.76 - - [01/Sep/2026:18:31:35 -0500] "GET /wp-content/themes/astra/assets/js/minified/style.min.js?ver=4.8.3 HTTP/1.1" 200 12379 "https://mecacontrolsa.com/apps/slottobet" "Mozilla/5.0 (Macintosh; Intel Mac OS X 10_15_7) AppleWebKit/605.1.15 (KHTML, like Gecko) Version/17.4 Safari/605.1.15 (Applebot/0.1; +http://www.apple.com/go/applebot)"
190.57.41.67 - - [01/Sep/2026:18:31:35 -0500] "GET /wp-content/uploads/2022/01/Diseno-sin-titulo-15.png HTTP/1.1" 200 13357 "https://mecacontrolsa.com/" "Mozilla/5.0 (Linux; Android 10; K) AppleWebKit/537.36 (KHTML, like Gecko) Chrome/151.0.0.0 Mobile Safari/537.36"
190.57.41.67 - - [01/Sep/2026:18:31:35 -0500] "GET /wp-content/uploads/2022/01/Diseno-sin-titulo-14-1.png HTTP/1.1" 200 11040 "https://mecacontrolsa.com/" "Mozilla/5.0 (Linux; Android 10; K) AppleWebKit/537.36 (KHTML, like Gecko) Chrome/151.0.0.0 Mobile Safari/537.36"
185.177.72.30 - - [01/Sep/2026:18:31:35 -0500] "GET /etc/postfix/main%2ecf HTTP/1.1" 404 142167 "-" "curl/8.7.1"
17.166.236.84 - - [01/Sep/2026:18:31:36 -0500] "GET /wp-content/themes/astra/assets/css/minified/compatibility/woocommerce/woocommerce-layout.min.css?ver=4.8.3 HTTP/1.1" 200 18081 "https://mecacontrolsa.com/telegram/" "Mozilla/5.0 (Macintosh; Intel Mac OS X 10_15_7) AppleWebKit/605.1.15 (KHTML, like Gecko) Version/17.4 Safari/605.1.15 (Applebot/0.1; +http://www.apple.com/go/applebot)"
185.177.72.30 - - [01/Sep/2026:18:31:36 -0500] "GET /root/%2enetrc HTTP/1.1" 404 142167 "-" "curl/8.7.1"
185.177.72.30 - - [01/Sep/2026:18:31:36 -0500] "GET /actuator/heapdump HTTP/1.1" 404 142167 "-" "curl/8.7.1"
17.166.21.5 - - [01/Sep/2026:18:31:36 -0500] "GET /wp-content/plugins/elementor/assets/js/webpack.runtime.min.js?ver=4.1.4 HTTP/1.1" 200 5819 "https://mecacontrolsa.com/apps/slottobet" "Mozilla/5.0 (Macintosh; Intel Mac OS X 10_15_7) AppleWebKit/605.1.15 (KHTML, like Gecko) Version/17.4 Safari/605.1.15 (Applebot/0.1; +http://www.apple.com/go/applebot)"
185.177.72.30 - - [01/Sep/2026:18:31:37 -0500] "GET /aws/s3/credentials HTTP/1.1" 404 142167 "-" "curl/8.7.1"
185.177.72.30 - - [01/Sep/2026:18:31:37 -0500] "GET /server-status HTTP/1.1" 403 199 "-" "curl/8.7.1"
17.166.236.84 - - [01/Sep/2026:18:31:37 -0500] "GET /wp-content/themes/astra/assets/css/minified/compatibility/woocommerce/woocommerce.min.css?ver=4.8.3 HTTP/1.1" 200 118226 "https://mecacontrolsa.com/telegram/" "Mozilla/5.0 (Macintosh; Intel Mac OS X 10_15_7) AppleWebKit/605.1.15 (KHTML, like Gecko) Version/17.4 Safari/605.1.15 (Applebot/0.1; +http://www.apple.com/go/applebot)"
185.177.72.30 - - [01/Sep/2026:18:31:37 -0500] "GET /server-info HTTP/1.1" 404 142167 "-" "curl/8.7.1"
17.166.24.76 - - [01/Sep/2026:18:31:38 -0500] "GET /wp-content/plugins/elementor/assets/js/frontend-modules.min.js?ver=4.1.4 HTTP/1.1" 200 50602 "https://mecacontrolsa.com/apps/slottobet" "Mozilla/5.0 (Macintosh; Intel Mac OS X 10_15_7) AppleWebKit/605.1.15 (KHTML, like Gecko) Version/17.4 Safari/605.1.15 (Applebot/0.1; +http://www.apple.com/go/applebot)"
185.177.72.30 - - [01/Sep/2026:18:31:37 -0500] "GET /s3/credentials HTTP/1.1" 404 142167 "-" "curl/8.7.1"
185.177.72.30 - - [01/Sep/2026:18:31:38 -0500] "GET /api/v1/secrets HTTP/1.1" 404 142167 "-" "curl/8.7.1"
17.166.21.5 - - [01/Sep/2026:18:31:39 -0500] "GET /wp-includes/js/jquery/ui/core.min.js?ver=1.14.2 HTTP/1.1" 200 18674 "https://mecacontrolsa.com/apps/slottobet" "Mozilla/5.0 (Macintosh; Intel Mac OS X 10_15_7) AppleWebKit/605.1.15 (KHTML, like Gecko) Version/17.4 Safari/605.1.15 (Applebot/0.1; +http://www.apple.com/go/applebot)"
185.177.72.30 - - [01/Sep/2026:18:31:38 -0500] "GET /_profiler/phpinfo HTTP/1.1" 404 142167 "-" "curl/8.7.1"
17.166.236.84 - - [01/Sep/2026:18:31:39 -0500] "GET /wp-content/plugins/elementor-pro/assets/css/widget-search-form.min.css?ver=3.35.0 HTTP/1.1" 200 4805 "https://mecacontrolsa.com/telegram/" "Mozilla/5.0 (Macintosh; Intel Mac OS X 10_15_7) AppleWebKit/605.1.15 (KHTML, like Gecko) Version/17.4 Safari/605.1.15 (Applebot/0.1; +http://www.apple.com/go/applebot)"
185.177.72.30 - - [01/Sep/2026:18:31:39 -0500] "GET /etc/apache2/apache2%2econf HTTP/1.1" 403 199 "-" "curl/8.7.1"
185.177.72.30 - - [01/Sep/2026:18:31:39 -0500] "GET /api/v1/credentials HTTP/1.1" 404 142167 "-" "curl/8.7.1"
185.177.72.30 - - [01/Sep/2026:18:31:39 -0500] "GET /rest/credentials-for-node HTTP/1.1" 404 142167 "-" "curl/8.7.1"
17.166.24.76 - - [01/Sep/2026:18:31:40 -0500] "GET /wp-content/plugins/elementor/assets/js/frontend.min.js?ver=4.1.4 HTTP/1.1" 200 32098 "https://mecacontrolsa.com/apps/slottobet" "Mozilla/5.0 (Macintosh; Intel Mac OS X 10_15_7) AppleWebKit/605.1.15 (KHTML, like Gecko) Version/17.4 Safari/605.1.15 (Applebot/0.1; +http://www.apple.com/go/applebot)"
185.177.72.30 - - [01/Sep/2026:18:31:40 -0500] "GET /api/credentials HTTP/1.1" 404 142167 "-" "curl/8.7.1"
17.166.236.84 - - [01/Sep/2026:18:31:40 -0500] "GET /wp-content/plugins/elementor/assets/lib/font-awesome/css/fontawesome.min.css?ver=5.15.3 HTTP/1.1" 200 58071 "https://mecacontrolsa.com/telegram/" "Mozilla/5.0 (Macintosh; Intel Mac OS X 10_15_7) AppleWebKit/605.1.15 (KHTML, like Gecko) Version/17.4 Safari/605.1.15 (Applebot/0.1; +http://www.apple.com/go/applebot)"
185.177.72.30 - - [01/Sep/2026:18:31:40 -0500] "GET /static/js/main.chunk.js.map HTTP/1.1" 404 142167 "-" "curl/8.7.1"
185.177.72.30 - - [01/Sep/2026:18:31:41 -0500] "GET /static/js/bundle.js.map HTTP/1.1" 404 142167 "-" "curl/8.7.1"
17.166.21.5 - - [01/Sep/2026:18:31:41 -0500] "GET /wp-content/plugins/elementor-pro/assets/lib/smartmenus/jquery.smartmenus.min.js?ver=1.2.1 HTTP/1.1" 200 24109 "https://mecacontrolsa.com/apps/slottobet" "Mozilla/5.0 (Macintosh; Intel Mac OS X 10_15_7) AppleWebKit/605.1.15 (KHTML, like Gecko) Version/17.4 Safari/605.1.15 (Applebot/0.1; +http://www.apple.com/go/applebot)"
185.177.72.30 - - [01/Sep/2026:18:31:41 -0500] "GET /static../var/www/html/.env HTTP/1.1" 403 199 "-" "curl/8.7.1"
185.177.72.30 - - [01/Sep/2026:18:31:41 -0500] "GET /app.js.map HTTP/1.1" 404 142167 "-" "curl/8.7.1"
185.177.72.30 - - [01/Sep/2026:18:31:42 -0500] "GET /etc/boto%2ecfg HTTP/1.1" 403 199 "-" "curl/8.7.1"
185.177.72.30 - - [01/Sep/2026:18:31:42 -0500] "GET /api/v1/namespaces/default/secrets HTTP/1.1" 404 142167 "-" "curl/8.7.1"
17.166.236.84 - - [01/Sep/2026:18:31:42 -0500] "GET /wp-content/plugins/elementor/assets/lib/font-awesome/css/solid.min.css?ver=5.15.3 HTTP/1.1" 200 669 "https://mecacontrolsa.com/telegram/" "Mozilla/5.0 (Macintosh; Intel Mac OS X 10_15_7) AppleWebKit/605.1.15 (KHTML, like Gecko) Version/17.4 Safari/605.1.15 (Applebot/0.1; +http://www.apple.com/go/applebot)"
17.166.24.76 - - [01/Sep/2026:18:31:42 -0500] "GET /wp-content/plugins/elementor-pro/assets/lib/sticky/jquery.sticky.min.js?ver=3.35.0 HTTP/1.1" 200 3721 "https://mecacontrolsa.com/apps/slottobet" "Mozilla/5.0 (Macintosh; Intel Mac OS X 10_15_7) AppleWebKit/605.1.15 (KHTML, like Gecko) Version/17.4 Safari/605.1.15 (Applebot/0.1; +http://www.apple.com/go/applebot)"
185.177.72.30 - - [01/Sep/2026:18:31:42 -0500] "GET /:2375/containers/json HTTP/1.1" 404 142167 "-" "curl/8.7.1"
185.177.72.30 - - [01/Sep/2026:18:31:42 -0500] "GET /v1.24/secrets HTTP/1.1" 404 142167 "-" "curl/8.7.1"
185.177.72.30 - - [01/Sep/2026:18:31:43 -0500] "GET /index_dev.php/_profiler/open?file=app/.env HTTP/1.1" 403 199 "-" "curl/8.7.1"
185.177.72.30 - - [01/Sep/2026:18:31:43 -0500] "GET /index_dev.php/_profiler/open?file=app/config/parameters.yml HTTP/1.1" 403 199 "-" "curl/8.7.1"
185.177.72.30 - - [01/Sep/2026:18:31:43 -0500] "GET /?file=../../../../var/www/html/.env HTTP/1.1" 403 199 "-" "curl/8.7.1"
17.166.21.5 - - [01/Sep/2026:18:31:43 -0500] "GET /wp-content/plugins/woocommerce/assets/js/sourcebuster/sourcebuster.min.js?ver=10.9.3 HTTP/1.1" 200 15315 "https://mecacontrolsa.com/apps/slottobet" "Mozilla/5.0 (Macintosh; Intel Mac OS X 10_15_7) AppleWebKit/605.1.15 (KHTML, like Gecko) Version/17.4 Safari/605.1.15 (Applebot/0.1; +http://www.apple.com/go/applebot)"
17.166.236.84 - - [01/Sep/2026:18:31:44 -0500] "GET /wp-content/plugins/elementor/assets/css/widget-image.min.css?ver=4.1.4 HTTP/1.1" 200 214 "https://mecacontrolsa.com/telegram/" "Mozilla/5.0 (Macintosh; Intel Mac OS X 10_15_7) AppleWebKit/605.1.15 (KHTML, like Gecko) Version/17.4 Safari/605.1.15 (Applebot/0.1; +http://www.apple.com/go/applebot)"
185.177.72.30 - - [01/Sep/2026:18:31:43 -0500] "GET /etc/gitlab/gitlab%2erb HTTP/1.1" 404 142167 "-" "curl/8.7.1"
185.177.72.30 - - [01/Sep/2026:18:31:44 -0500] "GET /proc/index%2ecgi HTTP/1.1" 404 142167 "-" "curl/8.7.1"
185.177.72.30 - - [01/Sep/2026:18:31:44 -0500] "GET /..%5c..%5c..%5c..%5c..%5c..%5cvar/log/apache2/access.log HTTP/1.1" 403 199 "-" "curl/8.7.1"
17.166.24.76 - - [01/Sep/2026:18:31:44 -0500] "GET /wp-content/plugins/woocommerce/assets/js/frontend/order-attribution.min.js?ver=10.9.3 HTTP/1.1" 200 2439 "https://mecacontrolsa.com/apps/slottobet" "Mozilla/5.0 (Macintosh; Intel Mac OS X 10_15_7) AppleWebKit/605.1.15 (KHTML, like Gecko) Version/17.4 Safari/605.1.15 (Applebot/0.1; +http://www.apple.com/go/applebot)"
185.177.72.30 - - [01/Sep/2026:18:31:44 -0500] "GET /~/.netrc HTTP/1.1" 404 142167 "-" "curl/8.7.1"
185.177.72.30 - - [01/Sep/2026:18:31:45 -0500] "GET /php-cgi/php-cgi.exe?%ADd+auto_prepend_file%3DC:\\\\xampp\\\\htdocs\\\\.env HTTP/1.1" 404 142167 "-" "curl/8.7.1"
17.166.236.84 - - [01/Sep/2026:18:31:45 -0500] "GET /wp-content/plugins/elementor-pro/assets/css/widget-nav-menu.min.css?ver=3.35.0 HTTP/1.1" 200 27364 "https://mecacontrolsa.com/telegram/" "Mozilla/5.0 (Macintosh; Intel Mac OS X 10_15_7) AppleWebKit/605.1.15 (KHTML, like Gecko) Version/17.4 Safari/605.1.15 (Applebot/0.1; +http://www.apple.com/go/applebot)"
190.57.41.67 - - [01/Sep/2026:18:31:45 -0500] "GET /wp-content/uploads/2022/01/Diseno-sin-titulo-13.png HTTP/1.1" 200 8596 "https://mecacontrolsa.com/" "Mozilla/5.0 (Linux; Android 10; K) AppleWebKit/537.36 (KHTML, like Gecko) Chrome/151.0.0.0 Mobile Safari/537.36"
190.57.41.67 - - [01/Sep/2026:18:31:45 -0500] "GET /wp-content/uploads/2022/01/Diseno-sin-titulo-12.png HTTP/1.1" 200 16980 "https://mecacontrolsa.com/" "Mozilla/5.0 (Linux; Android 10; K) AppleWebKit/537.36 (KHTML, like Gecko) Chrome/151.0.0.0 Mobile Safari/537.36"
185.177.72.30 - - [01/Sep/2026:18:31:45 -0500] "GET /xampp/php-cgi.exe?%ADd+auto_prepend_file%3DC:\\\\xampp\\\\htdocs\\\\.env HTTP/1.1" 404 142167 "-" "curl/8.7.1"
17.166.21.5 - - [01/Sep/2026:18:31:45 -0500] "GET /wp-content/plugins/elementor-pro/assets/js/webpack-pro.runtime.min.js?ver=3.35.0 HTTP/1.1" 200 6248 "https://mecacontrolsa.com/apps/slottobet" "Mozilla/5.0 (Macintosh; Intel Mac OS X 10_15_7) AppleWebKit/605.1.15 (KHTML, like Gecko) Version/17.4 Safari/605.1.15 (Applebot/0.1; +http://www.apple.com/go/applebot)"
190.57.41.67 - - [01/Sep/2026:18:31:46 -0500] "GET /wp-content/uploads/2022/01/Diseno-sin-titulo-33.png HTTP/1.1" 200 6859 "https://mecacontrolsa.com/" "Mozilla/5.0 (Linux; Android 10; K) AppleWebKit/537.36 (KHTML, like Gecko) Chrome/151.0.0.0 Mobile Safari/537.36"
190.57.41.67 - - [01/Sep/2026:18:31:46 -0500] "GET /wp-content/uploads/2022/01/Diseno-sin-titulo-38.png HTTP/1.1" 200 11341 "https://mecacontrolsa.com/" "Mozilla/5.0 (Linux; Android 10; K) AppleWebKit/537.36 (KHTML, like Gecko) Chrome/151.0.0.0 Mobile Safari/537.36"
185.177.72.30 - - [01/Sep/2026:18:31:45 -0500] "GET /~/.boto HTTP/1.1" 404 142167 "-" "curl/8.7.1"
190.57.41.67 - - [01/Sep/2026:18:31:46 -0500] "GET /wp-content/uploads/2022/01/Diseno-sin-titulo-37.png HTTP/1.1" 200 12859 "https://mecacontrolsa.com/" "Mozilla/5.0 (Linux; Android 10; K) AppleWebKit/537.36 (KHTML, like Gecko) Chrome/151.0.0.0 Mobile Safari/537.36"
190.57.41.67 - - [01/Sep/2026:18:31:46 -0500] "GET /wp-content/uploads/2022/01/Diseno-sin-titulo-36.png HTTP/1.1" 200 14761 "https://mecacontrolsa.com/" "Mozilla/5.0 (Linux; Android 10; K) AppleWebKit/537.36 (KHTML, like Gecko) Chrome/151.0.0.0 Mobile Safari/537.36"
190.57.41.67 - - [01/Sep/2026:18:31:46 -0500] "GET /wp-content/uploads/2022/01/Diseno-sin-titulo-35.png HTTP/1.1" 200 8129 "https://mecacontrolsa.com/" "Mozilla/5.0 (Linux; Android 10; K) AppleWebKit/537.36 (KHTML, like Gecko) Chrome/151.0.0.0 Mobile Safari/537.36"
185.177.72.30 - - [01/Sep/2026:18:31:46 -0500] "GET /~/.s3cfg HTTP/1.1" 404 142167 "-" "curl/8.7.1"
190.57.41.67 - - [01/Sep/2026:18:31:46 -0500] "GET /wp-content/uploads/2022/01/Diseno-sin-titulo-34.png HTTP/1.1" 200 13131 "https://mecacontrolsa.com/" "Mozilla/5.0 (Linux; Android 10; K) AppleWebKit/537.36 (KHTML, like Gecko) Chrome/151.0.0.0 Mobile Safari/537.36"
190.57.41.67 - - [01/Sep/2026:18:31:46 -0500] "GET /wp-content/uploads/2022/01/Diseno-sin-titulo-42.png HTTP/1.1" 200 13862 "https://mecacontrolsa.com/" "Mozilla/5.0 (Linux; Android 10; K) AppleWebKit/537.36 (KHTML, like Gecko) Chrome/151.0.0.0 Mobile Safari/537.36"
190.57.41.67 - - [01/Sep/2026:18:31:46 -0500] "GET /wp-content/uploads/2022/01/Diseno-sin-titulo-41.png HTTP/1.1" 200 11744 "https://mecacontrolsa.com/" "Mozilla/5.0 (Linux; Android 10; K) AppleWebKit/537.36 (KHTML, like Gecko) Chrome/151.0.0.0 Mobile Safari/537.36"
17.166.24.76 - - [01/Sep/2026:18:31:47 -0500] "GET /wp-includes/js/dist/hooks.min.js?ver=f0f188028580e8dc1255 HTTP/1.1" 200 5107 "https://mecacontrolsa.com/apps/slottobet" "Mozilla/5.0 (Macintosh; Intel Mac OS X 10_15_7) AppleWebKit/605.1.15 (KHTML, like Gecko) Version/17.4 Safari/605.1.15 (Applebot/0.1; +http://www.apple.com/go/applebot)"
190.57.41.67 - - [01/Sep/2026:18:31:47 -0500] "GET /wp-content/uploads/2022/01/Diseno-sin-titulo-40.png HTTP/1.1" 200 13532 "https://mecacontrolsa.com/" "Mozilla/5.0 (Linux; Android 10; K) AppleWebKit/537.36 (KHTML, like Gecko) Chrome/151.0.0.0 Mobile Safari/537.36"
190.57.41.67 - - [01/Sep/2026:18:31:47 -0500] "GET /wp-content/uploads/2022/01/Diseno-sin-titulo-39.png HTTP/1.1" 200 14927 "https://mecacontrolsa.com/" "Mozilla/5.0 (Linux; Android 10; K) AppleWebKit/537.36 (KHTML, like Gecko) Chrome/151.0.0.0 Mobile Safari/537.36"
190.57.41.67 - - [01/Sep/2026:18:31:47 -0500] "GET /wp-content/uploads/2022/01/Diseno-sin-titulo-57.png HTTP/1.1" 200 12543 "https://mecacontrolsa.com/" "Mozilla/5.0 (Linux; Android 10; K) AppleWebKit/537.36 (KHTML, like Gecko) Chrome/151.0.0.0 Mobile Safari/537.36"
190.57.41.67 - - [01/Sep/2026:18:31:47 -0500] "GET /wp-content/uploads/2022/01/Diseno-sin-titulo-56.png HTTP/1.1" 200 9506 "https://mecacontrolsa.com/" "Mozilla/5.0 (Linux; Android 10; K) AppleWebKit/537.36 (KHTML, like Gecko) Chrome/151.0.0.0 Mobile Safari/537.36"
17.166.236.84 - - [01/Sep/2026:18:31:47 -0500] "GET /wp-content/plugins/elementor-pro/assets/css/modules/sticky.min.css?ver=3.35.0 HTTP/1.1" 200 162 "https://mecacontrolsa.com/telegram/" "Mozilla/5.0 (Macintosh; Intel Mac OS X 10_15_7) AppleWebKit/605.1.15 (KHTML, like Gecko) Version/17.4 Safari/605.1.15 (Applebot/0.1; +http://www.apple.com/go/applebot)"
185.177.72.30 - - [01/Sep/2026:18:31:46 -0500] "GET /jsp/help-hierarchyTree%2ejsp?helpFilePath=../%2e./%2e./opt/sas/sw/conf/app%2eproperties HTTP/1.1" 404 142167 "-" "curl/8.7.1"
190.57.41.67 - - [01/Sep/2026:18:31:47 -0500] "GET /wp-content/uploads/2022/01/Diseno-sin-titulo-55.png HTTP/1.1" 200 12785 "https://mecacontrolsa.com/" "Mozilla/5.0 (Linux; Android 10; K) AppleWebKit/537.36 (KHTML, like Gecko) Chrome/151.0.0.0 Mobile Safari/537.36"
190.57.41.67 - - [01/Sep/2026:18:31:47 -0500] "GET /wp-content/uploads/2022/01/Diseno-sin-titulo-54.png HTTP/1.1" 200 14951 "https://mecacontrolsa.com/" "Mozilla/5.0 (Linux; Android 10; K) AppleWebKit/537.36 (KHTML, like Gecko) Chrome/151.0.0.0 Mobile Safari/537.36"
190.57.41.67 - - [01/Sep/2026:18:31:47 -0500] "GET /wp-content/uploads/2022/01/Diseno-sin-titulo-53.png HTTP/1.1" 200 14991 "https://mecacontrolsa.com/" "Mozilla/5.0 (Linux; Android 10; K) AppleWebKit/537.36 (KHTML, like Gecko) Chrome/151.0.0.0 Mobile Safari/537.36"
190.57.41.67 - - [01/Sep/2026:18:31:47 -0500] "GET /wp-content/uploads/2022/01/Diseno-sin-titulo-52.png HTTP/1.1" 200 10874 "https://mecacontrolsa.com/" "Mozilla/5.0 (Linux; Android 10; K) AppleWebKit/537.36 (KHTML, like Gecko) Chrome/151.0.0.0 Mobile Safari/537.36"
190.57.41.67 - - [01/Sep/2026:18:31:47 -0500] "GET /wp-content/uploads/2022/01/Diseno-sin-titulo-49.png HTTP/1.1" 200 15201 "https://mecacontrolsa.com/" "Mozilla/5.0 (Linux; Android 10; K) AppleWebKit/537.36 (KHTML, like Gecko) Chrome/151.0.0.0 Mobile Safari/537.36"
185.177.72.30 - - [01/Sep/2026:18:31:47 -0500] "GET /jsp/help-hierarchyTree%2ejsp?helpFilePath=../%2e./%2e./opt/sas/sw/conf/smg%2econf HTTP/1.1" 404 142167 "-" "curl/8.7.1"
190.57.41.67 - - [01/Sep/2026:18:31:47 -0500] "GET /wp-content/uploads/2022/01/Diseno-sin-titulo-47.png HTTP/1.1" 200 10495 "https://mecacontrolsa.com/" "Mozilla/5.0 (Linux; Android 10; K) AppleWebKit/537.36 (KHTML, like Gecko) Chrome/151.0.0.0 Mobile Safari/537.36"
190.57.41.67 - - [01/Sep/2026:18:31:47 -0500] "GET /wp-content/uploads/2022/01/Diseno-sin-titulo-46.png HTTP/1.1" 200 8049 "https://mecacontrolsa.com/" "Mozilla/5.0 (Linux; Android 10; K) AppleWebKit/537.36 (KHTML, like Gecko) Chrome/151.0.0.0 Mobile Safari/537.36"
190.57.41.67 - - [01/Sep/2026:18:31:47 -0500] "GET /wp-content/uploads/2022/01/Diseno-sin-titulo-45.png HTTP/1.1" 200 17470 "https://mecacontrolsa.com/" "Mozilla/5.0 (Linux; Android 10; K) AppleWebKit/537.36 (KHTML, like Gecko) Chrome/151.0.0.0 Mobile Safari/537.36"
190.57.41.67 - - [01/Sep/2026:18:31:48 -0500] "GET /wp-content/uploads/2022/01/Diseno-sin-titulo-44.png HTTP/1.1" 200 11980 "https://mecacontrolsa.com/" "Mozilla/5.0 (Linux; Android 10; K) AppleWebKit/537.36 (KHTML, like Gecko) Chrome/151.0.0.0 Mobile Safari/537.36"
190.57.41.67 - - [01/Sep/2026:18:31:48 -0500] "GET /wp-content/uploads/2022/01/Diseno-sin-titulo-43.png HTTP/1.1" 200 11576 "https://mecacontrolsa.com/" "Mozilla/5.0 (Linux; Android 10; K) AppleWebKit/537.36 (KHTML, like Gecko) Chrome/151.0.0.0 Mobile Safari/537.36"
185.177.72.30 - - [01/Sep/2026:18:31:47 -0500] "GET /cgi-bin/php?-s HTTP/1.1" 404 142167 "-" "curl/8.7.1"
17.166.21.5 - - [01/Sep/2026:18:31:48 -0500] "GET /wp-includes/js/dist/i18n.min.js?ver=1dfe7db3940c23ea9216 HTTP/1.1" 200 5791 "https://mecacontrolsa.com/apps/slottobet" "Mozilla/5.0 (Macintosh; Intel Mac OS X 10_15_7) AppleWebKit/605.1.15 (KHTML, like Gecko) Version/17.4 Safari/605.1.15 (Applebot/0.1; +http://www.apple.com/go/applebot)"
190.57.41.67 - - [01/Sep/2026:18:31:48 -0500] "GET /wp-content/uploads/2022/02/SCHMERSAL.png HTTP/1.1" 200 8829 "https://mecacontrolsa.com/" "Mozilla/5.0 (Linux; Android 10; K) AppleWebKit/537.36 (KHTML, like Gecko) Chrome/151.0.0.0 Mobile Safari/537.36"
190.57.41.67 - - [01/Sep/2026:18:31:48 -0500] "GET /wp-content/uploads/2024/03/BADGER.jpg HTTP/1.1" 200 4954 "https://mecacontrolsa.com/" "Mozilla/5.0 (Linux; Android 10; K) AppleWebKit/537.36 (KHTML, like Gecko) Chrome/151.0.0.0 Mobile Safari/537.36"
190.57.41.67 - - [01/Sep/2026:18:31:48 -0500] "GET /wp-content/uploads/2024/03/REOTEMP.jpg HTTP/1.1" 200 4458 "https://mecacontrolsa.com/" "Mozilla/5.0 (Linux; Android 10; K) AppleWebKit/537.36 (KHTML, like Gecko) Chrome/151.0.0.0 Mobile Safari/537.36"
190.57.41.67 - - [01/Sep/2026:18:31:48 -0500] "GET /wp-content/uploads/2024/03/DWYER.png HTTP/1.1" 200 7253 "https://mecacontrolsa.com/" "Mozilla/5.0 (Linux; Android 10; K) AppleWebKit/537.36 (KHTML, like Gecko) Chrome/151.0.0.0 Mobile Safari/537.36"
185.177.72.30 - - [01/Sep/2026:18:31:48 -0500] "GET /cgi-bin/php5?-s HTTP/1.1" 404 142167 "-" "curl/8.7.1"
190.57.41.67 - - [01/Sep/2026:18:31:48 -0500] "GET /wp-content/uploads/2020/02/mecacontrol-logo-blanco.png HTTP/1.1" 200 8209 "https://mecacontrolsa.com/" "Mozilla/5.0 (Linux; Android 10; K) AppleWebKit/537.36 (KHTML, like Gecko) Chrome/151.0.0.0 Mobile Safari/537.36"
185.177.72.30 - - [01/Sep/2026:18:31:48 -0500] "GET /var/www/.env HTTP/1.1" 403 199 "-" "curl/8.7.1"
190.57.41.67 - - [01/Sep/2026:18:31:48 -0500] "GET /wp-content/plugins/creame-whatsapp-me/public/js/joinchat.min.js?ver=6.2.3 HTTP/1.1" 200 11161 "https://mecacontrolsa.com/" "Mozilla/5.0 (Linux; Android 10; K) AppleWebKit/537.36 (KHTML, like Gecko) Chrome/151.0.0.0 Mobile Safari/537.36"
190.57.41.67 - - [01/Sep/2026:18:31:48 -0500] "GET /wp-content/uploads/2022/03/PNEUFLEX.png HTTP/1.1" 200 13181 "https://mecacontrolsa.com/" "Mozilla/5.0 (Linux; Android 10; K) AppleWebKit/537.36 (KHTML, like Gecko) Chrome/151.0.0.0 Mobile Safari/537.36"
17.166.236.84 - - [01/Sep/2026:18:31:48 -0500] "GET /wp-content/plugins/elementor-pro/assets/css/widget-share-buttons.min.css?ver=3.35.0 HTTP/1.1" 200 32721 "https://mecacontrolsa.com/telegram/" "Mozilla/5.0 (Macintosh; Intel Mac OS X 10_15_7) AppleWebKit/605.1.15 (KHTML, like Gecko) Version/17.4 Safari/605.1.15 (Applebot/0.1; +http://www.apple.com/go/applebot)"
190.57.41.67 - - [01/Sep/2026:18:31:48 -0500] "GET /wp-content/uploads/2022/03/pneumatic.png HTTP/1.1" 200 19508 "https://mecacontrolsa.com/" "Mozilla/5.0 (Linux; Android 10; K) AppleWebKit/537.36 (KHTML, like Gecko) Chrome/151.0.0.0 Mobile Safari/537.36"
190.57.41.67 - - [01/Sep/2026:18:31:48 -0500] "GET /wp-content/uploads/2022/03/Palazzoli-2.png HTTP/1.1" 200 17790 "https://mecacontrolsa.com/" "Mozilla/5.0 (Linux; Android 10; K) AppleWebKit/537.36 (KHTML, like Gecko) Chrome/151.0.0.0 Mobile Safari/537.36"
190.57.41.67 - - [01/Sep/2026:18:31:48 -0500] "GET /wp-content/uploads/2022/03/NITRA.png HTTP/1.1" 200 11662 "https://mecacontrolsa.com/" "Mozilla/5.0 (Linux; Android 10; K) AppleWebKit/537.36 (KHTML, like Gecko) Chrome/151.0.0.0 Mobile Safari/537.36"
190.57.41.67 - - [01/Sep/2026:18:31:49 -0500] "GET /wp-content/uploads/2022/03/SCHMERSAL.png HTTP/1.1" 200 11402 "https://mecacontrolsa.com/" "Mozilla/5.0 (Linux; Android 10; K) AppleWebKit/537.36 (KHTML, like Gecko) Chrome/151.0.0.0 Mobile Safari/537.36"
185.177.72.30 - - [01/Sep/2026:18:31:48 -0500] "GET /tmui/login.jsp/%2e.;/tmui/locallb/workspace/fileRead.jsp?fileName=/config/bigip%2econf HTTP/1.1" 404 142167 "-" "curl/8.7.1"
190.57.41.67 - - [01/Sep/2026:18:31:49 -0500] "GET /wp-content/uploads/2022/03/BIMED.png HTTP/1.1" 200 10845 "https://mecacontrolsa.com/" "Mozilla/5.0 (Linux; Android 10; K) AppleWebKit/537.36 (KHTML, like Gecko) Chrome/151.0.0.0 Mobile Safari/537.36"
190.57.41.67 - - [01/Sep/2026:18:31:49 -0500] "GET /wp-content/plugins/elementor/assets/js/section-frontend-handlers.d85ab872da118940910d.bundle.min.js HTTP/1.1" 200 449 "https://mecacontrolsa.com/" "Mozilla/5.0 (Linux; Android 10; K) AppleWebKit/537.36 (KHTML, like Gecko) Chrome/151.0.0.0 Mobile Safari/537.36"
190.57.41.67 - - [01/Sep/2026:18:31:49 -0500] "GET /wp-content/plugins/elementor/assets/js/shared-frontend-handlers.03caa53373b56d3bab67.bundle.min.js HTTP/1.1" 200 8481 "https://mecacontrolsa.com/" "Mozilla/5.0 (Linux; Android 10; K) AppleWebKit/537.36 (KHTML, like Gecko) Chrome/151.0.0.0 Mobile Safari/537.36"
17.166.24.76 - - [01/Sep/2026:18:31:49 -0500] "GET /wp-content/plugins/elementor-pro/assets/js/frontend.min.js?ver=3.35.0 HTTP/1.1" 200 24047 "https://mecacontrolsa.com/apps/slottobet" "Mozilla/5.0 (Macintosh; Intel Mac OS X 10_15_7) AppleWebKit/605.1.15 (KHTML, like Gecko) Version/17.4 Safari/605.1.15 (Applebot/0.1; +http://www.apple.com/go/applebot)"
190.57.41.67 - - [01/Sep/2026:18:31:49 -0500] "GET /wp-content/plugins/elementor-pro/assets/js/search-form.b7065999d77832a1b764.bundle.min.js HTTP/1.1" 200 2124 "https://mecacontrolsa.com/" "Mozilla/5.0 (Linux; Android 10; K) AppleWebKit/537.36 (KHTML, like Gecko) Chrome/151.0.0.0 Mobile Safari/537.36"
185.177.72.30 - - [01/Sep/2026:18:31:49 -0500] "GET /proc/self/environ HTTP/1.1" 404 142167 "-" "curl/8.7.1"
190.57.41.67 - - [01/Sep/2026:18:31:49 -0500] "GET /wp-content/plugins/elementor-pro/assets/js/nav-menu.8521a0597c50611efdc6.bundle.min.js HTTP/1.1" 200 5240 "https://mecacontrolsa.com/" "Mozilla/5.0 (Linux; Android 10; K) AppleWebKit/537.36 (KHTML, like Gecko) Chrome/151.0.0.0 Mobile Safari/537.36"
190.57.41.67 - - [01/Sep/2026:18:31:49 -0500] "GET /wp-content/plugins/elementor/assets/js/text-editor.45609661e409413f1cef.bundle.min.js HTTP/1.1" 200 1348 "https://mecacontrolsa.com/" "Mozilla/5.0 (Linux; Android 10; K) AppleWebKit/537.36 (KHTML, like Gecko) Chrome/151.0.0.0 Mobile Safari/537.36"
190.57.41.67 - - [01/Sep/2026:18:31:49 -0500] "GET /wp-content/plugins/elementor/assets/js/image-carousel.6167d20b95b33386757b.bundle.min.js HTTP/1.1" 200 408 "https://mecacontrolsa.com/" "Mozilla/5.0 (Linux; Android 10; K) AppleWebKit/537.36 (KHTML, like Gecko) Chrome/151.0.0.0 Mobile Safari/537.36"
190.57.41.67 - - [01/Sep/2026:18:31:49 -0500] "GET /wp-content/plugins/elementor-pro/assets/js/share-buttons.63d984f8c96d1e053bc0.bundle.min.js HTTP/1.1" 200 1577 "https://mecacontrolsa.com/" "Mozilla/5.0 (Linux; Android 10; K) AppleWebKit/537.36 (KHTML, like Gecko) Chrome/151.0.0.0 Mobile Safari/537.36"
190.57.41.67 - - [01/Sep/2026:18:31:49 -0500] "GET /wp-includes/js/wp-emoji-release.min.js?ver=7.1 HTTP/1.1" 200 22752 "https://mecacontrolsa.com/" "Mozilla/5.0 (Linux; Android 10; K) AppleWebKit/537.36 (KHTML, like Gecko) Chrome/151.0.0.0 Mobile Safari/537.36"
185.177.72.30 - - [01/Sep/2026:18:31:49 -0500] "GET /etc/shadow HTTP/1.1" 404 142167 "-" "curl/8.7.1"
190.57.41.67 - - [01/Sep/2026:18:31:49 -0500] "GET /wp-content/plugins/elementor/assets/lib/eicons/fonts/eicons.woff2?5.50.0 HTTP/1.1" 200 106500 "https://mecacontrolsa.com/wp-content/plugins/elementor/assets/lib/eicons/css/elementor-icons.min.css?ver=5.50.0" "Mozilla/5.0 (Linux; Android 10; K) AppleWebKit/537.36 (KHTML, like Gecko) Chrome/151.0.0.0 Mobile Safari/537.36"
190.57.41.67 - - [01/Sep/2026:18:31:50 -0500] "GET /wp-content/plugins/elementor/assets/lib/share-link/share-link.min.js?ver=4.1.4 HTTP/1.1" 200 2752 "https://mecacontrolsa.com/" "Mozilla/5.0 (Linux; Android 10; K) AppleWebKit/537.36 (KHTML, like Gecko) Chrome/151.0.0.0 Mobile Safari/537.36"
