40.77.167.149 - - [01/Sep/2026:09:00:17 -0500] "GET /producto/rml-piloto-luminoso/ HTTP/1.1" 200 166298 "-" "Mozilla/5.0 AppleWebKit/537.36 (KHTML, like Gecko; compatible; bingbot/2.0; +http://www.bing.com/bingbot.htm) Chrome/116.0.1938.76 Safari/537.36"
52.167.144.170 - - [01/Sep/2026:09:00:23 -0500] "GET /producto/separador-de-membrana-conexion-bridada-2/ HTTP/1.1" 200 166461 "-" "Mozilla/5.0 AppleWebKit/537.36 (KHTML, like Gecko; compatible; bingbot/2.0; +http://www.bing.com/bingbot.htm) Chrome/116.0.1938.76 Safari/537.36"
114.119.153.105 - - [01/Sep/2026:09:01:29 -0500] "GET /producto/transmisor-de-nivel-de-cadena-de-reeds/ HTTP/1.1" 200 167071 "https://mecacontrolsa.com/catalogo/page/99/" "Mozilla/5.0 (Linux; Android 7.0;) AppleWebKit/537.36 (HTML, like Gecko) Mobile Safari/537.36 (compatible; PetalBot;+https://webmaster.petalsearch.com/site/petalbot)"
57.128.25.24 - - [01/Sep/2026:09:01:55 -0500] "DELETE / HTTP/1.1" 403 199 "-" "python-requests/2.34.2"
114.119.139.167 - - [01/Sep/2026:09:02:52 -0500] "GET /producto/zd600pcvt3-sensor-de-barrera/ HTTP/1.1" 200 166280 "https://mecacontrolsa.com/etiqueta-producto/automatizacion-y-control/page/97" "Mozilla/5.0 (Linux; Android 7.0;) AppleWebKit/537.36 (HTML, like Gecko) Mobile Safari/537.36 (compatible; PetalBot;+https://webmaster.petalsearch.com/site/petalbot)"
66.249.64.6 - - [01/Sep/2026:09:03:16 -0500] "GET /producto/p1ky005-sensor-de-distancia-laser-de-largo-alcance/ HTTP/1.1" 200 167061 "-" "Mozilla/5.0 (Linux; Android 6.0.1; Nexus 5X Build/MMB29P) AppleWebKit/537.36 (KHTML, like Gecko) Chrome/151.0.7922.173 Mobile Safari/537.36 (compatible; Googlebot/2.1; +http://www.google.com/bot.html)"
43.130.14.245 - - [01/Sep/2026:09:03:17 -0500] "GET / HTTP/1.1" 403 199 "-" "Mozilla/5.0 (iPhone; CPU iPhone OS 13_2_3 like Mac OS X) AppleWebKit/605.1.15 (KHTML, like Gecko) Version/13.0.3 Mobile/15E148 Safari/604.1"
185.191.171.14 - - [01/Sep/2026:09:03:22 -0500] "GET /producto/sensor-de-proximidad-inductivo-prcm18-8ao/ HTTP/1.1" 200 166687 "-" "Mozilla/5.0 (compatible; SemrushBot/7~bl; +http://www.semrush.com/bot.html)"
66.249.78.39 - - [01/Sep/2026:09:03:27 -0500] "GET /wp-content/plugins/elementor/assets/css/widget-icon-list.min.css?ver=4.1.4 HTTP/1.1" 200 10255 "https://mecacontrolsa.com/producto/p1ky005-sensor-de-distancia-laser-de-largo-alcance/" "Mozilla/5.0 (Linux; Android 6.0.1; Nexus 5X Build/MMB29P) AppleWebKit/537.36 (KHTML, like Gecko) Chrome/151.0.7922.173 Mobile Safari/537.36 (compatible; Googlebot/2.1; +http://www.google.com/bot.html)"
85.208.96.196 - - [01/Sep/2026:09:03:52 -0500] "GET /producto/fuente-de-alimentacion-conmutada-24vdc-spb-120-24/ HTTP/1.1" 200 166515 "-" "Mozilla/5.0 (compatible; SemrushBot/7~bl; +http://www.semrush.com/bot.html)"
114.119.153.105 - - [01/Sep/2026:09:04:16 -0500] "GET /producto/tq-900 HTTP/1.1" 301 - "https://mecacontrolsa.com/producto/tq-900" "Mozilla/5.0 (Linux; Android 7.0;) AppleWebKit/537.36 (HTML, like Gecko) Mobile Safari/537.36 (compatible; PetalBot;+https://webmaster.petalsearch.com/site/petalbot)"
114.119.153.105 - - [01/Sep/2026:09:04:17 -0500] "GET /producto/tq-900/ HTTP/1.1" 200 165870 "https://mecacontrolsa.com/producto/tq-900" "Mozilla/5.0 (Linux; Android 7.0;) AppleWebKit/537.36 (HTML, like Gecko) Mobile Safari/537.36 (compatible; PetalBot;+https://webmaster.petalsearch.com/site/petalbot)"
220.181.108.91 - - [01/Sep/2026:09:04:21 -0500] "GET /producto/mlwl125-sensor-de-perfiles-2d-3d/ HTTP/1.1" 200 166699 "-" "Mozilla/5.0 (compatible; Baiduspider/2.0; +http://www.baidu.com/search/spider.html)"
116.179.37.160 - - [01/Sep/2026:09:04:37 -0500] "GET /wp-content/uploads/2022/03/MLWL125-1.jpg HTTP/1.1" 200 29571 "https://mecacontrolsa.com/producto/mlwl125-sensor-de-perfiles-2d-3d/" "Mozilla/5.0 (compatible; Baiduspider-render/2.0; +http://www.baidu.com/search/spider.html)"
52.167.144.21 - - [01/Sep/2026:09:05:24 -0500] "GET /producto/sensor-de-fuerza-en-forma-de-perno-load-pin/ HTTP/1.1" 200 167051 "-" "Mozilla/5.0 AppleWebKit/537.36 (KHTML, like Gecko; compatible; bingbot/2.0; +http://www.bing.com/bingbot.htm) Chrome/116.0.1938.76 Safari/537.36"
40.77.167.149 - - [01/Sep/2026:09:05:29 -0500] "GET /producto/medidor-de-flujo-rate-master-serie-rm/ HTTP/1.1" 200 168712 "-" "Mozilla/5.0 AppleWebKit/537.36 (KHTML, like Gecko; compatible; bingbot/2.0; +http://www.bing.com/bingbot.htm) Chrome/116.0.1938.76 Safari/537.36"
114.119.139.53 - - [01/Sep/2026:09:05:39 -0500] "GET /producto/p1nh206-sensor-reflex-con-supresion-de-fondo HTTP/1.1" 301 - "https://mecacontrolsa.com/producto/p1nh206-sensor-reflex-con-supresion-de-fondo" "Mozilla/5.0 (Linux; Android 7.0;) AppleWebKit/537.36 (HTML, like Gecko) Mobile Safari/537.36 (compatible; PetalBot;+https://webmaster.petalsearch.com/site/petalbot)"
114.119.139.53 - - [01/Sep/2026:09:05:41 -0500] "GET /producto/p1nh206-sensor-reflex-con-supresion-de-fondo/ HTTP/1.1" 200 166993 "https://mecacontrolsa.com/producto/p1nh206-sensor-reflex-con-supresion-de-fondo" "Mozilla/5.0 (Linux; Android 7.0;) AppleWebKit/537.36 (HTML, like Gecko) Mobile Safari/537.36 (compatible; PetalBot;+https://webmaster.petalsearch.com/site/petalbot)"
52.23.112.144 - - [01/Sep/2026:09:05:50 -0500] "GET /producto/ifl-385/ HTTP/1.1" 200 165802 "-" "Mozilla/5.0 AppleWebKit/537.36 (KHTML, like Gecko; compatible; Amazonbot/0.1; +https://developer.amazon.com/support/amazonbot) Chrome/119.0.6045.214 Safari/537.36"
52.6.97.88 - - [01/Sep/2026:09:05:55 -0500] "GET /wp-content/uploads/2022/03/IFL-385-1.jpg HTTP/1.1" 200 1102365 "-" "Mozilla/5.0 AppleWebKit/537.36 (KHTML, like Gecko; compatible; Amazonbot/0.1; +https://developer.amazon.com/support/amazonbot) Chrome/119.0.6045.214 Safari/537.36"
3.230.224.6 - - [01/Sep/2026:09:06:26 -0500] "GET /producto/interruptor-de-posicion-ps315/ HTTP/1.1" 200 166271 "-" "Mozilla/5.0 AppleWebKit/537.36 (KHTML, like Gecko; compatible; Amazonbot/0.1; +https://developer.amazon.com/support/amazonbot) Chrome/119.0.6045.214 Safari/537.36"
44.208.223.68 - - [01/Sep/2026:09:06:31 -0500] "GET /wp-content/uploads/2022/03/PS315-1.jpg HTTP/1.1" 200 56692 "-" "Mozilla/5.0 AppleWebKit/537.36 (KHTML, like Gecko; compatible; Amazonbot/0.1; +https://developer.amazon.com/support/amazonbot) Chrome/119.0.6045.214 Safari/537.36"
3.220.148.166 - - [01/Sep/2026:09:06:32 -0500] "GET /wp-content/uploads/2022/03/I08H001-1-100x100.jpg HTTP/1.1" 200 1925 "-" "Mozilla/5.0 AppleWebKit/537.36 (KHTML, like Gecko; compatible; Amazonbot/0.1; +https://developer.amazon.com/support/amazonbot) Chrome/119.0.6045.214 Safari/537.36"
150.241.237.57 - - [01/Sep/2026:09:06:39 -0500] "GET /wp-content/uploads/2022/03/PGS21-3-300x300.png HTTP/1.1" 200 85405 "https://mecacontrolsa.com/" "Mozilla/5.0 (Windows NT 10.0; Win64; x64) AppleWebKit/537.36 (KHTML, like Gecko) Chrome/103.0.0.0 Safari/537.36"
114.119.158.128 - - [01/Sep/2026:09:07:03 -0500] "GET /producto/p1kh045-sensor-reflex-con-supresion-de-fondo/ HTTP/1.1" 200 167065 "https://mecacontrolsa.com/categoria-producto/wenglor/page/20" "Mozilla/5.0 (Linux; Android 7.0;) AppleWebKit/537.36 (HTML, like Gecko) Mobile Safari/537.36 (compatible; PetalBot;+https://webmaster.petalsearch.com/site/petalbot)"
3.215.221.125 - - [01/Sep/2026:09:07:06 -0500] "GET /wp-content/uploads/2022/03/SHG-1-100x100.jpg HTTP/1.1" 200 2731 "-" "Mozilla/5.0 AppleWebKit/537.36 (KHTML, like Gecko; compatible; Amazonbot/0.1; +https://developer.amazon.com/support/amazonbot) Chrome/119.0.6045.214 Safari/537.36"
18.233.24.238 - - [01/Sep/2026:09:07:30 -0500] "GET /categoria-producto/wika/interruptores-optoelectronicos-wika/ HTTP/1.1" 200 189150 "-" "Mozilla/5.0 AppleWebKit/537.36 (KHTML, like Gecko; compatible; Amazonbot/0.1; +https://developer.amazon.com/support/amazonbot) Chrome/119.0.6045.214 Safari/537.36"
17.166.23.72 - - [01/Sep/2026:09:07:42 -0500] "GET /wp-content/themes/astra/assets/css/minified/style.min.css?ver=4.8.3 HTTP/1.1" 200 73072 "https://mecacontrolsa.com/apps/vegas969" "Mozilla/5.0 (Macintosh; Intel Mac OS X 10_15_7) AppleWebKit/605.1.15 (KHTML, like Gecko) Version/17.4 Safari/605.1.15 (Applebot/0.1; +http://www.apple.com/go/applebot)"
17.166.21.7 - - [01/Sep/2026:09:07:43 -0500] "GET /wp-content/plugins/elementor/assets/css/widget-icon-list.min.css?ver=4.1.4 HTTP/1.1" 200 10255 "https://mecacontrolsa.com/apps/vegas969" "Mozilla/5.0 (Macintosh; Intel Mac OS X 10_15_7) AppleWebKit/605.1.15 (KHTML, like Gecko) Version/17.4 Safari/605.1.15 (Applebot/0.1; +http://www.apple.com/go/applebot)"
17.166.23.72 - - [01/Sep/2026:09:07:44 -0500] "GET /wp-content/plugins/elementor/assets/css/frontend.min.css?ver=4.1.4 HTTP/1.1" 200 54666 "https://mecacontrolsa.com/apps/vegas969" "Mozilla/5.0 (Macintosh; Intel Mac OS X 10_15_7) AppleWebKit/605.1.15 (KHTML, like Gecko) Version/17.4 Safari/605.1.15 (Applebot/0.1; +http://www.apple.com/go/applebot)"
17.166.21.7 - - [01/Sep/2026:09:07:45 -0500] "GET /wp-includes/css/dist/block-library/style.min.css?ver=7.1 HTTP/1.1" 200 140761 "https://mecacontrolsa.com/apps/vegas969" "Mozilla/5.0 (Macintosh; Intel Mac OS X 10_15_7) AppleWebKit/605.1.15 (KHTML, like Gecko) Version/17.4 Safari/605.1.15 (Applebot/0.1; +http://www.apple.com/go/applebot)"
17.166.23.72 - - [01/Sep/2026:09:07:46 -0500] "GET /wp-content/themes/astra/assets/css/minified/compatibility/woocommerce/woocommerce-layout.min.css?ver=4.8.3 HTTP/1.1" 200 18081 "https://mecacontrolsa.com/apps/vegas969" "Mozilla/5.0 (Macintosh; Intel Mac OS X 10_15_7) AppleWebKit/605.1.15 (KHTML, like Gecko) Version/17.4 Safari/605.1.15 (Applebot/0.1; +http://www.apple.com/go/applebot)"
17.166.21.7 - - [01/Sep/2026:09:07:47 -0500] "GET /wp-content/themes/astra/assets/css/minified/compatibility/woocommerce/woocommerce.min.css?ver=4.8.3 HTTP/1.1" 200 118226 "https://mecacontrolsa.com/apps/vegas969" "Mozilla/5.0 (Macintosh; Intel Mac OS X 10_15_7) AppleWebKit/605.1.15 (KHTML, like Gecko) Version/17.4 Safari/605.1.15 (Applebot/0.1; +http://www.apple.com/go/applebot)"
17.166.23.72 - - [01/Sep/2026:09:07:48 -0500] "GET /wp-content/plugins/elementor-pro/assets/css/widget-search-form.min.css?ver=3.35.0 HTTP/1.1" 200 4805 "https://mecacontrolsa.com/apps/vegas969" "Mozilla/5.0 (Macintosh; Intel Mac OS X 10_15_7) AppleWebKit/605.1.15 (KHTML, like Gecko) Version/17.4 Safari/605.1.15 (Applebot/0.1; +http://www.apple.com/go/applebot)"
17.166.21.7 - - [01/Sep/2026:09:07:49 -0500] "GET /wp-content/plugins/elementor/assets/lib/font-awesome/css/fontawesome.min.css?ver=5.15.3 HTTP/1.1" 200 58071 "https://mecacontrolsa.com/apps/vegas969" "Mozilla/5.0 (Macintosh; Intel Mac OS X 10_15_7) AppleWebKit/605.1.15 (KHTML, like Gecko) Version/17.4 Safari/605.1.15 (Applebot/0.1; +http://www.apple.com/go/applebot)"
17.166.23.72 - - [01/Sep/2026:09:07:50 -0500] "GET /wp-content/plugins/elementor/assets/lib/font-awesome/css/solid.min.css?ver=5.15.3 HTTP/1.1" 200 669 "https://mecacontrolsa.com/apps/vegas969" "Mozilla/5.0 (Macintosh; Intel Mac OS X 10_15_7) AppleWebKit/605.1.15 (KHTML, like Gecko) Version/17.4 Safari/605.1.15 (Applebot/0.1; +http://www.apple.com/go/applebot)"
17.166.21.7 - - [01/Sep/2026:09:07:51 -0500] "GET /wp-content/plugins/elementor/assets/css/widget-image.min.css?ver=4.1.4 HTTP/1.1" 200 214 "https://mecacontrolsa.com/apps/vegas969" "Mozilla/5.0 (Macintosh; Intel Mac OS X 10_15_7) AppleWebKit/605.1.15 (KHTML, like Gecko) Version/17.4 Safari/605.1.15 (Applebot/0.1; +http://www.apple.com/go/applebot)"
17.166.23.72 - - [01/Sep/2026:09:07:52 -0500] "GET /wp-content/plugins/elementor-pro/assets/css/widget-nav-menu.min.css?ver=3.35.0 HTTP/1.1" 200 27364 "https://mecacontrolsa.com/apps/vegas969" "Mozilla/5.0 (Macintosh; Intel Mac OS X 10_15_7) AppleWebKit/605.1.15 (KHTML, like Gecko) Version/17.4 Safari/605.1.15 (Applebot/0.1; +http://www.apple.com/go/applebot)"
17.166.21.7 - - [01/Sep/2026:09:07:53 -0500] "GET /wp-content/plugins/elementor-pro/assets/css/modules/sticky.min.css?ver=3.35.0 HTTP/1.1" 200 162 "https://mecacontrolsa.com/apps/vegas969" "Mozilla/5.0 (Macintosh; Intel Mac OS X 10_15_7) AppleWebKit/605.1.15 (KHTML, like Gecko) Version/17.4 Safari/605.1.15 (Applebot/0.1; +http://www.apple.com/go/applebot)"
17.166.23.72 - - [01/Sep/2026:09:07:54 -0500] "GET /wp-content/plugins/elementor-pro/assets/css/widget-share-buttons.min.css?ver=3.35.0 HTTP/1.1" 200 32721 "https://mecacontrolsa.com/apps/vegas969" "Mozilla/5.0 (Macintosh; Intel Mac OS X 10_15_7) AppleWebKit/605.1.15 (KHTML, like Gecko) Version/17.4 Safari/605.1.15 (Applebot/0.1; +http://www.apple.com/go/applebot)"
17.166.21.7 - - [01/Sep/2026:09:07:55 -0500] "GET /wp-content/plugins/elementor/assets/css/conditionals/apple-webkit.min.css?ver=4.1.4 HTTP/1.1" 200 6713 "https://mecacontrolsa.com/apps/vegas969" "Mozilla/5.0 (Macintosh; Intel Mac OS X 10_15_7) AppleWebKit/605.1.15 (KHTML, like Gecko) Version/17.4 Safari/605.1.15 (Applebot/0.1; +http://www.apple.com/go/applebot)"
17.166.23.72 - - [01/Sep/2026:09:07:56 -0500] "GET /wp-content/plugins/elementor/assets/lib/font-awesome/css/brands.min.css?ver=5.15.3 HTTP/1.1" 200 675 "https://mecacontrolsa.com/apps/vegas969" "Mozilla/5.0 (Macintosh; Intel Mac OS X 10_15_7) AppleWebKit/605.1.15 (KHTML, like Gecko) Version/17.4 Safari/605.1.15 (Applebot/0.1; +http://www.apple.com/go/applebot)"
17.166.21.7 - - [01/Sep/2026:09:07:57 -0500] "GET /wp-content/plugins/elementor/assets/css/widget-heading.min.css?ver=4.1.4 HTTP/1.1" 200 560 "https://mecacontrolsa.com/apps/vegas969" "Mozilla/5.0 (Macintosh; Intel Mac OS X 10_15_7) AppleWebKit/605.1.15 (KHTML, like Gecko) Version/17.4 Safari/605.1.15 (Applebot/0.1; +http://www.apple.com/go/applebot)"
17.166.23.72 - - [01/Sep/2026:09:07:58 -0500] "GET /wp-content/plugins/elementor/assets/lib/eicons/css/elementor-icons.min.css?ver=5.50.0 HTTP/1.1" 200 21976 "https://mecacontrolsa.com/apps/vegas969" "Mozilla/5.0 (Macintosh; Intel Mac OS X 10_15_7) AppleWebKit/605.1.15 (KHTML, like Gecko) Version/17.4 Safari/605.1.15 (Applebot/0.1; +http://www.apple.com/go/applebot)"
17.166.21.7 - - [01/Sep/2026:09:07:59 -0500] "GET /wp-content/uploads/elementor/css/post-11.css?ver=1787820687 HTTP/1.1" 200 1500 "https://mecacontrolsa.com/apps/vegas969" "Mozilla/5.0 (Macintosh; Intel Mac OS X 10_15_7) AppleWebKit/605.1.15 (KHTML, like Gecko) Version/17.4 Safari/605.1.15 (Applebot/0.1; +http://www.apple.com/go/applebot)"
17.166.23.72 - - [01/Sep/2026:09:08:00 -0500] "GET /wp-content/plugins/ultimate-elementor/assets/min-css/uael-frontend.min.css?ver=1.45.0 HTTP/1.1" 200 751778 "https://mecacontrolsa.com/apps/vegas969" "Mozilla/5.0 (Macintosh; Intel Mac OS X 10_15_7) AppleWebKit/605.1.15 (KHTML, like Gecko) Version/17.4 Safari/605.1.15 (Applebot/0.1; +http://www.apple.com/go/applebot)"
17.166.21.7 - - [01/Sep/2026:09:08:01 -0500] "GET /wp-content/plugins/elementor/assets/css/widget-social-icons.min.css?ver=3.24.0 HTTP/1.1" 200 5110 "https://mecacontrolsa.com/apps/vegas969" "Mozilla/5.0 (Macintosh; Intel Mac OS X 10_15_7) AppleWebKit/605.1.15 (KHTML, like Gecko) Version/17.4 Safari/605.1.15 (Applebot/0.1; +http://www.apple.com/go/applebot)"
17.166.21.7 - - [01/Sep/2026:09:08:02 -0500] "GET /wp-content/plugins/elementor/assets/lib/font-awesome/css/brands.css?ver=5.15.3 HTTP/1.1" 200 732 "https://mecacontrolsa.com/apps/vegas969" "Mozilla/5.0 (Macintosh; Intel Mac OS X 10_15_7) AppleWebKit/605.1.15 (KHTML, like Gecko) Version/17.4 Safari/605.1.15 (Applebot/0.1; +http://www.apple.com/go/applebot)"
17.166.21.7 - - [01/Sep/2026:09:08:04 -0500] "GET /wp-content/plugins/elementor/assets/lib/font-awesome/css/fontawesome.css?ver=5.15.3 HTTP/1.1" 200 72184 "https://mecacontrolsa.com/apps/vegas969" "Mozilla/5.0 (Macintosh; Intel Mac OS X 10_15_7) AppleWebKit/605.1.15 (KHTML, like Gecko) Version/17.4 Safari/605.1.15 (Applebot/0.1; +http://www.apple.com/go/applebot)"
17.166.23.72 - - [01/Sep/2026:09:08:05 -0500] "GET /wp-content/plugins/elementor/assets/lib/font-awesome/css/solid.css?ver=5.15.3 HTTP/1.1" 200 727 "https://mecacontrolsa.com/apps/vegas969" "Mozilla/5.0 (Macintosh; Intel Mac OS X 10_15_7) AppleWebKit/605.1.15 (KHTML, like Gecko) Version/17.4 Safari/605.1.15 (Applebot/0.1; +http://www.apple.com/go/applebot)"
17.166.21.7 - - [01/Sep/2026:09:08:06 -0500] "GET /wp-content/uploads/elementor/css/post-10.css?ver=1787820687 HTTP/1.1" 200 24235 "https://mecacontrolsa.com/apps/vegas969" "Mozilla/5.0 (Macintosh; Intel Mac OS X 10_15_7) AppleWebKit/605.1.15 (KHTML, like Gecko) Version/17.4 Safari/605.1.15 (Applebot/0.1; +http://www.apple.com/go/applebot)"
17.166.23.72 - - [01/Sep/2026:09:08:07 -0500] "GET /wp-content/uploads/elementor/css/post-17.css?ver=1787820687 HTTP/1.1" 200 17406 "https://mecacontrolsa.com/apps/vegas969" "Mozilla/5.0 (Macintosh; Intel Mac OS X 10_15_7) AppleWebKit/605.1.15 (KHTML, like Gecko) Version/17.4 Safari/605.1.15 (Applebot/0.1; +http://www.apple.com/go/applebot)"
17.166.21.7 - - [01/Sep/2026:09:08:08 -0500] "GET /wp-content/plugins/creame-whatsapp-me/public/css/joinchat.min.css?ver=6.2.3 HTTP/1.1" 200 20868 "https://mecacontrolsa.com/apps/vegas969" "Mozilla/5.0 (Macintosh; Intel Mac OS X 10_15_7) AppleWebKit/605.1.15 (KHTML, like Gecko) Version/17.4 Safari/605.1.15 (Applebot/0.1; +http://www.apple.com/go/applebot)"
82.108.212.5 - - [01/Sep/2026:09:08:08 -0500] "GET /wp-login.php HTTP/1.1" 200 11155 "https://www.facebook.com/" "Mozilla/5.0 (Windows NT 10.0; Win64; x64) AppleWebKit/537.36 (KHTML, like Gecko) Chrome/120.0.0.0 Safari/537.36"
82.108.212.5 - - [01/Sep/2026:09:08:08 -0500] "GET /?author=1 HTTP/1.1" 301 - "" "Mozilla/5.0 (Macintosh; Intel Mac OS X 13_6_1) AppleWebKit/537.36 (KHTML, like Gecko) Chrome/121.0.0.0 Safari/537.36"
82.108.212.5 - - [01/Sep/2026:09:08:08 -0500] "GET /author/jaimitoc30/ HTTP/1.1" 200 147470 "" "Mozilla/5.0 (Macintosh; Intel Mac OS X 13_6_1) AppleWebKit/537.36 (KHTML, like Gecko) Chrome/121.0.0.0 Safari/537.36"
17.166.23.72 - - [01/Sep/2026:09:08:09 -0500] "GET /wp-content/themes/mecacontrol/style.css?ver=1.0.0 HTTP/1.1" 200 306 "https://mecacontrolsa.com/apps/vegas969" "Mozilla/5.0 (Macintosh; Intel Mac OS X 10_15_7) AppleWebKit/605.1.15 (KHTML, like Gecko) Version/17.4 Safari/605.1.15 (Applebot/0.1; +http://www.apple.com/go/applebot)"
82.108.212.5 - - [01/Sep/2026:09:08:09 -0500] "GET /?author=2 HTTP/1.1" 301 - "https://t.co/" "Mozilla/5.0 (X11; Ubuntu; Linux x86_64) AppleWebKit/537.36 (KHTML, like Gecko) Chrome/119.0.0.0 Safari/537.36"
82.108.212.5 - - [01/Sep/2026:09:08:09 -0500] "GET /author/mecacontrolsa/ HTTP/1.1" 200 147491 "https://t.co/" "Mozilla/5.0 (X11; Ubuntu; Linux x86_64) AppleWebKit/537.36 (KHTML, like Gecko) Chrome/119.0.0.0 Safari/537.36"
17.166.21.7 - - [01/Sep/2026:09:08:10 -0500] "GET /wp-content/plugins/elementor/assets/lib/font-awesome/css/regular.min.css?ver=5.15.3 HTTP/1.1" 200 677 "https://mecacontrolsa.com/apps/vegas969" "Mozilla/5.0 (Macintosh; Intel Mac OS X 10_15_7) AppleWebKit/605.1.15 (KHTML, like Gecko) Version/17.4 Safari/605.1.15 (Applebot/0.1; +http://www.apple.com/go/applebot)"
82.108.212.5 - - [01/Sep/2026:09:08:10 -0500] "GET /?author=3 HTTP/1.1" 200 147519 "https://duckduckgo.com/" "Mozilla/5.0 (Macintosh; Intel Mac OS X 10_15_7) AppleWebKit/605.1.15 (KHTML, like Gecko) Version/16.6 Safari/605.1.15"
82.108.212.5 - - [01/Sep/2026:09:08:10 -0500] "GET /?author=4 HTTP/1.1" 404 142167 "-" "Mozilla/5.0 (X11; Ubuntu; Linux x86_64) AppleWebKit/537.36 (KHTML, like Gecko) Chrome/120.0.0.0 Safari/537.36"
34.194.14.255 - - [01/Sep/2026:09:08:10 -0500] "GET /producto/osei152z0103-barrera-para-tareas-de-medicion/ HTTP/1.1" 200 166650 "-" "Mozilla/5.0 AppleWebKit/537.36 (KHTML, like Gecko; compatible; Amazonbot/0.1; +https://developer.amazon.com/support/amazonbot) Chrome/119.0.6045.214 Safari/537.36"
17.166.23.72 - - [01/Sep/2026:09:08:11 -0500] "GET /wp-includes/js/jquery/jquery.min.js?ver=3.7.1 HTTP/1.1" 200 87553 "https://mecacontrolsa.com/apps/vegas969" "Mozilla/5.0 (Macintosh; Intel Mac OS X 10_15_7) AppleWebKit/605.1.15 (KHTML, like Gecko) Version/17.4 Safari/605.1.15 (Applebot/0.1; +http://www.apple.com/go/applebot)"
82.108.212.5 - - [01/Sep/2026:09:08:11 -0500] "GET /?author=5 HTTP/1.1" 404 142167 "https://www.facebook.com/" "Mozilla/5.0 (Macintosh; Intel Mac OS X 10_15_7) AppleWebKit/537.36 (KHTML, like Gecko) Chrome/119.0.0.0 Safari/537.36"
82.108.212.5 - - [01/Sep/2026:09:08:11 -0500] "GET /wp-json/wp/v2/users HTTP/1.1" 403 199 "https://www.facebook.com/" "Mozilla/5.0 (Windows NT 11.0; Win64; x64) AppleWebKit/537.36 (KHTML, like Gecko) Chrome/118.0.0.0 Safari/537.36"
82.108.212.5 - - [01/Sep/2026:09:08:11 -0500] "POST /wp-login.php HTTP/1.1" 200 11411 "https://mecacontrolsa.com/wp-login.php" "Mozilla/5.0 (Windows NT 10.0; Win64; x64; rv:118.0) Gecko/20100101 Firefox/118.0"
17.166.21.7 - - [01/Sep/2026:09:08:12 -0500] "GET /wp-includes/js/jquery/jquery-migrate.min.js?ver=3.4.1 HTTP/1.1" 200 13577 "https://mecacontrolsa.com/apps/vegas969" "Mozilla/5.0 (Macintosh; Intel Mac OS X 10_15_7) AppleWebKit/605.1.15 (KHTML, like Gecko) Version/17.4 Safari/605.1.15 (Applebot/0.1; +http://www.apple.com/go/applebot)"
82.108.212.5 - - [01/Sep/2026:09:08:11 -0500] "GET /wp-admin/index.php HTTP/1.1" 302 - "https://mecacontrolsa.com/wp-login.php" "Mozilla/5.0 (X11; Ubuntu; Linux x86_64) AppleWebKit/537.36 (KHTML, like Gecko) Chrome/119.0.0.0 Safari/537.36"
82.108.212.5 - - [01/Sep/2026:09:08:12 -0500] "GET /wp-login.php?redirect_to=https%3A%2F%2Fmecacontrolsa.com%2Fwp-admin%2Findex.php&reauth=1 HTTP/1.1" 200 11271 "https://mecacontrolsa.com/wp-login.php" "Mozilla/5.0 (X11; Ubuntu; Linux x86_64) AppleWebKit/537.36 (KHTML, like Gecko) Chrome/119.0.0.0 Safari/537.36"
82.108.212.5 - - [01/Sep/2026:09:08:12 -0500] "POST /wp-login.php HTTP/1.1" 200 11411 "https://mecacontrolsa.com/wp-login.php" "Mozilla/5.0 (Macintosh; Intel Mac OS X 10_15_7) AppleWebKit/537.36 (KHTML, like Gecko) Chrome/119.0.0.0 Safari/537.36"
82.108.212.5 - - [01/Sep/2026:09:08:13 -0500] "GET /wp-admin/index.php HTTP/1.1" 302 - "https://mecacontrolsa.com/wp-login.php" "Mozilla/5.0 (X11; Linux x86_64) AppleWebKit/537.36 (KHTML, like Gecko) Chrome/121.0.0.0 Safari/537.36"
17.166.23.72 - - [01/Sep/2026:09:08:13 -0500] "GET /wp-content/plugins/woocommerce/assets/js/jquery-blockui/jquery.blockUI.min.js?ver=2.7.0-wc.10.9.3 HTTP/1.1" 200 9636 "https://mecacontrolsa.com/apps/vegas969" "Mozilla/5.0 (Macintosh; Intel Mac OS X 10_15_7) AppleWebKit/605.1.15 (KHTML, like Gecko) Version/17.4 Safari/605.1.15 (Applebot/0.1; +http://www.apple.com/go/applebot)"
82.108.212.5 - - [01/Sep/2026:09:08:13 -0500] "GET /wp-login.php?redirect_to=https%3A%2F%2Fmecacontrolsa.com%2Fwp-admin%2Findex.php&reauth=1 HTTP/1.1" 200 11271 "https://mecacontrolsa.com/wp-login.php" "Mozilla/5.0 (X11; Linux x86_64) AppleWebKit/537.36 (KHTML, like Gecko) Chrome/121.0.0.0 Safari/537.36"
82.108.212.5 - - [01/Sep/2026:09:08:13 -0500] "POST /wp-login.php HTTP/1.1" 200 11411 "https://mecacontrolsa.com/wp-login.php" "Mozilla/5.0 (X11; Linux x86_64) AppleWebKit/537.36 (KHTML, like Gecko) Chrome/118.0.0.0 Safari/537.36"
82.108.212.5 - - [01/Sep/2026:09:08:14 -0500] "GET /wp-admin/index.php HTTP/1.1" 302 - "https://mecacontrolsa.com/wp-login.php" "Mozilla/5.0 (Windows NT 11.0; Win64; x64) AppleWebKit/537.36 (KHTML, like Gecko) Chrome/120.0.0.0 Safari/537.36"
17.166.21.7 - - [01/Sep/2026:09:08:14 -0500] "GET /wp-content/plugins/woocommerce/assets/js/frontend/add-to-cart.min.js?ver=10.9.3 HTTP/1.1" 200 4350 "https://mecacontrolsa.com/apps/vegas969" "Mozilla/5.0 (Macintosh; Intel Mac OS X 10_15_7) AppleWebKit/605.1.15 (KHTML, like Gecko) Version/17.4 Safari/605.1.15 (Applebot/0.1; +http://www.apple.com/go/applebot)"
82.108.212.5 - - [01/Sep/2026:09:08:14 -0500] "GET /wp-login.php?redirect_to=https%3A%2F%2Fmecacontrolsa.com%2Fwp-admin%2Findex.php&reauth=1 HTTP/1.1" 200 11271 "https://mecacontrolsa.com/wp-login.php" "Mozilla/5.0 (Windows NT 11.0; Win64; x64) AppleWebKit/537.36 (KHTML, like Gecko) Chrome/120.0.0.0 Safari/537.36"
82.108.212.5 - - [01/Sep/2026:09:08:14 -0500] "POST /wp-login.php HTTP/1.1" 200 11377 "https://mecacontrolsa.com/wp-login.php" "Mozilla/5.0 (Macintosh; Intel Mac OS X 10_15_7; rv:121.0) Gecko/20100101 Firefox/121.0"
82.108.212.5 - - [01/Sep/2026:09:08:14 -0500] "GET /wp-admin/index.php HTTP/1.1" 302 - "https://mecacontrolsa.com/wp-login.php" "Mozilla/5.0 (Macintosh; Intel Mac OS X 13_6_1; rv:119.0) Gecko/20100101 Firefox/119.0"
82.108.212.5 - - [01/Sep/2026:09:08:15 -0500] "GET /wp-login.php?redirect_to=https%3A%2F%2Fmecacontrolsa.com%2Fwp-admin%2Findex.php&reauth=1 HTTP/1.1" 200 11271 "https://mecacontrolsa.com/wp-login.php" "Mozilla/5.0 (Macintosh; Intel Mac OS X 13_6_1; rv:119.0) Gecko/20100101 Firefox/119.0"
17.166.23.72 - - [01/Sep/2026:09:08:15 -0500] "GET /wp-content/plugins/woocommerce/assets/js/js-cookie/js.cookie.min.js?ver=2.1.4-wc.10.9.3 HTTP/1.1" 200 1720 "https://mecacontrolsa.com/apps/vegas969" "Mozilla/5.0 (Macintosh; Intel Mac OS X 10_15_7) AppleWebKit/605.1.15 (KHTML, like Gecko) Version/17.4 Safari/605.1.15 (Applebot/0.1; +http://www.apple.com/go/applebot)"
3.90.73.206 - - [01/Sep/2026:09:08:15 -0500] "GET /wp-content/uploads/2022/03/OSEI152Z0103-1.jpg HTTP/1.1" 200 79280 "-" "Mozilla/5.0 AppleWebKit/537.36 (KHTML, like Gecko; compatible; Amazonbot/0.1; +https://developer.amazon.com/support/amazonbot) Chrome/119.0.6045.214 Safari/537.36"
82.108.212.5 - - [01/Sep/2026:09:08:15 -0500] "POST /wp-login.php HTTP/1.1" 200 11377 "https://mecacontrolsa.com/wp-login.php" "Mozilla/5.0 (Windows NT 10.0; Win64; x64) AppleWebKit/537.36 (KHTML, like Gecko) Chrome/118.0.0.0 Safari/537.36"
17.166.21.7 - - [01/Sep/2026:09:08:16 -0500] "GET /wp-content/plugins/woocommerce/assets/js/frontend/woocommerce.min.js?ver=10.9.3 HTTP/1.1" 200 4270 "https://mecacontrolsa.com/apps/vegas969" "Mozilla/5.0 (Macintosh; Intel Mac OS X 10_15_7) AppleWebKit/605.1.15 (KHTML, like Gecko) Version/17.4 Safari/605.1.15 (Applebot/0.1; +http://www.apple.com/go/applebot)"
17.166.23.72 - - [01/Sep/2026:09:08:17 -0500] "GET /wp-content/plugins/woocommerce/assets/client/blocks/wc-blocks.css?ver=wc-10.9.3 HTTP/1.1" 200 14006 "https://mecacontrolsa.com/apps/vegas969" "Mozilla/5.0 (Macintosh; Intel Mac OS X 10_15_7) AppleWebKit/605.1.15 (KHTML, like Gecko) Version/17.4 Safari/605.1.15 (Applebot/0.1; +http://www.apple.com/go/applebot)"
17.166.21.7 - - [01/Sep/2026:09:08:18 -0500] "GET /wp-content/themes/astra/assets/js/minified/style.min.js?ver=4.8.3 HTTP/1.1" 200 12379 "https://mecacontrolsa.com/apps/vegas969" "Mozilla/5.0 (Macintosh; Intel Mac OS X 10_15_7) AppleWebKit/605.1.15 (KHTML, like Gecko) Version/17.4 Safari/605.1.15 (Applebot/0.1; +http://www.apple.com/go/applebot)"
17.166.23.72 - - [01/Sep/2026:09:08:19 -0500] "GET /wp-content/plugins/elementor/assets/js/webpack.runtime.min.js?ver=4.1.4 HTTP/1.1" 200 5819 "https://mecacontrolsa.com/apps/vegas969" "Mozilla/5.0 (Macintosh; Intel Mac OS X 10_15_7) AppleWebKit/605.1.15 (KHTML, like Gecko) Version/17.4 Safari/605.1.15 (Applebot/0.1; +http://www.apple.com/go/applebot)"
17.166.21.7 - - [01/Sep/2026:09:08:20 -0500] "GET /wp-content/plugins/elementor/assets/js/frontend-modules.min.js?ver=4.1.4 HTTP/1.1" 200 50602 "https://mecacontrolsa.com/apps/vegas969" "Mozilla/5.0 (Macintosh; Intel Mac OS X 10_15_7) AppleWebKit/605.1.15 (KHTML, like Gecko) Version/17.4 Safari/605.1.15 (Applebot/0.1; +http://www.apple.com/go/applebot)"
82.108.212.5 - - [01/Sep/2026:09:08:21 -0500] "GET /wp-admin/profile.php HTTP/1.1" 302 - "https://mecacontrolsa.com/wp-login.php" "Mozilla/5.0 (Macintosh; Intel Mac OS X 13_6_1) AppleWebKit/537.36 (KHTML, like Gecko) Chrome/118.0.0.0 Safari/537.36"
17.166.23.72 - - [01/Sep/2026:09:08:21 -0500] "GET /wp-includes/js/jquery/ui/core.min.js?ver=1.14.2 HTTP/1.1" 200 18674 "https://mecacontrolsa.com/apps/vegas969" "Mozilla/5.0 (Macintosh; Intel Mac OS X 10_15_7) AppleWebKit/605.1.15 (KHTML, like Gecko) Version/17.4 Safari/605.1.15 (Applebot/0.1; +http://www.apple.com/go/applebot)"
82.108.212.5 - - [01/Sep/2026:09:08:21 -0500] "GET /wp-login.php?redirect_to=https%3A%2F%2Fmecacontrolsa.com%2Fwp-admin%2Fprofile.php&reauth=1 HTTP/1.1" 200 11275 "https://mecacontrolsa.com/wp-login.php" "Mozilla/5.0 (Macintosh; Intel Mac OS X 13_6_1) AppleWebKit/537.36 (KHTML, like Gecko) Chrome/118.0.0.0 Safari/537.36"
82.108.212.5 - - [01/Sep/2026:09:08:21 -0500] "POST /wp-login.php HTTP/1.1" 200 11377 "https://mecacontrolsa.com/wp-login.php" "Mozilla/5.0 (Macintosh; Intel Mac OS X 10_15_7; rv:119.0) Gecko/20100101 Firefox/119.0"
82.108.212.5 - - [01/Sep/2026:09:08:22 -0500] "GET /wp-admin/index.php HTTP/1.1" 302 - "https://mecacontrolsa.com/wp-login.php" "Mozilla/5.0 (Windows NT 10.0; Win64; x64) AppleWebKit/537.36 (KHTML, like Gecko) Chrome/120.0.0.0 Safari/537.36"
82.108.212.5 - - [01/Sep/2026:09:08:22 -0500] "GET /wp-login.php?redirect_to=https%3A%2F%2Fmecacontrolsa.com%2Fwp-admin%2Findex.php&reauth=1 HTTP/1.1" 200 11271 "https://mecacontrolsa.com/wp-login.php" "Mozilla/5.0 (Windows NT 10.0; Win64; x64) AppleWebKit/537.36 (KHTML, like Gecko) Chrome/120.0.0.0 Safari/537.36"
17.166.21.7 - - [01/Sep/2026:09:08:22 -0500] "GET /wp-content/plugins/elementor/assets/js/frontend.min.js?ver=4.1.4 HTTP/1.1" 200 32098 "https://mecacontrolsa.com/apps/vegas969" "Mozilla/5.0 (Macintosh; Intel Mac OS X 10_15_7) AppleWebKit/605.1.15 (KHTML, like Gecko) Version/17.4 Safari/605.1.15 (Applebot/0.1; +http://www.apple.com/go/applebot)"
82.108.212.5 - - [01/Sep/2026:09:08:22 -0500] "POST /wp-login.php HTTP/1.1" 200 11377 "https://mecacontrolsa.com/wp-login.php" "Mozilla/5.0 (Macintosh; Intel Mac OS X 13_6_1) AppleWebKit/537.36 (KHTML, like Gecko) Chrome/119.0.0.0 Safari/537.36"
82.108.212.5 - - [01/Sep/2026:09:08:22 -0500] "GET /wp-admin/index.php HTTP/1.1" 302 - "https://mecacontrolsa.com/wp-login.php" "Mozilla/5.0 (Macintosh; Intel Mac OS X 13_6_1) AppleWebKit/605.1.15 (KHTML, like Gecko) Version/17.0 Safari/605.1.15"
82.108.212.5 - - [01/Sep/2026:09:08:23 -0500] "GET /wp-login.php?redirect_to=https%3A%2F%2Fmecacontrolsa.com%2Fwp-admin%2Findex.php&reauth=1 HTTP/1.1" 200 11271 "https://mecacontrolsa.com/wp-login.php" "Mozilla/5.0 (Macintosh; Intel Mac OS X 13_6_1) AppleWebKit/605.1.15 (KHTML, like Gecko) Version/17.0 Safari/605.1.15"
82.108.212.5 - - [01/Sep/2026:09:08:23 -0500] "POST /wp-login.php HTTP/1.1" 200 11377 "https://mecacontrolsa.com/wp-login.php" "Mozilla/5.0 (Macintosh; Intel Mac OS X 13_6_1) AppleWebKit/605.1.15 (KHTML, like Gecko) Version/16.6 Safari/605.1.15"
17.166.23.72 - - [01/Sep/2026:09:08:23 -0500] "GET /wp-content/plugins/elementor-pro/assets/lib/smartmenus/jquery.smartmenus.min.js?ver=1.2.1 HTTP/1.1" 200 24109 "https://mecacontrolsa.com/apps/vegas969" "Mozilla/5.0 (Macintosh; Intel Mac OS X 10_15_7) AppleWebKit/605.1.15 (KHTML, like Gecko) Version/17.4 Safari/605.1.15 (Applebot/0.1; +http://www.apple.com/go/applebot)"
82.108.212.5 - - [01/Sep/2026:09:08:23 -0500] "GET /wp-admin/index.php HTTP/1.1" 302 - "https://mecacontrolsa.com/wp-login.php" "Mozilla/5.0 (Windows NT 10.0; Win64; x64; rv:121.0) Gecko/20100101 Firefox/121.0"
82.108.212.5 - - [01/Sep/2026:09:08:15 -0500] "GET /wp-admin/index.php HTTP/1.1" 302 - "https://mecacontrolsa.com/wp-login.php" "Mozilla/5.0 (Macintosh; Intel Mac OS X 13_6_1) AppleWebKit/537.36 (KHTML, like Gecko) Chrome/118.0.0.0 Safari/537.36"
82.108.212.5 - - [01/Sep/2026:09:08:24 -0500] "GET /wp-login.php?redirect_to=https%3A%2F%2Fmecacontrolsa.com%2Fwp-admin%2Findex.php&reauth=1 HTTP/1.1" 200 11271 "https://mecacontrolsa.com/wp-login.php" "Mozilla/5.0 (Windows NT 10.0; Win64; x64; rv:121.0) Gecko/20100101 Firefox/121.0"
82.108.212.5 - - [01/Sep/2026:09:08:24 -0500] "GET /wp-login.php?redirect_to=https%3A%2F%2Fmecacontrolsa.com%2Fwp-admin%2Findex.php&reauth=1 HTTP/1.1" 200 11271 "https://mecacontrolsa.com/wp-login.php" "Mozilla/5.0 (Macintosh; Intel Mac OS X 13_6_1) AppleWebKit/537.36 (KHTML, like Gecko) Chrome/118.0.0.0 Safari/537.36"
82.108.212.5 - - [01/Sep/2026:09:08:24 -0500] "POST /wp-login.php HTTP/1.1" 200 11377 "https://mecacontrolsa.com/wp-login.php" "Mozilla/5.0 (Windows NT 11.0; Win64; x64) AppleWebKit/537.36 (KHTML, like Gecko) Chrome/118.0.0.0 Safari/537.36"
17.166.21.7 - - [01/Sep/2026:09:08:24 -0500] "GET /wp-content/plugins/elementor-pro/assets/lib/sticky/jquery.sticky.min.js?ver=3.35.0 HTTP/1.1" 200 3721 "https://mecacontrolsa.com/apps/vegas969" "Mozilla/5.0 (Macintosh; Intel Mac OS X 10_15_7) AppleWebKit/605.1.15 (KHTML, like Gecko) Version/17.4 Safari/605.1.15 (Applebot/0.1; +http://www.apple.com/go/applebot)"
82.108.212.5 - - [01/Sep/2026:09:08:24 -0500] "GET /wp-admin/index.php HTTP/1.1" 302 - "https://mecacontrolsa.com/wp-login.php" "Mozilla/5.0 (Windows NT 10.0; Win64; x64) AppleWebKit/537.36 (KHTML, like Gecko) Chrome/121.0.0.0 Safari/537.36"
82.108.212.5 - - [01/Sep/2026:09:08:25 -0500] "GET /wp-login.php?redirect_to=https%3A%2F%2Fmecacontrolsa.com%2Fwp-admin%2Findex.php&reauth=1 HTTP/1.1" 200 11271 "https://mecacontrolsa.com/wp-login.php" "Mozilla/5.0 (Windows NT 10.0; Win64; x64) AppleWebKit/537.36 (KHTML, like Gecko) Chrome/121.0.0.0 Safari/537.36"
82.108.212.5 - - [01/Sep/2026:09:08:25 -0500] "POST /wp-login.php HTTP/1.1" 200 11377 "https://mecacontrolsa.com/wp-login.php" "Mozilla/5.0 (Macintosh; Intel Mac OS X 13_6_1; rv:120.0) Gecko/20100101 Firefox/120.0"
82.108.212.5 - - [01/Sep/2026:09:08:25 -0500] "GET /wp-admin/index.php HTTP/1.1" 302 - "https://mecacontrolsa.com/wp-login.php" "Mozilla/5.0 (Windows NT 11.0; Win64; x64; rv:118.0) Gecko/20100101 Firefox/118.0"
17.166.23.72 - - [01/Sep/2026:09:08:25 -0500] "GET /wp-content/plugins/woocommerce/assets/js/sourcebuster/sourcebuster.min.js?ver=10.9.3 HTTP/1.1" 200 15315 "https://mecacontrolsa.com/apps/vegas969" "Mozilla/5.0 (Macintosh; Intel Mac OS X 10_15_7) AppleWebKit/605.1.15 (KHTML, like Gecko) Version/17.4 Safari/605.1.15 (Applebot/0.1; +http://www.apple.com/go/applebot)"
82.108.212.5 - - [01/Sep/2026:09:08:25 -0500] "GET /wp-login.php?redirect_to=https%3A%2F%2Fmecacontrolsa.com%2Fwp-admin%2Findex.php&reauth=1 HTTP/1.1" 200 11271 "https://mecacontrolsa.com/wp-login.php" "Mozilla/5.0 (Windows NT 11.0; Win64; x64; rv:118.0) Gecko/20100101 Firefox/118.0"
82.108.212.5 - - [01/Sep/2026:09:08:26 -0500] "POST /wp-login.php HTTP/1.1" 200 11377 "https://mecacontrolsa.com/wp-login.php" "Mozilla/5.0 (Windows NT 11.0; Win64; x64) AppleWebKit/537.36 (KHTML, like Gecko) Chrome/118.0.0.0 Safari/537.36"
114.119.153.105 - - [01/Sep/2026:09:08:26 -0500] "GET /producto/separador-de-membrana-conexion-roscada-3 HTTP/1.1" 301 - "https://mecacontrolsa.com/producto/separador-de-membrana-conexion-roscada-3" "Mozilla/5.0 (Linux; Android 7.0;) AppleWebKit/537.36 (HTML, like Gecko) Mobile Safari/537.36 (compatible; PetalBot;+https://webmaster.petalsearch.com/site/petalbot)"
82.108.212.5 - - [01/Sep/2026:09:08:26 -0500] "GET /wp-admin/index.php HTTP/1.1" 302 - "https://mecacontrolsa.com/wp-login.php" "Mozilla/5.0 (X11; Ubuntu; Linux x86_64) AppleWebKit/537.36 (KHTML, like Gecko) Chrome/120.0.0.0 Safari/537.36"
82.108.212.5 - - [01/Sep/2026:09:08:26 -0500] "GET /wp-login.php?redirect_to=https%3A%2F%2Fmecacontrolsa.com%2Fwp-admin%2Findex.php&reauth=1 HTTP/1.1" 200 11271 "https://mecacontrolsa.com/wp-login.php" "Mozilla/5.0 (X11; Ubuntu; Linux x86_64) AppleWebKit/537.36 (KHTML, like Gecko) Chrome/120.0.0.0 Safari/537.36"
17.166.21.7 - - [01/Sep/2026:09:08:26 -0500] "GET /wp-content/plugins/woocommerce/assets/js/frontend/order-attribution.min.js?ver=10.9.3 HTTP/1.1" 200 2439 "https://mecacontrolsa.com/apps/vegas969" "Mozilla/5.0 (Macintosh; Intel Mac OS X 10_15_7) AppleWebKit/605.1.15 (KHTML, like Gecko) Version/17.4 Safari/605.1.15 (Applebot/0.1; +http://www.apple.com/go/applebot)"
17.166.23.72 - - [01/Sep/2026:09:08:27 -0500] "GET /wp-content/plugins/elementor-pro/assets/js/webpack-pro.runtime.min.js?ver=3.35.0 HTTP/1.1" 200 6248 "https://mecacontrolsa.com/apps/vegas969" "Mozilla/5.0 (Macintosh; Intel Mac OS X 10_15_7) AppleWebKit/605.1.15 (KHTML, like Gecko) Version/17.4 Safari/605.1.15 (Applebot/0.1; +http://www.apple.com/go/applebot)"
114.119.153.105 - - [01/Sep/2026:09:08:27 -0500] "GET /producto/separador-de-membrana-conexion-roscada-3/ HTTP/1.1" 200 166795 "https://mecacontrolsa.com/producto/separador-de-membrana-conexion-roscada-3" "Mozilla/5.0 (Linux; Android 7.0;) AppleWebKit/537.36 (HTML, like Gecko) Mobile Safari/537.36 (compatible; PetalBot;+https://webmaster.petalsearch.com/site/petalbot)"
17.166.21.7 - - [01/Sep/2026:09:08:28 -0500] "GET /wp-includes/js/dist/hooks.min.js?ver=f0f188028580e8dc1255 HTTP/1.1" 200 5107 "https://mecacontrolsa.com/apps/vegas969" "Mozilla/5.0 (Macintosh; Intel Mac OS X 10_15_7) AppleWebKit/605.1.15 (KHTML, like Gecko) Version/17.4 Safari/605.1.15 (Applebot/0.1; +http://www.apple.com/go/applebot)"
17.166.23.72 - - [01/Sep/2026:09:08:30 -0500] "GET /wp-includes/js/dist/i18n.min.js?ver=1dfe7db3940c23ea9216 HTTP/1.1" 200 5791 "https://mecacontrolsa.com/apps/vegas969" "Mozilla/5.0 (Macintosh; Intel Mac OS X 10_15_7) AppleWebKit/605.1.15 (KHTML, like Gecko) Version/17.4 Safari/605.1.15 (Applebot/0.1; +http://www.apple.com/go/applebot)"
17.166.21.7 - - [01/Sep/2026:09:08:31 -0500] "GET /wp-content/plugins/elementor-pro/assets/js/frontend.min.js?ver=3.35.0 HTTP/1.1" 200 24047 "https://mecacontrolsa.com/apps/vegas969" "Mozilla/5.0 (Macintosh; Intel Mac OS X 10_15_7) AppleWebKit/605.1.15 (KHTML, like Gecko) Version/17.4 Safari/605.1.15 (Applebot/0.1; +http://www.apple.com/go/applebot)"
17.166.23.72 - - [01/Sep/2026:09:08:32 -0500] "GET /wp-content/plugins/elementor-pro/assets/js/elements-handlers.min.js?ver=3.35.0 HTTP/1.1" 200 44258 "https://mecacontrolsa.com/apps/vegas969" "Mozilla/5.0 (Macintosh; Intel Mac OS X 10_15_7) AppleWebKit/605.1.15 (KHTML, like Gecko) Version/17.4 Safari/605.1.15 (Applebot/0.1; +http://www.apple.com/go/applebot)"
82.108.212.5 - - [01/Sep/2026:09:08:32 -0500] "GET /wp-admin/profile.php HTTP/1.1" 302 - "https://mecacontrolsa.com/wp-login.php" "Mozilla/5.0 (Windows NT 10.0; Win64; x64) AppleWebKit/537.36 (KHTML, like Gecko) Chrome/118.0.0.0 Safari/537.36"
82.108.212.5 - - [01/Sep/2026:09:08:32 -0500] "GET /wp-login.php?redirect_to=https%3A%2F%2Fmecacontrolsa.com%2Fwp-admin%2Fprofile.php&reauth=1 HTTP/1.1" 200 11275 "https://mecacontrolsa.com/wp-login.php" "Mozilla/5.0 (Windows NT 10.0; Win64; x64) AppleWebKit/537.36 (KHTML, like Gecko) Chrome/118.0.0.0 Safari/537.36"
17.166.21.7 - - [01/Sep/2026:09:08:33 -0500] "GET /wp-content/plugins/creame-whatsapp-me/public/js/joinchat.min.js?ver=6.2.3 HTTP/1.1" 200 11161 "https://mecacontrolsa.com/apps/vegas969" "Mozilla/5.0 (Macintosh; Intel Mac OS X 10_15_7) AppleWebKit/605.1.15 (KHTML, like Gecko) Version/17.4 Safari/605.1.15 (Applebot/0.1; +http://www.apple.com/go/applebot)"
82.108.212.5 - - [01/Sep/2026:09:08:33 -0500] "POST /wp-login.php HTTP/1.1" 200 11377 "https://mecacontrolsa.com/wp-login.php" "Mozilla/5.0 (Windows NT 11.0; Win64; x64) AppleWebKit/537.36 (KHTML, like Gecko) Chrome/121.0.0.0 Safari/537.36"
82.108.212.5 - - [01/Sep/2026:09:08:33 -0500] "GET /wp-admin/index.php HTTP/1.1" 302 - "https://mecacontrolsa.com/wp-login.php" "Mozilla/5.0 (Windows NT 10.0; Win64; x64; rv:118.0) Gecko/20100101 Firefox/118.0"
82.108.212.5 - - [01/Sep/2026:09:08:33 -0500] "GET /wp-login.php?redirect_to=https%3A%2F%2Fmecacontrolsa.com%2Fwp-admin%2Findex.php&reauth=1 HTTP/1.1" 200 11271 "https://mecacontrolsa.com/wp-login.php" "Mozilla/5.0 (Windows NT 10.0; Win64; x64; rv:118.0) Gecko/20100101 Firefox/118.0"
17.166.23.72 - - [01/Sep/2026:09:08:34 -0500] "GET /wp-content/themes/astra/assets/css/minified/compatibility/woocommerce/woocommerce-smallscreen.min.css?ver=4.8.3 HTTP/1.1" 200 6262 "https://mecacontrolsa.com/apps/vegas969" "Mozilla/5.0 (Macintosh; Intel Mac OS X 10_15_7) AppleWebKit/605.1.15 (KHTML, like Gecko) Version/17.4 Safari/605.1.15 (Applebot/0.1; +http://www.apple.com/go/applebot)"
82.108.212.5 - - [01/Sep/2026:09:08:34 -0500] "POST /wp-login.php HTTP/1.1" 200 11377 "https://mecacontrolsa.com/wp-login.php" "Mozilla/5.0 (X11; Ubuntu; Linux x86_64) AppleWebKit/537.36 (KHTML, like Gecko) Chrome/121.0.0.0 Safari/537.36"
82.108.212.5 - - [01/Sep/2026:09:08:34 -0500] "GET /wp-admin/index.php HTTP/1.1" 302 - "https://mecacontrolsa.com/wp-login.php" "Mozilla/5.0 (Macintosh; Intel Mac OS X 13_6_1) AppleWebKit/537.36 (KHTML, like Gecko) Chrome/120.0.0.0 Safari/537.36"
82.108.212.5 - - [01/Sep/2026:09:08:34 -0500] "GET /wp-login.php?redirect_to=https%3A%2F%2Fmecacontrolsa.com%2Fwp-admin%2Findex.php&reauth=1 HTTP/1.1" 200 11271 "https://mecacontrolsa.com/wp-login.php" "Mozilla/5.0 (Macintosh; Intel Mac OS X 13_6_1) AppleWebKit/537.36 (KHTML, like Gecko) Chrome/120.0.0.0 Safari/537.36"
82.108.212.5 - - [01/Sep/2026:09:08:34 -0500] "POST /wp-login.php HTTP/1.1" 200 11377 "https://mecacontrolsa.com/wp-login.php" "Mozilla/5.0 (Macintosh; Intel Mac OS X 13_6_1; rv:121.0) Gecko/20100101 Firefox/121.0"
17.166.21.7 - - [01/Sep/2026:09:08:35 -0500] "GET /wp-content/plugins/elementor/assets/js/shared-frontend-handlers.03caa53373b56d3bab67.bundle.min.js HTTP/1.1" 200 8481 "https://mecacontrolsa.com/apps/vegas969" "Mozilla/5.0 (Macintosh; Intel Mac OS X 10_15_7) AppleWebKit/605.1.15 (KHTML, like Gecko) Version/17.4 Safari/605.1.15 (Applebot/0.1; +http://www.apple.com/go/applebot)"
82.108.212.5 - - [01/Sep/2026:09:08:27 -0500] "POST /wp-login.php HTTP/1.1" 200 11377 "https://mecacontrolsa.com/wp-login.php" "Mozilla/5.0 (Windows NT 10.0; Win64; x64; rv:119.0) Gecko/20100101 Firefox/119.0"
82.108.212.5 - - [01/Sep/2026:09:08:35 -0500] "GET /wp-admin/index.php HTTP/1.1" 302 - "https://mecacontrolsa.com/wp-login.php" "Mozilla/5.0 (Windows NT 10.0; Win64; x64; rv:119.0) Gecko/20100101 Firefox/119.0"
82.108.212.5 - - [01/Sep/2026:09:08:35 -0500] "GET /wp-admin/index.php HTTP/1.1" 302 - "https://mecacontrolsa.com/wp-login.php" "Mozilla/5.0 (Windows NT 10.0; Win64; x64) AppleWebKit/537.36 (KHTML, like Gecko) Chrome/118.0.0.0 Safari/537.36"
82.108.212.5 - - [01/Sep/2026:09:08:35 -0500] "GET /wp-login.php?redirect_to=https%3A%2F%2Fmecacontrolsa.com%2Fwp-admin%2Findex.php&reauth=1 HTTP/1.1" 200 11271 "https://mecacontrolsa.com/wp-login.php" "Mozilla/5.0 (Windows NT 10.0; Win64; x64; rv:119.0) Gecko/20100101 Firefox/119.0"
82.108.212.5 - - [01/Sep/2026:09:08:35 -0500] "POST /wp-login.php HTTP/1.1" 200 11377 "https://mecacontrolsa.com/wp-login.php" "Mozilla/5.0 (Macintosh; Intel Mac OS X 13_6_1) AppleWebKit/605.1.15 (KHTML, like Gecko) Version/17.2 Safari/605.1.15"
17.166.23.72 - - [01/Sep/2026:09:08:36 -0500] "GET /wp-content/plugins/elementor/assets/js/section-frontend-handlers.d85ab872da118940910d.bundle.min.js HTTP/1.1" 200 449 "https://mecacontrolsa.com/apps/vegas969" "Mozilla/5.0 (Macintosh; Intel Mac OS X 10_15_7) AppleWebKit/605.1.15 (KHTML, like Gecko) Version/17.4 Safari/605.1.15 (Applebot/0.1; +http://www.apple.com/go/applebot)"
82.108.212.5 - - [01/Sep/2026:09:08:36 -0500] "GET /wp-admin/index.php HTTP/1.1" 302 - "https://mecacontrolsa.com/wp-login.php" "Mozilla/5.0 (Windows NT 11.0; Win64; x64) AppleWebKit/537.36 (KHTML, like Gecko) Chrome/118.0.0.0 Safari/537.36"
82.108.212.5 - - [01/Sep/2026:09:08:36 -0500] "GET /wp-login.php?redirect_to=https%3A%2F%2Fmecacontrolsa.com%2Fwp-admin%2Findex.php&reauth=1 HTTP/1.1" 200 11271 "https://mecacontrolsa.com/wp-login.php" "Mozilla/5.0 (Windows NT 11.0; Win64; x64) AppleWebKit/537.36 (KHTML, like Gecko) Chrome/118.0.0.0 Safari/537.36"
82.108.212.5 - - [01/Sep/2026:09:08:36 -0500] "POST /wp-login.php HTTP/1.1" 200 11377 "https://mecacontrolsa.com/wp-login.php" "Mozilla/5.0 (Windows NT 11.0; Win64; x64; rv:119.0) Gecko/20100101 Firefox/119.0"
82.108.212.5 - - [01/Sep/2026:09:08:36 -0500] "GET /wp-admin/index.php HTTP/1.1" 302 - "https://mecacontrolsa.com/wp-login.php" "Mozilla/5.0 (Windows NT 10.0; Win64; x64; rv:120.0) Gecko/20100101 Firefox/120.0"
17.166.21.7 - - [01/Sep/2026:09:08:37 -0500] "GET /wp-content/plugins/elementor-pro/assets/js/search-form.b7065999d77832a1b764.bundle.min.js HTTP/1.1" 200 2124 "https://mecacontrolsa.com/apps/vegas969" "Mozilla/5.0 (Macintosh; Intel Mac OS X 10_15_7) AppleWebKit/605.1.15 (KHTML, like Gecko) Version/17.4 Safari/605.1.15 (Applebot/0.1; +http://www.apple.com/go/applebot)"
82.108.212.5 - - [01/Sep/2026:09:08:37 -0500] "GET /wp-login.php?redirect_to=https%3A%2F%2Fmecacontrolsa.com%2Fwp-admin%2Findex.php&reauth=1 HTTP/1.1" 200 11271 "https://mecacontrolsa.com/wp-login.php" "Mozilla/5.0 (Windows NT 10.0; Win64; x64; rv:120.0) Gecko/20100101 Firefox/120.0"
82.108.212.5 - - [01/Sep/2026:09:08:37 -0500] "POST /wp-login.php HTTP/1.1" 200 11377 "https://mecacontrolsa.com/wp-login.php" "Mozilla/5.0 (Macintosh; Intel Mac OS X 10_15_7) AppleWebKit/537.36 (KHTML, like Gecko) Chrome/121.0.0.0 Safari/537.36"
82.108.212.5 - - [01/Sep/2026:09:08:37 -0500] "GET /wp-admin/index.php HTTP/1.1" 302 - "https://mecacontrolsa.com/wp-login.php" "Mozilla/5.0 (Macintosh; Intel Mac OS X 13_6_1) AppleWebKit/605.1.15 (KHTML, like Gecko) Version/17.0 Safari/605.1.15"
17.166.23.72 - - [01/Sep/2026:09:08:38 -0500] "GET /wp-content/plugins/elementor-pro/assets/js/nav-menu.8521a0597c50611efdc6.bundle.min.js HTTP/1.1" 200 5240 "https://mecacontrolsa.com/apps/vegas969" "Mozilla/5.0 (Macintosh; Intel Mac OS X 10_15_7) AppleWebKit/605.1.15 (KHTML, like Gecko) Version/17.4 Safari/605.1.15 (Applebot/0.1; +http://www.apple.com/go/applebot)"
82.108.212.5 - - [01/Sep/2026:09:08:38 -0500] "GET /wp-login.php?redirect_to=https%3A%2F%2Fmecacontrolsa.com%2Fwp-admin%2Findex.php&reauth=1 HTTP/1.1" 200 11271 "https://mecacontrolsa.com/wp-login.php" "Mozilla/5.0 (Macintosh; Intel Mac OS X 13_6_1) AppleWebKit/605.1.15 (KHTML, like Gecko) Version/17.0 Safari/605.1.15"
82.108.212.5 - - [01/Sep/2026:09:08:38 -0500] "POST /wp-login.php HTTP/1.1" 200 11377 "https://mecacontrolsa.com/wp-login.php" "Mozilla/5.0 (Macintosh; Intel Mac OS X 10_15_7; rv:118.0) Gecko/20100101 Firefox/118.0"
82.108.212.5 - - [01/Sep/2026:09:08:38 -0500] "GET /wp-admin/index.php HTTP/1.1" 302 - "https://mecacontrolsa.com/wp-login.php" "Mozilla/5.0 (Macintosh; Intel Mac OS X 10_15_7) AppleWebKit/537.36 (KHTML, like Gecko) Chrome/119.0.0.0 Safari/537.36"
82.108.212.5 - - [01/Sep/2026:09:08:39 -0500] "GET /wp-login.php?redirect_to=https%3A%2F%2Fmecacontrolsa.com%2Fwp-admin%2Findex.php&reauth=1 HTTP/1.1" 200 11271 "https://mecacontrolsa.com/wp-login.php" "Mozilla/5.0 (Macintosh; Intel Mac OS X 10_15_7) AppleWebKit/537.36 (KHTML, like Gecko) Chrome/119.0.0.0 Safari/537.36"
17.166.21.7 - - [01/Sep/2026:09:08:39 -0500] "GET /wp-content/plugins/elementor/assets/js/text-editor.45609661e409413f1cef.bundle.min.js HTTP/1.1" 200 1348 "https://mecacontrolsa.com/apps/vegas969" "Mozilla/5.0 (Macintosh; Intel Mac OS X 10_15_7) AppleWebKit/605.1.15 (KHTML, like Gecko) Version/17.4 Safari/605.1.15 (Applebot/0.1; +http://www.apple.com/go/applebot)"
82.108.212.5 - - [01/Sep/2026:09:08:39 -0500] "POST /wp-login.php HTTP/1.1" 200 11377 "https://mecacontrolsa.com/wp-login.php" "Mozilla/5.0 (Macintosh; Intel Mac OS X 13_6_1; rv:119.0) Gecko/20100101 Firefox/119.0"
82.108.212.5 - - [01/Sep/2026:09:08:39 -0500] "GET /wp-admin/index.php HTTP/1.1" 302 - "https://mecacontrolsa.com/wp-login.php" "Mozilla/5.0 (Windows NT 10.0; Win64; x64; rv:119.0) Gecko/20100101 Firefox/119.0"
82.108.212.5 - - [01/Sep/2026:09:08:39 -0500] "GET /wp-login.php?redirect_to=https%3A%2F%2Fmecacontrolsa.com%2Fwp-admin%2Findex.php&reauth=1 HTTP/1.1" 200 11271 "https://mecacontrolsa.com/wp-login.php" "Mozilla/5.0 (Windows NT 10.0; Win64; x64; rv:119.0) Gecko/20100101 Firefox/119.0"
17.166.23.72 - - [01/Sep/2026:09:08:40 -0500] "GET /wp-content/plugins/elementor-pro/assets/js/share-buttons.63d984f8c96d1e053bc0.bundle.min.js HTTP/1.1" 200 1577 "https://mecacontrolsa.com/apps/vegas969" "Mozilla/5.0 (Macintosh; Intel Mac OS X 10_15_7) AppleWebKit/605.1.15 (KHTML, like Gecko) Version/17.4 Safari/605.1.15 (Applebot/0.1; +http://www.apple.com/go/applebot)"
82.108.212.5 - - [01/Sep/2026:09:08:40 -0500] "POST /wp-login.php HTTP/1.1" 200 11377 "https://mecacontrolsa.com/wp-login.php" "Mozilla/5.0 (Macintosh; Intel Mac OS X 10_15_7) AppleWebKit/537.36 (KHTML, like Gecko) Chrome/118.0.0.0 Safari/537.36"
82.108.212.5 - - [01/Sep/2026:09:08:40 -0500] "GET /wp-admin/index.php HTTP/1.1" 302 - "https://mecacontrolsa.com/wp-login.php" "Mozilla/5.0 (Macintosh; Intel Mac OS X 13_6_1; rv:121.0) Gecko/20100101 Firefox/121.0"
82.108.212.5 - - [01/Sep/2026:09:08:40 -0500] "GET /wp-login.php?redirect_to=https%3A%2F%2Fmecacontrolsa.com%2Fwp-admin%2Findex.php&reauth=1 HTTP/1.1" 200 11271 "https://mecacontrolsa.com/wp-login.php" "Mozilla/5.0 (Macintosh; Intel Mac OS X 13_6_1; rv:121.0) Gecko/20100101 Firefox/121.0"
82.108.212.5 - - [01/Sep/2026:09:08:41 -0500] "POST /wp-login.php HTTP/1.1" 200 11377 "https://mecacontrolsa.com/wp-login.php" "Mozilla/5.0 (Macintosh; Intel Mac OS X 13_6_1) AppleWebKit/537.36 (KHTML, like Gecko) Chrome/121.0.0.0 Safari/537.36"
17.166.21.7 - - [01/Sep/2026:09:08:41 -0500] "GET /wp-includes/js/wp-emoji-release.min.js?ver=7.1 HTTP/1.1" 200 22752 "https://mecacontrolsa.com/apps/vegas969" "Mozilla/5.0 (Macintosh; Intel Mac OS X 10_15_7) AppleWebKit/605.1.15 (KHTML, like Gecko) Version/17.4 Safari/605.1.15 (Applebot/0.1; +http://www.apple.com/go/applebot)"
82.108.212.5 - - [01/Sep/2026:09:08:41 -0500] "GET /wp-admin/index.php HTTP/1.1" 302 - "https://mecacontrolsa.com/wp-login.php" "Mozilla/5.0 (Windows NT 11.0; Win64; x64) AppleWebKit/537.36 (KHTML, like Gecko) Chrome/121.0.0.0 Safari/537.36"
82.108.212.5 - - [01/Sep/2026:09:08:41 -0500] "GET /wp-login.php?redirect_to=https%3A%2F%2Fmecacontrolsa.com%2Fwp-admin%2Findex.php&reauth=1 HTTP/1.1" 200 11271 "https://mecacontrolsa.com/wp-login.php" "Mozilla/5.0 (Windows NT 11.0; Win64; x64) AppleWebKit/537.36 (KHTML, like Gecko) Chrome/121.0.0.0 Safari/537.36"
82.108.212.5 - - [01/Sep/2026:09:08:42 -0500] "POST /wp-login.php HTTP/1.1" 200 11377 "https://mecacontrolsa.com/wp-login.php" "Mozilla/5.0 (Macintosh; Intel Mac OS X 10_15_7; rv:121.0) Gecko/20100101 Firefox/121.0"
