173.239.211.142 - - [04/Sep/2026:10:47:29 -0500] "POST /wp-login.php HTTP/1.1" 503 19284 "https://isthmuslegalandtax.com.pa/wp-login.php" "Mozilla/5.0 (Macintosh; Intel Mac OS X 10_15_7) AppleWebKit/605.1.15 (KHTML, like Gecko) Version/16.6 Safari/605.1.15"
173.239.211.131 - - [04/Sep/2026:10:47:33 -0500] "GET /wp-admin/index.php HTTP/1.1" 302 - "https://isthmuslegalandtax.com.pa/wp-login.php" "Mozilla/5.0 (Macintosh; Intel Mac OS X 13_6_1) AppleWebKit/605.1.15 (KHTML, like Gecko) Version/17.0 Safari/605.1.15"
216.73.161.160 - - [04/Sep/2026:10:47:36 -0500] "GET /wp-login.php?redirect_to=https%3A%2F%2Fisthmuslegalandtax.com.pa%2Fwp-admin%2Findex.php&reauth=1 HTTP/1.1" 200 10629 "https://isthmuslegalandtax.com.pa/wp-login.php" "Mozilla/5.0 (Macintosh; Intel Mac OS X 13_6_1) AppleWebKit/605.1.15 (KHTML, like Gecko) Version/17.0 Safari/605.1.15"
173.239.211.121 - - [04/Sep/2026:10:47:48 -0500] "POST /wp-login.php HTTP/1.1" 503 19284 "https://isthmuslegalandtax.com.pa/wp-login.php" "Mozilla/5.0 (Windows NT 11.0; Win64; x64; rv:118.0) Gecko/20100101 Firefox/118.0"
216.73.161.165 - - [04/Sep/2026:10:47:52 -0500] "GET /wp-admin/index.php HTTP/1.1" 302 - "https://isthmuslegalandtax.com.pa/wp-login.php" "Mozilla/5.0 (Macintosh; Intel Mac OS X 10_15_7) AppleWebKit/537.36 (KHTML, like Gecko) Chrome/119.0.0.0 Safari/537.36"
216.73.161.178 - - [04/Sep/2026:10:47:58 -0500] "GET /wp-login.php?redirect_to=https%3A%2F%2Fisthmuslegalandtax.com.pa%2Fwp-admin%2Findex.php&reauth=1 HTTP/1.1" 200 10629 "https://isthmuslegalandtax.com.pa/wp-login.php" "Mozilla/5.0 (Macintosh; Intel Mac OS X 10_15_7) AppleWebKit/537.36 (KHTML, like Gecko) Chrome/119.0.0.0 Safari/537.36"
173.239.211.117 - - [04/Sep/2026:10:48:04 -0500] "POST /wp-login.php HTTP/1.1" 503 19284 "https://isthmuslegalandtax.com.pa/wp-login.php" "Mozilla/5.0 (Windows NT 10.0; Win64; x64; rv:120.0) Gecko/20100101 Firefox/120.0"
173.239.211.134 - - [04/Sep/2026:10:48:09 -0500] "GET /wp-admin/index.php HTTP/1.1" 302 - "https://isthmuslegalandtax.com.pa/wp-login.php" "Mozilla/5.0 (Windows NT 11.0; Win64; x64) AppleWebKit/537.36 (KHTML, like Gecko) Chrome/118.0.0.0 Safari/537.36"
173.239.211.137 - - [04/Sep/2026:10:48:15 -0500] "GET /wp-login.php?redirect_to=https%3A%2F%2Fisthmuslegalandtax.com.pa%2Fwp-admin%2Findex.php&reauth=1 HTTP/1.1" 200 10629 "https://isthmuslegalandtax.com.pa/wp-login.php" "Mozilla/5.0 (Windows NT 11.0; Win64; x64) AppleWebKit/537.36 (KHTML, like Gecko) Chrome/118.0.0.0 Safari/537.36"
173.239.211.133 - - [04/Sep/2026:10:48:22 -0500] "POST /wp-login.php HTTP/1.1" 503 18282 "https://isthmuslegalandtax.com.pa/wp-login.php" "Mozilla/5.0 (Macintosh; Intel Mac OS X 13_6_1) AppleWebKit/537.36 (KHTML, like Gecko) Chrome/118.0.0.0 Safari/537.36"
157.90.185.123 - - [04/Sep/2026:10:48:40 -0500] "POST /?wordfence_syncAttackData=1788536919.994 HTTP/1.1" 200 - "-" "WordPress/7.1; https://isthmuslegalandtax.com.pa"
173.239.211.135 - - [04/Sep/2026:10:48:39 -0500] "GET /wp-admin/index.php HTTP/1.1" 302 - "https://isthmuslegalandtax.com.pa/wp-login.php" "Mozilla/5.0 (Macintosh; Intel Mac OS X 13_6_1) AppleWebKit/537.36 (KHTML, like Gecko) Chrome/120.0.0.0 Safari/537.36"
109.199.118.129 - - [04/Sep/2026:10:48:42 -0500] "GET / HTTP/1.1" 301 - "-" "Mozilla/5.0 (Windows NT 10.0; Win64; x64) AppleWebKit/537.36 (KHTML, like Gecko) Chrome/91.0.4472.114 Safari/537.36 Edg/91.0.864.54"
109.199.118.129 - - [04/Sep/2026:10:48:43 -0500] "GET / HTTP/1.1" 200 91235 "-" "Mozilla/5.0 (Windows NT 10.0; Win64; x64) AppleWebKit/537.36 (KHTML, like Gecko) Chrome/91.0.4472.114 Safari/537.36 Edg/91.0.864.54"
173.239.211.143 - - [04/Sep/2026:10:48:55 -0500] "GET /wp-admin/profile.php HTTP/1.1" 302 - "https://isthmuslegalandtax.com.pa/wp-login.php" "Mozilla/5.0 (Macintosh; Intel Mac OS X 13_6_1) AppleWebKit/537.36 (KHTML, like Gecko) Chrome/120.0.0.0 Safari/537.36"
216.73.161.160 - - [04/Sep/2026:10:48:59 -0500] "GET /wp-login.php?redirect_to=https%3A%2F%2Fisthmuslegalandtax.com.pa%2Fwp-admin%2Fprofile.php&reauth=1 HTTP/1.1" 200 10633 "https://isthmuslegalandtax.com.pa/wp-login.php" "Mozilla/5.0 (Macintosh; Intel Mac OS X 13_6_1) AppleWebKit/537.36 (KHTML, like Gecko) Chrome/120.0.0.0 Safari/537.36"
216.73.161.159 - - [04/Sep/2026:10:49:07 -0500] "POST /wp-login.php HTTP/1.1" 503 19284 "https://isthmuslegalandtax.com.pa/wp-login.php" "Mozilla/5.0 (Windows NT 11.0; Win64; x64; rv:118.0) Gecko/20100101 Firefox/118.0"
173.239.211.132 - - [04/Sep/2026:10:49:13 -0500] "GET /wp-admin/index.php HTTP/1.1" 503 19284 "https://isthmuslegalandtax.com.pa/wp-login.php" "Mozilla/5.0 (Windows NT 11.0; Win64; x64) AppleWebKit/537.36 (KHTML, like Gecko) Chrome/120.0.0.0 Safari/537.36"
216.73.161.167 - - [04/Sep/2026:10:49:25 -0500] "GET /wp-admin/profile.php HTTP/1.1" 302 - "https://isthmuslegalandtax.com.pa/wp-login.php" "Mozilla/5.0 (Windows NT 11.0; Win64; x64) AppleWebKit/537.36 (KHTML, like Gecko) Chrome/120.0.0.0 Safari/537.36"
173.239.211.132 - - [04/Sep/2026:10:49:29 -0500] "GET /wp-login.php?redirect_to=https%3A%2F%2Fisthmuslegalandtax.com.pa%2Fwp-admin%2Fprofile.php&reauth=1 HTTP/1.1" 503 18282 "https://isthmuslegalandtax.com.pa/wp-login.php" "Mozilla/5.0 (Windows NT 11.0; Win64; x64) AppleWebKit/537.36 (KHTML, like Gecko) Chrome/120.0.0.0 Safari/537.36"
157.90.185.123 - - [04/Sep/2026:10:49:39 -0500] "POST /?wordfence_syncAttackData=1788536979.5064 HTTP/1.1" 200 - "-" "WordPress/7.1; https://isthmuslegalandtax.com.pa"
216.73.161.165 - - [04/Sep/2026:10:49:38 -0500] "GET /wp-admin/edit.php HTTP/1.1" 302 - "https://isthmuslegalandtax.com.pa/wp-login.php" "Mozilla/5.0 (Windows NT 11.0; Win64; x64) AppleWebKit/537.36 (KHTML, like Gecko) Chrome/120.0.0.0 Safari/537.36"
173.239.211.114 - - [04/Sep/2026:10:49:47 -0500] "GET /wp-login.php?redirect_to=https%3A%2F%2Fisthmuslegalandtax.com.pa%2Fwp-admin%2Fedit.php&reauth=1 HTTP/1.1" 503 18282 "https://isthmuslegalandtax.com.pa/wp-login.php" "Mozilla/5.0 (Windows NT 11.0; Win64; x64) AppleWebKit/537.36 (KHTML, like Gecko) Chrome/120.0.0.0 Safari/537.36"
157.90.185.123 - - [04/Sep/2026:10:49:52 -0500] "POST /?wordfence_syncAttackData=1788536992.898 HTTP/1.1" 200 - "-" "WordPress/7.1; https://isthmuslegalandtax.com.pa"
173.239.211.140 - - [04/Sep/2026:10:49:52 -0500] "GET /wp-admin/plugins.php HTTP/1.1" 302 - "https://isthmuslegalandtax.com.pa/wp-login.php" "Mozilla/5.0 (Windows NT 11.0; Win64; x64) AppleWebKit/537.36 (KHTML, like Gecko) Chrome/120.0.0.0 Safari/537.36"
216.73.161.171 - - [04/Sep/2026:10:49:59 -0500] "GET /wp-login.php?redirect_to=https%3A%2F%2Fisthmuslegalandtax.com.pa%2Fwp-admin%2Fplugins.php&reauth=1 HTTP/1.1" 200 10633 "https://isthmuslegalandtax.com.pa/wp-login.php" "Mozilla/5.0 (Windows NT 11.0; Win64; x64) AppleWebKit/537.36 (KHTML, like Gecko) Chrome/120.0.0.0 Safari/537.36"
173.239.211.118 - - [04/Sep/2026:10:50:05 -0500] "POST /wp-login.php HTTP/1.1" 503 19284 "https://isthmuslegalandtax.com.pa/wp-login.php" "Mozilla/5.0 (Macintosh; Intel Mac OS X 10_15_7) AppleWebKit/605.1.15 (KHTML, like Gecko) Version/17.2 Safari/605.1.15"
216.73.161.165 - - [04/Sep/2026:10:50:12 -0500] "GET /wp-admin/index.php HTTP/1.1" 302 - "https://isthmuslegalandtax.com.pa/wp-login.php" "Mozilla/5.0 (Windows NT 11.0; Win64; x64) AppleWebKit/537.36 (KHTML, like Gecko) Chrome/120.0.0.0 Safari/537.36"
173.239.211.117 - - [04/Sep/2026:10:50:21 -0500] "GET /wp-login.php?redirect_to=https%3A%2F%2Fisthmuslegalandtax.com.pa%2Fwp-admin%2Findex.php&reauth=1 HTTP/1.1" 503 18282 "https://isthmuslegalandtax.com.pa/wp-login.php" "Mozilla/5.0 (Windows NT 11.0; Win64; x64) AppleWebKit/537.36 (KHTML, like Gecko) Chrome/120.0.0.0 Safari/537.36"
157.90.185.123 - - [04/Sep/2026:10:50:26 -0500] "POST /?wordfence_syncAttackData=1788537026.3461 HTTP/1.1" 200 - "-" "WordPress/7.1; https://isthmuslegalandtax.com.pa"
173.239.211.116 - - [04/Sep/2026:10:50:25 -0500] "GET /wp-admin/profile.php HTTP/1.1" 302 - "https://isthmuslegalandtax.com.pa/wp-login.php" "Mozilla/5.0 (Windows NT 11.0; Win64; x64) AppleWebKit/537.36 (KHTML, like Gecko) Chrome/120.0.0.0 Safari/537.36"
216.73.161.167 - - [04/Sep/2026:10:50:32 -0500] "GET /wp-login.php?redirect_to=https%3A%2F%2Fisthmuslegalandtax.com.pa%2Fwp-admin%2Fprofile.php&reauth=1 HTTP/1.1" 200 10633 "https://isthmuslegalandtax.com.pa/wp-login.php" "Mozilla/5.0 (Windows NT 11.0; Win64; x64) AppleWebKit/537.36 (KHTML, like Gecko) Chrome/120.0.0.0 Safari/537.36"
173.239.211.130 - - [04/Sep/2026:10:50:40 -0500] "POST /wp-login.php HTTP/1.1" 503 19284 "https://isthmuslegalandtax.com.pa/wp-login.php" "Mozilla/5.0 (Macintosh; Intel Mac OS X 10_15_7) AppleWebKit/605.1.15 (KHTML, like Gecko) Version/17.2 Safari/605.1.15"
173.239.211.138 - - [04/Sep/2026:10:50:48 -0500] "GET /wp-admin/index.php HTTP/1.1" 503 19284 "https://isthmuslegalandtax.com.pa/wp-login.php" "Mozilla/5.0 (Windows NT 11.0; Win64; x64) AppleWebKit/537.36 (KHTML, like Gecko) Chrome/120.0.0.0 Safari/537.36"
216.73.161.161 - - [04/Sep/2026:10:50:55 -0500] "GET /wp-admin/profile.php HTTP/1.1" 503 19284 "https://isthmuslegalandtax.com.pa/wp-login.php" "Mozilla/5.0 (Windows NT 11.0; Win64; x64) AppleWebKit/537.36 (KHTML, like Gecko) Chrome/120.0.0.0 Safari/537.36"
173.239.211.123 - - [04/Sep/2026:10:51:04 -0500] "GET /wp-admin/edit.php HTTP/1.1" 302 - "https://isthmuslegalandtax.com.pa/wp-login.php" "Mozilla/5.0 (Windows NT 11.0; Win64; x64) AppleWebKit/537.36 (KHTML, like Gecko) Chrome/120.0.0.0 Safari/537.36"
173.239.211.146 - - [04/Sep/2026:10:51:12 -0500] "GET /wp-login.php?redirect_to=https%3A%2F%2Fisthmuslegalandtax.com.pa%2Fwp-admin%2Fedit.php&reauth=1 HTTP/1.1" 200 10627 "https://isthmuslegalandtax.com.pa/wp-login.php" "Mozilla/5.0 (Windows NT 11.0; Win64; x64) AppleWebKit/537.36 (KHTML, like Gecko) Chrome/120.0.0.0 Safari/537.36"
173.239.211.130 - - [04/Sep/2026:10:51:22 -0500] "POST /wp-login.php HTTP/1.1" 503 18282 "https://isthmuslegalandtax.com.pa/wp-login.php" "Mozilla/5.0 (Macintosh; Intel Mac OS X 10_15_7) AppleWebKit/537.36 (KHTML, like Gecko) Chrome/121.0.0.0 Safari/537.36"
157.90.185.123 - - [04/Sep/2026:10:51:35 -0500] "POST /?wordfence_syncAttackData=1788537095.8716 HTTP/1.1" 200 - "-" "WordPress/7.1; https://isthmuslegalandtax.com.pa"
173.239.211.122 - - [04/Sep/2026:10:51:35 -0500] "GET /wp-admin/index.php HTTP/1.1" 302 - "https://isthmuslegalandtax.com.pa/wp-login.php" "Mozilla/5.0 (Windows NT 11.0; Win64; x64; rv:119.0) Gecko/20100101 Firefox/119.0"
216.73.161.179 - - [04/Sep/2026:10:51:45 -0500] "GET /wp-login.php?redirect_to=https%3A%2F%2Fisthmuslegalandtax.com.pa%2Fwp-admin%2Findex.php&reauth=1 HTTP/1.1" 200 10629 "https://isthmuslegalandtax.com.pa/wp-login.php" "Mozilla/5.0 (Windows NT 11.0; Win64; x64; rv:119.0) Gecko/20100101 Firefox/119.0"
216.73.161.174 - - [04/Sep/2026:10:51:55 -0500] "POST /wp-login.php HTTP/1.1" 503 19284 "https://isthmuslegalandtax.com.pa/wp-login.php" "Mozilla/5.0 (X11; Ubuntu; Linux x86_64) AppleWebKit/537.36 (KHTML, like Gecko) Chrome/121.0.0.0 Safari/537.36"
173.239.211.138 - - [04/Sep/2026:10:52:06 -0500] "GET /wp-admin/index.php HTTP/1.1" 503 19284 "https://isthmuslegalandtax.com.pa/wp-login.php" "Mozilla/5.0 (Macintosh; Intel Mac OS X 13_6_1) AppleWebKit/537.36 (KHTML, like Gecko) Chrome/120.0.0.0 Safari/537.36"
173.239.211.143 - - [04/Sep/2026:10:52:12 -0500] "GET /wp-admin/profile.php HTTP/1.1" 302 - "https://isthmuslegalandtax.com.pa/wp-login.php" "Mozilla/5.0 (Macintosh; Intel Mac OS X 13_6_1) AppleWebKit/537.36 (KHTML, like Gecko) Chrome/120.0.0.0 Safari/537.36"
173.239.211.133 - - [04/Sep/2026:10:52:17 -0500] "GET /wp-login.php?redirect_to=https%3A%2F%2Fisthmuslegalandtax.com.pa%2Fwp-admin%2Fprofile.php&reauth=1 HTTP/1.1" 200 10633 "https://isthmuslegalandtax.com.pa/wp-login.php" "Mozilla/5.0 (Macintosh; Intel Mac OS X 13_6_1) AppleWebKit/537.36 (KHTML, like Gecko) Chrome/120.0.0.0 Safari/537.36"
173.239.211.120 - - [04/Sep/2026:10:52:24 -0500] "POST /wp-login.php HTTP/1.1" 503 19284 "https://isthmuslegalandtax.com.pa/wp-login.php" "Mozilla/5.0 (X11; Ubuntu; Linux x86_64) AppleWebKit/537.36 (KHTML, like Gecko) Chrome/118.0.0.0 Safari/537.36"
173.239.211.119 - - [04/Sep/2026:10:52:30 -0500] "GET /wp-admin/index.php HTTP/1.1" 302 - "https://isthmuslegalandtax.com.pa/wp-login.php" "Mozilla/5.0 (Macintosh; Intel Mac OS X 10_15_7; rv:120.0) Gecko/20100101 Firefox/120.0"
173.239.211.141 - - [04/Sep/2026:10:52:39 -0500] "GET /wp-login.php?redirect_to=https%3A%2F%2Fisthmuslegalandtax.com.pa%2Fwp-admin%2Findex.php&reauth=1 HTTP/1.1" 200 10629 "https://isthmuslegalandtax.com.pa/wp-login.php" "Mozilla/5.0 (Macintosh; Intel Mac OS X 10_15_7; rv:120.0) Gecko/20100101 Firefox/120.0"
173.239.211.139 - - [04/Sep/2026:10:52:45 -0500] "POST /wp-login.php HTTP/1.1" 503 18282 "https://isthmuslegalandtax.com.pa/wp-login.php" "Mozilla/5.0 (Windows NT 10.0; Win64; x64) AppleWebKit/537.36 (KHTML, like Gecko) Chrome/118.0.0.0 Safari/537.36"
157.90.185.123 - - [04/Sep/2026:10:52:50 -0500] "POST /?wordfence_syncAttackData=1788537170.0118 HTTP/1.1" 200 - "-" "WordPress/7.1; https://isthmuslegalandtax.com.pa"
216.73.161.171 - - [04/Sep/2026:10:52:49 -0500] "GET /wp-admin/index.php HTTP/1.1" 302 - "https://isthmuslegalandtax.com.pa/wp-login.php" "Mozilla/5.0 (Windows NT 11.0; Win64; x64; rv:119.0) Gecko/20100101 Firefox/119.0"
216.73.161.161 - - [04/Sep/2026:10:52:58 -0500] "GET /wp-login.php?redirect_to=https%3A%2F%2Fisthmuslegalandtax.com.pa%2Fwp-admin%2Findex.php&reauth=1 HTTP/1.1" 503 18282 "https://isthmuslegalandtax.com.pa/wp-login.php" "Mozilla/5.0 (Windows NT 11.0; Win64; x64; rv:119.0) Gecko/20100101 Firefox/119.0"
157.90.185.123 - - [04/Sep/2026:10:53:05 -0500] "POST /?wordfence_syncAttackData=1788537185.7139 HTTP/1.1" 200 - "-" "WordPress/7.1; https://isthmuslegalandtax.com.pa"
173.239.211.145 - - [04/Sep/2026:10:53:05 -0500] "GET /wp-admin/profile.php HTTP/1.1" 302 - "https://isthmuslegalandtax.com.pa/wp-login.php" "Mozilla/5.0 (Windows NT 11.0; Win64; x64; rv:119.0) Gecko/20100101 Firefox/119.0"
173.239.211.140 - - [04/Sep/2026:10:53:11 -0500] "GET /wp-login.php?redirect_to=https%3A%2F%2Fisthmuslegalandtax.com.pa%2Fwp-admin%2Fprofile.php&reauth=1 HTTP/1.1" 200 10633 "https://isthmuslegalandtax.com.pa/wp-login.php" "Mozilla/5.0 (Windows NT 11.0; Win64; x64; rv:119.0) Gecko/20100101 Firefox/119.0"
173.239.211.117 - - [04/Sep/2026:10:53:17 -0500] "POST /wp-login.php HTTP/1.1" 503 18282 "https://isthmuslegalandtax.com.pa/wp-login.php" "Mozilla/5.0 (Macintosh; Intel Mac OS X 13_6_1) AppleWebKit/537.36 (KHTML, like Gecko) Chrome/120.0.0.0 Safari/537.36"
157.90.185.123 - - [04/Sep/2026:10:53:32 -0500] "POST /?wordfence_syncAttackData=1788537212.6511 HTTP/1.1" 200 - "-" "WordPress/7.1; https://isthmuslegalandtax.com.pa"
173.239.211.134 - - [04/Sep/2026:10:53:31 -0500] "GET /wp-admin/index.php HTTP/1.1" 302 - "https://isthmuslegalandtax.com.pa/wp-login.php" "Mozilla/5.0 (Windows NT 10.0; Win64; x64) AppleWebKit/537.36 (KHTML, like Gecko) Chrome/119.0.0.0 Safari/537.36"
173.239.211.117 - - [04/Sep/2026:10:53:56 -0500] "GET /wp-admin/edit.php HTTP/1.1" 503 19284 "https://isthmuslegalandtax.com.pa/wp-login.php" "Mozilla/5.0 (Windows NT 10.0; Win64; x64) AppleWebKit/537.36 (KHTML, like Gecko) Chrome/119.0.0.0 Safari/537.36"
173.239.211.118 - - [04/Sep/2026:10:54:14 -0500] "GET /wp-admin/plugins.php HTTP/1.1" 503 19284 "https://isthmuslegalandtax.com.pa/wp-login.php" "Mozilla/5.0 (Windows NT 10.0; Win64; x64) AppleWebKit/537.36 (KHTML, like Gecko) Chrome/119.0.0.0 Safari/537.36"
173.239.211.135 - - [04/Sep/2026:10:54:16 -0500] "POST /wp-login.php HTTP/1.1" 503 19284 "https://isthmuslegalandtax.com.pa/wp-login.php" "Mozilla/5.0 (Macintosh; Intel Mac OS X 13_6_1) AppleWebKit/537.36 (KHTML, like Gecko) Chrome/118.0.0.0 Safari/537.36"
173.239.211.118 - - [04/Sep/2026:10:54:41 -0500] "GET /wp-admin/profile.php HTTP/1.1" 503 19284 "https://isthmuslegalandtax.com.pa/wp-login.php" "Mozilla/5.0 (Macintosh; Intel Mac OS X 10_15_7; rv:120.0) Gecko/20100101 Firefox/120.0"
216.73.161.179 - - [04/Sep/2026:10:54:49 -0500] "GET /wp-admin/edit.php HTTP/1.1" 302 - "https://isthmuslegalandtax.com.pa/wp-login.php" "Mozilla/5.0 (Macintosh; Intel Mac OS X 10_15_7; rv:120.0) Gecko/20100101 Firefox/120.0"
216.73.161.179 - - [04/Sep/2026:10:54:52 -0500] "GET /wp-login.php?redirect_to=https%3A%2F%2Fisthmuslegalandtax.com.pa%2Fwp-admin%2Fedit.php&reauth=1 HTTP/1.1" 200 10627 "https://isthmuslegalandtax.com.pa/wp-login.php" "Mozilla/5.0 (Macintosh; Intel Mac OS X 10_15_7; rv:120.0) Gecko/20100101 Firefox/120.0"
216.73.161.173 - - [04/Sep/2026:10:55:15 -0500] "POST /wp-login.php HTTP/1.1" 503 19284 "https://isthmuslegalandtax.com.pa/wp-login.php" "Mozilla/5.0 (Macintosh; Intel Mac OS X 10_15_7) AppleWebKit/605.1.15 (KHTML, like Gecko) Version/17.0 Safari/605.1.15"
216.73.161.179 - - [04/Sep/2026:10:55:19 -0500] "GET /wp-admin/index.php HTTP/1.1" 302 - "https://isthmuslegalandtax.com.pa/wp-login.php" "Mozilla/5.0 (Macintosh; Intel Mac OS X 10_15_7; rv:118.0) Gecko/20100101 Firefox/118.0"
173.239.211.139 - - [04/Sep/2026:10:55:25 -0500] "GET /wp-login.php?redirect_to=https%3A%2F%2Fisthmuslegalandtax.com.pa%2Fwp-admin%2Findex.php&reauth=1 HTTP/1.1" 200 10629 "https://isthmuslegalandtax.com.pa/wp-login.php" "Mozilla/5.0 (Macintosh; Intel Mac OS X 10_15_7; rv:118.0) Gecko/20100101 Firefox/118.0"
173.239.211.141 - - [04/Sep/2026:10:55:39 -0500] "POST /wp-login.php HTTP/1.1" 503 19284 "https://isthmuslegalandtax.com.pa/wp-login.php" "Mozilla/5.0 (Macintosh; Intel Mac OS X 10_15_7; rv:121.0) Gecko/20100101 Firefox/121.0"
216.73.161.176 - - [04/Sep/2026:10:55:53 -0500] "GET /wp-admin/index.php HTTP/1.1" 302 - "https://isthmuslegalandtax.com.pa/wp-login.php" "Mozilla/5.0 (Windows NT 11.0; Win64; x64; rv:119.0) Gecko/20100101 Firefox/119.0"
173.239.211.118 - - [04/Sep/2026:10:55:58 -0500] "GET /wp-login.php?redirect_to=https%3A%2F%2Fisthmuslegalandtax.com.pa%2Fwp-admin%2Findex.php&reauth=1 HTTP/1.1" 503 18282 "https://isthmuslegalandtax.com.pa/wp-login.php" "Mozilla/5.0 (Windows NT 11.0; Win64; x64; rv:119.0) Gecko/20100101 Firefox/119.0"
157.90.185.123 - - [04/Sep/2026:10:56:12 -0500] "POST /?wordfence_syncAttackData=1788537372.7953 HTTP/1.1" 200 - "-" "WordPress/7.1; https://isthmuslegalandtax.com.pa"
173.239.211.123 - - [04/Sep/2026:10:56:12 -0500] "GET /wp-admin/profile.php HTTP/1.1" 302 - "https://isthmuslegalandtax.com.pa/wp-login.php" "Mozilla/5.0 (Windows NT 11.0; Win64; x64; rv:119.0) Gecko/20100101 Firefox/119.0"
216.73.161.179 - - [04/Sep/2026:10:56:16 -0500] "GET /wp-login.php?redirect_to=https%3A%2F%2Fisthmuslegalandtax.com.pa%2Fwp-admin%2Fprofile.php&reauth=1 HTTP/1.1" 200 10633 "https://isthmuslegalandtax.com.pa/wp-login.php" "Mozilla/5.0 (Windows NT 11.0; Win64; x64; rv:119.0) Gecko/20100101 Firefox/119.0"
216.73.161.179 - - [04/Sep/2026:10:56:22 -0500] "POST /wp-login.php HTTP/1.1" 503 19284 "https://isthmuslegalandtax.com.pa/wp-login.php" "Mozilla/5.0 (Windows NT 10.0; Win64; x64; rv:121.0) Gecko/20100101 Firefox/121.0"
173.239.211.141 - - [04/Sep/2026:10:56:40 -0500] "GET /wp-admin/index.php HTTP/1.1" 503 19284 "https://isthmuslegalandtax.com.pa/wp-login.php" "Mozilla/5.0 (Windows NT 11.0; Win64; x64) AppleWebKit/537.36 (KHTML, like Gecko) Chrome/119.0.0.0 Safari/537.36"
173.239.211.142 - - [04/Sep/2026:10:56:54 -0500] "GET /wp-admin/profile.php HTTP/1.1" 503 19284 "https://isthmuslegalandtax.com.pa/wp-login.php" "Mozilla/5.0 (Windows NT 11.0; Win64; x64) AppleWebKit/537.36 (KHTML, like Gecko) Chrome/119.0.0.0 Safari/537.36"
44.205.180.155 - - [04/Sep/2026:10:57:01 -0500] "GET /wp-content/uploads/2023/06/banner-768x577.png HTTP/1.1" 200 656589 "-" "Mozilla/5.0 AppleWebKit/537.36 (KHTML, like Gecko; compatible; Amazonbot/0.1; +https://developer.amazon.com/support/amazonbot) Chrome/119.0.6045.214 Safari/537.36"
173.239.211.133 - - [04/Sep/2026:10:57:00 -0500] "GET /wp-admin/edit.php HTTP/1.1" 302 - "https://isthmuslegalandtax.com.pa/wp-login.php" "Mozilla/5.0 (Windows NT 11.0; Win64; x64) AppleWebKit/537.36 (KHTML, like Gecko) Chrome/119.0.0.0 Safari/537.36"
98.83.177.42 - - [04/Sep/2026:10:57:04 -0500] "GET /en/wp-json/wp/v2/pages/2 HTTP/1.1" 200 3116 "-" "Mozilla/5.0 AppleWebKit/537.36 (KHTML, like Gecko; compatible; Amazonbot/0.1; +https://developer.amazon.com/support/amazonbot) Chrome/119.0.6045.214 Safari/537.36"
216.73.161.170 - - [04/Sep/2026:10:57:06 -0500] "GET /wp-login.php?redirect_to=https%3A%2F%2Fisthmuslegalandtax.com.pa%2Fwp-admin%2Fedit.php&reauth=1 HTTP/1.1" 200 10627 "https://isthmuslegalandtax.com.pa/wp-login.php" "Mozilla/5.0 (Windows NT 11.0; Win64; x64) AppleWebKit/537.36 (KHTML, like Gecko) Chrome/119.0.0.0 Safari/537.36"
100.25.120.246 - - [04/Sep/2026:10:57:08 -0500] "GET /en/wp-json/wp/v2/posts?tags=8 HTTP/1.1" 200 4480 "-" "Mozilla/5.0 AppleWebKit/537.36 (KHTML, like Gecko; compatible; Amazonbot/0.1; +https://developer.amazon.com/support/amazonbot) Chrome/119.0.6045.214 Safari/537.36"
173.239.211.117 - - [04/Sep/2026:10:57:13 -0500] "POST /wp-login.php HTTP/1.1" 503 18282 "https://isthmuslegalandtax.com.pa/wp-login.php" "Mozilla/5.0 (Macintosh; Intel Mac OS X 10_15_7) AppleWebKit/605.1.15 (KHTML, like Gecko) Version/16.6 Safari/605.1.15"
157.90.185.123 - - [04/Sep/2026:10:57:15 -0500] "POST /en/?wordfence_syncAttackData=1788537435.0473 HTTP/1.1" 200 - "-" "WordPress/7.1; https://isthmuslegalandtax.com.pa/en"
54.147.238.89 - - [04/Sep/2026:10:57:14 -0500] "GET /en/wp-json/oembed/1.0/embed?format=xml&url=https://isthmuslegalandtax.com.pa/en/team1/ HTTP/1.1" 200 2454 "-" "Mozilla/5.0 AppleWebKit/537.36 (KHTML, like Gecko; compatible; Amazonbot/0.1; +https://developer.amazon.com/support/amazonbot) Chrome/119.0.6045.214 Safari/537.36"
216.73.161.162 - - [04/Sep/2026:10:57:21 -0500] "GET /wp-admin/index.php HTTP/1.1" 302 - "https://isthmuslegalandtax.com.pa/wp-login.php" "Mozilla/5.0 (Windows NT 10.0; Win64; x64) AppleWebKit/537.36 (KHTML, like Gecko) Chrome/118.0.0.0 Safari/537.36"
173.239.211.117 - - [04/Sep/2026:10:57:24 -0500] "GET /wp-login.php?redirect_to=https%3A%2F%2Fisthmuslegalandtax.com.pa%2Fwp-admin%2Findex.php&reauth=1 HTTP/1.1" 503 18282 "https://isthmuslegalandtax.com.pa/wp-login.php" "Mozilla/5.0 (Windows NT 10.0; Win64; x64) AppleWebKit/537.36 (KHTML, like Gecko) Chrome/118.0.0.0 Safari/537.36"
173.239.211.121 - - [04/Sep/2026:10:57:33 -0500] "GET /wp-admin/profile.php HTTP/1.1" 503 19284 "https://isthmuslegalandtax.com.pa/wp-login.php" "Mozilla/5.0 (Windows NT 10.0; Win64; x64) AppleWebKit/537.36 (KHTML, like Gecko) Chrome/118.0.0.0 Safari/537.36"
157.90.185.123 - - [04/Sep/2026:10:57:33 -0500] "POST /?wordfence_syncAttackData=1788537453.8121 HTTP/1.1" 200 - "-" "WordPress/7.1; https://isthmuslegalandtax.com.pa"
173.239.211.141 - - [04/Sep/2026:10:57:37 -0500] "GET /wp-admin/edit.php HTTP/1.1" 503 19284 "https://isthmuslegalandtax.com.pa/wp-login.php" "Mozilla/5.0 (Windows NT 10.0; Win64; x64) AppleWebKit/537.36 (KHTML, like Gecko) Chrome/118.0.0.0 Safari/537.36"
173.239.211.123 - - [04/Sep/2026:10:57:43 -0500] "GET /wp-admin/plugins.php HTTP/1.1" 302 - "https://isthmuslegalandtax.com.pa/wp-login.php" "Mozilla/5.0 (Windows NT 10.0; Win64; x64) AppleWebKit/537.36 (KHTML, like Gecko) Chrome/118.0.0.0 Safari/537.36"
216.73.161.179 - - [04/Sep/2026:10:57:48 -0500] "GET /wp-login.php?redirect_to=https%3A%2F%2Fisthmuslegalandtax.com.pa%2Fwp-admin%2Fplugins.php&reauth=1 HTTP/1.1" 503 18282 "https://isthmuslegalandtax.com.pa/wp-login.php" "Mozilla/5.0 (Windows NT 10.0; Win64; x64) AppleWebKit/537.36 (KHTML, like Gecko) Chrome/118.0.0.0 Safari/537.36"
157.90.185.123 - - [04/Sep/2026:10:58:00 -0500] "POST /?wordfence_syncAttackData=1788537480.6736 HTTP/1.1" 200 - "-" "WordPress/7.1; https://isthmuslegalandtax.com.pa"
173.239.211.113 - - [04/Sep/2026:10:57:59 -0500] "POST /wp-login.php HTTP/1.1" 503 19284 "https://isthmuslegalandtax.com.pa/wp-login.php" "Mozilla/5.0 (Macintosh; Intel Mac OS X 10_15_7) AppleWebKit/605.1.15 (KHTML, like Gecko) Version/17.0 Safari/605.1.15"
173.239.211.146 - - [04/Sep/2026:10:58:07 -0500] "GET /wp-admin/index.php HTTP/1.1" 302 - "https://isthmuslegalandtax.com.pa/wp-login.php" "Mozilla/5.0 (Macintosh; Intel Mac OS X 13_6_1; rv:119.0) Gecko/20100101 Firefox/119.0"
216.73.161.172 - - [04/Sep/2026:10:58:10 -0500] "GET /wp-login.php?redirect_to=https%3A%2F%2Fisthmuslegalandtax.com.pa%2Fwp-admin%2Findex.php&reauth=1 HTTP/1.1" 200 10629 "https://isthmuslegalandtax.com.pa/wp-login.php" "Mozilla/5.0 (Macintosh; Intel Mac OS X 13_6_1; rv:119.0) Gecko/20100101 Firefox/119.0"
173.239.211.122 - - [04/Sep/2026:10:58:16 -0500] "POST /wp-login.php HTTP/1.1" 503 19284 "https://isthmuslegalandtax.com.pa/wp-login.php" "Mozilla/5.0 (Windows NT 10.0; Win64; x64; rv:120.0) Gecko/20100101 Firefox/120.0"
216.73.161.167 - - [04/Sep/2026:10:58:24 -0500] "GET /wp-admin/index.php HTTP/1.1" 302 - "https://isthmuslegalandtax.com.pa/wp-login.php" "Mozilla/5.0 (Windows NT 11.0; Win64; x64; rv:119.0) Gecko/20100101 Firefox/119.0"
173.239.211.139 - - [04/Sep/2026:10:58:28 -0500] "GET /wp-login.php?redirect_to=https%3A%2F%2Fisthmuslegalandtax.com.pa%2Fwp-admin%2Findex.php&reauth=1 HTTP/1.1" 200 10629 "https://isthmuslegalandtax.com.pa/wp-login.php" "Mozilla/5.0 (Windows NT 11.0; Win64; x64; rv:119.0) Gecko/20100101 Firefox/119.0"
216.73.161.173 - - [04/Sep/2026:10:58:35 -0500] "POST /wp-login.php HTTP/1.1" 503 18282 "https://isthmuslegalandtax.com.pa/wp-login.php" "Mozilla/5.0 (Windows NT 10.0; Win64; x64) AppleWebKit/537.36 (KHTML, like Gecko) Chrome/119.0.0.0 Safari/537.36"
157.90.185.123 - - [04/Sep/2026:10:58:39 -0500] "POST /?wordfence_syncAttackData=1788537519.6861 HTTP/1.1" 200 - "-" "WordPress/7.1; https://isthmuslegalandtax.com.pa"
173.239.211.134 - - [04/Sep/2026:10:58:38 -0500] "GET /wp-admin/index.php HTTP/1.1" 302 - "https://isthmuslegalandtax.com.pa/wp-login.php" "Mozilla/5.0 (Macintosh; Intel Mac OS X 10_15_7) AppleWebKit/537.36 (KHTML, like Gecko) Chrome/120.0.0.0 Safari/537.36"
173.239.211.122 - - [04/Sep/2026:10:58:42 -0500] "GET /wp-login.php?redirect_to=https%3A%2F%2Fisthmuslegalandtax.com.pa%2Fwp-admin%2Findex.php&reauth=1 HTTP/1.1" 503 18282 "https://isthmuslegalandtax.com.pa/wp-login.php" "Mozilla/5.0 (Macintosh; Intel Mac OS X 10_15_7) AppleWebKit/537.36 (KHTML, like Gecko) Chrome/120.0.0.0 Safari/537.36"
173.239.211.113 - - [04/Sep/2026:10:58:55 -0500] "GET /wp-admin/profile.php HTTP/1.1" 503 19284 "https://isthmuslegalandtax.com.pa/wp-login.php" "Mozilla/5.0 (Macintosh; Intel Mac OS X 10_15_7) AppleWebKit/537.36 (KHTML, like Gecko) Chrome/120.0.0.0 Safari/537.36"
157.90.185.123 - - [04/Sep/2026:10:58:56 -0500] "POST /?wordfence_syncAttackData=1788537536.805 HTTP/1.1" 200 - "-" "WordPress/7.1; https://isthmuslegalandtax.com.pa"
173.239.211.119 - - [04/Sep/2026:10:59:02 -0500] "GET /wp-admin/edit.php HTTP/1.1" 302 - "https://isthmuslegalandtax.com.pa/wp-login.php" "Mozilla/5.0 (Macintosh; Intel Mac OS X 10_15_7) AppleWebKit/537.36 (KHTML, like Gecko) Chrome/120.0.0.0 Safari/537.36"
216.73.161.163 - - [04/Sep/2026:10:59:06 -0500] "GET /wp-login.php?redirect_to=https%3A%2F%2Fisthmuslegalandtax.com.pa%2Fwp-admin%2Fedit.php&reauth=1 HTTP/1.1" 200 10627 "https://isthmuslegalandtax.com.pa/wp-login.php" "Mozilla/5.0 (Macintosh; Intel Mac OS X 10_15_7) AppleWebKit/537.36 (KHTML, like Gecko) Chrome/120.0.0.0 Safari/537.36"
173.239.211.144 - - [04/Sep/2026:10:59:22 -0500] "POST /wp-login.php HTTP/1.1" 503 19284 "https://isthmuslegalandtax.com.pa/wp-login.php" "Mozilla/5.0 (Macintosh; Intel Mac OS X 13_6_1) AppleWebKit/537.36 (KHTML, like Gecko) Chrome/119.0.0.0 Safari/537.36"
173.239.211.145 - - [04/Sep/2026:10:59:31 -0500] "GET /wp-admin/index.php HTTP/1.1" 302 - "https://isthmuslegalandtax.com.pa/wp-login.php" "Mozilla/5.0 (Macintosh; Intel Mac OS X 13_6_1; rv:121.0) Gecko/20100101 Firefox/121.0"
173.239.211.122 - - [04/Sep/2026:10:59:43 -0500] "GET /wp-login.php?redirect_to=https%3A%2F%2Fisthmuslegalandtax.com.pa%2Fwp-admin%2Findex.php&reauth=1 HTTP/1.1" 503 18282 "https://isthmuslegalandtax.com.pa/wp-login.php" "Mozilla/5.0 (Macintosh; Intel Mac OS X 13_6_1; rv:121.0) Gecko/20100101 Firefox/121.0"
157.90.185.123 - - [04/Sep/2026:10:59:47 -0500] "POST /?wordfence_syncAttackData=1788537587.9096 HTTP/1.1" 200 - "-" "WordPress/7.1; https://isthmuslegalandtax.com.pa"
173.239.211.143 - - [04/Sep/2026:10:59:47 -0500] "GET /wp-admin/profile.php HTTP/1.1" 302 - "https://isthmuslegalandtax.com.pa/wp-login.php" "Mozilla/5.0 (Macintosh; Intel Mac OS X 13_6_1; rv:121.0) Gecko/20100101 Firefox/121.0"
216.73.161.161 - - [04/Sep/2026:10:59:52 -0500] "GET /wp-login.php?redirect_to=https%3A%2F%2Fisthmuslegalandtax.com.pa%2Fwp-admin%2Fprofile.php&reauth=1 HTTP/1.1" 200 10633 "https://isthmuslegalandtax.com.pa/wp-login.php" "Mozilla/5.0 (Macintosh; Intel Mac OS X 13_6_1; rv:121.0) Gecko/20100101 Firefox/121.0"
216.73.161.177 - - [04/Sep/2026:10:59:57 -0500] "POST /wp-login.php HTTP/1.1" 503 19284 "https://isthmuslegalandtax.com.pa/wp-login.php" "Mozilla/5.0 (Macintosh; Intel Mac OS X 10_15_7; rv:119.0) Gecko/20100101 Firefox/119.0"
216.73.161.168 - - [04/Sep/2026:11:00:01 -0500] "GET /wp-admin/index.php HTTP/1.1" 302 - "https://isthmuslegalandtax.com.pa/wp-login.php" "Mozilla/5.0 (Windows NT 10.0; Win64; x64; rv:118.0) Gecko/20100101 Firefox/118.0"
173.239.211.122 - - [04/Sep/2026:11:00:06 -0500] "GET /wp-login.php?redirect_to=https%3A%2F%2Fisthmuslegalandtax.com.pa%2Fwp-admin%2Findex.php&reauth=1 HTTP/1.1" 503 18282 "https://isthmuslegalandtax.com.pa/wp-login.php" "Mozilla/5.0 (Windows NT 10.0; Win64; x64; rv:118.0) Gecko/20100101 Firefox/118.0"
157.90.185.123 - - [04/Sep/2026:11:00:15 -0500] "POST /?wordfence_syncAttackData=1788537615.179 HTTP/1.1" 200 - "-" "WordPress/7.1; https://isthmuslegalandtax.com.pa"
216.73.161.168 - - [04/Sep/2026:11:00:14 -0500] "GET /wp-admin/profile.php HTTP/1.1" 302 - "https://isthmuslegalandtax.com.pa/wp-login.php" "Mozilla/5.0 (Windows NT 10.0; Win64; x64; rv:118.0) Gecko/20100101 Firefox/118.0"
173.239.211.136 - - [04/Sep/2026:11:00:18 -0500] "GET /wp-login.php?redirect_to=https%3A%2F%2Fisthmuslegalandtax.com.pa%2Fwp-admin%2Fprofile.php&reauth=1 HTTP/1.1" 200 10633 "https://isthmuslegalandtax.com.pa/wp-login.php" "Mozilla/5.0 (Windows NT 10.0; Win64; x64; rv:118.0) Gecko/20100101 Firefox/118.0"
173.239.211.136 - - [04/Sep/2026:11:00:24 -0500] "POST /wp-login.php HTTP/1.1" 503 19284 "https://isthmuslegalandtax.com.pa/wp-login.php" "Mozilla/5.0 (Macintosh; Intel Mac OS X 10_15_7) AppleWebKit/537.36 (KHTML, like Gecko) Chrome/121.0.0.0 Safari/537.36"
173.239.211.132 - - [04/Sep/2026:11:00:39 -0500] "POST /wp-login.php HTTP/1.1" 503 19284 "https://isthmuslegalandtax.com.pa/wp-login.php" "Mozilla/5.0 (Macintosh; Intel Mac OS X 13_6_1; rv:121.0) Gecko/20100101 Firefox/121.0"
173.239.211.140 - - [04/Sep/2026:11:00:47 -0500] "GET /wp-admin/index.php HTTP/1.1" 302 - "https://isthmuslegalandtax.com.pa/wp-login.php" "Mozilla/5.0 (Windows NT 10.0; Win64; x64; rv:121.0) Gecko/20100101 Firefox/121.0"
173.239.211.137 - - [04/Sep/2026:11:00:52 -0500] "GET /wp-login.php?redirect_to=https%3A%2F%2Fisthmuslegalandtax.com.pa%2Fwp-admin%2Findex.php&reauth=1 HTTP/1.1" 200 10629 "https://isthmuslegalandtax.com.pa/wp-login.php" "Mozilla/5.0 (Windows NT 10.0; Win64; x64; rv:121.0) Gecko/20100101 Firefox/121.0"
173.239.211.118 - - [04/Sep/2026:11:01:02 -0500] "POST /wp-login.php HTTP/1.1" 503 19284 "https://isthmuslegalandtax.com.pa/wp-login.php" "Mozilla/5.0 (Macintosh; Intel Mac OS X 13_6_1; rv:120.0) Gecko/20100101 Firefox/120.0"
173.239.211.121 - - [04/Sep/2026:11:01:08 -0500] "GET /wp-admin/index.php HTTP/1.1" 302 - "https://isthmuslegalandtax.com.pa/wp-login.php" "Mozilla/5.0 (X11; Linux x86_64) AppleWebKit/537.36 (KHTML, like Gecko) Chrome/120.0.0.0 Safari/537.36"
173.239.211.113 - - [04/Sep/2026:11:01:13 -0500] "GET /wp-login.php?redirect_to=https%3A%2F%2Fisthmuslegalandtax.com.pa%2Fwp-admin%2Findex.php&reauth=1 HTTP/1.1" 503 18282 "https://isthmuslegalandtax.com.pa/wp-login.php" "Mozilla/5.0 (X11; Linux x86_64) AppleWebKit/537.36 (KHTML, like Gecko) Chrome/120.0.0.0 Safari/537.36"
157.90.185.123 - - [04/Sep/2026:11:01:22 -0500] "POST /?wordfence_syncAttackData=1788537682.3283 HTTP/1.1" 200 - "-" "WordPress/7.1; https://isthmuslegalandtax.com.pa"
216.73.161.160 - - [04/Sep/2026:11:01:21 -0500] "GET /wp-admin/profile.php HTTP/1.1" 302 - "https://isthmuslegalandtax.com.pa/wp-login.php" "Mozilla/5.0 (X11; Linux x86_64) AppleWebKit/537.36 (KHTML, like Gecko) Chrome/120.0.0.0 Safari/537.36"
173.239.211.114 - - [04/Sep/2026:11:01:26 -0500] "GET /wp-login.php?redirect_to=https%3A%2F%2Fisthmuslegalandtax.com.pa%2Fwp-admin%2Fprofile.php&reauth=1 HTTP/1.1" 200 10633 "https://isthmuslegalandtax.com.pa/wp-login.php" "Mozilla/5.0 (X11; Linux x86_64) AppleWebKit/537.36 (KHTML, like Gecko) Chrome/120.0.0.0 Safari/537.36"
173.239.211.120 - - [04/Sep/2026:11:01:31 -0500] "POST /wp-login.php HTTP/1.1" 503 18282 "https://isthmuslegalandtax.com.pa/wp-login.php" "Mozilla/5.0 (Windows NT 11.0; Win64; x64; rv:120.0) Gecko/20100101 Firefox/120.0"
216.73.161.173 - - [04/Sep/2026:11:01:34 -0500] "GET /wp-admin/index.php HTTP/1.1" 503 19284 "https://isthmuslegalandtax.com.pa/wp-login.php" "Mozilla/5.0 (Macintosh; Intel Mac OS X 10_15_7) AppleWebKit/605.1.15 (KHTML, like Gecko) Version/17.0 Safari/605.1.15"
157.90.185.123 - - [04/Sep/2026:11:01:35 -0500] "POST /?wordfence_syncAttackData=1788537695.5963 HTTP/1.1" 200 - "-" "WordPress/7.1; https://isthmuslegalandtax.com.pa"
173.239.211.114 - - [04/Sep/2026:11:01:40 -0500] "GET /wp-admin/profile.php HTTP/1.1" 302 - "https://isthmuslegalandtax.com.pa/wp-login.php" "Mozilla/5.0 (Macintosh; Intel Mac OS X 10_15_7) AppleWebKit/605.1.15 (KHTML, like Gecko) Version/17.0 Safari/605.1.15"
216.73.161.161 - - [04/Sep/2026:11:01:50 -0500] "GET /wp-login.php?redirect_to=https%3A%2F%2Fisthmuslegalandtax.com.pa%2Fwp-admin%2Fprofile.php&reauth=1 HTTP/1.1" 200 10633 "https://isthmuslegalandtax.com.pa/wp-login.php" "Mozilla/5.0 (Macintosh; Intel Mac OS X 10_15_7) AppleWebKit/605.1.15 (KHTML, like Gecko) Version/17.0 Safari/605.1.15"
173.239.211.136 - - [04/Sep/2026:11:01:57 -0500] "POST /wp-login.php HTTP/1.1" 503 18282 "https://isthmuslegalandtax.com.pa/wp-login.php" "Mozilla/5.0 (Windows NT 11.0; Win64; x64; rv:121.0) Gecko/20100101 Firefox/121.0"
157.90.185.123 - - [04/Sep/2026:11:02:03 -0500] "POST /?wordfence_syncAttackData=1788537723.054 HTTP/1.1" 200 - "-" "WordPress/7.1; https://isthmuslegalandtax.com.pa"
216.73.161.178 - - [04/Sep/2026:11:02:02 -0500] "GET /wp-admin/index.php HTTP/1.1" 302 - "https://isthmuslegalandtax.com.pa/wp-login.php" "Mozilla/5.0 (Windows NT 10.0; Win64; x64) AppleWebKit/537.36 (KHTML, like Gecko) Chrome/121.0.0.0 Safari/537.36"
216.73.161.178 - - [04/Sep/2026:11:02:07 -0500] "GET /wp-login.php?redirect_to=https%3A%2F%2Fisthmuslegalandtax.com.pa%2Fwp-admin%2Findex.php&reauth=1 HTTP/1.1" 200 10629 "https://isthmuslegalandtax.com.pa/wp-login.php" "Mozilla/5.0 (Windows NT 10.0; Win64; x64) AppleWebKit/537.36 (KHTML, like Gecko) Chrome/121.0.0.0 Safari/537.36"
173.239.211.131 - - [04/Sep/2026:11:02:12 -0500] "POST /wp-login.php HTTP/1.1" 503 19284 "https://isthmuslegalandtax.com.pa/wp-login.php" "Mozilla/5.0 (Macintosh; Intel Mac OS X 10_15_7) AppleWebKit/605.1.15 (KHTML, like Gecko) Version/16.6 Safari/605.1.15"
173.239.211.119 - - [04/Sep/2026:11:02:28 -0500] "GET /wp-admin/index.php HTTP/1.1" 302 - "https://isthmuslegalandtax.com.pa/wp-login.php" "Mozilla/5.0 (Macintosh; Intel Mac OS X 10_15_7) AppleWebKit/605.1.15 (KHTML, like Gecko) Version/16.6 Safari/605.1.15"
216.73.161.179 - - [04/Sep/2026:11:02:32 -0500] "GET /wp-login.php?redirect_to=https%3A%2F%2Fisthmuslegalandtax.com.pa%2Fwp-admin%2Findex.php&reauth=1 HTTP/1.1" 503 18282 "https://isthmuslegalandtax.com.pa/wp-login.php" "Mozilla/5.0 (Macintosh; Intel Mac OS X 10_15_7) AppleWebKit/605.1.15 (KHTML, like Gecko) Version/16.6 Safari/605.1.15"
157.90.185.123 - - [04/Sep/2026:11:02:36 -0500] "POST /?wordfence_syncAttackData=1788537756.778 HTTP/1.1" 200 - "-" "WordPress/7.1; https://isthmuslegalandtax.com.pa"
216.73.161.177 - - [04/Sep/2026:11:02:36 -0500] "GET /wp-admin/profile.php HTTP/1.1" 503 19284 "https://isthmuslegalandtax.com.pa/wp-login.php" "Mozilla/5.0 (Macintosh; Intel Mac OS X 10_15_7) AppleWebKit/605.1.15 (KHTML, like Gecko) Version/16.6 Safari/605.1.15"
173.239.211.141 - - [04/Sep/2026:11:02:39 -0500] "GET /wp-admin/edit.php HTTP/1.1" 503 19284 "https://isthmuslegalandtax.com.pa/wp-login.php" "Mozilla/5.0 (Macintosh; Intel Mac OS X 10_15_7) AppleWebKit/605.1.15 (KHTML, like Gecko) Version/16.6 Safari/605.1.15"
173.239.211.115 - - [04/Sep/2026:11:02:46 -0500] "GET /wp-admin/plugins.php HTTP/1.1" 302 - "https://isthmuslegalandtax.com.pa/wp-login.php" "Mozilla/5.0 (Macintosh; Intel Mac OS X 10_15_7) AppleWebKit/605.1.15 (KHTML, like Gecko) Version/16.6 Safari/605.1.15"
173.239.211.146 - - [04/Sep/2026:11:02:53 -0500] "GET /wp-login.php?redirect_to=https%3A%2F%2Fisthmuslegalandtax.com.pa%2Fwp-admin%2Fplugins.php&reauth=1 HTTP/1.1" 200 10633 "https://isthmuslegalandtax.com.pa/wp-login.php" "Mozilla/5.0 (Macintosh; Intel Mac OS X 10_15_7) AppleWebKit/605.1.15 (KHTML, like Gecko) Version/16.6 Safari/605.1.15"
173.239.211.123 - - [04/Sep/2026:11:03:14 -0500] "POST /wp-login.php HTTP/1.1" 503 19284 "https://isthmuslegalandtax.com.pa/wp-login.php" "Mozilla/5.0 (Macintosh; Intel Mac OS X 10_15_7) AppleWebKit/605.1.15 (KHTML, like Gecko) Version/17.2 Safari/605.1.15"
173.239.211.119 - - [04/Sep/2026:11:03:21 -0500] "GET /wp-admin/index.php HTTP/1.1" 302 - "https://isthmuslegalandtax.com.pa/wp-login.php" "Mozilla/5.0 (Macintosh; Intel Mac OS X 10_15_7) AppleWebKit/605.1.15 (KHTML, like Gecko) Version/17.0 Safari/605.1.15"
216.73.161.175 - - [04/Sep/2026:11:03:27 -0500] "GET /wp-login.php?redirect_to=https%3A%2F%2Fisthmuslegalandtax.com.pa%2Fwp-admin%2Findex.php&reauth=1 HTTP/1.1" 200 10629 "https://isthmuslegalandtax.com.pa/wp-login.php" "Mozilla/5.0 (Macintosh; Intel Mac OS X 10_15_7) AppleWebKit/605.1.15 (KHTML, like Gecko) Version/17.0 Safari/605.1.15"
173.239.211.122 - - [04/Sep/2026:11:03:33 -0500] "POST /wp-login.php HTTP/1.1" 503 18282 "https://isthmuslegalandtax.com.pa/wp-login.php" "Mozilla/5.0 (Macintosh; Intel Mac OS X 10_15_7) AppleWebKit/537.36 (KHTML, like Gecko) Chrome/119.0.0.0 Safari/537.36"
173.239.211.135 - - [04/Sep/2026:11:03:38 -0500] "GET /wp-admin/index.php HTTP/1.1" 503 19284 "https://isthmuslegalandtax.com.pa/wp-login.php" "Mozilla/5.0 (Macintosh; Intel Mac OS X 10_15_7) AppleWebKit/605.1.15 (KHTML, like Gecko) Version/16.6 Safari/605.1.15"
157.90.185.123 - - [04/Sep/2026:11:03:39 -0500] "POST /?wordfence_syncAttackData=1788537819.5486 HTTP/1.1" 200 - "-" "WordPress/7.1; https://isthmuslegalandtax.com.pa"
216.73.161.166 - - [04/Sep/2026:11:03:43 -0500] "GET /wp-admin/profile.php HTTP/1.1" 302 - "https://isthmuslegalandtax.com.pa/wp-login.php" "Mozilla/5.0 (Macintosh; Intel Mac OS X 10_15_7) AppleWebKit/605.1.15 (KHTML, like Gecko) Version/16.6 Safari/605.1.15"
173.239.211.133 - - [04/Sep/2026:11:03:47 -0500] "GET /wp-login.php?redirect_to=https%3A%2F%2Fisthmuslegalandtax.com.pa%2Fwp-admin%2Fprofile.php&reauth=1 HTTP/1.1" 200 10633 "https://isthmuslegalandtax.com.pa/wp-login.php" "Mozilla/5.0 (Macintosh; Intel Mac OS X 10_15_7) AppleWebKit/605.1.15 (KHTML, like Gecko) Version/16.6 Safari/605.1.15"
173.239.211.138 - - [04/Sep/2026:11:03:55 -0500] "POST /wp-login.php HTTP/1.1" 503 19284 "https://isthmuslegalandtax.com.pa/wp-login.php" "Mozilla/5.0 (Macintosh; Intel Mac OS X 13_6_1) AppleWebKit/605.1.15 (KHTML, like Gecko) Version/17.1 Safari/605.1.15"
173.239.211.113 - - [04/Sep/2026:11:03:59 -0500] "GET /wp-admin/index.php HTTP/1.1" 503 19284 "https://isthmuslegalandtax.com.pa/wp-login.php" "Mozilla/5.0 (Macintosh; Intel Mac OS X 10_15_7) AppleWebKit/537.36 (KHTML, like Gecko) Chrome/119.0.0.0 Safari/537.36"
173.239.211.143 - - [04/Sep/2026:11:04:04 -0500] "GET /wp-admin/profile.php HTTP/1.1" 302 - "https://isthmuslegalandtax.com.pa/wp-login.php" "Mozilla/5.0 (Macintosh; Intel Mac OS X 10_15_7) AppleWebKit/537.36 (KHTML, like Gecko) Chrome/119.0.0.0 Safari/537.36"
173.239.211.132 - - [04/Sep/2026:11:04:10 -0500] "GET /wp-login.php?redirect_to=https%3A%2F%2Fisthmuslegalandtax.com.pa%2Fwp-admin%2Fprofile.php&reauth=1 HTTP/1.1" 503 18282 "https://isthmuslegalandtax.com.pa/wp-login.php" "Mozilla/5.0 (Macintosh; Intel Mac OS X 10_15_7) AppleWebKit/537.36 (KHTML, like Gecko) Chrome/119.0.0.0 Safari/537.36"
157.90.185.123 - - [04/Sep/2026:11:04:19 -0500] "POST /?wordfence_syncAttackData=1788537859.3926 HTTP/1.1" 200 - "-" "WordPress/7.1; https://isthmuslegalandtax.com.pa"
173.239.211.141 - - [04/Sep/2026:11:04:18 -0500] "GET /wp-admin/edit.php HTTP/1.1" 503 19284 "https://isthmuslegalandtax.com.pa/wp-login.php" "Mozilla/5.0 (Macintosh; Intel Mac OS X 10_15_7) AppleWebKit/537.36 (KHTML, like Gecko) Chrome/119.0.0.0 Safari/537.36"
216.73.161.165 - - [04/Sep/2026:11:04:27 -0500] "GET /wp-admin/plugins.php HTTP/1.1" 302 - "https://isthmuslegalandtax.com.pa/wp-login.php" "Mozilla/5.0 (Macintosh; Intel Mac OS X 10_15_7) AppleWebKit/537.36 (KHTML, like Gecko) Chrome/119.0.0.0 Safari/537.36"
216.73.161.163 - - [04/Sep/2026:11:04:41 -0500] "GET /wp-login.php?redirect_to=https%3A%2F%2Fisthmuslegalandtax.com.pa%2Fwp-admin%2Fplugins.php&reauth=1 HTTP/1.1" 200 10633 "https://isthmuslegalandtax.com.pa/wp-login.php" "Mozilla/5.0 (Macintosh; Intel Mac OS X 10_15_7) AppleWebKit/537.36 (KHTML, like Gecko) Chrome/119.0.0.0 Safari/537.36"
173.239.211.119 - - [04/Sep/2026:11:04:47 -0500] "POST /wp-login.php HTTP/1.1" 503 19284 "https://isthmuslegalandtax.com.pa/wp-login.php" "Mozilla/5.0 (Macintosh; Intel Mac OS X 10_15_7) AppleWebKit/537.36 (KHTML, like Gecko) Chrome/121.0.0.0 Safari/537.36"
216.73.161.178 - - [04/Sep/2026:11:04:55 -0500] "GET /wp-admin/index.php HTTP/1.1" 302 - "https://isthmuslegalandtax.com.pa/wp-login.php" "Mozilla/5.0 (Macintosh; Intel Mac OS X 10_15_7) AppleWebKit/537.36 (KHTML, like Gecko) Chrome/121.0.0.0 Safari/537.36"
173.239.211.121 - - [04/Sep/2026:11:05:01 -0500] "GET /wp-login.php?redirect_to=https%3A%2F%2Fisthmuslegalandtax.com.pa%2Fwp-admin%2Findex.php&reauth=1 HTTP/1.1" 200 10629 "https://isthmuslegalandtax.com.pa/wp-login.php" "Mozilla/5.0 (Macintosh; Intel Mac OS X 10_15_7) AppleWebKit/537.36 (KHTML, like Gecko) Chrome/121.0.0.0 Safari/537.36"
216.73.161.177 - - [04/Sep/2026:11:05:09 -0500] "POST /wp-login.php HTTP/1.1" 503 18282 "https://isthmuslegalandtax.com.pa/wp-login.php" "Mozilla/5.0 (Macintosh; Intel Mac OS X 13_6_1) AppleWebKit/605.1.15 (KHTML, like Gecko) Version/16.6 Safari/605.1.15"
157.90.185.123 - - [04/Sep/2026:11:05:19 -0500] "POST /?wordfence_syncAttackData=1788537919.2254 HTTP/1.1" 200 - "-" "WordPress/7.1; https://isthmuslegalandtax.com.pa"
216.73.161.174 - - [04/Sep/2026:11:05:18 -0500] "GET /wp-admin/index.php HTTP/1.1" 302 - "https://isthmuslegalandtax.com.pa/wp-login.php" "Mozilla/5.0 (Windows NT 10.0; Win64; x64) AppleWebKit/537.36 (KHTML, like Gecko) Chrome/121.0.0.0 Safari/537.36"
216.73.161.169 - - [04/Sep/2026:11:05:24 -0500] "GET /wp-login.php?redirect_to=https%3A%2F%2Fisthmuslegalandtax.com.pa%2Fwp-admin%2Findex.php&reauth=1 HTTP/1.1" 200 10629 "https://isthmuslegalandtax.com.pa/wp-login.php" "Mozilla/5.0 (Windows NT 10.0; Win64; x64) AppleWebKit/537.36 (KHTML, like Gecko) Chrome/121.0.0.0 Safari/537.36"
173.239.211.129 - - [04/Sep/2026:11:05:32 -0500] "POST /wp-login.php HTTP/1.1" 503 19284 "https://isthmuslegalandtax.com.pa/wp-login.php" "Mozilla/5.0 (Macintosh; Intel Mac OS X 13_6_1; rv:119.0) Gecko/20100101 Firefox/119.0"
173.239.211.122 - - [04/Sep/2026:11:05:42 -0500] "GET /wp-admin/index.php HTTP/1.1" 503 19284 "https://isthmuslegalandtax.com.pa/wp-login.php" "Mozilla/5.0 (X11; Ubuntu; Linux x86_64) AppleWebKit/537.36 (KHTML, like Gecko) Chrome/120.0.0.0 Safari/537.36"
173.239.211.136 - - [04/Sep/2026:11:05:49 -0500] "GET /wp-admin/profile.php HTTP/1.1" 503 19284 "https://isthmuslegalandtax.com.pa/wp-login.php" "Mozilla/5.0 (X11; Ubuntu; Linux x86_64) AppleWebKit/537.36 (KHTML, like Gecko) Chrome/120.0.0.0 Safari/537.36"
216.73.161.175 - - [04/Sep/2026:11:05:53 -0500] "GET /wp-admin/edit.php HTTP/1.1" 302 - "https://isthmuslegalandtax.com.pa/wp-login.php" "Mozilla/5.0 (X11; Ubuntu; Linux x86_64) AppleWebKit/537.36 (KHTML, like Gecko) Chrome/120.0.0.0 Safari/537.36"
173.239.211.130 - - [04/Sep/2026:11:05:59 -0500] "GET /wp-login.php?redirect_to=https%3A%2F%2Fisthmuslegalandtax.com.pa%2Fwp-admin%2Fedit.php&reauth=1 HTTP/1.1" 200 10627 "https://isthmuslegalandtax.com.pa/wp-login.php" "Mozilla/5.0 (X11; Ubuntu; Linux x86_64) AppleWebKit/537.36 (KHTML, like Gecko) Chrome/120.0.0.0 Safari/537.36"
173.239.211.144 - - [04/Sep/2026:11:06:07 -0500] "POST /wp-login.php HTTP/1.1" 503 18282 "https://isthmuslegalandtax.com.pa/wp-login.php" "Mozilla/5.0 (Windows NT 10.0; Win64; x64; rv:121.0) Gecko/20100101 Firefox/121.0"
173.239.211.122 - - [04/Sep/2026:11:06:16 -0500] "GET /wp-admin/index.php HTTP/1.1" 503 19284 "https://isthmuslegalandtax.com.pa/wp-login.php" "Mozilla/5.0 (Macintosh; Intel Mac OS X 13_6_1; rv:121.0) Gecko/20100101 Firefox/121.0"
157.90.185.123 - - [04/Sep/2026:11:06:17 -0500] "POST /?wordfence_syncAttackData=1788537977.5532 HTTP/1.1" 200 - "-" "WordPress/7.1; https://isthmuslegalandtax.com.pa"
173.239.211.122 - - [04/Sep/2026:11:06:30 -0500] "GET /wp-admin/profile.php HTTP/1.1" 503 19284 "https://isthmuslegalandtax.com.pa/wp-login.php" "Mozilla/5.0 (Macintosh; Intel Mac OS X 13_6_1; rv:121.0) Gecko/20100101 Firefox/121.0"
173.239.211.117 - - [04/Sep/2026:11:06:33 -0500] "GET /wp-admin/edit.php HTTP/1.1" 302 - "https://isthmuslegalandtax.com.pa/wp-login.php" "Mozilla/5.0 (Macintosh; Intel Mac OS X 13_6_1; rv:121.0) Gecko/20100101 Firefox/121.0"
216.73.161.172 - - [04/Sep/2026:11:06:41 -0500] "GET /wp-login.php?redirect_to=https%3A%2F%2Fisthmuslegalandtax.com.pa%2Fwp-admin%2Fedit.php&reauth=1 HTTP/1.1" 200 10627 "https://isthmuslegalandtax.com.pa/wp-login.php" "Mozilla/5.0 (Macintosh; Intel Mac OS X 13_6_1; rv:121.0) Gecko/20100101 Firefox/121.0"
216.73.161.170 - - [04/Sep/2026:11:06:49 -0500] "POST /wp-login.php HTTP/1.1" 503 19284 "https://isthmuslegalandtax.com.pa/wp-login.php" "Mozilla/5.0 (Windows NT 11.0; Win64; x64) AppleWebKit/537.36 (KHTML, like Gecko) Chrome/121.0.0.0 Safari/537.36"
216.73.161.172 - - [04/Sep/2026:11:07:10 -0500] "GET /wp-admin/index.php HTTP/1.1" 302 - "https://isthmuslegalandtax.com.pa/wp-login.php" "Mozilla/5.0 (Windows NT 10.0; Win64; x64) AppleWebKit/537.36 (KHTML, like Gecko) Chrome/120.0.0.0 Safari/537.36"
173.239.211.135 - - [04/Sep/2026:11:07:16 -0500] "GET /wp-login.php?redirect_to=https%3A%2F%2Fisthmuslegalandtax.com.pa%2Fwp-admin%2Findex.php&reauth=1 HTTP/1.1" 200 10629 "https://isthmuslegalandtax.com.pa/wp-login.php" "Mozilla/5.0 (Windows NT 10.0; Win64; x64) AppleWebKit/537.36 (KHTML, like Gecko) Chrome/120.0.0.0 Safari/537.36"
173.239.211.115 - - [04/Sep/2026:11:07:20 -0500] "POST /wp-login.php HTTP/1.1" 503 19284 "https://isthmuslegalandtax.com.pa/wp-login.php" "Mozilla/5.0 (Macintosh; Intel Mac OS X 13_6_1) AppleWebKit/537.36 (KHTML, like Gecko) Chrome/121.0.0.0 Safari/537.36"
173.239.211.133 - - [04/Sep/2026:11:07:26 -0500] "GET /wp-admin/index.php HTTP/1.1" 302 - "https://isthmuslegalandtax.com.pa/wp-login.php" "Mozilla/5.0 (Macintosh; Intel Mac OS X 10_15_7) AppleWebKit/537.36 (KHTML, like Gecko) Chrome/118.0.0.0 Safari/537.36"
173.239.211.146 - - [04/Sep/2026:11:07:30 -0500] "GET /wp-login.php?redirect_to=https%3A%2F%2Fisthmuslegalandtax.com.pa%2Fwp-admin%2Findex.php&reauth=1 HTTP/1.1" 200 10629 "https://isthmuslegalandtax.com.pa/wp-login.php" "Mozilla/5.0 (Macintosh; Intel Mac OS X 10_15_7) AppleWebKit/537.36 (KHTML, like Gecko) Chrome/118.0.0.0 Safari/537.36"
216.73.161.179 - - [04/Sep/2026:11:07:33 -0500] "POST /wp-login.php HTTP/1.1" 503 19284 "https://isthmuslegalandtax.com.pa/wp-login.php" "Mozilla/5.0 (Macintosh; Intel Mac OS X 10_15_7) AppleWebKit/605.1.15 (KHTML, like Gecko) Version/16.6 Safari/605.1.15"
173.239.211.133 - - [04/Sep/2026:11:07:37 -0500] "GET /wp-admin/index.php HTTP/1.1" 302 - "https://isthmuslegalandtax.com.pa/wp-login.php" "Mozilla/5.0 (Windows NT 11.0; Win64; x64; rv:118.0) Gecko/20100101 Firefox/118.0"
216.73.161.166 - - [04/Sep/2026:11:08:00 -0500] "GET /wp-admin/profile.php HTTP/1.1" 302 - "https://isthmuslegalandtax.com.pa/wp-login.php" "Mozilla/5.0 (Windows NT 11.0; Win64; x64; rv:118.0) Gecko/20100101 Firefox/118.0"
173.239.211.119 - - [04/Sep/2026:11:08:15 -0500] "GET /wp-admin/edit.php HTTP/1.1" 503 19284 "https://isthmuslegalandtax.com.pa/wp-login.php" "Mozilla/5.0 (Windows NT 11.0; Win64; x64; rv:118.0) Gecko/20100101 Firefox/118.0"
216.73.161.166 - - [04/Sep/2026:11:08:21 -0500] "GET /wp-admin/plugins.php HTTP/1.1" 302 - "https://isthmuslegalandtax.com.pa/wp-login.php" "Mozilla/5.0 (Windows NT 11.0; Win64; x64; rv:118.0) Gecko/20100101 Firefox/118.0"
173.239.211.120 - - [04/Sep/2026:11:08:30 -0500] "GET /wp-login.php?redirect_to=https%3A%2F%2Fisthmuslegalandtax.com.pa%2Fwp-admin%2Fplugins.php&reauth=1 HTTP/1.1" 200 10633 "https://isthmuslegalandtax.com.pa/wp-login.php" "Mozilla/5.0 (Windows NT 11.0; Win64; x64; rv:118.0) Gecko/20100101 Firefox/118.0"
173.239.211.113 - - [04/Sep/2026:11:08:33 -0500] "POST /wp-login.php HTTP/1.1" 503 19284 "https://isthmuslegalandtax.com.pa/wp-login.php" "Mozilla/5.0 (Macintosh; Intel Mac OS X 13_6_1; rv:120.0) Gecko/20100101 Firefox/120.0"
216.73.161.178 - - [04/Sep/2026:11:08:43 -0500] "GET /wp-admin/index.php HTTP/1.1" 302 - "https://isthmuslegalandtax.com.pa/wp-login.php" "Mozilla/5.0 (Macintosh; Intel Mac OS X 13_6_1) AppleWebKit/537.36 (KHTML, like Gecko) Chrome/121.0.0.0 Safari/537.36"
173.239.211.120 - - [04/Sep/2026:11:08:48 -0500] "GET /wp-login.php?redirect_to=https%3A%2F%2Fisthmuslegalandtax.com.pa%2Fwp-admin%2Findex.php&reauth=1 HTTP/1.1" 200 10629 "https://isthmuslegalandtax.com.pa/wp-login.php" "Mozilla/5.0 (Macintosh; Intel Mac OS X 13_6_1) AppleWebKit/537.36 (KHTML, like Gecko) Chrome/121.0.0.0 Safari/537.36"
