173.239.211.120 - - [04/Sep/2026:11:29:06 -0500] "GET /wp-login.php?redirect_to=https%3A%2F%2Fisthmuslegalandtax.com.pa%2Fwp-admin%2Fplugins.php&reauth=1 HTTP/1.1" 200 10633 "https://isthmuslegalandtax.com.pa/wp-login.php" "Mozilla/5.0 (Windows NT 10.0; Win64; x64) AppleWebKit/537.36 (KHTML, like Gecko) Chrome/118.0.0.0 Safari/537.36"
173.239.211.129 - - [04/Sep/2026:11:29:11 -0500] "POST /wp-login.php HTTP/1.1" 503 19284 "https://isthmuslegalandtax.com.pa/wp-login.php" "Mozilla/5.0 (Macintosh; Intel Mac OS X 13_6_1) AppleWebKit/605.1.15 (KHTML, like Gecko) Version/16.6 Safari/605.1.15"
173.239.211.144 - - [04/Sep/2026:11:29:21 -0500] "GET /wp-admin/index.php HTTP/1.1" 503 19284 "https://isthmuslegalandtax.com.pa/wp-login.php" "Mozilla/5.0 (Macintosh; Intel Mac OS X 10_15_7) AppleWebKit/605.1.15 (KHTML, like Gecko) Version/17.0 Safari/605.1.15"
173.239.211.139 - - [04/Sep/2026:11:29:23 -0500] "GET /wp-admin/profile.php HTTP/1.1" 302 - "https://isthmuslegalandtax.com.pa/wp-login.php" "Mozilla/5.0 (Macintosh; Intel Mac OS X 10_15_7) AppleWebKit/605.1.15 (KHTML, like Gecko) Version/17.0 Safari/605.1.15"
173.239.211.145 - - [04/Sep/2026:11:29:26 -0500] "GET /wp-login.php?redirect_to=https%3A%2F%2Fisthmuslegalandtax.com.pa%2Fwp-admin%2Fprofile.php&reauth=1 HTTP/1.1" 200 10633 "https://isthmuslegalandtax.com.pa/wp-login.php" "Mozilla/5.0 (Macintosh; Intel Mac OS X 10_15_7) AppleWebKit/605.1.15 (KHTML, like Gecko) Version/17.0 Safari/605.1.15"
173.239.211.122 - - [04/Sep/2026:11:29:34 -0500] "POST /wp-login.php HTTP/1.1" 503 18282 "https://isthmuslegalandtax.com.pa/wp-login.php" "Mozilla/5.0 (Windows NT 11.0; Win64; x64; rv:118.0) Gecko/20100101 Firefox/118.0"
157.90.185.123 - - [04/Sep/2026:11:29:45 -0500] "POST /?wordfence_syncAttackData=1788539385.6009 HTTP/1.1" 200 - "-" "WordPress/7.1; https://isthmuslegalandtax.com.pa"
198.235.24.24 - - [04/Sep/2026:11:29:44 -0500] "GET / HTTP/1.1" 200 91235 "-" "Hello from Palo Alto Networks, find out more about our scans in https://docs-cortex.paloaltonetworks.com/r/1/Cortex-Xpanse/Scanning-activity"
216.73.161.160 - - [04/Sep/2026:11:29:47 -0500] "GET /wp-admin/index.php HTTP/1.1" 302 - "https://isthmuslegalandtax.com.pa/wp-login.php" "Mozilla/5.0 (Macintosh; Intel Mac OS X 10_15_7; rv:120.0) Gecko/20100101 Firefox/120.0"
216.73.161.174 - - [04/Sep/2026:11:30:00 -0500] "POST /wp-login.php HTTP/1.1" 503 19284 "https://isthmuslegalandtax.com.pa/wp-login.php" "Mozilla/5.0 (Macintosh; Intel Mac OS X 13_6_1) AppleWebKit/537.36 (KHTML, like Gecko) Chrome/119.0.0.0 Safari/537.36"
173.239.211.142 - - [04/Sep/2026:11:30:06 -0500] "GET /wp-admin/index.php HTTP/1.1" 302 - "https://isthmuslegalandtax.com.pa/wp-login.php" "Mozilla/5.0 (Macintosh; Intel Mac OS X 10_15_7; rv:119.0) Gecko/20100101 Firefox/119.0"
173.239.211.115 - - [04/Sep/2026:11:29:57 -0500] "GET /wp-login.php?redirect_to=https%3A%2F%2Fisthmuslegalandtax.com.pa%2Fwp-admin%2Findex.php&reauth=1 HTTP/1.1" 200 10629 "https://isthmuslegalandtax.com.pa/wp-login.php" "Mozilla/5.0 (Macintosh; Intel Mac OS X 10_15_7; rv:120.0) Gecko/20100101 Firefox/120.0"
216.73.161.177 - - [04/Sep/2026:11:30:10 -0500] "GET /wp-login.php?redirect_to=https%3A%2F%2Fisthmuslegalandtax.com.pa%2Fwp-admin%2Findex.php&reauth=1 HTTP/1.1" 503 18282 "https://isthmuslegalandtax.com.pa/wp-login.php" "Mozilla/5.0 (Macintosh; Intel Mac OS X 10_15_7; rv:119.0) Gecko/20100101 Firefox/119.0"
157.90.185.123 - - [04/Sep/2026:11:30:16 -0500] "POST /?wordfence_syncAttackData=1788539416.7723 HTTP/1.1" 200 - "-" "WordPress/7.1; https://isthmuslegalandtax.com.pa"
173.239.211.119 - - [04/Sep/2026:11:30:16 -0500] "GET /wp-admin/profile.php HTTP/1.1" 302 - "https://isthmuslegalandtax.com.pa/wp-login.php" "Mozilla/5.0 (Macintosh; Intel Mac OS X 10_15_7; rv:119.0) Gecko/20100101 Firefox/119.0"
216.73.161.168 - - [04/Sep/2026:11:30:20 -0500] "GET /wp-login.php?redirect_to=https%3A%2F%2Fisthmuslegalandtax.com.pa%2Fwp-admin%2Fprofile.php&reauth=1 HTTP/1.1" 200 10633 "https://isthmuslegalandtax.com.pa/wp-login.php" "Mozilla/5.0 (Macintosh; Intel Mac OS X 10_15_7; rv:119.0) Gecko/20100101 Firefox/119.0"
216.73.161.160 - - [04/Sep/2026:11:30:28 -0500] "POST /wp-login.php HTTP/1.1" 503 19284 "https://isthmuslegalandtax.com.pa/wp-login.php" "Mozilla/5.0 (X11; Linux x86_64) AppleWebKit/537.36 (KHTML, like Gecko) Chrome/120.0.0.0 Safari/537.36"
173.239.211.141 - - [04/Sep/2026:11:30:35 -0500] "GET /wp-admin/index.php HTTP/1.1" 503 19284 "https://isthmuslegalandtax.com.pa/wp-login.php" "Mozilla/5.0 (Macintosh; Intel Mac OS X 13_6_1) AppleWebKit/537.36 (KHTML, like Gecko) Chrome/121.0.0.0 Safari/537.36"
216.73.161.163 - - [04/Sep/2026:11:30:41 -0500] "GET /wp-admin/profile.php HTTP/1.1" 302 - "https://isthmuslegalandtax.com.pa/wp-login.php" "Mozilla/5.0 (Macintosh; Intel Mac OS X 13_6_1) AppleWebKit/537.36 (KHTML, like Gecko) Chrome/121.0.0.0 Safari/537.36"
216.73.161.161 - - [04/Sep/2026:11:30:49 -0500] "GET /wp-login.php?redirect_to=https%3A%2F%2Fisthmuslegalandtax.com.pa%2Fwp-admin%2Fprofile.php&reauth=1 HTTP/1.1" 200 10633 "https://isthmuslegalandtax.com.pa/wp-login.php" "Mozilla/5.0 (Macintosh; Intel Mac OS X 13_6_1) AppleWebKit/537.36 (KHTML, like Gecko) Chrome/121.0.0.0 Safari/537.36"
216.73.161.168 - - [04/Sep/2026:11:30:53 -0500] "POST /wp-login.php HTTP/1.1" 503 19284 "https://isthmuslegalandtax.com.pa/wp-login.php" "Mozilla/5.0 (Macintosh; Intel Mac OS X 13_6_1) AppleWebKit/605.1.15 (KHTML, like Gecko) Version/17.2 Safari/605.1.15"
173.239.211.122 - - [04/Sep/2026:11:30:59 -0500] "GET /wp-admin/index.php HTTP/1.1" 302 - "https://isthmuslegalandtax.com.pa/wp-login.php" "Mozilla/5.0 (Macintosh; Intel Mac OS X 13_6_1; rv:118.0) Gecko/20100101 Firefox/118.0"
216.73.161.173 - - [04/Sep/2026:11:31:03 -0500] "GET /wp-login.php?redirect_to=https%3A%2F%2Fisthmuslegalandtax.com.pa%2Fwp-admin%2Findex.php&reauth=1 HTTP/1.1" 503 18282 "https://isthmuslegalandtax.com.pa/wp-login.php" "Mozilla/5.0 (Macintosh; Intel Mac OS X 13_6_1; rv:118.0) Gecko/20100101 Firefox/118.0"
157.90.185.123 - - [04/Sep/2026:11:31:08 -0500] "POST /?wordfence_syncAttackData=1788539468.4826 HTTP/1.1" 200 - "-" "WordPress/7.1; https://isthmuslegalandtax.com.pa"
173.239.211.143 - - [04/Sep/2026:11:31:07 -0500] "GET /wp-admin/profile.php HTTP/1.1" 302 - "https://isthmuslegalandtax.com.pa/wp-login.php" "Mozilla/5.0 (Macintosh; Intel Mac OS X 13_6_1; rv:118.0) Gecko/20100101 Firefox/118.0"
216.73.161.177 - - [04/Sep/2026:11:31:14 -0500] "GET /wp-login.php?redirect_to=https%3A%2F%2Fisthmuslegalandtax.com.pa%2Fwp-admin%2Fprofile.php&reauth=1 HTTP/1.1" 200 10633 "https://isthmuslegalandtax.com.pa/wp-login.php" "Mozilla/5.0 (Macintosh; Intel Mac OS X 13_6_1; rv:118.0) Gecko/20100101 Firefox/118.0"
173.239.211.122 - - [04/Sep/2026:11:31:20 -0500] "POST /wp-login.php HTTP/1.1" 503 19284 "https://isthmuslegalandtax.com.pa/wp-login.php" "Mozilla/5.0 (Macintosh; Intel Mac OS X 10_15_7) AppleWebKit/537.36 (KHTML, like Gecko) Chrome/119.0.0.0 Safari/537.36"
173.239.211.129 - - [04/Sep/2026:11:31:30 -0500] "GET /wp-admin/index.php HTTP/1.1" 503 19284 "https://isthmuslegalandtax.com.pa/wp-login.php" "Mozilla/5.0 (Macintosh; Intel Mac OS X 10_15_7) AppleWebKit/605.1.15 (KHTML, like Gecko) Version/17.0 Safari/605.1.15"
216.73.161.161 - - [04/Sep/2026:11:31:32 -0500] "GET /wp-admin/profile.php HTTP/1.1" 302 - "https://isthmuslegalandtax.com.pa/wp-login.php" "Mozilla/5.0 (Macintosh; Intel Mac OS X 10_15_7) AppleWebKit/605.1.15 (KHTML, like Gecko) Version/17.0 Safari/605.1.15"
216.73.161.172 - - [04/Sep/2026:11:31:36 -0500] "GET /wp-login.php?redirect_to=https%3A%2F%2Fisthmuslegalandtax.com.pa%2Fwp-admin%2Fprofile.php&reauth=1 HTTP/1.1" 503 18282 "https://isthmuslegalandtax.com.pa/wp-login.php" "Mozilla/5.0 (Macintosh; Intel Mac OS X 10_15_7) AppleWebKit/605.1.15 (KHTML, like Gecko) Version/17.0 Safari/605.1.15"
157.90.185.123 - - [04/Sep/2026:11:31:45 -0500] "POST /?wordfence_syncAttackData=1788539505.4274 HTTP/1.1" 200 - "-" "WordPress/7.1; https://isthmuslegalandtax.com.pa"
216.73.161.160 - - [04/Sep/2026:11:31:52 -0500] "GET /wp-login.php?redirect_to=https%3A%2F%2Fisthmuslegalandtax.com.pa%2Fwp-admin%2Fedit.php&reauth=1 HTTP/1.1" 503 18282 "https://isthmuslegalandtax.com.pa/wp-login.php" "Mozilla/5.0 (Macintosh; Intel Mac OS X 10_15_7) AppleWebKit/605.1.15 (KHTML, like Gecko) Version/17.0 Safari/605.1.15"
173.239.211.140 - - [04/Sep/2026:11:31:44 -0500] "GET /wp-admin/edit.php HTTP/1.1" 302 - "https://isthmuslegalandtax.com.pa/wp-login.php" "Mozilla/5.0 (Macintosh; Intel Mac OS X 10_15_7) AppleWebKit/605.1.15 (KHTML, like Gecko) Version/17.0 Safari/605.1.15"
157.90.185.123 - - [04/Sep/2026:11:31:55 -0500] "POST /?wordfence_syncAttackData=1788539515.9725 HTTP/1.1" 200 - "-" "WordPress/7.1; https://isthmuslegalandtax.com.pa"
216.73.161.163 - - [04/Sep/2026:11:31:55 -0500] "GET /wp-admin/plugins.php HTTP/1.1" 302 - "https://isthmuslegalandtax.com.pa/wp-login.php" "Mozilla/5.0 (Macintosh; Intel Mac OS X 10_15_7) AppleWebKit/605.1.15 (KHTML, like Gecko) Version/17.0 Safari/605.1.15"
216.73.161.164 - - [04/Sep/2026:11:32:03 -0500] "GET /wp-login.php?redirect_to=https%3A%2F%2Fisthmuslegalandtax.com.pa%2Fwp-admin%2Fplugins.php&reauth=1 HTTP/1.1" 200 10633 "https://isthmuslegalandtax.com.pa/wp-login.php" "Mozilla/5.0 (Macintosh; Intel Mac OS X 10_15_7) AppleWebKit/605.1.15 (KHTML, like Gecko) Version/17.0 Safari/605.1.15"
216.73.161.166 - - [04/Sep/2026:11:32:09 -0500] "POST /wp-login.php HTTP/1.1" 503 19284 "https://isthmuslegalandtax.com.pa/wp-login.php" "Mozilla/5.0 (Macintosh; Intel Mac OS X 13_6_1) AppleWebKit/537.36 (KHTML, like Gecko) Chrome/118.0.0.0 Safari/537.36"
216.73.161.171 - - [04/Sep/2026:11:32:14 -0500] "GET /wp-admin/index.php HTTP/1.1" 302 - "https://isthmuslegalandtax.com.pa/wp-login.php" "Mozilla/5.0 (X11; Ubuntu; Linux x86_64) AppleWebKit/537.36 (KHTML, like Gecko) Chrome/121.0.0.0 Safari/537.36"
173.239.211.123 - - [04/Sep/2026:11:32:29 -0500] "GET /wp-admin/profile.php HTTP/1.1" 302 - "https://isthmuslegalandtax.com.pa/wp-login.php" "Mozilla/5.0 (X11; Ubuntu; Linux x86_64) AppleWebKit/537.36 (KHTML, like Gecko) Chrome/121.0.0.0 Safari/537.36"
216.73.161.167 - - [04/Sep/2026:11:32:33 -0500] "GET /wp-login.php?redirect_to=https%3A%2F%2Fisthmuslegalandtax.com.pa%2Fwp-admin%2Fprofile.php&reauth=1 HTTP/1.1" 200 10633 "https://isthmuslegalandtax.com.pa/wp-login.php" "Mozilla/5.0 (X11; Ubuntu; Linux x86_64) AppleWebKit/537.36 (KHTML, like Gecko) Chrome/121.0.0.0 Safari/537.36"
216.73.161.166 - - [04/Sep/2026:11:32:38 -0500] "POST /wp-login.php HTTP/1.1" 503 18282 "https://isthmuslegalandtax.com.pa/wp-login.php" "Mozilla/5.0 (Windows NT 11.0; Win64; x64; rv:120.0) Gecko/20100101 Firefox/120.0"
216.73.161.159 - - [04/Sep/2026:11:32:48 -0500] "GET /wp-admin/index.php HTTP/1.1" 302 - "https://isthmuslegalandtax.com.pa/wp-login.php" "Mozilla/5.0 (Windows NT 10.0; Win64; x64; rv:119.0) Gecko/20100101 Firefox/119.0"
157.90.185.123 - - [04/Sep/2026:11:32:49 -0500] "POST /?wordfence_syncAttackData=1788539569.345 HTTP/1.1" 200 - "-" "WordPress/7.1; https://isthmuslegalandtax.com.pa"
216.73.161.171 - - [04/Sep/2026:11:33:11 -0500] "GET /wp-admin/edit.php HTTP/1.1" 302 - "https://isthmuslegalandtax.com.pa/wp-login.php" "Mozilla/5.0 (Windows NT 10.0; Win64; x64; rv:119.0) Gecko/20100101 Firefox/119.0"
173.239.211.129 - - [04/Sep/2026:11:33:03 -0500] "GET /wp-admin/profile.php HTTP/1.1" 503 19284 "https://isthmuslegalandtax.com.pa/wp-login.php" "Mozilla/5.0 (Windows NT 10.0; Win64; x64; rv:119.0) Gecko/20100101 Firefox/119.0"
173.239.211.117 - - [04/Sep/2026:11:33:16 -0500] "GET /wp-login.php?redirect_to=https%3A%2F%2Fisthmuslegalandtax.com.pa%2Fwp-admin%2Fedit.php&reauth=1 HTTP/1.1" 200 10627 "https://isthmuslegalandtax.com.pa/wp-login.php" "Mozilla/5.0 (Windows NT 10.0; Win64; x64; rv:119.0) Gecko/20100101 Firefox/119.0"
216.73.161.179 - - [04/Sep/2026:11:33:21 -0500] "POST /wp-login.php HTTP/1.1" 503 19284 "https://isthmuslegalandtax.com.pa/wp-login.php" "Mozilla/5.0 (Windows NT 11.0; Win64; x64; rv:120.0) Gecko/20100101 Firefox/120.0"
216.73.161.177 - - [04/Sep/2026:11:33:26 -0500] "GET /wp-admin/index.php HTTP/1.1" 302 - "https://isthmuslegalandtax.com.pa/wp-login.php" "Mozilla/5.0 (Windows NT 10.0; Win64; x64) AppleWebKit/537.36 (KHTML, like Gecko) Chrome/119.0.0.0 Safari/537.36"
173.239.211.131 - - [04/Sep/2026:11:33:34 -0500] "GET /wp-login.php?redirect_to=https%3A%2F%2Fisthmuslegalandtax.com.pa%2Fwp-admin%2Findex.php&reauth=1 HTTP/1.1" 200 10629 "https://isthmuslegalandtax.com.pa/wp-login.php" "Mozilla/5.0 (Windows NT 10.0; Win64; x64) AppleWebKit/537.36 (KHTML, like Gecko) Chrome/119.0.0.0 Safari/537.36"
173.239.211.130 - - [04/Sep/2026:11:33:42 -0500] "POST /wp-login.php HTTP/1.1" 503 19284 "https://isthmuslegalandtax.com.pa/wp-login.php" "Mozilla/5.0 (Windows NT 11.0; Win64; x64; rv:120.0) Gecko/20100101 Firefox/120.0"
173.239.211.129 - - [04/Sep/2026:11:33:48 -0500] "GET /wp-admin/index.php HTTP/1.1" 503 19284 "https://isthmuslegalandtax.com.pa/wp-login.php" "Mozilla/5.0 (Windows NT 10.0; Win64; x64) AppleWebKit/537.36 (KHTML, like Gecko) Chrome/121.0.0.0 Safari/537.36"
173.239.211.143 - - [04/Sep/2026:11:34:02 -0500] "GET /wp-admin/edit.php HTTP/1.1" 302 - "https://isthmuslegalandtax.com.pa/wp-login.php" "Mozilla/5.0 (Windows NT 10.0; Win64; x64) AppleWebKit/537.36 (KHTML, like Gecko) Chrome/121.0.0.0 Safari/537.36"
216.73.161.168 - - [04/Sep/2026:11:34:07 -0500] "GET /wp-login.php?redirect_to=https%3A%2F%2Fisthmuslegalandtax.com.pa%2Fwp-admin%2Fedit.php&reauth=1 HTTP/1.1" 503 18282 "https://isthmuslegalandtax.com.pa/wp-login.php" "Mozilla/5.0 (Windows NT 10.0; Win64; x64) AppleWebKit/537.36 (KHTML, like Gecko) Chrome/121.0.0.0 Safari/537.36"
173.239.211.145 - - [04/Sep/2026:11:34:18 -0500] "GET /wp-admin/plugins.php HTTP/1.1" 302 - "https://isthmuslegalandtax.com.pa/wp-login.php" "Mozilla/5.0 (Windows NT 10.0; Win64; x64) AppleWebKit/537.36 (KHTML, like Gecko) Chrome/121.0.0.0 Safari/537.36"
157.90.185.123 - - [04/Sep/2026:11:34:19 -0500] "POST /?wordfence_syncAttackData=1788539659.7153 HTTP/1.1" 200 - "-" "WordPress/7.1; https://isthmuslegalandtax.com.pa"
173.239.211.132 - - [04/Sep/2026:11:34:25 -0500] "GET /wp-login.php?redirect_to=https%3A%2F%2Fisthmuslegalandtax.com.pa%2Fwp-admin%2Fplugins.php&reauth=1 HTTP/1.1" 200 10633 "https://isthmuslegalandtax.com.pa/wp-login.php" "Mozilla/5.0 (Windows NT 10.0; Win64; x64) AppleWebKit/537.36 (KHTML, like Gecko) Chrome/121.0.0.0 Safari/537.36"
173.239.211.143 - - [04/Sep/2026:11:34:30 -0500] "POST /wp-login.php HTTP/1.1" 503 19284 "https://isthmuslegalandtax.com.pa/wp-login.php" "Mozilla/5.0 (Macintosh; Intel Mac OS X 13_6_1) AppleWebKit/605.1.15 (KHTML, like Gecko) Version/16.6 Safari/605.1.15"
173.239.211.119 - - [04/Sep/2026:11:34:34 -0500] "GET /wp-admin/index.php HTTP/1.1" 302 - "https://isthmuslegalandtax.com.pa/wp-login.php" "Mozilla/5.0 (Windows NT 10.0; Win64; x64; rv:120.0) Gecko/20100101 Firefox/120.0"
216.73.161.160 - - [04/Sep/2026:11:34:38 -0500] "GET /wp-login.php?redirect_to=https%3A%2F%2Fisthmuslegalandtax.com.pa%2Fwp-admin%2Findex.php&reauth=1 HTTP/1.1" 503 18282 "https://isthmuslegalandtax.com.pa/wp-login.php" "Mozilla/5.0 (Windows NT 10.0; Win64; x64; rv:120.0) Gecko/20100101 Firefox/120.0"
157.90.185.123 - - [04/Sep/2026:11:34:41 -0500] "POST /?wordfence_syncAttackData=1788539681.5505 HTTP/1.1" 200 - "-" "WordPress/7.1; https://isthmuslegalandtax.com.pa"
173.239.211.115 - - [04/Sep/2026:11:34:40 -0500] "GET /wp-admin/profile.php HTTP/1.1" 302 - "https://isthmuslegalandtax.com.pa/wp-login.php" "Mozilla/5.0 (Windows NT 10.0; Win64; x64; rv:120.0) Gecko/20100101 Firefox/120.0"
216.73.161.172 - - [04/Sep/2026:11:34:47 -0500] "GET /wp-login.php?redirect_to=https%3A%2F%2Fisthmuslegalandtax.com.pa%2Fwp-admin%2Fprofile.php&reauth=1 HTTP/1.1" 503 18282 "https://isthmuslegalandtax.com.pa/wp-login.php" "Mozilla/5.0 (Windows NT 10.0; Win64; x64; rv:120.0) Gecko/20100101 Firefox/120.0"
216.73.161.172 - - [04/Sep/2026:11:34:52 -0500] "GET /wp-admin/edit.php HTTP/1.1" 503 19284 "https://isthmuslegalandtax.com.pa/wp-login.php" "Mozilla/5.0 (Windows NT 10.0; Win64; x64; rv:120.0) Gecko/20100101 Firefox/120.0"
157.90.185.123 - - [04/Sep/2026:11:34:53 -0500] "POST /?wordfence_syncAttackData=1788539693.0347 HTTP/1.1" 200 - "-" "WordPress/7.1; https://isthmuslegalandtax.com.pa"
173.239.211.114 - - [04/Sep/2026:11:35:02 -0500] "GET /wp-admin/plugins.php HTTP/1.1" 302 - "https://isthmuslegalandtax.com.pa/wp-login.php" "Mozilla/5.0 (Windows NT 10.0; Win64; x64; rv:120.0) Gecko/20100101 Firefox/120.0"
173.239.211.132 - - [04/Sep/2026:11:35:14 -0500] "POST /wp-login.php HTTP/1.1" 503 19284 "https://isthmuslegalandtax.com.pa/wp-login.php" "Mozilla/5.0 (X11; Ubuntu; Linux x86_64) AppleWebKit/537.36 (KHTML, like Gecko) Chrome/119.0.0.0 Safari/537.36"
216.73.161.173 - - [04/Sep/2026:11:35:18 -0500] "GET /wp-admin/index.php HTTP/1.1" 302 - "https://isthmuslegalandtax.com.pa/wp-login.php" "Mozilla/5.0 (Windows NT 11.0; Win64; x64) AppleWebKit/537.36 (KHTML, like Gecko) Chrome/121.0.0.0 Safari/537.36"
173.239.211.117 - - [04/Sep/2026:11:35:31 -0500] "GET /wp-login.php?redirect_to=https%3A%2F%2Fisthmuslegalandtax.com.pa%2Fwp-admin%2Findex.php&reauth=1 HTTP/1.1" 200 10629 "https://isthmuslegalandtax.com.pa/wp-login.php" "Mozilla/5.0 (Windows NT 11.0; Win64; x64) AppleWebKit/537.36 (KHTML, like Gecko) Chrome/121.0.0.0 Safari/537.36"
216.73.161.161 - - [04/Sep/2026:11:35:37 -0500] "POST /wp-login.php HTTP/1.1" 503 19284 "https://isthmuslegalandtax.com.pa/wp-login.php" "Mozilla/5.0 (Windows NT 11.0; Win64; x64) AppleWebKit/537.36 (KHTML, like Gecko) Chrome/120.0.0.0 Safari/537.36"
173.239.211.118 - - [04/Sep/2026:11:35:41 -0500] "GET /wp-admin/index.php HTTP/1.1" 302 - "https://isthmuslegalandtax.com.pa/wp-login.php" "Mozilla/5.0 (X11; Ubuntu; Linux x86_64) AppleWebKit/537.36 (KHTML, like Gecko) Chrome/120.0.0.0 Safari/537.36"
216.73.161.169 - - [04/Sep/2026:11:35:57 -0500] "GET /wp-admin/profile.php HTTP/1.1" 302 - "https://isthmuslegalandtax.com.pa/wp-login.php" "Mozilla/5.0 (X11; Ubuntu; Linux x86_64) AppleWebKit/537.36 (KHTML, like Gecko) Chrome/120.0.0.0 Safari/537.36"
173.239.211.114 - - [04/Sep/2026:11:36:02 -0500] "GET /wp-login.php?redirect_to=https%3A%2F%2Fisthmuslegalandtax.com.pa%2Fwp-admin%2Fprofile.php&reauth=1 HTTP/1.1" 200 10633 "https://isthmuslegalandtax.com.pa/wp-login.php" "Mozilla/5.0 (X11; Ubuntu; Linux x86_64) AppleWebKit/537.36 (KHTML, like Gecko) Chrome/120.0.0.0 Safari/537.36"
173.239.211.114 - - [04/Sep/2026:11:36:11 -0500] "POST /wp-login.php HTTP/1.1" 503 19284 "https://isthmuslegalandtax.com.pa/wp-login.php" "Mozilla/5.0 (Windows NT 10.0; Win64; x64; rv:121.0) Gecko/20100101 Firefox/121.0"
173.239.211.120 - - [04/Sep/2026:11:36:20 -0500] "GET /wp-admin/index.php HTTP/1.1" 302 - "https://isthmuslegalandtax.com.pa/wp-login.php" "Mozilla/5.0 (Macintosh; Intel Mac OS X 10_15_7) AppleWebKit/605.1.15 (KHTML, like Gecko) Version/17.0 Safari/605.1.15"
216.73.161.176 - - [04/Sep/2026:11:36:28 -0500] "GET /wp-login.php?redirect_to=https%3A%2F%2Fisthmuslegalandtax.com.pa%2Fwp-admin%2Findex.php&reauth=1 HTTP/1.1" 200 10629 "https://isthmuslegalandtax.com.pa/wp-login.php" "Mozilla/5.0 (Macintosh; Intel Mac OS X 10_15_7) AppleWebKit/605.1.15 (KHTML, like Gecko) Version/17.0 Safari/605.1.15"
173.239.211.114 - - [04/Sep/2026:11:36:39 -0500] "GET /wp-admin/index.php HTTP/1.1" 503 19284 "https://isthmuslegalandtax.com.pa/wp-login.php" "Mozilla/5.0 (Windows NT 10.0; Win64; x64) AppleWebKit/537.36 (KHTML, like Gecko) Chrome/119.0.0.0 Safari/537.36"
173.239.211.135 - - [04/Sep/2026:11:36:31 -0500] "POST /wp-login.php HTTP/1.1" 503 19284 "https://isthmuslegalandtax.com.pa/wp-login.php" "Mozilla/5.0 (Windows NT 10.0; Win64; x64) AppleWebKit/537.36 (KHTML, like Gecko) Chrome/120.0.0.0 Safari/537.36"
173.239.211.135 - - [04/Sep/2026:11:36:52 -0500] "GET /wp-admin/profile.php HTTP/1.1" 503 19284 "https://isthmuslegalandtax.com.pa/wp-login.php" "Mozilla/5.0 (Windows NT 10.0; Win64; x64) AppleWebKit/537.36 (KHTML, like Gecko) Chrome/119.0.0.0 Safari/537.36"
216.73.161.164 - - [04/Sep/2026:11:37:00 -0500] "GET /wp-admin/edit.php HTTP/1.1" 302 - "https://isthmuslegalandtax.com.pa/wp-login.php" "Mozilla/5.0 (Windows NT 10.0; Win64; x64) AppleWebKit/537.36 (KHTML, like Gecko) Chrome/119.0.0.0 Safari/537.36"
216.73.161.166 - - [04/Sep/2026:11:37:05 -0500] "GET /wp-login.php?redirect_to=https%3A%2F%2Fisthmuslegalandtax.com.pa%2Fwp-admin%2Fedit.php&reauth=1 HTTP/1.1" 503 18282 "https://isthmuslegalandtax.com.pa/wp-login.php" "Mozilla/5.0 (Windows NT 10.0; Win64; x64) AppleWebKit/537.36 (KHTML, like Gecko) Chrome/119.0.0.0 Safari/537.36"
157.90.185.123 - - [04/Sep/2026:11:37:10 -0500] "POST /?wordfence_syncAttackData=1788539830.8648 HTTP/1.1" 200 - "-" "WordPress/7.1; https://isthmuslegalandtax.com.pa"
173.239.211.140 - - [04/Sep/2026:11:37:09 -0500] "GET /wp-admin/plugins.php HTTP/1.1" 302 - "https://isthmuslegalandtax.com.pa/wp-login.php" "Mozilla/5.0 (Windows NT 10.0; Win64; x64) AppleWebKit/537.36 (KHTML, like Gecko) Chrome/119.0.0.0 Safari/537.36"
173.239.211.137 - - [04/Sep/2026:11:37:14 -0500] "GET /wp-login.php?redirect_to=https%3A%2F%2Fisthmuslegalandtax.com.pa%2Fwp-admin%2Fplugins.php&reauth=1 HTTP/1.1" 200 10633 "https://isthmuslegalandtax.com.pa/wp-login.php" "Mozilla/5.0 (Windows NT 10.0; Win64; x64) AppleWebKit/537.36 (KHTML, like Gecko) Chrome/119.0.0.0 Safari/537.36"
173.239.211.136 - - [04/Sep/2026:11:37:22 -0500] "POST /wp-login.php HTTP/1.1" 503 19284 "https://isthmuslegalandtax.com.pa/wp-login.php" "Mozilla/5.0 (Windows NT 10.0; Win64; x64) AppleWebKit/537.36 (KHTML, like Gecko) Chrome/119.0.0.0 Safari/537.36"
173.239.211.121 - - [04/Sep/2026:11:37:33 -0500] "GET /wp-admin/index.php HTTP/1.1" 302 - "https://isthmuslegalandtax.com.pa/wp-login.php" "Mozilla/5.0 (Windows NT 11.0; Win64; x64; rv:118.0) Gecko/20100101 Firefox/118.0"
173.239.211.142 - - [04/Sep/2026:11:37:37 -0500] "GET /wp-login.php?redirect_to=https%3A%2F%2Fisthmuslegalandtax.com.pa%2Fwp-admin%2Findex.php&reauth=1 HTTP/1.1" 200 10629 "https://isthmuslegalandtax.com.pa/wp-login.php" "Mozilla/5.0 (Windows NT 11.0; Win64; x64; rv:118.0) Gecko/20100101 Firefox/118.0"
173.239.211.122 - - [04/Sep/2026:11:37:44 -0500] "POST /wp-login.php HTTP/1.1" 503 18282 "https://isthmuslegalandtax.com.pa/wp-login.php" "Mozilla/5.0 (Macintosh; Intel Mac OS X 13_6_1) AppleWebKit/537.36 (KHTML, like Gecko) Chrome/121.0.0.0 Safari/537.36"
157.90.185.123 - - [04/Sep/2026:11:37:52 -0500] "POST /?wordfence_syncAttackData=1788539872.3463 HTTP/1.1" 200 - "-" "WordPress/7.1; https://isthmuslegalandtax.com.pa"
216.73.161.166 - - [04/Sep/2026:11:37:51 -0500] "GET /wp-admin/index.php HTTP/1.1" 503 19284 "https://isthmuslegalandtax.com.pa/wp-login.php" "Mozilla/5.0 (X11; Linux x86_64) AppleWebKit/537.36 (KHTML, like Gecko) Chrome/119.0.0.0 Safari/537.36"
173.239.211.145 - - [04/Sep/2026:11:37:56 -0500] "GET /wp-admin/profile.php HTTP/1.1" 302 - "https://isthmuslegalandtax.com.pa/wp-login.php" "Mozilla/5.0 (X11; Linux x86_64) AppleWebKit/537.36 (KHTML, like Gecko) Chrome/119.0.0.0 Safari/537.36"
216.73.161.174 - - [04/Sep/2026:11:38:02 -0500] "GET /wp-login.php?redirect_to=https%3A%2F%2Fisthmuslegalandtax.com.pa%2Fwp-admin%2Fprofile.php&reauth=1 HTTP/1.1" 503 18282 "https://isthmuslegalandtax.com.pa/wp-login.php" "Mozilla/5.0 (X11; Linux x86_64) AppleWebKit/537.36 (KHTML, like Gecko) Chrome/119.0.0.0 Safari/537.36"
157.90.185.123 - - [04/Sep/2026:11:38:09 -0500] "POST /?wordfence_syncAttackData=1788539889.142 HTTP/1.1" 200 - "-" "WordPress/7.1; https://isthmuslegalandtax.com.pa"
173.239.211.137 - - [04/Sep/2026:11:38:08 -0500] "GET /wp-admin/edit.php HTTP/1.1" 302 - "https://isthmuslegalandtax.com.pa/wp-login.php" "Mozilla/5.0 (X11; Linux x86_64) AppleWebKit/537.36 (KHTML, like Gecko) Chrome/119.0.0.0 Safari/537.36"
216.73.161.175 - - [04/Sep/2026:11:38:12 -0500] "GET /wp-login.php?redirect_to=https%3A%2F%2Fisthmuslegalandtax.com.pa%2Fwp-admin%2Fedit.php&reauth=1 HTTP/1.1" 200 10627 "https://isthmuslegalandtax.com.pa/wp-login.php" "Mozilla/5.0 (X11; Linux x86_64) AppleWebKit/537.36 (KHTML, like Gecko) Chrome/119.0.0.0 Safari/537.36"
173.239.211.123 - - [04/Sep/2026:11:38:16 -0500] "POST /wp-login.php HTTP/1.1" 503 19284 "https://isthmuslegalandtax.com.pa/wp-login.php" "Mozilla/5.0 (Macintosh; Intel Mac OS X 13_6_1) AppleWebKit/537.36 (KHTML, like Gecko) Chrome/119.0.0.0 Safari/537.36"
216.73.161.177 - - [04/Sep/2026:11:38:27 -0500] "GET /wp-admin/index.php HTTP/1.1" 302 - "https://isthmuslegalandtax.com.pa/wp-login.php" "Mozilla/5.0 (Macintosh; Intel Mac OS X 10_15_7) AppleWebKit/537.36 (KHTML, like Gecko) Chrome/118.0.0.0 Safari/537.36"
216.73.161.177 - - [04/Sep/2026:11:38:34 -0500] "GET /wp-login.php?redirect_to=https%3A%2F%2Fisthmuslegalandtax.com.pa%2Fwp-admin%2Findex.php&reauth=1 HTTP/1.1" 200 10629 "https://isthmuslegalandtax.com.pa/wp-login.php" "Mozilla/5.0 (Macintosh; Intel Mac OS X 10_15_7) AppleWebKit/537.36 (KHTML, like Gecko) Chrome/118.0.0.0 Safari/537.36"
216.73.161.166 - - [04/Sep/2026:11:38:37 -0500] "POST /wp-login.php HTTP/1.1" 503 18282 "https://isthmuslegalandtax.com.pa/wp-login.php" "Mozilla/5.0 (Macintosh; Intel Mac OS X 10_15_7) AppleWebKit/605.1.15 (KHTML, like Gecko) Version/17.2 Safari/605.1.15"
157.90.185.123 - - [04/Sep/2026:11:38:42 -0500] "POST /?wordfence_syncAttackData=1788539922.6493 HTTP/1.1" 200 - "-" "WordPress/7.1; https://isthmuslegalandtax.com.pa"
173.239.211.130 - - [04/Sep/2026:11:38:41 -0500] "GET /wp-admin/index.php HTTP/1.1" 503 19284 "https://isthmuslegalandtax.com.pa/wp-login.php" "Mozilla/5.0 (Macintosh; Intel Mac OS X 10_15_7) AppleWebKit/605.1.15 (KHTML, like Gecko) Version/16.6 Safari/605.1.15"
216.73.161.165 - - [04/Sep/2026:11:38:46 -0500] "GET /wp-admin/profile.php HTTP/1.1" 302 - "https://isthmuslegalandtax.com.pa/wp-login.php" "Mozilla/5.0 (Macintosh; Intel Mac OS X 10_15_7) AppleWebKit/605.1.15 (KHTML, like Gecko) Version/16.6 Safari/605.1.15"
173.239.211.139 - - [04/Sep/2026:11:38:57 -0500] "GET /wp-login.php?redirect_to=https%3A%2F%2Fisthmuslegalandtax.com.pa%2Fwp-admin%2Fprofile.php&reauth=1 HTTP/1.1" 200 10633 "https://isthmuslegalandtax.com.pa/wp-login.php" "Mozilla/5.0 (Macintosh; Intel Mac OS X 10_15_7) AppleWebKit/605.1.15 (KHTML, like Gecko) Version/16.6 Safari/605.1.15"
173.239.211.113 - - [04/Sep/2026:11:39:02 -0500] "POST /wp-login.php HTTP/1.1" 503 19284 "https://isthmuslegalandtax.com.pa/wp-login.php" "Mozilla/5.0 (X11; Ubuntu; Linux x86_64) AppleWebKit/537.36 (KHTML, like Gecko) Chrome/121.0.0.0 Safari/537.36"
216.73.161.164 - - [04/Sep/2026:11:39:07 -0500] "GET /wp-admin/index.php HTTP/1.1" 302 - "https://isthmuslegalandtax.com.pa/wp-login.php" "Mozilla/5.0 (Macintosh; Intel Mac OS X 10_15_7) AppleWebKit/537.36 (KHTML, like Gecko) Chrome/121.0.0.0 Safari/537.36"
216.73.161.163 - - [04/Sep/2026:11:39:13 -0500] "GET /wp-login.php?redirect_to=https%3A%2F%2Fisthmuslegalandtax.com.pa%2Fwp-admin%2Findex.php&reauth=1 HTTP/1.1" 200 10629 "https://isthmuslegalandtax.com.pa/wp-login.php" "Mozilla/5.0 (Macintosh; Intel Mac OS X 10_15_7) AppleWebKit/537.36 (KHTML, like Gecko) Chrome/121.0.0.0 Safari/537.36"
173.239.211.143 - - [04/Sep/2026:11:39:17 -0500] "POST /wp-login.php HTTP/1.1" 503 18282 "https://isthmuslegalandtax.com.pa/wp-login.php" "Mozilla/5.0 (Macintosh; Intel Mac OS X 10_15_7) AppleWebKit/605.1.15 (KHTML, like Gecko) Version/17.2 Safari/605.1.15"
157.90.185.123 - - [04/Sep/2026:11:39:22 -0500] "POST /?wordfence_syncAttackData=1788539962.129 HTTP/1.1" 200 - "-" "WordPress/7.1; https://isthmuslegalandtax.com.pa"
216.73.161.159 - - [04/Sep/2026:11:39:21 -0500] "GET /wp-admin/index.php HTTP/1.1" 302 - "https://isthmuslegalandtax.com.pa/wp-login.php" "Mozilla/5.0 (X11; Ubuntu; Linux x86_64) AppleWebKit/537.36 (KHTML, like Gecko) Chrome/118.0.0.0 Safari/537.36"
173.239.211.142 - - [04/Sep/2026:11:39:26 -0500] "GET /wp-login.php?redirect_to=https%3A%2F%2Fisthmuslegalandtax.com.pa%2Fwp-admin%2Findex.php&reauth=1 HTTP/1.1" 200 10629 "https://isthmuslegalandtax.com.pa/wp-login.php" "Mozilla/5.0 (X11; Ubuntu; Linux x86_64) AppleWebKit/537.36 (KHTML, like Gecko) Chrome/118.0.0.0 Safari/537.36"
173.239.211.120 - - [04/Sep/2026:11:39:34 -0500] "POST /wp-login.php HTTP/1.1" 503 19284 "https://isthmuslegalandtax.com.pa/wp-login.php" "Mozilla/5.0 (Windows NT 10.0; Win64; x64; rv:119.0) Gecko/20100101 Firefox/119.0"
216.73.161.159 - - [04/Sep/2026:11:39:40 -0500] "GET /wp-admin/index.php HTTP/1.1" 302 - "https://isthmuslegalandtax.com.pa/wp-login.php" "Mozilla/5.0 (Windows NT 10.0; Win64; x64; rv:120.0) Gecko/20100101 Firefox/120.0"
173.239.211.141 - - [04/Sep/2026:11:39:47 -0500] "GET /wp-login.php?redirect_to=https%3A%2F%2Fisthmuslegalandtax.com.pa%2Fwp-admin%2Findex.php&reauth=1 HTTP/1.1" 200 10629 "https://isthmuslegalandtax.com.pa/wp-login.php" "Mozilla/5.0 (Windows NT 10.0; Win64; x64; rv:120.0) Gecko/20100101 Firefox/120.0"
173.239.211.118 - - [04/Sep/2026:11:39:56 -0500] "POST /wp-login.php HTTP/1.1" 503 19284 "https://isthmuslegalandtax.com.pa/wp-login.php" "Mozilla/5.0 (Windows NT 11.0; Win64; x64) AppleWebKit/537.36 (KHTML, like Gecko) Chrome/120.0.0.0 Safari/537.36"
173.239.211.131 - - [04/Sep/2026:11:40:03 -0500] "GET /wp-admin/index.php HTTP/1.1" 302 - "https://isthmuslegalandtax.com.pa/wp-login.php" "Mozilla/5.0 (Windows NT 11.0; Win64; x64; rv:121.0) Gecko/20100101 Firefox/121.0"
173.239.211.129 - - [04/Sep/2026:11:40:10 -0500] "GET /wp-login.php?redirect_to=https%3A%2F%2Fisthmuslegalandtax.com.pa%2Fwp-admin%2Findex.php&reauth=1 HTTP/1.1" 200 10629 "https://isthmuslegalandtax.com.pa/wp-login.php" "Mozilla/5.0 (Windows NT 11.0; Win64; x64; rv:121.0) Gecko/20100101 Firefox/121.0"
173.239.211.120 - - [04/Sep/2026:11:40:18 -0500] "POST /wp-login.php HTTP/1.1" 503 18282 "https://isthmuslegalandtax.com.pa/wp-login.php" "Mozilla/5.0 (Macintosh; Intel Mac OS X 13_6_1) AppleWebKit/537.36 (KHTML, like Gecko) Chrome/120.0.0.0 Safari/537.36"
157.90.185.123 - - [04/Sep/2026:11:40:29 -0500] "POST /?wordfence_syncAttackData=1788540029.4867 HTTP/1.1" 200 - "-" "WordPress/7.1; https://isthmuslegalandtax.com.pa"
173.239.211.142 - - [04/Sep/2026:11:40:28 -0500] "GET /wp-admin/index.php HTTP/1.1" 302 - "https://isthmuslegalandtax.com.pa/wp-login.php" "Mozilla/5.0 (X11; Ubuntu; Linux x86_64) AppleWebKit/537.36 (KHTML, like Gecko) Chrome/119.0.0.0 Safari/537.36"
216.73.161.165 - - [04/Sep/2026:11:40:41 -0500] "GET /wp-login.php?redirect_to=https%3A%2F%2Fisthmuslegalandtax.com.pa%2Fwp-admin%2Findex.php&reauth=1 HTTP/1.1" 200 10629 "https://isthmuslegalandtax.com.pa/wp-login.php" "Mozilla/5.0 (X11; Ubuntu; Linux x86_64) AppleWebKit/537.36 (KHTML, like Gecko) Chrome/119.0.0.0 Safari/537.36"
216.73.161.177 - - [04/Sep/2026:11:40:49 -0500] "POST /wp-login.php HTTP/1.1" 503 19284 "https://isthmuslegalandtax.com.pa/wp-login.php" "Mozilla/5.0 (Windows NT 11.0; Win64; x64) AppleWebKit/537.36 (KHTML, like Gecko) Chrome/121.0.0.0 Safari/537.36"
216.73.161.159 - - [04/Sep/2026:11:40:53 -0500] "GET /wp-admin/index.php HTTP/1.1" 302 - "https://isthmuslegalandtax.com.pa/wp-login.php" "Mozilla/5.0 (Macintosh; Intel Mac OS X 10_15_7; rv:120.0) Gecko/20100101 Firefox/120.0"
173.239.211.133 - - [04/Sep/2026:11:40:59 -0500] "GET /wp-login.php?redirect_to=https%3A%2F%2Fisthmuslegalandtax.com.pa%2Fwp-admin%2Findex.php&reauth=1 HTTP/1.1" 200 10629 "https://isthmuslegalandtax.com.pa/wp-login.php" "Mozilla/5.0 (Macintosh; Intel Mac OS X 10_15_7; rv:120.0) Gecko/20100101 Firefox/120.0"
173.239.211.131 - - [04/Sep/2026:11:41:12 -0500] "GET /wp-admin/profile.php HTTP/1.1" 302 - "https://isthmuslegalandtax.com.pa/wp-login.php" "Mozilla/5.0 (Macintosh; Intel Mac OS X 10_15_7; rv:120.0) Gecko/20100101 Firefox/120.0"
216.73.161.171 - - [04/Sep/2026:11:41:18 -0500] "GET /wp-login.php?redirect_to=https%3A%2F%2Fisthmuslegalandtax.com.pa%2Fwp-admin%2Fprofile.php&reauth=1 HTTP/1.1" 200 10633 "https://isthmuslegalandtax.com.pa/wp-login.php" "Mozilla/5.0 (Macintosh; Intel Mac OS X 10_15_7; rv:120.0) Gecko/20100101 Firefox/120.0"
173.239.211.122 - - [04/Sep/2026:11:41:23 -0500] "POST /wp-login.php HTTP/1.1" 503 19284 "https://isthmuslegalandtax.com.pa/wp-login.php" "Mozilla/5.0 (X11; Linux x86_64) AppleWebKit/537.36 (KHTML, like Gecko) Chrome/121.0.0.0 Safari/537.36"
216.73.161.162 - - [04/Sep/2026:11:41:38 -0500] "GET /wp-admin/index.php HTTP/1.1" 302 - "https://isthmuslegalandtax.com.pa/wp-login.php" "Mozilla/5.0 (Windows NT 11.0; Win64; x64) AppleWebKit/537.36 (KHTML, like Gecko) Chrome/121.0.0.0 Safari/537.36"
173.239.211.118 - - [04/Sep/2026:11:41:48 -0500] "GET /wp-login.php?redirect_to=https%3A%2F%2Fisthmuslegalandtax.com.pa%2Fwp-admin%2Findex.php&reauth=1 HTTP/1.1" 503 18282 "https://isthmuslegalandtax.com.pa/wp-login.php" "Mozilla/5.0 (Windows NT 11.0; Win64; x64) AppleWebKit/537.36 (KHTML, like Gecko) Chrome/121.0.0.0 Safari/537.36"
173.239.211.114 - - [04/Sep/2026:11:41:55 -0500] "GET /wp-admin/profile.php HTTP/1.1" 503 19284 "https://isthmuslegalandtax.com.pa/wp-login.php" "Mozilla/5.0 (Windows NT 11.0; Win64; x64) AppleWebKit/537.36 (KHTML, like Gecko) Chrome/121.0.0.0 Safari/537.36"
157.90.185.123 - - [04/Sep/2026:11:41:55 -0500] "POST /?wordfence_syncAttackData=1788540115.8123 HTTP/1.1" 200 - "-" "WordPress/7.1; https://isthmuslegalandtax.com.pa"
173.239.211.131 - - [04/Sep/2026:11:41:59 -0500] "GET /wp-admin/edit.php HTTP/1.1" 302 - "https://isthmuslegalandtax.com.pa/wp-login.php" "Mozilla/5.0 (Windows NT 11.0; Win64; x64) AppleWebKit/537.36 (KHTML, like Gecko) Chrome/121.0.0.0 Safari/537.36"
173.239.211.131 - - [04/Sep/2026:11:42:08 -0500] "GET /wp-login.php?redirect_to=https%3A%2F%2Fisthmuslegalandtax.com.pa%2Fwp-admin%2Fedit.php&reauth=1 HTTP/1.1" 200 10627 "https://isthmuslegalandtax.com.pa/wp-login.php" "Mozilla/5.0 (Windows NT 11.0; Win64; x64) AppleWebKit/537.36 (KHTML, like Gecko) Chrome/121.0.0.0 Safari/537.36"
173.239.211.123 - - [04/Sep/2026:11:42:13 -0500] "POST /wp-login.php HTTP/1.1" 503 18282 "https://isthmuslegalandtax.com.pa/wp-login.php" "Mozilla/5.0 (Windows NT 11.0; Win64; x64; rv:120.0) Gecko/20100101 Firefox/120.0"
173.239.211.120 - - [04/Sep/2026:11:42:20 -0500] "GET /wp-admin/index.php HTTP/1.1" 503 19284 "https://isthmuslegalandtax.com.pa/wp-login.php" "Mozilla/5.0 (Windows NT 10.0; Win64; x64) AppleWebKit/537.36 (KHTML, like Gecko) Chrome/121.0.0.0 Safari/537.36"
157.90.185.123 - - [04/Sep/2026:11:42:21 -0500] "POST /?wordfence_syncAttackData=1788540141.5608 HTTP/1.1" 200 - "-" "WordPress/7.1; https://isthmuslegalandtax.com.pa"
173.239.211.130 - - [04/Sep/2026:11:42:27 -0500] "GET /wp-admin/profile.php HTTP/1.1" 503 19284 "https://isthmuslegalandtax.com.pa/wp-login.php" "Mozilla/5.0 (Windows NT 10.0; Win64; x64) AppleWebKit/537.36 (KHTML, like Gecko) Chrome/121.0.0.0 Safari/537.36"
173.239.211.143 - - [04/Sep/2026:11:42:41 -0500] "GET /wp-admin/edit.php HTTP/1.1" 503 19284 "https://isthmuslegalandtax.com.pa/wp-login.php" "Mozilla/5.0 (Windows NT 10.0; Win64; x64) AppleWebKit/537.36 (KHTML, like Gecko) Chrome/121.0.0.0 Safari/537.36"
173.239.211.130 - - [04/Sep/2026:11:42:47 -0500] "GET /wp-admin/plugins.php HTTP/1.1" 503 19284 "https://isthmuslegalandtax.com.pa/wp-login.php" "Mozilla/5.0 (Windows NT 10.0; Win64; x64) AppleWebKit/537.36 (KHTML, like Gecko) Chrome/121.0.0.0 Safari/537.36"
216.73.161.162 - - [04/Sep/2026:11:42:50 -0500] "POST /wp-login.php HTTP/1.1" 503 19284 "https://isthmuslegalandtax.com.pa/wp-login.php" "Mozilla/5.0 (Macintosh; Intel Mac OS X 10_15_7; rv:119.0) Gecko/20100101 Firefox/119.0"
173.239.211.120 - - [04/Sep/2026:11:42:57 -0500] "GET /wp-admin/index.php HTTP/1.1" 503 19284 "https://isthmuslegalandtax.com.pa/wp-login.php" "Mozilla/5.0 (Macintosh; Intel Mac OS X 10_15_7) AppleWebKit/537.36 (KHTML, like Gecko) Chrome/121.0.0.0 Safari/537.36"
173.239.211.114 - - [04/Sep/2026:11:43:04 -0500] "GET /wp-admin/profile.php HTTP/1.1" 503 19284 "https://isthmuslegalandtax.com.pa/wp-login.php" "Mozilla/5.0 (Macintosh; Intel Mac OS X 10_15_7) AppleWebKit/537.36 (KHTML, like Gecko) Chrome/121.0.0.0 Safari/537.36"
173.239.211.139 - - [04/Sep/2026:11:43:11 -0500] "GET /wp-admin/edit.php HTTP/1.1" 302 - "https://isthmuslegalandtax.com.pa/wp-login.php" "Mozilla/5.0 (Macintosh; Intel Mac OS X 10_15_7) AppleWebKit/537.36 (KHTML, like Gecko) Chrome/121.0.0.0 Safari/537.36"
173.239.211.135 - - [04/Sep/2026:11:43:19 -0500] "GET /wp-login.php?redirect_to=https%3A%2F%2Fisthmuslegalandtax.com.pa%2Fwp-admin%2Fedit.php&reauth=1 HTTP/1.1" 503 18282 "https://isthmuslegalandtax.com.pa/wp-login.php" "Mozilla/5.0 (Macintosh; Intel Mac OS X 10_15_7) AppleWebKit/537.36 (KHTML, like Gecko) Chrome/121.0.0.0 Safari/537.36"
157.90.185.123 - - [04/Sep/2026:11:43:26 -0500] "POST /?wordfence_syncAttackData=1788540206.1248 HTTP/1.1" 200 - "-" "WordPress/7.1; https://isthmuslegalandtax.com.pa"
173.239.211.142 - - [04/Sep/2026:11:43:25 -0500] "GET /wp-admin/plugins.php HTTP/1.1" 302 - "https://isthmuslegalandtax.com.pa/wp-login.php" "Mozilla/5.0 (Macintosh; Intel Mac OS X 10_15_7) AppleWebKit/537.36 (KHTML, like Gecko) Chrome/121.0.0.0 Safari/537.36"
216.73.161.159 - - [04/Sep/2026:11:43:31 -0500] "GET /wp-login.php?redirect_to=https%3A%2F%2Fisthmuslegalandtax.com.pa%2Fwp-admin%2Fplugins.php&reauth=1 HTTP/1.1" 200 10633 "https://isthmuslegalandtax.com.pa/wp-login.php" "Mozilla/5.0 (Macintosh; Intel Mac OS X 10_15_7) AppleWebKit/537.36 (KHTML, like Gecko) Chrome/121.0.0.0 Safari/537.36"
173.239.211.118 - - [04/Sep/2026:11:43:35 -0500] "POST /wp-login.php HTTP/1.1" 503 18282 "https://isthmuslegalandtax.com.pa/wp-login.php" "Mozilla/5.0 (Macintosh; Intel Mac OS X 13_6_1) AppleWebKit/537.36 (KHTML, like Gecko) Chrome/118.0.0.0 Safari/537.36"
216.73.161.172 - - [04/Sep/2026:11:43:43 -0500] "GET /wp-admin/index.php HTTP/1.1" 302 - "https://isthmuslegalandtax.com.pa/wp-login.php" "Mozilla/5.0 (Macintosh; Intel Mac OS X 13_6_1; rv:120.0) Gecko/20100101 Firefox/120.0"
157.90.185.123 - - [04/Sep/2026:11:43:44 -0500] "POST /?wordfence_syncAttackData=1788540223.8735 HTTP/1.1" 200 - "-" "WordPress/7.1; https://isthmuslegalandtax.com.pa"
216.73.161.164 - - [04/Sep/2026:11:43:49 -0500] "GET /wp-login.php?redirect_to=https%3A%2F%2Fisthmuslegalandtax.com.pa%2Fwp-admin%2Findex.php&reauth=1 HTTP/1.1" 200 10629 "https://isthmuslegalandtax.com.pa/wp-login.php" "Mozilla/5.0 (Macintosh; Intel Mac OS X 13_6_1; rv:120.0) Gecko/20100101 Firefox/120.0"
173.239.211.114 - - [04/Sep/2026:11:43:54 -0500] "POST /wp-login.php HTTP/1.1" 503 18282 "https://isthmuslegalandtax.com.pa/wp-login.php" "Mozilla/5.0 (Macintosh; Intel Mac OS X 10_15_7) AppleWebKit/537.36 (KHTML, like Gecko) Chrome/118.0.0.0 Safari/537.36"
157.90.185.123 - - [04/Sep/2026:11:43:57 -0500] "POST /?wordfence_syncAttackData=1788540237.6255 HTTP/1.1" 200 - "-" "WordPress/7.1; https://isthmuslegalandtax.com.pa"
216.73.161.175 - - [04/Sep/2026:11:43:56 -0500] "GET /wp-admin/index.php HTTP/1.1" 302 - "https://isthmuslegalandtax.com.pa/wp-login.php" "Mozilla/5.0 (Macintosh; Intel Mac OS X 10_15_7) AppleWebKit/605.1.15 (KHTML, like Gecko) Version/17.1 Safari/605.1.15"
13.140.157.203 - - [04/Sep/2026:11:43:59 -0500] "GET /wp-admin/admin-ajax.php?action=wdpsso_step1&redirect= HTTP/1.1" 403 320 "-" "Mozilla/5.0 (Windows NT 10.0; Win64; x64) AppleWebKit/537.36 (KHTML, like Gecko) Chrome/120.0.0.0 Safari/537.36"
173.239.211.123 - - [04/Sep/2026:11:44:02 -0500] "GET /wp-login.php?redirect_to=https%3A%2F%2Fisthmuslegalandtax.com.pa%2Fwp-admin%2Findex.php&reauth=1 HTTP/1.1" 503 18282 "https://isthmuslegalandtax.com.pa/wp-login.php" "Mozilla/5.0 (Macintosh; Intel Mac OS X 10_15_7) AppleWebKit/605.1.15 (KHTML, like Gecko) Version/17.1 Safari/605.1.15"
157.90.185.123 - - [04/Sep/2026:11:44:09 -0500] "POST /?wordfence_syncAttackData=1788540249.3676 HTTP/1.1" 200 - "-" "WordPress/7.1; https://isthmuslegalandtax.com.pa"
216.73.161.169 - - [04/Sep/2026:11:44:08 -0500] "GET /wp-admin/profile.php HTTP/1.1" 302 - "https://isthmuslegalandtax.com.pa/wp-login.php" "Mozilla/5.0 (Macintosh; Intel Mac OS X 10_15_7) AppleWebKit/605.1.15 (KHTML, like Gecko) Version/17.1 Safari/605.1.15"
216.73.161.172 - - [04/Sep/2026:11:44:12 -0500] "GET /wp-login.php?redirect_to=https%3A%2F%2Fisthmuslegalandtax.com.pa%2Fwp-admin%2Fprofile.php&reauth=1 HTTP/1.1" 200 10633 "https://isthmuslegalandtax.com.pa/wp-login.php" "Mozilla/5.0 (Macintosh; Intel Mac OS X 10_15_7) AppleWebKit/605.1.15 (KHTML, like Gecko) Version/17.1 Safari/605.1.15"
173.239.211.146 - - [04/Sep/2026:11:44:17 -0500] "POST /wp-login.php HTTP/1.1" 503 19284 "https://isthmuslegalandtax.com.pa/wp-login.php" "Mozilla/5.0 (Windows NT 11.0; Win64; x64; rv:120.0) Gecko/20100101 Firefox/120.0"
216.73.161.174 - - [04/Sep/2026:11:44:26 -0500] "GET /wp-admin/index.php HTTP/1.1" 302 - "https://isthmuslegalandtax.com.pa/wp-login.php" "Mozilla/5.0 (Macintosh; Intel Mac OS X 10_15_7) AppleWebKit/605.1.15 (KHTML, like Gecko) Version/16.6 Safari/605.1.15"
216.73.161.165 - - [04/Sep/2026:11:44:30 -0500] "GET /wp-login.php?redirect_to=https%3A%2F%2Fisthmuslegalandtax.com.pa%2Fwp-admin%2Findex.php&reauth=1 HTTP/1.1" 200 10629 "https://isthmuslegalandtax.com.pa/wp-login.php" "Mozilla/5.0 (Macintosh; Intel Mac OS X 10_15_7) AppleWebKit/605.1.15 (KHTML, like Gecko) Version/16.6 Safari/605.1.15"
173.239.211.137 - - [04/Sep/2026:11:44:33 -0500] "POST /wp-login.php HTTP/1.1" 503 19284 "https://isthmuslegalandtax.com.pa/wp-login.php" "Mozilla/5.0 (X11; Linux x86_64) AppleWebKit/537.36 (KHTML, like Gecko) Chrome/120.0.0.0 Safari/537.36"
216.73.161.170 - - [04/Sep/2026:11:44:41 -0500] "GET /wp-login.php?redirect_to=https%3A%2F%2Fisthmuslegalandtax.com.pa%2Fwp-admin%2Findex.php&reauth=1 HTTP/1.1" 200 10629 "https://isthmuslegalandtax.com.pa/wp-login.php" "Mozilla/5.0 (Macintosh; Intel Mac OS X 13_6_1) AppleWebKit/537.36 (KHTML, like Gecko) Chrome/120.0.0.0 Safari/537.36"
173.239.211.117 - - [04/Sep/2026:11:44:39 -0500] "GET /wp-admin/index.php HTTP/1.1" 302 - "https://isthmuslegalandtax.com.pa/wp-login.php" "Mozilla/5.0 (Macintosh; Intel Mac OS X 13_6_1) AppleWebKit/537.36 (KHTML, like Gecko) Chrome/120.0.0.0 Safari/537.36"
216.73.161.171 - - [04/Sep/2026:11:44:51 -0500] "POST /wp-login.php HTTP/1.1" 503 19284 "https://isthmuslegalandtax.com.pa/wp-login.php" "Mozilla/5.0 (Macintosh; Intel Mac OS X 10_15_7) AppleWebKit/537.36 (KHTML, like Gecko) Chrome/121.0.0.0 Safari/537.36"
173.239.211.142 - - [04/Sep/2026:11:44:58 -0500] "GET /wp-admin/index.php HTTP/1.1" 302 - "https://isthmuslegalandtax.com.pa/wp-login.php" "Mozilla/5.0 (Macintosh; Intel Mac OS X 13_6_1; rv:118.0) Gecko/20100101 Firefox/118.0"
216.73.161.169 - - [04/Sep/2026:11:45:02 -0500] "GET /wp-login.php?redirect_to=https%3A%2F%2Fisthmuslegalandtax.com.pa%2Fwp-admin%2Findex.php&reauth=1 HTTP/1.1" 200 10629 "https://isthmuslegalandtax.com.pa/wp-login.php" "Mozilla/5.0 (Macintosh; Intel Mac OS X 13_6_1; rv:118.0) Gecko/20100101 Firefox/118.0"
216.73.161.173 - - [04/Sep/2026:11:45:12 -0500] "POST /wp-login.php HTTP/1.1" 503 19284 "https://isthmuslegalandtax.com.pa/wp-login.php" "Mozilla/5.0 (Macintosh; Intel Mac OS X 10_15_7) AppleWebKit/537.36 (KHTML, like Gecko) Chrome/119.0.0.0 Safari/537.36"
173.239.211.122 - - [04/Sep/2026:11:45:23 -0500] "GET /wp-admin/index.php HTTP/1.1" 503 19284 "https://isthmuslegalandtax.com.pa/wp-login.php" "Mozilla/5.0 (Windows NT 10.0; Win64; x64) AppleWebKit/537.36 (KHTML, like Gecko) Chrome/120.0.0.0 Safari/537.36"
216.73.161.174 - - [04/Sep/2026:11:45:30 -0500] "GET /wp-admin/profile.php HTTP/1.1" 302 - "https://isthmuslegalandtax.com.pa/wp-login.php" "Mozilla/5.0 (Windows NT 10.0; Win64; x64) AppleWebKit/537.36 (KHTML, like Gecko) Chrome/120.0.0.0 Safari/537.36"
216.73.161.176 - - [04/Sep/2026:11:45:33 -0500] "GET /wp-login.php?redirect_to=https%3A%2F%2Fisthmuslegalandtax.com.pa%2Fwp-admin%2Fprofile.php&reauth=1 HTTP/1.1" 200 10633 "https://isthmuslegalandtax.com.pa/wp-login.php" "Mozilla/5.0 (Windows NT 10.0; Win64; x64) AppleWebKit/537.36 (KHTML, like Gecko) Chrome/120.0.0.0 Safari/537.36"
173.239.211.140 - - [04/Sep/2026:11:45:54 -0500] "POST /wp-login.php HTTP/1.1" 503 19284 "https://isthmuslegalandtax.com.pa/wp-login.php" "Mozilla/5.0 (Windows NT 11.0; Win64; x64) AppleWebKit/537.36 (KHTML, like Gecko) Chrome/119.0.0.0 Safari/537.36"
216.73.161.162 - - [04/Sep/2026:11:46:29 -0500] "GET /wp-admin/profile.php HTTP/1.1" 503 19284 "https://isthmuslegalandtax.com.pa/wp-login.php" "Mozilla/5.0 (Macintosh; Intel Mac OS X 10_15_7) AppleWebKit/537.36 (KHTML, like Gecko) Chrome/121.0.0.0 Safari/537.36"
216.73.161.179 - - [04/Sep/2026:11:46:46 -0500] "GET /wp-admin/edit.php HTTP/1.1" 302 - "https://isthmuslegalandtax.com.pa/wp-login.php" "Mozilla/5.0 (Macintosh; Intel Mac OS X 10_15_7) AppleWebKit/537.36 (KHTML, like Gecko) Chrome/121.0.0.0 Safari/537.36"
173.239.211.122 - - [04/Sep/2026:11:46:51 -0500] "GET /wp-login.php?redirect_to=https%3A%2F%2Fisthmuslegalandtax.com.pa%2Fwp-admin%2Fedit.php&reauth=1 HTTP/1.1" 503 18282 "https://isthmuslegalandtax.com.pa/wp-login.php" "Mozilla/5.0 (Macintosh; Intel Mac OS X 10_15_7) AppleWebKit/537.36 (KHTML, like Gecko) Chrome/121.0.0.0 Safari/537.36"
173.239.211.140 - - [04/Sep/2026:11:46:56 -0500] "GET /wp-admin/plugins.php HTTP/1.1" 503 19284 "https://isthmuslegalandtax.com.pa/wp-login.php" "Mozilla/5.0 (Macintosh; Intel Mac OS X 10_15_7) AppleWebKit/537.36 (KHTML, like Gecko) Chrome/121.0.0.0 Safari/537.36"
157.90.185.123 - - [04/Sep/2026:11:46:57 -0500] "POST /?wordfence_syncAttackData=1788540416.8675 HTTP/1.1" 200 - "-" "WordPress/7.1; https://isthmuslegalandtax.com.pa"
173.239.211.146 - - [04/Sep/2026:11:47:02 -0500] "POST /wp-login.php HTTP/1.1" 503 18282 "https://isthmuslegalandtax.com.pa/wp-login.php" "Mozilla/5.0 (Macintosh; Intel Mac OS X 10_15_7) AppleWebKit/605.1.15 (KHTML, like Gecko) Version/17.0 Safari/605.1.15"
216.73.161.171 - - [04/Sep/2026:11:47:06 -0500] "GET /wp-admin/index.php HTTP/1.1" 503 19284 "https://isthmuslegalandtax.com.pa/wp-login.php" "Mozilla/5.0 (Windows NT 10.0; Win64; x64) AppleWebKit/537.36 (KHTML, like Gecko) Chrome/120.0.0.0 Safari/537.36"
157.90.185.123 - - [04/Sep/2026:11:47:07 -0500] "POST /?wordfence_syncAttackData=1788540427.323 HTTP/1.1" 200 - "-" "WordPress/7.1; https://isthmuslegalandtax.com.pa"
173.239.211.135 - - [04/Sep/2026:11:47:16 -0500] "GET /wp-admin/profile.php HTTP/1.1" 302 - "https://isthmuslegalandtax.com.pa/wp-login.php" "Mozilla/5.0 (Windows NT 10.0; Win64; x64) AppleWebKit/537.36 (KHTML, like Gecko) Chrome/120.0.0.0 Safari/537.36"
150.251.225.62 - - [04/Sep/2026:11:47:27 -0500] "GET / HTTP/1.1" 301 - "-" "Mozilla/5.0 (Windows NT 10.0; Win64; x64; rv:126.0) Gecko/20100101 Firefox/126.0"
150.251.225.62 - - [04/Sep/2026:11:47:28 -0500] "GET / HTTP/1.1" 200 91235 "http://isthmuslegalandtax.com.pa/" "Mozilla/5.0 (Windows NT 10.0; Win64; x64; rv:126.0) Gecko/20100101 Firefox/126.0"
173.239.211.129 - - [04/Sep/2026:11:47:29 -0500] "GET /wp-login.php?redirect_to=https%3A%2F%2Fisthmuslegalandtax.com.pa%2Fwp-admin%2Fprofile.php&reauth=1 HTTP/1.1" 200 10633 "https://isthmuslegalandtax.com.pa/wp-login.php" "Mozilla/5.0 (Windows NT 10.0; Win64; x64) AppleWebKit/537.36 (KHTML, like Gecko) Chrome/120.0.0.0 Safari/537.36"
173.239.211.120 - - [04/Sep/2026:11:47:33 -0500] "POST /wp-login.php HTTP/1.1" 503 18282 "https://isthmuslegalandtax.com.pa/wp-login.php" "Mozilla/5.0 (Macintosh; Intel Mac OS X 10_15_7; rv:119.0) Gecko/20100101 Firefox/119.0"
173.239.211.145 - - [04/Sep/2026:11:47:42 -0500] "GET /wp-admin/index.php HTTP/1.1" 302 - "https://isthmuslegalandtax.com.pa/wp-login.php" "Mozilla/5.0 (Macintosh; Intel Mac OS X 10_15_7) AppleWebKit/537.36 (KHTML, like Gecko) Chrome/121.0.0.0 Safari/537.36"
157.90.185.123 - - [04/Sep/2026:11:47:43 -0500] "POST /?wordfence_syncAttackData=1788540462.9405 HTTP/1.1" 200 - "-" "WordPress/7.1; https://isthmuslegalandtax.com.pa"
173.239.211.139 - - [04/Sep/2026:11:47:48 -0500] "GET /wp-login.php?redirect_to=https%3A%2F%2Fisthmuslegalandtax.com.pa%2Fwp-admin%2Findex.php&reauth=1 HTTP/1.1" 200 10629 "https://isthmuslegalandtax.com.pa/wp-login.php" "Mozilla/5.0 (Macintosh; Intel Mac OS X 10_15_7) AppleWebKit/537.36 (KHTML, like Gecko) Chrome/121.0.0.0 Safari/537.36"
173.239.211.130 - - [04/Sep/2026:11:47:56 -0500] "POST /wp-login.php HTTP/1.1" 503 19284 "https://isthmuslegalandtax.com.pa/wp-login.php" "Mozilla/5.0 (Macintosh; Intel Mac OS X 13_6_1; rv:120.0) Gecko/20100101 Firefox/120.0"
216.73.161.175 - - [04/Sep/2026:11:48:05 -0500] "GET /wp-admin/index.php HTTP/1.1" 302 - "https://isthmuslegalandtax.com.pa/wp-login.php" "Mozilla/5.0 (Windows NT 11.0; Win64; x64; rv:121.0) Gecko/20100101 Firefox/121.0"
216.73.161.160 - - [04/Sep/2026:11:48:11 -0500] "GET /wp-login.php?redirect_to=https%3A%2F%2Fisthmuslegalandtax.com.pa%2Fwp-admin%2Findex.php&reauth=1 HTTP/1.1" 200 10629 "https://isthmuslegalandtax.com.pa/wp-login.php" "Mozilla/5.0 (Windows NT 11.0; Win64; x64; rv:121.0) Gecko/20100101 Firefox/121.0"
216.73.161.159 - - [04/Sep/2026:11:48:15 -0500] "POST /wp-login.php HTTP/1.1" 503 19284 "https://isthmuslegalandtax.com.pa/wp-login.php" "Mozilla/5.0 (Macintosh; Intel Mac OS X 13_6_1) AppleWebKit/605.1.15 (KHTML, like Gecko) Version/17.0 Safari/605.1.15"
216.73.161.179 - - [04/Sep/2026:11:48:23 -0500] "GET /wp-admin/index.php HTTP/1.1" 302 - "https://isthmuslegalandtax.com.pa/wp-login.php" "Mozilla/5.0 (Macintosh; Intel Mac OS X 13_6_1) AppleWebKit/605.1.15 (KHTML, like Gecko) Version/16.6 Safari/605.1.15"
173.239.211.137 - - [04/Sep/2026:11:48:29 -0500] "GET /wp-login.php?redirect_to=https%3A%2F%2Fisthmuslegalandtax.com.pa%2Fwp-admin%2Findex.php&reauth=1 HTTP/1.1" 503 18282 "https://isthmuslegalandtax.com.pa/wp-login.php" "Mozilla/5.0 (Macintosh; Intel Mac OS X 13_6_1) AppleWebKit/605.1.15 (KHTML, like Gecko) Version/16.6 Safari/605.1.15"
157.90.185.123 - - [04/Sep/2026:11:48:35 -0500] "POST /?wordfence_syncAttackData=1788540515.7997 HTTP/1.1" 200 - "-" "WordPress/7.1; https://isthmuslegalandtax.com.pa"
