47.86.33.52 - - [02/Sep/2026:12:27:59 -0500] "GET /feed/atom/ HTTP/1.1" 200 38678 "-" "Mozilla/5.0 (Windows NT 10.0; Win64; x64) AppleWebKit/537.36 (KHTML, like Gecko) Chrome/151.0.0.0 Safari/537.36, Mozilla/5.0 (Macintosh; Intel Mac OS X 10_15_7) AppleWebKit/537.36 (KHTML, like Gecko) Chrome/151.0.0.0 Safari/537.36"
50.6.200.195 - - [02/Sep/2026:12:28:00 -0500] "POST /graphql HTTP/1.1" 403 17180 "-" "Mozilla/5.0 (Windows NT 10.0; Win64; x64) AppleWebKit/537.36 (KHTML, like Gecko) Chrome/151.0.0.0 Safari/537.36, Mozilla/5.0 (Macintosh; Intel Mac OS X 10_15_7) AppleWebKit/537.36 (KHTML, like Gecko) Chrome/151.0.0.0 Safari/537.36"
50.6.200.195 - - [02/Sep/2026:12:27:59 -0500] "GET /author-sitemap.xml HTTP/1.1" 404 60371 "-" "Mozilla/5.0 (Windows NT 10.0; Win64; x64) AppleWebKit/537.36 (KHTML, like Gecko) Chrome/151.0.0.0 Safari/537.36, Mozilla/5.0 (Windows NT 10.0; Win64; x64) AppleWebKit/537.36 (KHTML, like Gecko) Chrome/151.0.0.0 Safari/537.36"
103.190.47.78 - - [02/Sep/2026:12:28:00 -0500] "GET /wp-json/wp/v2/posts?per_page=20&_embed=author&_fields=_embedded HTTP/1.1" 200 13 "-" "Mozilla/5.0 (Windows NT 10.0; Win64; x64) AppleWebKit/537.36 (KHTML, like Gecko) Chrome/151.0.0.0 Safari/537.36, Mozilla/5.0 (Macintosh; Intel Mac OS X 10_15_7) AppleWebKit/537.36 (KHTML, like Gecko) Chrome/151.0.0.0 Safari/537.36"
167.71.240.77 - - [02/Sep/2026:12:28:03 -0500] "GET /readme.html HTTP/1.1" 200 7407 "-" "Mozilla/5.0 (Windows NT 10.0; Win64; x64) AppleWebKit/537.36 (KHTML, like Gecko) Chrome/151.0.0.0 Safari/537.36, Mozilla/5.0 (Windows NT 10.0; Win64; x64) AppleWebKit/537.36 (KHTML, like Gecko) Chrome/151.0.0.0 Safari/537.36"
37.186.221.181 - - [02/Sep/2026:12:28:01 -0500] "GET /wp-sitemap-users-1.xml HTTP/1.1" 200 93561 "-" "Mozilla/5.0 (Windows NT 10.0; Win64; x64) AppleWebKit/537.36 (KHTML, like Gecko) Chrome/151.0.0.0 Safari/537.36, Mozilla/5.0 (Windows NT 10.0; Win64; x64) AppleWebKit/537.36 (KHTML, like Gecko) Chrome/151.0.0.0 Safari/537.36"
157.90.185.123 - - [02/Sep/2026:12:28:05 -0500] "POST /?wordfence_syncAttackData=1788370085.2864 HTTP/1.1" 200 - "-" "WordPress/7.1; https://isthmuslegalandtax.com.pa"
162.241.230.122 - - [02/Sep/2026:12:28:04 -0500] "GET /author-sitemap.xml HTTP/1.1" 404 60371 "-" "Mozilla/5.0 (Windows NT 10.0; Win64; x64) AppleWebKit/537.36 (KHTML, like Gecko) Chrome/151.0.0.0 Safari/537.36, Mozilla/5.0 (Windows NT 10.0; Win64; x64) AppleWebKit/537.36 (KHTML, like Gecko) Chrome/151.0.0.0 Safari/537.36"
37.186.221.181 - - [02/Sep/2026:12:28:07 -0500] "GET /wp-json/rankmath/v1/getHead?url=https://isthmuslegalandtax.com.pa HTTP/1.1" 404 149 "-" "Mozilla/5.0 (Windows NT 10.0; Win64; x64) AppleWebKit/537.36 (KHTML, like Gecko) Chrome/151.0.0.0 Safari/537.36, Mozilla/5.0 (Macintosh; Intel Mac OS X 10_15_7) AppleWebKit/537.36 (KHTML, like Gecko) Chrome/151.0.0.0 Safari/537.36"
102.134.101.35 - - [02/Sep/2026:12:27:59 -0500] "GET /rss/ HTTP/1.1" 301 - "-" "Mozilla/5.0 (Windows NT 10.0; Win64; x64) AppleWebKit/537.36 (KHTML, like Gecko) Chrome/151.0.0.0 Safari/537.36, Mozilla/5.0 (X11; Linux x86_64) AppleWebKit/537.36 (KHTML, like Gecko) Chrome/151.0.0.0 Safari/537.36"
102.134.101.35 - - [02/Sep/2026:12:28:08 -0500] "GET /feed/ HTTP/1.1" 200 37668 "-" "Mozilla/5.0 (Windows NT 10.0; Win64; x64) AppleWebKit/537.36 (KHTML, like Gecko) Chrome/151.0.0.0 Safari/537.36, Mozilla/5.0 (X11; Linux x86_64) AppleWebKit/537.36 (KHTML, like Gecko) Chrome/151.0.0.0 Safari/537.36"
20.16.180.61 - - [02/Sep/2026:12:28:09 -0500] "GET /wp-json/ultimate-member/v1/users HTTP/1.1" 404 149 "-" "Mozilla/5.0 (Windows NT 10.0; Win64; x64) AppleWebKit/537.36 (KHTML, like Gecko) Chrome/151.0.0.0 Safari/537.36, Mozilla/5.0 (X11; Linux x86_64) AppleWebKit/537.36 (KHTML, like Gecko) Chrome/151.0.0.0 Safari/537.36"
143.95.158.36 - - [02/Sep/2026:12:28:12 -0500] "GET /wp-json/wp/v2/comments?per_page=100&_fields=author_name,author_url HTTP/1.1" 200 82 "-" "Mozilla/5.0 (Windows NT 10.0; Win64; x64) AppleWebKit/537.36 (KHTML, like Gecko) Chrome/151.0.0.0 Safari/537.36, Mozilla/5.0 (X11; Linux x86_64) AppleWebKit/537.36 (KHTML, like Gecko) Chrome/151.0.0.0 Safari/537.36"
129.121.76.191 - - [02/Sep/2026:12:28:13 -0500] "GET /wp-json/wp/v2/users?per_page=50&_embed&_fields=id,slug,name HTTP/1.1" 403 199 "-" "Mozilla/5.0 (Windows NT 10.0; Win64; x64) AppleWebKit/537.36 (KHTML, like Gecko) Chrome/151.0.0.0 Safari/537.36, Mozilla/5.0 (Macintosh; Intel Mac OS X 10_15_7) AppleWebKit/537.36 (KHTML, like Gecko) Chrome/151.0.0.0 Safari/537.36"
167.71.240.77 - - [02/Sep/2026:12:28:16 -0500] "GET /wp-json/wp/v2/users?_jsonp=callback&per_page=100&_fields=id,slug HTTP/1.1" 403 199 "-" "Mozilla/5.0 (Windows NT 10.0; Win64; x64) AppleWebKit/537.36 (KHTML, like Gecko) Chrome/151.0.0.0 Safari/537.36, Mozilla/5.0 (X11; Linux x86_64) AppleWebKit/537.36 (KHTML, like Gecko) Chrome/151.0.0.0 Safari/537.36"
103.74.116.219 - - [02/Sep/2026:12:28:16 -0500] "GET /sitemap_index.xml HTTP/1.1" 404 60366 "-" "Mozilla/5.0 (Windows NT 10.0; Win64; x64) AppleWebKit/537.36 (KHTML, like Gecko) Chrome/151.0.0.0 Safari/537.36, Mozilla/5.0 (Windows NT 10.0; Win64; x64) AppleWebKit/537.36 (KHTML, like Gecko) Chrome/151.0.0.0 Safari/537.36"
50.6.200.195 - - [02/Sep/2026:12:28:18 -0500] "GET /wp-json/learnpress/v1/users HTTP/1.1" 404 149 "-" "Mozilla/5.0 (Windows NT 10.0; Win64; x64) AppleWebKit/537.36 (KHTML, like Gecko) Chrome/151.0.0.0 Safari/537.36, Mozilla/5.0 (X11; Linux x86_64) AppleWebKit/537.36 (KHTML, like Gecko) Chrome/151.0.0.0 Safari/537.36"
217.64.102.75 - - [02/Sep/2026:12:28:19 -0500] "GET /?rest_route=/wp/v2/users&_jsonp=callback&per_page=100&_fields=id,slug HTTP/1.1" 401 131 "-" "Mozilla/5.0 (Windows NT 10.0; Win64; x64) AppleWebKit/537.36 (KHTML, like Gecko) Chrome/151.0.0.0 Safari/537.36, Mozilla/5.0 (Macintosh; Intel Mac OS X 10_15_7) AppleWebKit/537.36 (KHTML, like Gecko) Chrome/151.0.0.0 Safari/537.36"
202.51.202.242 - - [02/Sep/2026:12:28:22 -0500] "POST /xmlrpc.php HTTP/1.1" 403 199 "-" "Mozilla/5.0 (Windows NT 10.0; Win64; x64) AppleWebKit/537.36 (KHTML, like Gecko) Chrome/151.0.0.0 Safari/537.36, Mozilla/5.0 (X11; Linux x86_64) AppleWebKit/537.36 (KHTML, like Gecko) Chrome/151.0.0.0 Safari/537.36"
50.6.200.195 - - [02/Sep/2026:12:28:24 -0500] "GET /wp-sitemap-users-1.xml HTTP/1.1" 200 93561 "-" "Mozilla/5.0 (Windows NT 10.0; Win64; x64) AppleWebKit/537.36 (KHTML, like Gecko) Chrome/151.0.0.0 Safari/537.36, Mozilla/5.0 (X11; Linux x86_64) AppleWebKit/537.36 (KHTML, like Gecko) Chrome/151.0.0.0 Safari/537.36"
217.64.102.75 - - [02/Sep/2026:12:28:39 -0500] "GET /wp-json/ldlms/v2/users HTTP/1.1" 404 149 "-" "Mozilla/5.0 (Windows NT 10.0; Win64; x64) AppleWebKit/537.36 (KHTML, like Gecko) Chrome/151.0.0.0 Safari/537.36, Mozilla/5.0 (Macintosh; Intel Mac OS X 10_15_7) AppleWebKit/537.36 (KHTML, like Gecko) Chrome/151.0.0.0 Safari/537.36"
50.6.200.195 - - [02/Sep/2026:12:28:45 -0500] "GET /wp-json/wp/v2/users?capabilities=publish_posts&per_page=100&_fields=slug HTTP/1.1" 403 199 "-" "Mozilla/5.0 (Windows NT 10.0; Win64; x64) AppleWebKit/537.36 (KHTML, like Gecko) Chrome/151.0.0.0 Safari/537.36, Mozilla/5.0 (Windows NT 10.0; Win64; x64) AppleWebKit/537.36 (KHTML, like Gecko) Chrome/151.0.0.0 Safari/537.36"
216.73.161.162 - - [02/Sep/2026:12:39:39 -0500] "POST /wp-login.php HTTP/1.1" 503 19284 "-" "Mozilla/5.0 (Macintosh; Intel Mac OS X 10_15_7) AppleWebKit/605.1.15 Version/17.0 Safari/605.1.15"
185.218.86.4 - - [02/Sep/2026:12:53:07 -0500] "GET / HTTP/1.1" 200 91235 "-" "Mozilla/5.0 (Windows NT 10.0; Win64; x64) AppleWebKit/537.36 (KHTML, like Gecko) Chrome/131.0.0.0 Safari/537.36"
185.218.86.5 - - [02/Sep/2026:12:53:20 -0500] "GET / HTTP/1.1" 301 - "-" "Mozilla/5.0 (Windows NT 10.0; Win64; x64) AppleWebKit/537.36 (KHTML, like Gecko) Chrome/131.0.0.0 Safari/537.36"
185.218.86.3 - - [02/Sep/2026:12:53:32 -0500] "GET / HTTP/1.1" 200 91235 "-" "Mozilla/5.0 (Windows NT 10.0; Win64; x64) AppleWebKit/537.36 (KHTML, like Gecko) Chrome/131.0.0.0 Safari/537.36"
185.218.86.3 - - [02/Sep/2026:12:53:37 -0500] "GET / HTTP/1.1" 301 - "-" "Mozilla/5.0 (Windows NT 10.0; Win64; x64) AppleWebKit/537.36 (KHTML, like Gecko) Chrome/131.0.0.0 Safari/537.36"
3.227.248.201 - - [02/Sep/2026:13:03:19 -0500] "POST / HTTP/1.1" 200 91235 "https://isthmuslegalandtax.com.pa/" "Mozilla/5.0 (Windows NT 10.0; Win64; x64) AppleWebKit/537.36 (KHTML, like Gecko) Chrome/145.0.0.0 Safari/537.36"
173.239.211.114 - - [02/Sep/2026:13:08:21 -0500] "POST /wp-login.php HTTP/1.1" 503 19284 "-" "Mozilla/5.0 (Windows NT 10.0; Win64; x64) AppleWebKit/537.36 Chrome/129.0.0.0 Safari/537.36"
216.73.161.174 - - [02/Sep/2026:13:39:02 -0500] "POST /wp-login.php HTTP/1.1" 503 19284 "-" "Mozilla/5.0 (Windows NT 10.0; Win64; x64) AppleWebKit/537.36 Chrome/129.0.0.0 Safari/537.36"
91.92.243.223 - - [02/Sep/2026:13:45:44 -0500] "GET /wp-admin/admin-ajax.php HTTP/1.1" 400 1 "-" "Mozilla/5.0 (Windows NT 10.0; Win64; x64; rv:128.0) Gecko/20100101 Firefox/128.0"
91.92.243.223 - - [02/Sep/2026:13:45:46 -0500] "POST /wp-admin/admin-ajax.php?meta-box-loader=1 HTTP/1.1" 400 1 "-" "Mozilla/5.0 (Windows NT 10.0; Win64; x64) AppleWebKit/537.36 (KHTML, like Gecko) Chrome/126.0.0.0 Safari/537.36"
54.157.112.104 - - [02/Sep/2026:13:54:27 -0500] "GET / HTTP/1.1" 301 - "-" "Mozilla/5.0 (Macintosh; Intel Mac OS X 10_15_7) AppleWebKit/537.36 (KHTML, like Gecko) Chrome/140.0.0.0 newsai/1.0 Safari/537.36"
54.157.112.104 - - [02/Sep/2026:13:54:29 -0500] "GET / HTTP/1.1" 200 91235 "-" "Mozilla/5.0 (Macintosh; Intel Mac OS X 10_15_7) AppleWebKit/537.36 (KHTML, like Gecko) Chrome/140.0.0.0 newsai/1.0 Safari/537.36"
216.73.161.163 - - [02/Sep/2026:14:09:26 -0500] "POST /wp-login.php HTTP/1.1" 503 19284 "-" "Mozilla/5.0 (Windows NT 10.0; Win64; x64) AppleWebKit/537.36 Chrome/129.0.0.0 Safari/537.36"
34.207.86.197 - - [02/Sep/2026:14:17:31 -0500] "POST / HTTP/1.1" 200 91298 "https://www.isthmuslegalandtax.com.pa/" "Mozilla/5.0 (Windows NT 10.0; Win64; x64) AppleWebKit/537.36 (KHTML, like Gecko) Chrome/145.0.0.0 Safari/537.36"
111.26.80.229 - - [02/Sep/2026:14:27:53 -0500] "GET /wp-login.php HTTP/1.1" 200 10505 "-" "Mozilla/5.0 (Windows NT 10.0; Win64; x64) AppleWebKit/537.36 (KHTML, like Gecko) Chrome/151.0.0.0 Safari/537.36"
111.26.80.229 - - [02/Sep/2026:14:27:54 -0500] "POST /wp-login.php HTTP/1.1" 200 10977 "https://www.isthmuslegalandtax.com.pa/wp-login.php" "Mozilla/5.0 (Windows NT 10.0; Win64; x64) AppleWebKit/537.36 (KHTML, like Gecko) Chrome/151.0.0.0 Safari/537.36"
188.95.65.41 - - [02/Sep/2026:15:07:37 -0500] "GET /wp-content/uploads/ HTTP/1.1" 403 199 "-" "-"
188.95.65.41 - - [02/Sep/2026:15:07:37 -0500] "GET /wp-includes/ HTTP/1.1" 403 199 "-" "-"
188.95.65.41 - - [02/Sep/2026:15:07:37 -0500] "GET /wp-includes/css/ HTTP/1.1" 403 199 "-" "-"
188.95.65.41 - - [02/Sep/2026:15:07:37 -0500] "GET /wp-includes/ID3/ HTTP/1.1" 403 199 "-" "-"
188.95.65.41 - - [02/Sep/2026:15:07:37 -0500] "GET /wp-includes/IXR/ HTTP/1.1" 403 199 "-" "-"
188.95.65.41 - - [02/Sep/2026:15:07:37 -0500] "GET /wp-includes/Requests/ HTTP/1.1" 403 199 "-" "-"
188.95.65.41 - - [02/Sep/2026:15:07:37 -0500] "GET /wp-includes/SimplePie/ HTTP/1.1" 403 199 "-" "-"
188.95.65.41 - - [02/Sep/2026:15:07:37 -0500] "GET /wp-includes/Text/ HTTP/1.1" 403 199 "-" "-"
188.95.65.41 - - [02/Sep/2026:15:07:38 -0500] "GET /wp-content/mu-plugins-old/ HTTP/1.1" 404 60378 "-" "-"
188.95.65.41 - - [02/Sep/2026:15:07:40 -0500] "GET /wp-content/themes/classic/inc/ HTTP/1.1" 404 60398 "-" "-"
188.95.65.41 - - [02/Sep/2026:15:07:42 -0500] "GET /wp-content/plugins/ninja-forms/ HTTP/1.1" 404 60403 "-" "-"
188.95.65.41 - - [02/Sep/2026:15:07:44 -0500] "GET /wp-content/mu-plugins/ HTTP/1.1" 404 60358 "-" "-"
188.95.65.41 - - [02/Sep/2026:15:07:45 -0500] "GET /wp-includes/Text/Diff/Renderer/ HTTP/1.1" 403 199 "-" "-"
188.95.65.41 - - [02/Sep/2026:15:07:45 -0500] "GET /wp-includes/blocks/ HTTP/1.1" 200 - "-" "-"
188.95.65.41 - - [02/Sep/2026:15:07:45 -0500] "GET /wp-includes/certificates/ HTTP/1.1" 403 199 "-" "-"
188.95.65.41 - - [02/Sep/2026:15:07:45 -0500] "GET /wp-includes/customize/ HTTP/1.1" 403 199 "-" "-"
188.95.65.41 - - [02/Sep/2026:15:07:46 -0500] "GET /wp-includes/fonts/ HTTP/1.1" 403 199 "-" "-"
188.95.65.41 - - [02/Sep/2026:15:07:46 -0500] "GET /wp-includes/images/ HTTP/1.1" 403 199 "-" "-"
188.95.65.41 - - [02/Sep/2026:15:07:46 -0500] "GET /.well-known/ HTTP/1.1" 404 60308 "-" "-"
188.95.65.41 - - [02/Sep/2026:15:07:47 -0500] "GET /ALFA_DATA/ HTTP/1.1" 404 60298 "-" "-"
188.95.65.41 - - [02/Sep/2026:15:07:48 -0500] "GET /.well-knownold/ HTTP/1.1" 404 60323 "-" "-"
188.95.65.41 - - [02/Sep/2026:15:07:50 -0500] "GET /.well-known/acme-challenge/ HTTP/1.1" 403 199 "-" "-"
188.95.65.41 - - [02/Sep/2026:15:07:50 -0500] "GET /cgi-bin/ HTTP/1.1" 404 60288 "-" "-"
188.95.65.41 - - [02/Sep/2026:15:07:51 -0500] "GET /index/ HTTP/1.1" 404 60278 "-" "-"
188.95.65.41 - - [02/Sep/2026:15:07:52 -0500] "GET /id/ HTTP/1.1" 404 60263 "-" "-"
188.95.65.41 - - [02/Sep/2026:15:07:54 -0500] "GET /www/ HTTP/1.1" 404 60268 "-" "-"
188.95.65.41 - - [02/Sep/2026:15:07:55 -0500] "GET /web/ HTTP/1.1" 404 60268 "-" "-"
188.95.65.41 - - [02/Sep/2026:15:07:56 -0500] "GET /uploads/ HTTP/1.1" 404 60288 "-" "-"
188.95.65.41 - - [02/Sep/2026:15:07:58 -0500] "GET /upload/ HTTP/1.1" 404 60283 "-" "-"
188.95.65.41 - - [02/Sep/2026:15:07:59 -0500] "GET /admin/uploads/ HTTP/1.1" 404 60318 "-" "-"
188.95.65.41 - - [02/Sep/2026:15:08:00 -0500] "GET /Admin/uploads/ HTTP/1.1" 404 60318 "-" "-"
188.95.65.41 - - [02/Sep/2026:15:08:01 -0500] "GET /admin/ HTTP/1.1" 302 - "-" "-"
188.95.65.41 - - [02/Sep/2026:15:09:00 -0500] "GET /wp-admin/ HTTP/1.1" 302 - "-" "-"
188.95.65.41 - - [02/Sep/2026:15:09:02 -0500] "GET /wp-login.php?redirect_to=https%3A%2F%2Fisthmuslegalandtax.com.pa%2Fwp-admin%2F&reauth=1 HTTP/1.1" 200 10611 "-" "-"
188.95.65.41 - - [02/Sep/2026:15:09:40 -0500] "GET /images/ HTTP/1.1" 404 60283 "-" "-"
173.239.211.130 - - [02/Sep/2026:15:09:50 -0500] "POST /wp-login.php HTTP/1.1" 503 19284 "-" "Mozilla/5.0 (Windows NT 10.0; Win64; x64) AppleWebKit/537.36 Chrome/129.0.0.0 Safari/537.36"
188.95.65.41 - - [02/Sep/2026:15:11:08 -0500] "GET /assets/ HTTP/1.1" 403 199 "-" "-"
188.95.65.41 - - [02/Sep/2026:15:12:37 -0500] "GET /upload/image/ HTTP/1.1" 403 199 "-" "-"
188.95.65.41 - - [02/Sep/2026:15:13:16 -0500] "GET /assets/images/ HTTP/1.1" 403 199 "-" "-"
188.95.65.41 - - [02/Sep/2026:15:13:32 -0500] "GET /Public/ HTTP/1.1" 403 199 "-" "-"
188.95.65.41 - - [02/Sep/2026:15:13:56 -0500] "GET /vendor/ HTTP/1.1" 403 199 "-" "-"
188.95.65.41 - - [02/Sep/2026:15:14:28 -0500] "GET /local/ HTTP/1.1" 403 199 "-" "-"
188.95.65.41 - - [02/Sep/2026:15:18:22 -0500] "GET /system/ HTTP/1.1" 403 199 "-" "-"
188.95.65.41 - - [02/Sep/2026:15:20:59 -0500] "GET /admin/editor/ HTTP/1.1" 404 60313 "-" "-"
188.95.65.41 - - [02/Sep/2026:15:21:23 -0500] "GET /include/ HTTP/1.1" 404 60288 "-" "-"
188.95.65.41 - - [02/Sep/2026:15:22:44 -0500] "GET /images/stories/ HTTP/1.1" 404 60323 "-" "-"
188.95.65.41 - - [02/Sep/2026:15:23:24 -0500] "GET /plugins/ HTTP/1.1" 404 60288 "-" "-"
209.42.18.223 - - [02/Sep/2026:15:23:29 -0500] "GET /wp-json/learnpress/v1/users HTTP/1.1" 404 149 "-" "Mozilla/5.0 (Windows NT 10.0; Win64; x64) AppleWebKit/537.36 (KHTML, like Gecko) Chrome/151.0.0.0 Safari/537.36, Mozilla/5.0 (Macintosh; Intel Mac OS X 10_15_7) AppleWebKit/537.36 (KHTML, like Gecko) Chrome/151.0.0.0 Safari/537.36"
188.95.65.41 - - [02/Sep/2026:15:23:38 -0500] "GET /php/ HTTP/1.1" 404 60268 "-" "-"
188.95.65.41 - - [02/Sep/2026:15:23:52 -0500] "GET /wp-admin/css/ HTTP/1.1" 403 199 "-" "-"
188.95.65.41 - - [02/Sep/2026:15:23:53 -0500] "GET /wp-content/themes/twentytwenty/ HTTP/1.1" 404 60403 "-" "-"
188.95.65.41 - - [02/Sep/2026:15:23:54 -0500] "GET /wp-content/cache/ HTTP/1.1" 404 60333 "-" "-"
188.95.65.41 - - [02/Sep/2026:15:23:58 -0500] "GET /wp-admin/maint/ HTTP/1.1" 403 199 "-" "-"
188.95.65.41 - - [02/Sep/2026:15:23:58 -0500] "GET /wp-content/plugins/akismet/ HTTP/1.1" 403 199 "-" "-"
188.95.65.41 - - [02/Sep/2026:15:23:59 -0500] "GET /wp-includes/assets/ HTTP/1.1" 403 199 "-" "-"
188.95.65.41 - - [02/Sep/2026:15:24:00 -0500] "GET /wp-includes/block-patterns/ HTTP/1.1" 403 199 "-" "-"
188.95.65.41 - - [02/Sep/2026:15:24:00 -0500] "GET /wp-includes/block-supports/ HTTP/1.1" 403 199 "-" "-"
188.95.65.41 - - [02/Sep/2026:15:24:00 -0500] "GET /wp-includes/html-api/ HTTP/1.1" 403 199 "-" "-"
188.95.65.41 - - [02/Sep/2026:15:24:00 -0500] "GET /wp-includes/js/ HTTP/1.1" 403 199 "-" "-"
188.95.65.41 - - [02/Sep/2026:15:24:00 -0500] "GET /wp-includes/php-compat/ HTTP/1.1" 403 199 "-" "-"
188.95.65.41 - - [02/Sep/2026:15:24:01 -0500] "GET /wp-includes/PHPMailer/ HTTP/1.1" 403 199 "-" "-"
188.95.65.41 - - [02/Sep/2026:15:24:01 -0500] "GET /wp-includes/pomo/ HTTP/1.1" 403 199 "-" "-"
188.95.65.41 - - [02/Sep/2026:15:24:01 -0500] "GET /wp-includes/random_compat/ HTTP/1.1" 404 60378 "-" "-"
188.95.65.41 - - [02/Sep/2026:15:24:04 -0500] "GET /wp-includes/rest-api/ HTTP/1.1" 403 199 "-" "-"
188.95.65.41 - - [02/Sep/2026:15:24:05 -0500] "GET /wp-includes/sitemaps/ HTTP/1.1" 403 199 "-" "-"
188.95.65.41 - - [02/Sep/2026:15:24:05 -0500] "GET /wp-includes/sodium_compat/ HTTP/1.1" 403 199 "-" "-"
188.95.65.41 - - [02/Sep/2026:15:24:05 -0500] "GET /wp-includes/style-engine/ HTTP/1.1" 403 199 "-" "-"
188.95.65.41 - - [02/Sep/2026:15:24:06 -0500] "GET /wp-includes/theme-compat/ HTTP/1.1" 403 199 "-" "-"
188.95.65.41 - - [02/Sep/2026:15:24:06 -0500] "GET /wp-includes/widgets/ HTTP/1.1" 403 199 "-" "-"
188.95.65.41 - - [02/Sep/2026:15:24:06 -0500] "GET /wp-admin/css/colors/ectoplasm/ HTTP/1.1" 403 199 "-" "-"
188.95.65.41 - - [02/Sep/2026:15:24:06 -0500] "GET /wp-admin/css/colors/ HTTP/1.1" 403 199 "-" "-"
188.95.65.41 - - [02/Sep/2026:15:24:06 -0500] "GET /admin/images/slider/ HTTP/1.1" 404 60348 "-" "-"
188.95.65.41 - - [02/Sep/2026:15:24:18 -0500] "GET /admin/fckeditor/editor/filemanager/ HTTP/1.1" 404 60423 "-" "-"
188.95.65.41 - - [02/Sep/2026:15:24:50 -0500] "GET /sites/default/files/ HTTP/1.1" 404 60348 "-" "-"
188.95.65.41 - - [02/Sep/2026:15:24:51 -0500] "GET /admin/controller/extension/extension/ HTTP/1.1" 404 60433 "-" "-"
188.95.65.41 - - [02/Sep/2026:15:24:52 -0500] "GET /modules/mod_simplefileuploadv1.3/elements/ HTTP/1.1" 404 60458 "-" "-"
188.95.65.41 - - [02/Sep/2026:15:25:14 -0500] "GET /components/ HTTP/1.1" 404 60303 "-" "-"
188.95.65.41 - - [02/Sep/2026:15:25:29 -0500] "GET /wp-content/plugins/classic-editor/ HTTP/1.1" 404 60418 "-" "-"
188.95.65.41 - - [02/Sep/2026:15:25:47 -0500] "GET /wp-content/fonts/ HTTP/1.1" 404 60333 "-" "-"
188.95.65.41 - - [02/Sep/2026:15:25:49 -0500] "GET /wp-content/plugins/contact-form-7/admin/js/ HTTP/1.1" 404 60463 "-" "-"
188.95.65.41 - - [02/Sep/2026:15:25:51 -0500] "GET /wp-content/plugins/contact-form-7/ HTTP/1.1" 404 60418 "-" "-"
188.95.65.41 - - [02/Sep/2026:15:25:53 -0500] "GET /wordpress/ HTTP/1.1" 404 60298 "-" "-"
188.95.65.41 - - [02/Sep/2026:15:26:11 -0500] "GET /wp-content/plugins/wordpress-seo/js/dist/ HTTP/1.1" 404 60453 "-" "-"
188.95.65.41 - - [02/Sep/2026:15:26:46 -0500] "GET /wp-content/plugins/wordpress-seo/ HTTP/1.1" 404 60413 "-" "-"
188.95.65.41 - - [02/Sep/2026:15:27:19 -0500] "GET /js/ HTTP/1.1" 404 60263 "-" "-"
188.95.65.41 - - [02/Sep/2026:15:27:20 -0500] "GET /wp-content/plugins/woocommerce/assets/js/ HTTP/1.1" 404 60453 "-" "-"
188.95.65.41 - - [02/Sep/2026:15:27:22 -0500] "GET /wp-content/plugins/woocommerce/ HTTP/1.1" 404 60403 "-" "-"
188.95.65.41 - - [02/Sep/2026:15:27:23 -0500] "GET /wp-admin/meta/ HTTP/1.1" 404 60318 "-" "-"
188.95.65.41 - - [02/Sep/2026:15:27:25 -0500] "GET /wp-admin/network/ HTTP/1.1" 302 - "-" "-"
188.95.65.41 - - [02/Sep/2026:15:28:00 -0500] "GET /wp-admin/network/ HTTP/1.1" 302 - "-" "-"
188.95.65.41 - - [02/Sep/2026:15:28:15 -0500] "GET /wp-login.php?redirect_to=https%3A%2F%2Fisthmuslegalandtax.com.pa%2Fwp-admin%2Fnetwork%2F&reauth=1 HTTP/1.1" 200 10627 "-" "-"
188.95.65.41 - - [02/Sep/2026:15:28:27 -0500] "GET /wp-admin/user/ HTTP/1.1" 302 - "-" "-"
188.95.65.41 - - [02/Sep/2026:15:28:53 -0500] "GET /wp-admin/user/ HTTP/1.1" 302 - "-" "-"
188.95.65.41 - - [02/Sep/2026:15:28:54 -0500] "GET /wp-login.php?redirect_to=https%3A%2F%2Fisthmuslegalandtax.com.pa%2Fwp-admin%2Fuser%2F&reauth=1 HTTP/1.1" 200 10621 "-" "-"
188.95.65.41 - - [02/Sep/2026:15:29:07 -0500] "GET /wp-content/themes/ HTTP/1.1" 200 - "-" "-"
188.95.65.41 - - [02/Sep/2026:15:29:07 -0500] "GET /wp-admin/includes/ HTTP/1.1" 403 199 "-" "-"
188.95.65.41 - - [02/Sep/2026:15:29:07 -0500] "GET /wp-admin/ HTTP/1.1" 302 - "-" "-"
188.95.65.41 - - [02/Sep/2026:15:29:17 -0500] "GET /wp-admin/ HTTP/1.1" 302 - "-" "-"
188.95.65.41 - - [02/Sep/2026:15:29:43 -0500] "GET /wp-login.php?redirect_to=https%3A%2F%2Fisthmuslegalandtax.com.pa%2Fwp-admin%2F&reauth=1 HTTP/1.1" 200 10611 "-" "-"
188.95.65.41 - - [02/Sep/2026:15:29:50 -0500] "GET /wp-content/upgrade/ HTTP/1.1" 403 199 "-" "-"
173.239.211.123 - - [02/Sep/2026:15:41:11 -0500] "POST /wp-login.php HTTP/1.1" 503 19284 "-" "Mozilla/5.0 (Windows NT 10.0; Win64; x64) AppleWebKit/537.36 Chrome/129.0.0.0 Safari/537.36"
216.73.161.161 - - [02/Sep/2026:16:10:01 -0500] "POST /wp-login.php HTTP/1.1" 503 19284 "-" "Mozilla/5.0 (Windows NT 10.0; Win64; x64) AppleWebKit/537.36 Chrome/129.0.0.0 Safari/537.36"
222.255.182.222 - - [02/Sep/2026:16:26:08 -0500] "GET /wp-login.php HTTP/1.1" 200 10505 "" "Mozilla/5.0 (Macintosh; Intel Mac OS X 10_15_7; rv:118.0) Gecko/20100101 Firefox/118.0"
222.255.182.222 - - [02/Sep/2026:16:26:10 -0500] "GET /?author=1 HTTP/1.1" 404 28215 "https://www.facebook.com/" "Mozilla/5.0 (Macintosh; Intel Mac OS X 13_6_1) AppleWebKit/605.1.15 (KHTML, like Gecko) Version/17.0 Safari/605.1.15"
222.255.182.222 - - [02/Sep/2026:16:26:13 -0500] "GET /?author=2 HTTP/1.1" 404 28215 "https://wordpress.org/" "Mozilla/5.0 (Windows NT 10.0; Win64; x64) AppleWebKit/537.36 (KHTML, like Gecko) Chrome/121.0.0.0 Safari/537.36"
222.255.182.222 - - [02/Sep/2026:16:26:17 -0500] "GET /?author=3 HTTP/1.1" 404 28215 "https://t.co/" "Mozilla/5.0 (Windows NT 11.0; Win64; x64; rv:120.0) Gecko/20100101 Firefox/120.0"
222.255.182.222 - - [02/Sep/2026:16:26:21 -0500] "GET /?author=4 HTTP/1.1" 404 28215 "https://wordpress.org/" "Mozilla/5.0 (Macintosh; Intel Mac OS X 13_6_1) AppleWebKit/537.36 (KHTML, like Gecko) Chrome/120.0.0.0 Safari/537.36"
222.255.182.222 - - [02/Sep/2026:16:26:28 -0500] "GET /wp-json/wp/v2/users HTTP/1.1" 403 199 "-" "Mozilla/5.0 (Macintosh; Intel Mac OS X 10_15_7) AppleWebKit/537.36 (KHTML, like Gecko) Chrome/120.0.0.0 Safari/537.36"
222.255.182.222 - - [02/Sep/2026:16:26:24 -0500] "GET /?author=5 HTTP/1.1" 404 28215 "https://www.bing.com/" "Mozilla/5.0 (Windows NT 11.0; Win64; x64) AppleWebKit/537.36 (KHTML, like Gecko) Chrome/118.0.0.0 Safari/537.36"
222.255.182.222 - - [02/Sep/2026:16:26:29 -0500] "POST /wp-login.php HTTP/1.1" 503 19284 "https://isthmuslegalandtax.com.pa/wp-login.php" "Mozilla/5.0 (Windows NT 11.0; Win64; x64; rv:120.0) Gecko/20100101 Firefox/120.0"
222.255.182.222 - - [02/Sep/2026:16:26:32 -0500] "GET /wp-admin/index.php HTTP/1.1" 503 19284 "https://isthmuslegalandtax.com.pa/wp-login.php" "Mozilla/5.0 (Windows NT 11.0; Win64; x64; rv:120.0) Gecko/20100101 Firefox/120.0"
222.255.182.222 - - [02/Sep/2026:16:26:47 -0500] "GET /wp-admin/edit.php HTTP/1.1" 503 19284 "https://isthmuslegalandtax.com.pa/wp-login.php" "Mozilla/5.0 (Windows NT 11.0; Win64; x64; rv:120.0) Gecko/20100101 Firefox/120.0"
222.255.182.222 - - [02/Sep/2026:16:26:52 -0500] "GET /wp-admin/plugins.php HTTP/1.1" 503 19284 "https://isthmuslegalandtax.com.pa/wp-login.php" "Mozilla/5.0 (Windows NT 11.0; Win64; x64; rv:120.0) Gecko/20100101 Firefox/120.0"
222.255.182.222 - - [02/Sep/2026:16:26:55 -0500] "POST /wp-login.php HTTP/1.1" 503 18282 "https://isthmuslegalandtax.com.pa/wp-login.php" "Mozilla/5.0 (Windows NT 11.0; Win64; x64) AppleWebKit/537.36 (KHTML, like Gecko) Chrome/120.0.0.0 Safari/537.36"
222.255.182.222 - - [02/Sep/2026:16:26:57 -0500] "GET /wp-admin/index.php HTTP/1.1" 503 19284 "https://isthmuslegalandtax.com.pa/wp-login.php" "Mozilla/5.0 (Macintosh; Intel Mac OS X 13_6_1; rv:119.0) Gecko/20100101 Firefox/119.0"
157.90.185.123 - - [02/Sep/2026:16:26:58 -0500] "POST /?wordfence_syncAttackData=1788384417.9652 HTTP/1.1" 200 - "-" "WordPress/7.1; https://isthmuslegalandtax.com.pa"
222.255.182.222 - - [02/Sep/2026:16:27:00 -0500] "GET /wp-admin/profile.php HTTP/1.1" 503 19284 "https://isthmuslegalandtax.com.pa/wp-login.php" "Mozilla/5.0 (Macintosh; Intel Mac OS X 13_6_1; rv:119.0) Gecko/20100101 Firefox/119.0"
222.255.182.222 - - [02/Sep/2026:16:27:02 -0500] "GET /wp-admin/edit.php HTTP/1.1" 503 19284 "https://isthmuslegalandtax.com.pa/wp-login.php" "Mozilla/5.0 (Macintosh; Intel Mac OS X 13_6_1; rv:119.0) Gecko/20100101 Firefox/119.0"
222.255.182.222 - - [02/Sep/2026:16:27:08 -0500] "GET /wp-admin/plugins.php HTTP/1.1" 503 19284 "https://isthmuslegalandtax.com.pa/wp-login.php" "Mozilla/5.0 (Macintosh; Intel Mac OS X 13_6_1; rv:119.0) Gecko/20100101 Firefox/119.0"
222.255.182.222 - - [02/Sep/2026:16:27:13 -0500] "POST /wp-login.php HTTP/1.1" 503 18282 "https://isthmuslegalandtax.com.pa/wp-login.php" "Mozilla/5.0 (Macintosh; Intel Mac OS X 10_15_7) AppleWebKit/537.36 (KHTML, like Gecko) Chrome/119.0.0.0 Safari/537.36"
157.90.185.123 - - [02/Sep/2026:16:27:17 -0500] "POST /?wordfence_syncAttackData=1788384437.612 HTTP/1.1" 200 - "-" "WordPress/7.1; https://isthmuslegalandtax.com.pa"
222.255.182.222 - - [02/Sep/2026:16:27:16 -0500] "GET /wp-admin/index.php HTTP/1.1" 503 19284 "https://isthmuslegalandtax.com.pa/wp-login.php" "Mozilla/5.0 (Windows NT 11.0; Win64; x64) AppleWebKit/537.36 (KHTML, like Gecko) Chrome/118.0.0.0 Safari/537.36"
222.255.182.222 - - [02/Sep/2026:16:27:22 -0500] "GET /wp-admin/profile.php HTTP/1.1" 503 19284 "https://isthmuslegalandtax.com.pa/wp-login.php" "Mozilla/5.0 (Windows NT 11.0; Win64; x64) AppleWebKit/537.36 (KHTML, like Gecko) Chrome/118.0.0.0 Safari/537.36"
222.255.182.222 - - [02/Sep/2026:16:27:25 -0500] "GET /wp-admin/edit.php HTTP/1.1" 503 19284 "https://isthmuslegalandtax.com.pa/wp-login.php" "Mozilla/5.0 (Windows NT 11.0; Win64; x64) AppleWebKit/537.36 (KHTML, like Gecko) Chrome/118.0.0.0 Safari/537.36"
222.255.182.222 - - [02/Sep/2026:16:27:27 -0500] "GET /wp-admin/plugins.php HTTP/1.1" 503 19284 "https://isthmuslegalandtax.com.pa/wp-login.php" "Mozilla/5.0 (Windows NT 11.0; Win64; x64) AppleWebKit/537.36 (KHTML, like Gecko) Chrome/118.0.0.0 Safari/537.36"
222.255.182.222 - - [02/Sep/2026:16:27:31 -0500] "POST /wp-login.php HTTP/1.1" 503 18282 "https://isthmuslegalandtax.com.pa/wp-login.php" "Mozilla/5.0 (X11; Ubuntu; Linux x86_64) AppleWebKit/537.36 (KHTML, like Gecko) Chrome/120.0.0.0 Safari/537.36"
222.255.182.222 - - [02/Sep/2026:16:27:33 -0500] "GET /wp-admin/index.php HTTP/1.1" 503 19284 "https://isthmuslegalandtax.com.pa/wp-login.php" "Mozilla/5.0 (Macintosh; Intel Mac OS X 10_15_7) AppleWebKit/605.1.15 (KHTML, like Gecko) Version/17.0 Safari/605.1.15"
157.90.185.123 - - [02/Sep/2026:16:27:33 -0500] "POST /?wordfence_syncAttackData=1788384453.7449 HTTP/1.1" 200 - "-" "WordPress/7.1; https://isthmuslegalandtax.com.pa"
222.255.182.222 - - [02/Sep/2026:16:27:37 -0500] "GET /wp-admin/profile.php HTTP/1.1" 503 19284 "https://isthmuslegalandtax.com.pa/wp-login.php" "Mozilla/5.0 (Macintosh; Intel Mac OS X 10_15_7) AppleWebKit/605.1.15 (KHTML, like Gecko) Version/17.0 Safari/605.1.15"
222.255.182.222 - - [02/Sep/2026:16:27:39 -0500] "GET /wp-admin/edit.php HTTP/1.1" 503 19284 "https://isthmuslegalandtax.com.pa/wp-login.php" "Mozilla/5.0 (Macintosh; Intel Mac OS X 10_15_7) AppleWebKit/605.1.15 (KHTML, like Gecko) Version/17.0 Safari/605.1.15"
222.255.182.222 - - [02/Sep/2026:16:27:43 -0500] "GET /wp-admin/plugins.php HTTP/1.1" 503 19284 "https://isthmuslegalandtax.com.pa/wp-login.php" "Mozilla/5.0 (Macintosh; Intel Mac OS X 10_15_7) AppleWebKit/605.1.15 (KHTML, like Gecko) Version/17.0 Safari/605.1.15"
222.255.182.222 - - [02/Sep/2026:16:27:47 -0500] "POST /wp-login.php HTTP/1.1" 503 18282 "https://isthmuslegalandtax.com.pa/wp-login.php" "Mozilla/5.0 (X11; Linux x86_64) AppleWebKit/537.36 (KHTML, like Gecko) Chrome/121.0.0.0 Safari/537.36"
157.90.185.123 - - [02/Sep/2026:16:27:53 -0500] "POST /?wordfence_syncAttackData=1788384473.12 HTTP/1.1" 200 - "-" "WordPress/7.1; https://isthmuslegalandtax.com.pa"
222.255.182.222 - - [02/Sep/2026:16:27:52 -0500] "GET /wp-admin/index.php HTTP/1.1" 503 19284 "https://isthmuslegalandtax.com.pa/wp-login.php" "Mozilla/5.0 (Windows NT 10.0; Win64; x64) AppleWebKit/537.36 (KHTML, like Gecko) Chrome/120.0.0.0 Safari/537.36"
222.255.182.222 - - [02/Sep/2026:16:27:55 -0500] "GET /wp-admin/profile.php HTTP/1.1" 503 19284 "https://isthmuslegalandtax.com.pa/wp-login.php" "Mozilla/5.0 (Windows NT 10.0; Win64; x64) AppleWebKit/537.36 (KHTML, like Gecko) Chrome/120.0.0.0 Safari/537.36"
222.255.182.222 - - [02/Sep/2026:16:27:59 -0500] "GET /wp-admin/edit.php HTTP/1.1" 503 19284 "https://isthmuslegalandtax.com.pa/wp-login.php" "Mozilla/5.0 (Windows NT 10.0; Win64; x64) AppleWebKit/537.36 (KHTML, like Gecko) Chrome/120.0.0.0 Safari/537.36"
222.255.182.222 - - [02/Sep/2026:16:28:02 -0500] "GET /wp-admin/plugins.php HTTP/1.1" 503 19284 "https://isthmuslegalandtax.com.pa/wp-login.php" "Mozilla/5.0 (Windows NT 10.0; Win64; x64) AppleWebKit/537.36 (KHTML, like Gecko) Chrome/120.0.0.0 Safari/537.36"
222.255.182.222 - - [02/Sep/2026:16:28:04 -0500] "POST /wp-login.php HTTP/1.1" 503 18282 "https://isthmuslegalandtax.com.pa/wp-login.php" "Mozilla/5.0 (X11; Ubuntu; Linux x86_64) AppleWebKit/537.36 (KHTML, like Gecko) Chrome/118.0.0.0 Safari/537.36"
157.90.185.123 - - [02/Sep/2026:16:28:06 -0500] "POST /?wordfence_syncAttackData=1788384486.8417 HTTP/1.1" 200 - "-" "WordPress/7.1; https://isthmuslegalandtax.com.pa"
222.255.182.222 - - [02/Sep/2026:16:28:06 -0500] "GET /wp-admin/index.php HTTP/1.1" 503 19284 "https://isthmuslegalandtax.com.pa/wp-login.php" "Mozilla/5.0 (Windows NT 10.0; Win64; x64) AppleWebKit/537.36 (KHTML, like Gecko) Chrome/118.0.0.0 Safari/537.36"
222.255.182.222 - - [02/Sep/2026:16:28:10 -0500] "GET /wp-admin/profile.php HTTP/1.1" 503 19284 "https://isthmuslegalandtax.com.pa/wp-login.php" "Mozilla/5.0 (Windows NT 10.0; Win64; x64) AppleWebKit/537.36 (KHTML, like Gecko) Chrome/118.0.0.0 Safari/537.36"
222.255.182.222 - - [02/Sep/2026:16:28:27 -0500] "GET /wp-admin/plugins.php HTTP/1.1" 503 19284 "https://isthmuslegalandtax.com.pa/wp-login.php" "Mozilla/5.0 (Windows NT 10.0; Win64; x64) AppleWebKit/537.36 (KHTML, like Gecko) Chrome/118.0.0.0 Safari/537.36"
222.255.182.222 - - [02/Sep/2026:16:28:32 -0500] "POST /wp-login.php HTTP/1.1" 503 18282 "https://isthmuslegalandtax.com.pa/wp-login.php" "Mozilla/5.0 (Windows NT 10.0; Win64; x64) AppleWebKit/537.36 (KHTML, like Gecko) Chrome/121.0.0.0 Safari/537.36"
157.90.185.123 - - [02/Sep/2026:16:28:33 -0500] "POST /en/?wordfence_syncAttackData=1788384513.1017 HTTP/1.1" 200 - "-" "WordPress/7.1; https://isthmuslegalandtax.com.pa/en"
52.54.95.127 - - [02/Sep/2026:16:28:32 -0500] "GET /en/wp-json/wp/v2/global-styles HTTP/1.1" 404 114 "-" "Mozilla/5.0 AppleWebKit/537.36 (KHTML, like Gecko; compatible; Amazonbot/0.1; +https://developer.amazon.com/support/amazonbot) Chrome/119.0.6045.214 Safari/537.36"
222.255.182.222 - - [02/Sep/2026:16:28:34 -0500] "GET /wp-admin/index.php HTTP/1.1" 503 19284 "https://isthmuslegalandtax.com.pa/wp-login.php" "Mozilla/5.0 (Macintosh; Intel Mac OS X 13_6_1; rv:118.0) Gecko/20100101 Firefox/118.0"
222.255.182.222 - - [02/Sep/2026:16:28:36 -0500] "GET /wp-admin/profile.php HTTP/1.1" 503 19284 "https://isthmuslegalandtax.com.pa/wp-login.php" "Mozilla/5.0 (Macintosh; Intel Mac OS X 13_6_1; rv:118.0) Gecko/20100101 Firefox/118.0"
222.255.182.222 - - [02/Sep/2026:16:28:39 -0500] "GET /wp-admin/edit.php HTTP/1.1" 503 19284 "https://isthmuslegalandtax.com.pa/wp-login.php" "Mozilla/5.0 (Macintosh; Intel Mac OS X 13_6_1; rv:118.0) Gecko/20100101 Firefox/118.0"
222.255.182.222 - - [02/Sep/2026:16:28:41 -0500] "GET /wp-admin/plugins.php HTTP/1.1" 503 19284 "https://isthmuslegalandtax.com.pa/wp-login.php" "Mozilla/5.0 (Macintosh; Intel Mac OS X 13_6_1; rv:118.0) Gecko/20100101 Firefox/118.0"
222.255.182.222 - - [02/Sep/2026:16:28:45 -0500] "POST /wp-login.php HTTP/1.1" 503 18282 "https://isthmuslegalandtax.com.pa/wp-login.php" "Mozilla/5.0 (Macintosh; Intel Mac OS X 10_15_7) AppleWebKit/605.1.15 (KHTML, like Gecko) Version/17.0 Safari/605.1.15"
157.90.185.123 - - [02/Sep/2026:16:28:48 -0500] "POST /?wordfence_syncAttackData=1788384528.696 HTTP/1.1" 200 - "-" "WordPress/7.1; https://isthmuslegalandtax.com.pa"
222.255.182.222 - - [02/Sep/2026:16:28:47 -0500] "GET /wp-admin/index.php HTTP/1.1" 503 19284 "https://isthmuslegalandtax.com.pa/wp-login.php" "Mozilla/5.0 (Macintosh; Intel Mac OS X 13_6_1) AppleWebKit/605.1.15 (KHTML, like Gecko) Version/17.2 Safari/605.1.15"
222.255.182.222 - - [02/Sep/2026:16:28:51 -0500] "GET /wp-admin/profile.php HTTP/1.1" 503 19284 "https://isthmuslegalandtax.com.pa/wp-login.php" "Mozilla/5.0 (Macintosh; Intel Mac OS X 13_6_1) AppleWebKit/605.1.15 (KHTML, like Gecko) Version/17.2 Safari/605.1.15"
222.255.182.222 - - [02/Sep/2026:16:28:53 -0500] "GET /wp-admin/edit.php HTTP/1.1" 503 19284 "https://isthmuslegalandtax.com.pa/wp-login.php" "Mozilla/5.0 (Macintosh; Intel Mac OS X 13_6_1) AppleWebKit/605.1.15 (KHTML, like Gecko) Version/17.2 Safari/605.1.15"
222.255.182.222 - - [02/Sep/2026:16:28:55 -0500] "GET /wp-admin/plugins.php HTTP/1.1" 503 19284 "https://isthmuslegalandtax.com.pa/wp-login.php" "Mozilla/5.0 (Macintosh; Intel Mac OS X 13_6_1) AppleWebKit/605.1.15 (KHTML, like Gecko) Version/17.2 Safari/605.1.15"
222.255.182.222 - - [02/Sep/2026:16:28:57 -0500] "POST /wp-login.php HTTP/1.1" 503 18282 "https://isthmuslegalandtax.com.pa/wp-login.php" "Mozilla/5.0 (X11; Ubuntu; Linux x86_64) AppleWebKit/537.36 (KHTML, like Gecko) Chrome/119.0.0.0 Safari/537.36"
222.255.182.222 - - [02/Sep/2026:16:29:00 -0500] "GET /wp-admin/index.php HTTP/1.1" 503 19284 "https://isthmuslegalandtax.com.pa/wp-login.php" "Mozilla/5.0 (Macintosh; Intel Mac OS X 13_6_1) AppleWebKit/537.36 (KHTML, like Gecko) Chrome/119.0.0.0 Safari/537.36"
157.90.185.123 - - [02/Sep/2026:16:29:00 -0500] "POST /?wordfence_syncAttackData=1788384540.765 HTTP/1.1" 200 - "-" "WordPress/7.1; https://isthmuslegalandtax.com.pa"
222.255.182.222 - - [02/Sep/2026:16:29:05 -0500] "GET /wp-admin/profile.php HTTP/1.1" 503 19284 "https://isthmuslegalandtax.com.pa/wp-login.php" "Mozilla/5.0 (Macintosh; Intel Mac OS X 13_6_1) AppleWebKit/537.36 (KHTML, like Gecko) Chrome/119.0.0.0 Safari/537.36"
222.255.182.222 - - [02/Sep/2026:16:29:08 -0500] "GET /wp-admin/edit.php HTTP/1.1" 503 19284 "https://isthmuslegalandtax.com.pa/wp-login.php" "Mozilla/5.0 (Macintosh; Intel Mac OS X 13_6_1) AppleWebKit/537.36 (KHTML, like Gecko) Chrome/119.0.0.0 Safari/537.36"
222.255.182.222 - - [02/Sep/2026:16:29:11 -0500] "GET /wp-admin/plugins.php HTTP/1.1" 503 19284 "https://isthmuslegalandtax.com.pa/wp-login.php" "Mozilla/5.0 (Macintosh; Intel Mac OS X 13_6_1) AppleWebKit/537.36 (KHTML, like Gecko) Chrome/119.0.0.0 Safari/537.36"
222.255.182.222 - - [02/Sep/2026:16:29:13 -0500] "POST /wp-login.php HTTP/1.1" 503 18282 "https://isthmuslegalandtax.com.pa/wp-login.php" "Mozilla/5.0 (Macintosh; Intel Mac OS X 10_15_7) AppleWebKit/537.36 (KHTML, like Gecko) Chrome/121.0.0.0 Safari/537.36"
157.90.185.123 - - [02/Sep/2026:16:29:19 -0500] "POST /?wordfence_syncAttackData=1788384559.466 HTTP/1.1" 200 - "-" "WordPress/7.1; https://isthmuslegalandtax.com.pa"
222.255.182.222 - - [02/Sep/2026:16:29:18 -0500] "GET /wp-admin/index.php HTTP/1.1" 503 19284 "https://isthmuslegalandtax.com.pa/wp-login.php" "Mozilla/5.0 (X11; Linux x86_64) AppleWebKit/537.36 (KHTML, like Gecko) Chrome/119.0.0.0 Safari/537.36"
222.255.182.222 - - [02/Sep/2026:16:29:22 -0500] "GET /wp-admin/profile.php HTTP/1.1" 503 19284 "https://isthmuslegalandtax.com.pa/wp-login.php" "Mozilla/5.0 (X11; Linux x86_64) AppleWebKit/537.36 (KHTML, like Gecko) Chrome/119.0.0.0 Safari/537.36"
222.255.182.222 - - [02/Sep/2026:16:29:25 -0500] "GET /wp-admin/edit.php HTTP/1.1" 503 19284 "https://isthmuslegalandtax.com.pa/wp-login.php" "Mozilla/5.0 (X11; Linux x86_64) AppleWebKit/537.36 (KHTML, like Gecko) Chrome/119.0.0.0 Safari/537.36"
222.255.182.222 - - [02/Sep/2026:16:29:29 -0500] "GET /wp-admin/plugins.php HTTP/1.1" 503 19284 "https://isthmuslegalandtax.com.pa/wp-login.php" "Mozilla/5.0 (X11; Linux x86_64) AppleWebKit/537.36 (KHTML, like Gecko) Chrome/119.0.0.0 Safari/537.36"
222.255.182.222 - - [02/Sep/2026:16:29:32 -0500] "POST /wp-login.php HTTP/1.1" 503 18282 "https://isthmuslegalandtax.com.pa/wp-login.php" "Mozilla/5.0 (Windows NT 10.0; Win64; x64; rv:120.0) Gecko/20100101 Firefox/120.0"
157.90.185.123 - - [02/Sep/2026:16:29:38 -0500] "POST /?wordfence_syncAttackData=1788384578.7642 HTTP/1.1" 200 - "-" "WordPress/7.1; https://isthmuslegalandtax.com.pa"
222.255.182.222 - - [02/Sep/2026:16:29:38 -0500] "GET /wp-admin/index.php HTTP/1.1" 503 19284 "https://isthmuslegalandtax.com.pa/wp-login.php" "Mozilla/5.0 (X11; Ubuntu; Linux x86_64) AppleWebKit/537.36 (KHTML, like Gecko) Chrome/119.0.0.0 Safari/537.36"
222.255.182.222 - - [02/Sep/2026:16:29:46 -0500] "GET /wp-admin/profile.php HTTP/1.1" 503 19284 "https://isthmuslegalandtax.com.pa/wp-login.php" "Mozilla/5.0 (X11; Ubuntu; Linux x86_64) AppleWebKit/537.36 (KHTML, like Gecko) Chrome/119.0.0.0 Safari/537.36"
222.255.182.222 - - [02/Sep/2026:16:29:58 -0500] "GET /wp-admin/edit.php HTTP/1.1" 503 19284 "https://isthmuslegalandtax.com.pa/wp-login.php" "Mozilla/5.0 (X11; Ubuntu; Linux x86_64) AppleWebKit/537.36 (KHTML, like Gecko) Chrome/119.0.0.0 Safari/537.36"
222.255.182.222 - - [02/Sep/2026:16:30:00 -0500] "GET /wp-admin/plugins.php HTTP/1.1" 503 19284 "https://isthmuslegalandtax.com.pa/wp-login.php" "Mozilla/5.0 (X11; Ubuntu; Linux x86_64) AppleWebKit/537.36 (KHTML, like Gecko) Chrome/119.0.0.0 Safari/537.36"
222.255.182.222 - - [02/Sep/2026:16:30:05 -0500] "POST /wp-login.php HTTP/1.1" 503 18282 "https://isthmuslegalandtax.com.pa/wp-login.php" "Mozilla/5.0 (Macintosh; Intel Mac OS X 13_6_1) AppleWebKit/605.1.15 (KHTML, like Gecko) Version/16.6 Safari/605.1.15"
157.90.185.123 - - [02/Sep/2026:16:30:08 -0500] "POST /?wordfence_syncAttackData=1788384608.6578 HTTP/1.1" 200 - "-" "WordPress/7.1; https://isthmuslegalandtax.com.pa"
222.255.182.222 - - [02/Sep/2026:16:30:07 -0500] "GET /wp-admin/index.php HTTP/1.1" 503 19284 "https://isthmuslegalandtax.com.pa/wp-login.php" "Mozilla/5.0 (Macintosh; Intel Mac OS X 10_15_7; rv:118.0) Gecko/20100101 Firefox/118.0"
222.255.182.222 - - [02/Sep/2026:16:30:12 -0500] "GET /wp-admin/profile.php HTTP/1.1" 503 19284 "https://isthmuslegalandtax.com.pa/wp-login.php" "Mozilla/5.0 (Macintosh; Intel Mac OS X 10_15_7; rv:118.0) Gecko/20100101 Firefox/118.0"
222.255.182.222 - - [02/Sep/2026:16:30:14 -0500] "GET /wp-admin/edit.php HTTP/1.1" 503 19284 "https://isthmuslegalandtax.com.pa/wp-login.php" "Mozilla/5.0 (Macintosh; Intel Mac OS X 10_15_7; rv:118.0) Gecko/20100101 Firefox/118.0"
222.255.182.222 - - [02/Sep/2026:16:30:19 -0500] "GET /wp-admin/plugins.php HTTP/1.1" 503 19284 "https://isthmuslegalandtax.com.pa/wp-login.php" "Mozilla/5.0 (Macintosh; Intel Mac OS X 10_15_7; rv:118.0) Gecko/20100101 Firefox/118.0"
222.255.182.222 - - [02/Sep/2026:16:30:23 -0500] "POST /wp-login.php HTTP/1.1" 503 18282 "https://isthmuslegalandtax.com.pa/wp-login.php" "Mozilla/5.0 (Windows NT 11.0; Win64; x64; rv:121.0) Gecko/20100101 Firefox/121.0"
157.90.185.123 - - [02/Sep/2026:16:30:27 -0500] "POST /?wordfence_syncAttackData=1788384627.5101 HTTP/1.1" 200 - "-" "WordPress/7.1; https://isthmuslegalandtax.com.pa"
222.255.182.222 - - [02/Sep/2026:16:30:26 -0500] "GET /wp-admin/index.php HTTP/1.1" 503 19284 "https://isthmuslegalandtax.com.pa/wp-login.php" "Mozilla/5.0 (Windows NT 11.0; Win64; x64) AppleWebKit/537.36 (KHTML, like Gecko) Chrome/121.0.0.0 Safari/537.36"
222.255.182.222 - - [02/Sep/2026:16:30:30 -0500] "GET /wp-admin/profile.php HTTP/1.1" 503 19284 "https://isthmuslegalandtax.com.pa/wp-login.php" "Mozilla/5.0 (Windows NT 11.0; Win64; x64) AppleWebKit/537.36 (KHTML, like Gecko) Chrome/121.0.0.0 Safari/537.36"
222.255.182.222 - - [02/Sep/2026:16:30:32 -0500] "GET /wp-admin/edit.php HTTP/1.1" 503 19284 "https://isthmuslegalandtax.com.pa/wp-login.php" "Mozilla/5.0 (Windows NT 11.0; Win64; x64) AppleWebKit/537.36 (KHTML, like Gecko) Chrome/121.0.0.0 Safari/537.36"
222.255.182.222 - - [02/Sep/2026:16:30:37 -0500] "GET /wp-admin/plugins.php HTTP/1.1" 503 19284 "https://isthmuslegalandtax.com.pa/wp-login.php" "Mozilla/5.0 (Windows NT 11.0; Win64; x64) AppleWebKit/537.36 (KHTML, like Gecko) Chrome/121.0.0.0 Safari/537.36"
222.255.182.222 - - [02/Sep/2026:16:30:40 -0500] "POST /wp-login.php HTTP/1.1" 503 18282 "https://isthmuslegalandtax.com.pa/wp-login.php" "Mozilla/5.0 (Macintosh; Intel Mac OS X 10_15_7; rv:119.0) Gecko/20100101 Firefox/119.0"
222.255.182.222 - - [02/Sep/2026:16:30:43 -0500] "GET /wp-admin/index.php HTTP/1.1" 503 19284 "https://isthmuslegalandtax.com.pa/wp-login.php" "Mozilla/5.0 (Macintosh; Intel Mac OS X 10_15_7) AppleWebKit/537.36 (KHTML, like Gecko) Chrome/118.0.0.0 Safari/537.36"
157.90.185.123 - - [02/Sep/2026:16:30:43 -0500] "POST /?wordfence_syncAttackData=1788384643.8929 HTTP/1.1" 200 - "-" "WordPress/7.1; https://isthmuslegalandtax.com.pa"
222.255.182.222 - - [02/Sep/2026:16:30:46 -0500] "GET /wp-admin/profile.php HTTP/1.1" 503 19284 "https://isthmuslegalandtax.com.pa/wp-login.php" "Mozilla/5.0 (Macintosh; Intel Mac OS X 10_15_7) AppleWebKit/537.36 (KHTML, like Gecko) Chrome/118.0.0.0 Safari/537.36"
222.255.182.222 - - [02/Sep/2026:16:30:58 -0500] "GET /wp-admin/plugins.php HTTP/1.1" 503 19284 "https://isthmuslegalandtax.com.pa/wp-login.php" "Mozilla/5.0 (Macintosh; Intel Mac OS X 10_15_7) AppleWebKit/537.36 (KHTML, like Gecko) Chrome/118.0.0.0 Safari/537.36"
222.255.182.222 - - [02/Sep/2026:16:31:01 -0500] "POST /wp-login.php HTTP/1.1" 503 18282 "https://isthmuslegalandtax.com.pa/wp-login.php" "Mozilla/5.0 (Macintosh; Intel Mac OS X 10_15_7) AppleWebKit/605.1.15 (KHTML, like Gecko) Version/17.2 Safari/605.1.15"
222.255.182.222 - - [02/Sep/2026:16:31:19 -0500] "GET /wp-admin/index.php HTTP/1.1" 503 19284 "https://isthmuslegalandtax.com.pa/wp-login.php" "Mozilla/5.0 (X11; Linux x86_64) AppleWebKit/537.36 (KHTML, like Gecko) Chrome/120.0.0.0 Safari/537.36"
157.90.185.123 - - [02/Sep/2026:16:31:20 -0500] "POST /?wordfence_syncAttackData=1788384680.1819 HTTP/1.1" 200 - "-" "WordPress/7.1; https://isthmuslegalandtax.com.pa"
222.255.182.222 - - [02/Sep/2026:16:31:24 -0500] "GET /wp-admin/profile.php HTTP/1.1" 503 19284 "https://isthmuslegalandtax.com.pa/wp-login.php" "Mozilla/5.0 (X11; Linux x86_64) AppleWebKit/537.36 (KHTML, like Gecko) Chrome/120.0.0.0 Safari/537.36"
222.255.182.222 - - [02/Sep/2026:16:31:27 -0500] "GET /wp-admin/edit.php HTTP/1.1" 503 19284 "https://isthmuslegalandtax.com.pa/wp-login.php" "Mozilla/5.0 (X11; Linux x86_64) AppleWebKit/537.36 (KHTML, like Gecko) Chrome/120.0.0.0 Safari/537.36"
222.255.182.222 - - [02/Sep/2026:16:31:31 -0500] "GET /wp-admin/plugins.php HTTP/1.1" 503 19284 "https://isthmuslegalandtax.com.pa/wp-login.php" "Mozilla/5.0 (X11; Linux x86_64) AppleWebKit/537.36 (KHTML, like Gecko) Chrome/120.0.0.0 Safari/537.36"
222.255.182.222 - - [02/Sep/2026:16:31:33 -0500] "POST /wp-login.php HTTP/1.1" 503 18282 "https://isthmuslegalandtax.com.pa/wp-login.php" "Mozilla/5.0 (Macintosh; Intel Mac OS X 10_15_7; rv:121.0) Gecko/20100101 Firefox/121.0"
222.255.182.222 - - [02/Sep/2026:16:31:37 -0500] "GET /wp-admin/index.php HTTP/1.1" 503 19284 "https://isthmuslegalandtax.com.pa/wp-login.php" "Mozilla/5.0 (Windows NT 10.0; Win64; x64) AppleWebKit/537.36 (KHTML, like Gecko) Chrome/121.0.0.0 Safari/537.36"
222.255.182.222 - - [02/Sep/2026:16:31:43 -0500] "GET /wp-admin/profile.php HTTP/1.1" 503 19284 "https://isthmuslegalandtax.com.pa/wp-login.php" "Mozilla/5.0 (Windows NT 10.0; Win64; x64) AppleWebKit/537.36 (KHTML, like Gecko) Chrome/121.0.0.0 Safari/537.36"
222.255.182.222 - - [02/Sep/2026:16:31:57 -0500] "GET /wp-admin/plugins.php HTTP/1.1" 503 19284 "https://isthmuslegalandtax.com.pa/wp-login.php" "Mozilla/5.0 (Windows NT 10.0; Win64; x64) AppleWebKit/537.36 (KHTML, like Gecko) Chrome/121.0.0.0 Safari/537.36"
222.255.182.222 - - [02/Sep/2026:16:32:05 -0500] "POST /wp-login.php HTTP/1.1" 503 18282 "https://isthmuslegalandtax.com.pa/wp-login.php" "Mozilla/5.0 (Windows NT 10.0; Win64; x64; rv:121.0) Gecko/20100101 Firefox/121.0"
222.255.182.222 - - [02/Sep/2026:16:32:11 -0500] "GET /wp-admin/index.php HTTP/1.1" 503 19284 "https://isthmuslegalandtax.com.pa/wp-login.php" "Mozilla/5.0 (Macintosh; Intel Mac OS X 10_15_7) AppleWebKit/537.36 (KHTML, like Gecko) Chrome/121.0.0.0 Safari/537.36"
222.255.182.222 - - [02/Sep/2026:16:32:24 -0500] "GET /wp-admin/edit.php HTTP/1.1" 503 19284 "https://isthmuslegalandtax.com.pa/wp-login.php" "Mozilla/5.0 (Macintosh; Intel Mac OS X 10_15_7) AppleWebKit/537.36 (KHTML, like Gecko) Chrome/121.0.0.0 Safari/537.36"
222.255.182.222 - - [02/Sep/2026:16:32:29 -0500] "GET /wp-admin/plugins.php HTTP/1.1" 503 19284 "https://isthmuslegalandtax.com.pa/wp-login.php" "Mozilla/5.0 (Macintosh; Intel Mac OS X 10_15_7) AppleWebKit/537.36 (KHTML, like Gecko) Chrome/121.0.0.0 Safari/537.36"
157.90.185.123 - - [02/Sep/2026:16:32:30 -0500] "POST /?wordfence_syncAttackData=1788384750.0047 HTTP/1.1" 200 - "-" "WordPress/7.1; https://isthmuslegalandtax.com.pa"
222.255.182.222 - - [02/Sep/2026:16:32:33 -0500] "POST /wp-login.php HTTP/1.1" 503 18282 "https://isthmuslegalandtax.com.pa/wp-login.php" "Mozilla/5.0 (Macintosh; Intel Mac OS X 13_6_1) AppleWebKit/537.36 (KHTML, like Gecko) Chrome/119.0.0.0 Safari/537.36"
222.255.182.222 - - [02/Sep/2026:16:32:36 -0500] "GET /wp-admin/index.php HTTP/1.1" 503 19284 "https://isthmuslegalandtax.com.pa/wp-login.php" "Mozilla/5.0 (Macintosh; Intel Mac OS X 10_15_7) AppleWebKit/537.36 (KHTML, like Gecko) Chrome/120.0.0.0 Safari/537.36"
222.255.182.222 - - [02/Sep/2026:16:32:39 -0500] "GET /wp-admin/profile.php HTTP/1.1" 503 19284 "https://isthmuslegalandtax.com.pa/wp-login.php" "Mozilla/5.0 (Macintosh; Intel Mac OS X 10_15_7) AppleWebKit/537.36 (KHTML, like Gecko) Chrome/120.0.0.0 Safari/537.36"
222.255.182.222 - - [02/Sep/2026:16:32:43 -0500] "GET /wp-admin/edit.php HTTP/1.1" 503 19284 "https://isthmuslegalandtax.com.pa/wp-login.php" "Mozilla/5.0 (Macintosh; Intel Mac OS X 10_15_7) AppleWebKit/537.36 (KHTML, like Gecko) Chrome/120.0.0.0 Safari/537.36"
157.90.185.123 - - [02/Sep/2026:16:32:45 -0500] "POST /?wordfence_syncAttackData=1788384764.6278 HTTP/1.1" 200 - "-" "WordPress/7.1; https://isthmuslegalandtax.com.pa"
222.255.182.222 - - [02/Sep/2026:16:32:48 -0500] "GET /wp-admin/plugins.php HTTP/1.1" 503 19284 "https://isthmuslegalandtax.com.pa/wp-login.php" "Mozilla/5.0 (Macintosh; Intel Mac OS X 10_15_7) AppleWebKit/537.36 (KHTML, like Gecko) Chrome/120.0.0.0 Safari/537.36"
222.255.182.222 - - [02/Sep/2026:16:32:56 -0500] "POST /wp-login.php HTTP/1.1" 503 18282 "https://isthmuslegalandtax.com.pa/wp-login.php" "Mozilla/5.0 (Macintosh; Intel Mac OS X 10_15_7; rv:121.0) Gecko/20100101 Firefox/121.0"
222.255.182.222 - - [02/Sep/2026:16:33:02 -0500] "GET /wp-admin/index.php HTTP/1.1" 503 19284 "https://isthmuslegalandtax.com.pa/wp-login.php" "Mozilla/5.0 (X11; Linux x86_64) AppleWebKit/537.36 (KHTML, like Gecko) Chrome/121.0.0.0 Safari/537.36"
222.255.182.222 - - [02/Sep/2026:16:33:31 -0500] "POST /wp-login.php HTTP/1.1" 503 18282 "https://isthmuslegalandtax.com.pa/wp-login.php" "Mozilla/5.0 (Windows NT 11.0; Win64; x64; rv:121.0) Gecko/20100101 Firefox/121.0"
222.255.182.222 - - [02/Sep/2026:16:33:56 -0500] "GET /wp-admin/plugins.php HTTP/1.1" 503 19284 "https://isthmuslegalandtax.com.pa/wp-login.php" "Mozilla/5.0 (Windows NT 10.0; Win64; x64; rv:118.0) Gecko/20100101 Firefox/118.0"
157.90.185.123 - - [02/Sep/2026:16:33:57 -0500] "POST /?wordfence_syncAttackData=1788384837.4419 HTTP/1.1" 200 - "-" "WordPress/7.1; https://isthmuslegalandtax.com.pa"
222.255.182.222 - - [02/Sep/2026:16:34:00 -0500] "POST /wp-login.php HTTP/1.1" 503 18282 "https://isthmuslegalandtax.com.pa/wp-login.php" "Mozilla/5.0 (Windows NT 10.0; Win64; x64) AppleWebKit/537.36 (KHTML, like Gecko) Chrome/121.0.0.0 Safari/537.36"
222.255.182.222 - - [02/Sep/2026:16:34:04 -0500] "GET /wp-admin/index.php HTTP/1.1" 503 19284 "https://isthmuslegalandtax.com.pa/wp-login.php" "Mozilla/5.0 (X11; Ubuntu; Linux x86_64) AppleWebKit/537.36 (KHTML, like Gecko) Chrome/120.0.0.0 Safari/537.36"
157.90.185.123 - - [02/Sep/2026:16:34:10 -0500] "POST /?wordfence_syncAttackData=1788384850.0308 HTTP/1.1" 200 - "-" "WordPress/7.1; https://isthmuslegalandtax.com.pa"
222.255.182.222 - - [02/Sep/2026:16:34:09 -0500] "GET /wp-admin/profile.php HTTP/1.1" 503 19284 "https://isthmuslegalandtax.com.pa/wp-login.php" "Mozilla/5.0 (X11; Ubuntu; Linux x86_64) AppleWebKit/537.36 (KHTML, like Gecko) Chrome/120.0.0.0 Safari/537.36"
222.255.182.222 - - [02/Sep/2026:16:34:12 -0500] "GET /wp-admin/edit.php HTTP/1.1" 503 19284 "https://isthmuslegalandtax.com.pa/wp-login.php" "Mozilla/5.0 (X11; Ubuntu; Linux x86_64) AppleWebKit/537.36 (KHTML, like Gecko) Chrome/120.0.0.0 Safari/537.36"
222.255.182.222 - - [02/Sep/2026:16:34:18 -0500] "GET /wp-admin/plugins.php HTTP/1.1" 503 19284 "https://isthmuslegalandtax.com.pa/wp-login.php" "Mozilla/5.0 (X11; Ubuntu; Linux x86_64) AppleWebKit/537.36 (KHTML, like Gecko) Chrome/120.0.0.0 Safari/537.36"
157.90.185.123 - - [02/Sep/2026:16:34:25 -0500] "POST /?wordfence_syncAttackData=1788384865.0803 HTTP/1.1" 200 - "-" "WordPress/7.1; https://isthmuslegalandtax.com.pa"
222.255.182.222 - - [02/Sep/2026:16:34:24 -0500] "GET /wp-admin/index.php HTTP/1.1" 503 19284 "https://isthmuslegalandtax.com.pa/wp-login.php" "Mozilla/5.0 (Macintosh; Intel Mac OS X 13_6_1) AppleWebKit/537.36 (KHTML, like Gecko) Chrome/119.0.0.0 Safari/537.36"
