62.60.130.235 - - [01/Sep/2026:15:43:34 -0500] "POST /wp-content/plugins/translatepress-multilingual/includes/trp-ajax.php HTTP/1.1" 200 2 "-" "Mozilla/5.0 (Windows NT 10.0; Win64; x64) AppleWebKit/537.36 (KHTML, like Gecko) Chrome/125.0.0.0 Safari/537.36"
92.222.104.220 - - [01/Sep/2026:15:48:12 -0500] "GET /robots.txt HTTP/1.1" 200 126 "-" "Mozilla/5.0 (compatible; AhrefsBot/7.0; +http://ahrefs.com/robot/)"
5.39.109.160 - - [01/Sep/2026:15:48:14 -0500] "GET / HTTP/1.1" 301 - "-" "Mozilla/5.0 (compatible; AhrefsBot/7.0; +http://ahrefs.com/robot/)"
192.185.4.96 - - [01/Sep/2026:15:49:22 -0500] "GET /wp-login.php HTTP/1.1" 200 10505 "-" "Mozilla/5.0 (Windows NT 10.0; Win64; x64) AppleWebKit/537.36 (KHTML, like Gecko) Chrome/151.0.0.0 Safari/537.36"
192.185.4.96 - - [01/Sep/2026:15:49:23 -0500] "POST /wp-login.php HTTP/1.1" 503 19284 "https://www.isthmuslegalandtax.com.pa/wp-login.php" "Mozilla/5.0 (Windows NT 10.0; Win64; x64) AppleWebKit/537.36 (KHTML, like Gecko) Chrome/151.0.0.0 Safari/537.36"
69.6.213.102 - - [01/Sep/2026:15:55:35 -0500] "GET /wp-login.php HTTP/1.1" 200 10505 "-" "Mozilla/5.0 (Windows NT 10.0; Win64; x64) AppleWebKit/537.36 (KHTML, like Gecko) Chrome/151.0.0.0 Safari/537.36"
69.6.213.102 - - [01/Sep/2026:15:55:37 -0500] "POST /wp-login.php HTTP/1.1" 503 19284 "https://www.isthmuslegalandtax.com.pa/wp-login.php" "Mozilla/5.0 (Windows NT 10.0; Win64; x64) AppleWebKit/537.36 (KHTML, like Gecko) Chrome/151.0.0.0 Safari/537.36"
54.87.72.71 - - [01/Sep/2026:16:19:02 -0500] "GET /robots.txt HTTP/1.1" 200 126 "-" "Mozilla/5.0 (Macintosh; Intel Mac OS X 10_10_1) AppleWebKit/600.2.5 (KHTML, like Gecko) Version/8.0.2 Safari/600.2.5 (Gort)"
15.235.27.30 - - [01/Sep/2026:16:20:42 -0500] "GET /robots.txt HTTP/1.1" 200 126 "-" "Mozilla/5.0 (compatible; AhrefsBot/7.0; +http://ahrefs.com/robot/)"
51.89.72.7 - - [01/Sep/2026:16:20:44 -0500] "GET /wp-sitemap.xml HTTP/1.1" 200 706 "-" "Mozilla/5.0 (compatible; AhrefsBot/7.0; +http://ahrefs.com/robot/)"
51.89.69.98 - - [01/Sep/2026:16:20:46 -0500] "GET /wp-sitemap-posts-post-1.xml HTTP/1.1" 200 763 "-" "Mozilla/5.0 (compatible; AhrefsBot/7.0; +http://ahrefs.com/robot/)"
51.89.71.157 - - [01/Sep/2026:16:20:48 -0500] "GET /wp-sitemap-posts-page-1.xml HTTP/1.1" 200 845 "-" "Mozilla/5.0 (compatible; AhrefsBot/7.0; +http://ahrefs.com/robot/)"
51.89.69.99 - - [01/Sep/2026:16:20:51 -0500] "GET /wp-sitemap-posts-pagelayer-template-1.xml HTTP/1.1" 200 975 "-" "Mozilla/5.0 (compatible; AhrefsBot/7.0; +http://ahrefs.com/robot/)"
51.89.69.104 - - [01/Sep/2026:16:20:53 -0500] "GET /wp-sitemap-taxonomies-category-1.xml HTTP/1.1" 200 496 "-" "Mozilla/5.0 (compatible; AhrefsBot/7.0; +http://ahrefs.com/robot/)"
51.89.72.6 - - [01/Sep/2026:16:20:55 -0500] "GET /wp-sitemap-taxonomies-post_tag-1.xml HTTP/1.1" 200 613 "-" "Mozilla/5.0 (compatible; AhrefsBot/7.0; +http://ahrefs.com/robot/)"
57.141.20.41 - - [01/Sep/2026:16:27:03 -0500] "GET /about/ HTTP/1.1" 200 85589 "-" "Mozilla/5.0 (Windows NT 10.0; Win64; x64) AppleWebKit/537.36 (KHTML, like Gecko) Chrome/145.0.0.0 Safari/537.36 (compatible; meta-externalagent/1.1 (+https://developers.facebook.com/docs/sharing/webmasters/crawler))"
57.141.20.16 - - [01/Sep/2026:16:47:53 -0500] "GET /?pagelayer-template=blog-template HTTP/1.1" 200 68833 "-" "Mozilla/5.0 (Windows NT 10.0; Win64; x64) AppleWebKit/537.36 (KHTML, like Gecko) Chrome/145.0.0.0 Safari/537.36 (compatible; meta-externalagent/1.1 (+https://developers.facebook.com/docs/sharing/webmasters/crawler))"
50.6.207.27 - - [01/Sep/2026:16:52:39 -0500] "GET /wp-login.php HTTP/1.1" 200 10505 "-" "Mozilla/5.0 (Windows NT 10.0; Win64; x64) AppleWebKit/537.36 (KHTML, like Gecko) Chrome/151.0.0.0 Safari/537.36"
50.6.207.27 - - [01/Sep/2026:16:52:40 -0500] "POST /wp-login.php HTTP/1.1" 503 19284 "https://www.isthmuslegalandtax.com.pa/wp-login.php" "Mozilla/5.0 (Windows NT 10.0; Win64; x64) AppleWebKit/537.36 (KHTML, like Gecko) Chrome/151.0.0.0 Safari/537.36"
57.141.20.66 - - [01/Sep/2026:17:04:17 -0500] "GET /blog/ HTTP/1.1" 200 73485 "-" "Mozilla/5.0 (Windows NT 10.0; Win64; x64) AppleWebKit/537.36 (KHTML, like Gecko) Chrome/145.0.0.0 Safari/537.36 (compatible; meta-externalagent/1.1 (+https://developers.facebook.com/docs/sharing/webmasters/crawler))"
50.6.200.195 - - [01/Sep/2026:17:08:45 -0500] "GET /wp-login.php HTTP/1.1" 200 10505 "-" "Mozilla/5.0 (Windows NT 10.0; Win64; x64) AppleWebKit/537.36 (KHTML, like Gecko) Chrome/151.0.0.0 Safari/537.36"
50.6.200.195 - - [01/Sep/2026:17:08:47 -0500] "POST /wp-login.php HTTP/1.1" 503 19284 "https://www.isthmuslegalandtax.com.pa/wp-login.php" "Mozilla/5.0 (Windows NT 10.0; Win64; x64) AppleWebKit/537.36 (KHTML, like Gecko) Chrome/151.0.0.0 Safari/537.36"
195.178.110.137 - - [01/Sep/2026:17:09:57 -0500] "GET /.env HTTP/1.1" 403 199 "-" "fasthttp"
195.178.110.137 - - [01/Sep/2026:17:09:57 -0500] "GET /.env HTTP/1.1" 403 199 "-" "fasthttp"
195.178.110.137 - - [01/Sep/2026:17:09:57 -0500] "GET /.env.local HTTP/1.1" 403 199 "-" "fasthttp"
195.178.110.137 - - [01/Sep/2026:17:09:57 -0500] "GET /.env.production HTTP/1.1" 403 199 "-" "fasthttp"
195.178.110.137 - - [01/Sep/2026:17:09:58 -0500] "GET /.env.local HTTP/1.1" 403 199 "-" "fasthttp"
195.178.110.137 - - [01/Sep/2026:17:09:58 -0500] "GET /.env.dev HTTP/1.1" 403 199 "-" "fasthttp"
195.178.110.137 - - [01/Sep/2026:17:09:58 -0500] "GET /.env.production HTTP/1.1" 403 199 "-" "fasthttp"
195.178.110.137 - - [01/Sep/2026:17:09:58 -0500] "GET /.env.bak HTTP/1.1" 403 199 "-" "fasthttp"
195.178.110.137 - - [01/Sep/2026:17:09:58 -0500] "GET /.env.dev HTTP/1.1" 403 199 "-" "fasthttp"
195.178.110.137 - - [01/Sep/2026:17:09:59 -0500] "GET /.env.old HTTP/1.1" 403 199 "-" "fasthttp"
195.178.110.137 - - [01/Sep/2026:17:09:59 -0500] "GET /.env.bak HTTP/1.1" 403 199 "-" "fasthttp"
195.178.110.137 - - [01/Sep/2026:17:09:59 -0500] "GET /.env.save HTTP/1.1" 403 199 "-" "fasthttp"
195.178.110.137 - - [01/Sep/2026:17:10:00 -0500] "GET /.env.old HTTP/1.1" 403 199 "-" "fasthttp"
195.178.110.137 - - [01/Sep/2026:17:10:00 -0500] "GET /.env.backup HTTP/1.1" 403 199 "-" "fasthttp"
195.178.110.137 - - [01/Sep/2026:17:10:00 -0500] "GET /.env.save HTTP/1.1" 403 199 "-" "fasthttp"
195.178.110.137 - - [01/Sep/2026:17:10:01 -0500] "GET /.env.backup HTTP/1.1" 403 199 "-" "fasthttp"
103.101.58.128 - - [01/Sep/2026:17:40:03 -0500] "GET /wp-login.php HTTP/1.1" 200 10505 "-" "Mozilla/5.0 (Windows NT 10.0; Win64; x64) AppleWebKit/537.36 (KHTML, like Gecko) Chrome/151.0.0.0 Safari/537.36"
103.101.58.128 - - [01/Sep/2026:17:40:06 -0500] "POST /wp-login.php HTTP/1.1" 503 19284 "https://www.isthmuslegalandtax.com.pa/wp-login.php" "Mozilla/5.0 (Windows NT 10.0; Win64; x64) AppleWebKit/537.36 (KHTML, like Gecko) Chrome/151.0.0.0 Safari/537.36"
129.121.65.255 - - [01/Sep/2026:17:43:48 -0500] "GET /wp-login.php HTTP/1.1" 200 10505 "-" "Mozilla/5.0 (Windows NT 10.0; Win64; x64) AppleWebKit/537.36 (KHTML, like Gecko) Chrome/151.0.0.0 Safari/537.36"
129.121.65.255 - - [01/Sep/2026:17:43:49 -0500] "POST /wp-login.php HTTP/1.1" 503 19284 "https://www.isthmuslegalandtax.com.pa/wp-login.php" "Mozilla/5.0 (Windows NT 10.0; Win64; x64) AppleWebKit/537.36 (KHTML, like Gecko) Chrome/151.0.0.0 Safari/537.36"
50.6.160.110 - - [01/Sep/2026:17:48:02 -0500] "GET /wp-login.php HTTP/1.1" 200 10505 "-" "Mozilla/5.0 (Windows NT 10.0; Win64; x64) AppleWebKit/537.36 (KHTML, like Gecko) Chrome/151.0.0.0 Safari/537.36"
50.6.160.110 - - [01/Sep/2026:17:48:04 -0500] "POST /wp-login.php HTTP/1.1" 503 19284 "https://www.isthmuslegalandtax.com.pa/wp-login.php" "Mozilla/5.0 (Windows NT 10.0; Win64; x64) AppleWebKit/537.36 (KHTML, like Gecko) Chrome/151.0.0.0 Safari/537.36"
198.187.31.117 - - [01/Sep/2026:17:48:18 -0500] "GET /wp-login.php HTTP/1.1" 200 10505 "-" "Mozilla/5.0 (Windows NT 10.0; Win64; x64) AppleWebKit/537.36 (KHTML, like Gecko) Chrome/151.0.0.0 Safari/537.36"
198.187.31.117 - - [01/Sep/2026:17:48:19 -0500] "POST /wp-login.php HTTP/1.1" 503 19284 "https://www.isthmuslegalandtax.com.pa/wp-login.php" "Mozilla/5.0 (Windows NT 10.0; Win64; x64) AppleWebKit/537.36 (KHTML, like Gecko) Chrome/151.0.0.0 Safari/537.36"
91.98.176.87 - - [01/Sep/2026:17:53:32 -0500] "GET /robots.txt HTTP/1.1" 200 126 "-" "Mozilla/5.0 (Windows NT 10.0; Win64; x64) AppleWebKit/537.36 (KHTML, like Gecko) Chrome/146.0.0.0 Safari/537.36 Edg/146.0.0.0"
91.98.176.87 - - [01/Sep/2026:17:53:32 -0500] "GET / HTTP/1.1" 200 91235 "-" "Mozilla/5.0 (Windows NT 10.0; Win64; x64) AppleWebKit/537.36 (KHTML, like Gecko) Chrome/146.0.0.0 Safari/537.36 Edg/146.0.0.0"
91.98.176.87 - - [01/Sep/2026:17:53:37 -0500] "GET /wp-includes/js/jquery/jquery.min.js?ver=3.7.1 HTTP/1.1" 200 87553 "https://isthmuslegalandtax.com.pa/" "Mozilla/5.0 (Windows NT 10.0; Win64; x64) AppleWebKit/537.36 (KHTML, like Gecko) Chrome/146.0.0.0 Safari/537.36 Edg/146.0.0.0"
91.98.176.87 - - [01/Sep/2026:17:53:37 -0500] "GET /wp-includes/js/jquery/jquery-migrate.min.js?ver=3.4.1 HTTP/1.1" 200 13577 "https://isthmuslegalandtax.com.pa/" "Mozilla/5.0 (Windows NT 10.0; Win64; x64) AppleWebKit/537.36 (KHTML, like Gecko) Chrome/146.0.0.0 Safari/537.36 Edg/146.0.0.0"
91.98.176.87 - - [01/Sep/2026:17:53:37 -0500] "GET /wp-content/plugins/pagelayer/js/givejs.php?give=pagelayer-frontend.js,nivo-lightbox.min.js,wow.min.js,jquery-numerator.js,simpleParallax.min.js,owl.carousel.min.js&premium=&ver=1.7.5 HTTP/1.1" 200 29983 "https://isthmuslegalandtax.com.pa/" "Mozilla/5.0 (Windows NT 10.0; Win64; x64) AppleWebKit/537.36 (KHTML, like Gecko) Chrome/146.0.0.0 Safari/537.36 Edg/146.0.0.0"
103.57.223.238 - - [01/Sep/2026:17:56:51 -0500] "GET / HTTP/1.1" 200 91235 "-" "Mozilla/5.0 (Windows NT 10.0; Win64; x64) AppleWebKit/537.36 (KHTML, like Gecko) Chrome/126.0.0.0 Safari/537.36"
103.57.223.238 - - [01/Sep/2026:17:56:55 -0500] "POST /?rest_route=/batch/v1 HTTP/1.1" 207 431 "-" "Mozilla/5.0 (Windows NT 10.0; Win64; x64) AppleWebKit/537.36 (KHTML, like Gecko) Chrome/126.0.0.0 Safari/537.36"
52.72.157.105 - - [01/Sep/2026:18:00:15 -0500] "GET / HTTP/1.1" 200 91235 "-" "Mozilla/5.0 (Windows NT 10.0; Win64; x64) AppleWebKit/537.36 (KHTML, like Gecko) Chrome/145.0.0.0 Safari/537.36"
161.118.199.50 - - [01/Sep/2026:18:11:20 -0500] "GET / HTTP/1.1" 200 91235 "-" "python-requests/2.34.2"
161.118.199.50 - - [01/Sep/2026:18:11:23 -0500] "POST /xmlrpc.php HTTP/1.1" 403 199 "-" "Mozilla/5.0 (Macintosh; Intel Mac OS X 10_15_7) AppleWebKit/605.1.15 (KHTML, like Gecko) Version/14.1 Safari/605.1.15"
161.118.199.50 - - [01/Sep/2026:18:11:23 -0500] "GET /wp-login.php HTTP/1.1" 200 10505 "-" "Mozilla/5.0 (Windows NT 10.0; Win64; x64) AppleWebKit/605.1.15 (KHTML, like Gecko) Version/14.1.2 Safari/605.1.15"
161.118.199.50 - - [01/Sep/2026:18:11:24 -0500] "POST /wp-login.php HTTP/1.1" 503 19284 "https://isthmuslegalandtax.com.pa/wp-login.php" "Mozilla/5.0 (Windows NT 6.1; Win64; x64) AppleWebKit/537.36 (KHTML, like Gecko) Chrome/94.0.4606.71 Safari/537.36"
161.118.199.50 - - [01/Sep/2026:18:11:27 -0500] "GET /wp-admin/index.php HTTP/1.1" 503 19284 "https://isthmuslegalandtax.com.pa/wp-login.php" "Mozilla/5.0 (Macintosh; Intel Mac OS X 10_15_7) AppleWebKit/605.1.15 (KHTML, like Gecko) Version/14.1 Safari/605.1.15"
161.118.199.50 - - [01/Sep/2026:18:11:29 -0500] "GET /wp-admin/index.php HTTP/1.1" 503 19284 "https://isthmuslegalandtax.com.pa/wp-login.php" "Mozilla/5.0 (Macintosh; Intel Mac OS X 10_15_7) AppleWebKit/605.1.15 (KHTML, like Gecko) Version/14.1 Safari/605.1.15"
161.118.199.50 - - [01/Sep/2026:18:11:31 -0500] "POST /wp-login.php HTTP/1.1" 503 18282 "https://isthmuslegalandtax.com.pa/wp-login.php" "Mozilla/5.0 (Macintosh; Intel Mac OS X 10_15_7) AppleWebKit/605.1.15 (KHTML, like Gecko) Version/14.1.1 Safari/605.1.15"
161.118.199.50 - - [01/Sep/2026:18:11:33 -0500] "GET /wp-admin/index.php HTTP/1.1" 503 19284 "https://isthmuslegalandtax.com.pa/wp-login.php" "Mozilla/5.0 (Windows NT 6.1; Win64; x64) AppleWebKit/537.36 (KHTML, like Gecko) Chrome/94.0.4606.71 Safari/537.36"
157.90.185.123 - - [01/Sep/2026:18:11:34 -0500] "POST /?wordfence_syncAttackData=1788304294.49 HTTP/1.1" 200 - "-" "WordPress/7.1; https://isthmuslegalandtax.com.pa"
161.118.199.50 - - [01/Sep/2026:18:11:36 -0500] "GET /wp-admin/index.php HTTP/1.1" 503 19284 "https://isthmuslegalandtax.com.pa/wp-login.php" "Mozilla/5.0 (Windows NT 6.1; Win64; x64) AppleWebKit/537.36 (KHTML, like Gecko) Chrome/94.0.4606.71 Safari/537.36"
161.118.199.50 - - [01/Sep/2026:18:11:38 -0500] "POST /wp-login.php HTTP/1.1" 503 18282 "https://isthmuslegalandtax.com.pa/wp-login.php" "Mozilla/5.0 (Windows NT 10.0; Win64; x64; rv:92.0) Gecko/20100101 Firefox/92.0"
161.118.199.50 - - [01/Sep/2026:18:11:40 -0500] "GET /wp-admin/index.php HTTP/1.1" 503 19284 "https://isthmuslegalandtax.com.pa/wp-login.php" "Mozilla/5.0 (Macintosh; Intel Mac OS X 10_15_7) AppleWebKit/537.36 (KHTML, like Gecko) Chrome/94.0.4606.71 Safari/537.36"
161.118.199.50 - - [01/Sep/2026:18:11:42 -0500] "GET /wp-admin/index.php HTTP/1.1" 503 19284 "https://isthmuslegalandtax.com.pa/wp-login.php" "Mozilla/5.0 (Macintosh; Intel Mac OS X 10_15_7) AppleWebKit/537.36 (KHTML, like Gecko) Chrome/94.0.4606.71 Safari/537.36"
161.118.199.50 - - [01/Sep/2026:18:11:44 -0500] "POST /wp-login.php HTTP/1.1" 503 18282 "https://isthmuslegalandtax.com.pa/wp-login.php" "Mozilla/5.0 (X11; Linux x86_64) AppleWebKit/537.36 (KHTML, like Gecko) Chrome/94.0.4606.71 Safari/537.36"
157.90.185.123 - - [01/Sep/2026:18:11:47 -0500] "POST /?wordfence_syncAttackData=1788304307.0059 HTTP/1.1" 200 - "-" "WordPress/7.1; https://isthmuslegalandtax.com.pa"
161.118.199.50 - - [01/Sep/2026:18:11:46 -0500] "GET /wp-admin/index.php HTTP/1.1" 503 19284 "https://isthmuslegalandtax.com.pa/wp-login.php" "Mozilla/5.0 (Windows NT 6.1; Win64; x64) AppleWebKit/537.36 (KHTML, like Gecko) Chrome/90.0.4430.212 Safari/537.36"
161.118.199.50 - - [01/Sep/2026:18:11:49 -0500] "GET /wp-admin/index.php HTTP/1.1" 503 19284 "https://isthmuslegalandtax.com.pa/wp-login.php" "Mozilla/5.0 (Windows NT 6.1; Win64; x64) AppleWebKit/537.36 (KHTML, like Gecko) Chrome/90.0.4430.212 Safari/537.36"
161.118.199.50 - - [01/Sep/2026:18:11:51 -0500] "POST /wp-login.php HTTP/1.1" 503 18282 "https://isthmuslegalandtax.com.pa/wp-login.php" "Mozilla/5.0 (Windows NT 6.1; Win64; x64; rv:93.0) Gecko/20100101 Firefox/93.0"
161.118.199.50 - - [01/Sep/2026:18:11:53 -0500] "GET /wp-admin/index.php HTTP/1.1" 503 19284 "https://isthmuslegalandtax.com.pa/wp-login.php" "Mozilla/5.0 (Windows NT 6.1; Win64; x64; rv:91.0) Gecko/20100101 Firefox/91.0"
161.118.199.50 - - [01/Sep/2026:18:11:55 -0500] "GET /wp-admin/index.php HTTP/1.1" 503 19284 "https://isthmuslegalandtax.com.pa/wp-login.php" "Mozilla/5.0 (Windows NT 6.1; Win64; x64; rv:91.0) Gecko/20100101 Firefox/91.0"
161.118.199.50 - - [01/Sep/2026:18:11:57 -0500] "POST /wp-login.php HTTP/1.1" 503 18282 "https://isthmuslegalandtax.com.pa/wp-login.php" "Mozilla/5.0 (X11; Linux x86_64) AppleWebKit/537.36 (KHTML, like Gecko) Chrome/92.0.4515.131 Safari/537.36"
157.90.185.123 - - [01/Sep/2026:18:11:59 -0500] "POST /?wordfence_syncAttackData=1788304319.9393 HTTP/1.1" 200 - "-" "WordPress/7.1; https://isthmuslegalandtax.com.pa"
161.118.199.50 - - [01/Sep/2026:18:11:58 -0500] "GET /wp-admin/index.php HTTP/1.1" 503 19284 "https://isthmuslegalandtax.com.pa/wp-login.php" "Mozilla/5.0 (Windows NT 6.1; Win64; x64; rv:89.0) Gecko/20100101 Firefox/89.0.2"
161.118.199.50 - - [01/Sep/2026:18:12:02 -0500] "GET /wp-admin/index.php HTTP/1.1" 503 19284 "https://isthmuslegalandtax.com.pa/wp-login.php" "Mozilla/5.0 (Windows NT 6.1; Win64; x64; rv:89.0) Gecko/20100101 Firefox/89.0.2"
161.118.199.50 - - [01/Sep/2026:18:12:04 -0500] "POST /wp-login.php HTTP/1.1" 503 18282 "https://isthmuslegalandtax.com.pa/wp-login.php" "Mozilla/5.0 (Windows NT 10.0; Win64; x64; rv:93.0) Gecko/20100101 Firefox/93.0"
161.118.199.50 - - [01/Sep/2026:18:12:05 -0500] "GET /wp-admin/index.php HTTP/1.1" 503 19284 "https://isthmuslegalandtax.com.pa/wp-login.php" "Mozilla/5.0 (Windows NT 10.0; Win64; x64) AppleWebKit/605.1.15 (KHTML, like Gecko) Version/14.1.2 Safari/605.1.15"
161.118.199.50 - - [01/Sep/2026:18:12:07 -0500] "GET /wp-admin/index.php HTTP/1.1" 503 19284 "https://isthmuslegalandtax.com.pa/wp-login.php" "Mozilla/5.0 (Windows NT 10.0; Win64; x64) AppleWebKit/605.1.15 (KHTML, like Gecko) Version/14.1.2 Safari/605.1.15"
161.118.199.50 - - [01/Sep/2026:18:12:09 -0500] "POST /wp-login.php HTTP/1.1" 503 18282 "https://isthmuslegalandtax.com.pa/wp-login.php" "Mozilla/5.0 (Windows NT 10.0; Win64; x64) AppleWebKit/605.1.15 (KHTML, like Gecko) Version/14.1.1 Safari/605.1.15"
157.90.185.123 - - [01/Sep/2026:18:12:12 -0500] "POST /?wordfence_syncAttackData=1788304332.3985 HTTP/1.1" 200 - "-" "WordPress/7.1; https://isthmuslegalandtax.com.pa"
161.118.199.50 - - [01/Sep/2026:18:12:11 -0500] "GET /wp-admin/index.php HTTP/1.1" 503 19284 "https://isthmuslegalandtax.com.pa/wp-login.php" "Mozilla/5.0 (X11; Linux x86_64) AppleWebKit/537.36 (KHTML, like Gecko) Chrome/94.0.4606.71 Safari/537.36"
161.118.199.50 - - [01/Sep/2026:18:12:14 -0500] "GET /wp-admin/index.php HTTP/1.1" 503 19284 "https://isthmuslegalandtax.com.pa/wp-login.php" "Mozilla/5.0 (X11; Linux x86_64) AppleWebKit/537.36 (KHTML, like Gecko) Chrome/94.0.4606.71 Safari/537.36"
161.118.199.50 - - [01/Sep/2026:18:12:16 -0500] "POST /wp-login.php HTTP/1.1" 503 18282 "https://isthmuslegalandtax.com.pa/wp-login.php" "Mozilla/5.0 (X11; Linux x86_64; rv:89.0) Gecko/20100101 Firefox/89.0.2"
161.118.199.50 - - [01/Sep/2026:18:12:17 -0500] "GET /wp-admin/index.php HTTP/1.1" 503 19284 "https://isthmuslegalandtax.com.pa/wp-login.php" "Mozilla/5.0 (Windows NT 6.1; Win64; x64; rv:90.0) Gecko/20100101 Firefox/90.0.1"
161.118.199.50 - - [01/Sep/2026:18:12:20 -0500] "GET /wp-admin/index.php HTTP/1.1" 503 19284 "https://isthmuslegalandtax.com.pa/wp-login.php" "Mozilla/5.0 (Windows NT 6.1; Win64; x64; rv:90.0) Gecko/20100101 Firefox/90.0.1"
161.118.199.50 - - [01/Sep/2026:18:12:21 -0500] "POST /wp-login.php HTTP/1.1" 503 18282 "https://isthmuslegalandtax.com.pa/wp-login.php" "Mozilla/5.0 (Macintosh; Intel Mac OS X 10_15_7) AppleWebKit/537.36 (KHTML, like Gecko) Chrome/94.0.4606.71 Safari/537.36"
157.90.185.123 - - [01/Sep/2026:18:12:24 -0500] "POST /?wordfence_syncAttackData=1788304344.4412 HTTP/1.1" 200 - "-" "WordPress/7.1; https://isthmuslegalandtax.com.pa"
161.118.199.50 - - [01/Sep/2026:18:12:23 -0500] "GET /wp-admin/index.php HTTP/1.1" 503 19284 "https://isthmuslegalandtax.com.pa/wp-login.php" "Mozilla/5.0 (Macintosh; Intel Mac OS X 10_15_7) AppleWebKit/537.36 (KHTML, like Gecko) Chrome/91.0.4472.124 Safari/537.36"
161.118.199.50 - - [01/Sep/2026:18:12:26 -0500] "GET /wp-admin/index.php HTTP/1.1" 503 19284 "https://isthmuslegalandtax.com.pa/wp-login.php" "Mozilla/5.0 (Macintosh; Intel Mac OS X 10_15_7) AppleWebKit/537.36 (KHTML, like Gecko) Chrome/91.0.4472.124 Safari/537.36"
161.118.199.50 - - [01/Sep/2026:18:12:28 -0500] "POST /wp-login.php HTTP/1.1" 503 18282 "https://isthmuslegalandtax.com.pa/wp-login.php" "Mozilla/5.0 (Windows NT 10.0; Win64; x64) AppleWebKit/537.36 (KHTML, like Gecko) Chrome/91.0.4472.124 Safari/537.36"
161.118.199.50 - - [01/Sep/2026:18:12:30 -0500] "GET /wp-admin/index.php HTTP/1.1" 503 19284 "https://isthmuslegalandtax.com.pa/wp-login.php" "Mozilla/5.0 (Macintosh; Intel Mac OS X 10_15_7) AppleWebKit/537.36 (KHTML, like Gecko) Chrome/91.0.4472.124 Safari/537.36"
161.118.199.50 - - [01/Sep/2026:18:12:32 -0500] "GET /wp-admin/index.php HTTP/1.1" 503 19284 "https://isthmuslegalandtax.com.pa/wp-login.php" "Mozilla/5.0 (Macintosh; Intel Mac OS X 10_15_7) AppleWebKit/537.36 (KHTML, like Gecko) Chrome/91.0.4472.124 Safari/537.36"
161.118.199.50 - - [01/Sep/2026:18:12:34 -0500] "POST /wp-login.php HTTP/1.1" 503 18282 "https://isthmuslegalandtax.com.pa/wp-login.php" "Mozilla/5.0 (Windows NT 10.0; Win64; x64) AppleWebKit/537.36 (KHTML, like Gecko) Chrome/90.0.4430.212 Safari/537.36"
157.90.185.123 - - [01/Sep/2026:18:12:37 -0500] "POST /?wordfence_syncAttackData=1788304357.1128 HTTP/1.1" 200 - "-" "WordPress/7.1; https://isthmuslegalandtax.com.pa"
161.118.199.50 - - [01/Sep/2026:18:12:36 -0500] "GET /wp-admin/index.php HTTP/1.1" 503 19284 "https://isthmuslegalandtax.com.pa/wp-login.php" "Mozilla/5.0 (Windows NT 10.0; Win64; x64; rv:93.0) Gecko/20100101 Firefox/93.0"
161.118.199.50 - - [01/Sep/2026:18:12:39 -0500] "GET /wp-admin/index.php HTTP/1.1" 503 19284 "https://isthmuslegalandtax.com.pa/wp-login.php" "Mozilla/5.0 (Windows NT 10.0; Win64; x64; rv:93.0) Gecko/20100101 Firefox/93.0"
161.118.199.50 - - [01/Sep/2026:18:12:41 -0500] "POST /wp-login.php HTTP/1.1" 503 18282 "https://isthmuslegalandtax.com.pa/wp-login.php" "Mozilla/5.0 (Windows NT 6.1; Win64; x64) AppleWebKit/537.36 (KHTML, like Gecko) Chrome/94.0.4606.71 Safari/537.36"
161.118.199.50 - - [01/Sep/2026:18:12:43 -0500] "GET /wp-admin/index.php HTTP/1.1" 503 19284 "https://isthmuslegalandtax.com.pa/wp-login.php" "Mozilla/5.0 (Windows NT 6.1; Win64; x64; rv:89.0) Gecko/20100101 Firefox/89.0.2"
161.118.199.50 - - [01/Sep/2026:18:12:45 -0500] "GET /wp-admin/index.php HTTP/1.1" 503 19284 "https://isthmuslegalandtax.com.pa/wp-login.php" "Mozilla/5.0 (Windows NT 6.1; Win64; x64; rv:89.0) Gecko/20100101 Firefox/89.0.2"
161.118.199.50 - - [01/Sep/2026:18:12:47 -0500] "POST /wp-login.php HTTP/1.1" 503 18282 "https://isthmuslegalandtax.com.pa/wp-login.php" "Mozilla/5.0 (Windows NT 10.0; Win64; x64) AppleWebKit/605.1.15 (KHTML, like Gecko) Version/14.1.1 Safari/605.1.15"
157.90.185.123 - - [01/Sep/2026:18:12:49 -0500] "POST /?wordfence_syncAttackData=1788304369.8467 HTTP/1.1" 200 - "-" "WordPress/7.1; https://isthmuslegalandtax.com.pa"
161.118.199.50 - - [01/Sep/2026:18:12:49 -0500] "GET /wp-admin/index.php HTTP/1.1" 503 19284 "https://isthmuslegalandtax.com.pa/wp-login.php" "Mozilla/5.0 (Windows NT 10.0; Win64; x64) AppleWebKit/605.1.15 (KHTML, like Gecko) Version/14.1.2 Safari/605.1.15"
161.118.199.50 - - [01/Sep/2026:18:12:52 -0500] "GET /wp-admin/index.php HTTP/1.1" 503 19284 "https://isthmuslegalandtax.com.pa/wp-login.php" "Mozilla/5.0 (Windows NT 10.0; Win64; x64) AppleWebKit/605.1.15 (KHTML, like Gecko) Version/14.1.2 Safari/605.1.15"
161.118.199.50 - - [01/Sep/2026:18:12:54 -0500] "POST /wp-login.php HTTP/1.1" 503 18282 "https://isthmuslegalandtax.com.pa/wp-login.php" "Mozilla/5.0 (Macintosh; Intel Mac OS X 10_15_7) AppleWebKit/605.1.15 (KHTML, like Gecko) Version/14.0.3 Safari/605.1.15"
161.118.199.50 - - [01/Sep/2026:18:12:57 -0500] "GET /wp-admin/index.php HTTP/1.1" 503 19284 "https://isthmuslegalandtax.com.pa/wp-login.php" "Mozilla/5.0 (Macintosh; Intel Mac OS X 10_15_7) AppleWebKit/537.36 (KHTML, like Gecko) Chrome/91.0.4472.124 Safari/537.36"
161.118.199.50 - - [01/Sep/2026:18:12:59 -0500] "POST /wp-login.php HTTP/1.1" 503 18282 "https://isthmuslegalandtax.com.pa/wp-login.php" "Mozilla/5.0 (Macintosh; Intel Mac OS X 10_15_7; rv:90.0) Gecko/20100101 Firefox/90.0.1"
157.90.185.123 - - [01/Sep/2026:18:13:02 -0500] "POST /?wordfence_syncAttackData=1788304382.2014 HTTP/1.1" 200 - "-" "WordPress/7.1; https://isthmuslegalandtax.com.pa"
161.118.199.50 - - [01/Sep/2026:18:13:01 -0500] "GET /wp-admin/index.php HTTP/1.1" 503 19284 "https://isthmuslegalandtax.com.pa/wp-login.php" "Mozilla/5.0 (Windows NT 10.0; Win64; x64) AppleWebKit/605.1.15 (KHTML, like Gecko) Version/14.1.1 Safari/605.1.15"
161.118.199.50 - - [01/Sep/2026:18:13:04 -0500] "GET /wp-admin/index.php HTTP/1.1" 503 19284 "https://isthmuslegalandtax.com.pa/wp-login.php" "Mozilla/5.0 (Windows NT 10.0; Win64; x64) AppleWebKit/605.1.15 (KHTML, like Gecko) Version/14.1.1 Safari/605.1.15"
161.118.199.50 - - [01/Sep/2026:18:12:55 -0500] "GET /wp-admin/index.php HTTP/1.1" 503 19284 "https://isthmuslegalandtax.com.pa/wp-login.php" "Mozilla/5.0 (Macintosh; Intel Mac OS X 10_15_7) AppleWebKit/537.36 (KHTML, like Gecko) Chrome/91.0.4472.124 Safari/537.36"
161.118.199.50 - - [01/Sep/2026:18:13:06 -0500] "POST /wp-login.php HTTP/1.1" 503 18282 "https://isthmuslegalandtax.com.pa/wp-login.php" "Mozilla/5.0 (Windows NT 10.0; Win64; x64) AppleWebKit/605.1.15 (KHTML, like Gecko) Version/14.1.1 Safari/605.1.15"
161.118.199.50 - - [01/Sep/2026:18:13:08 -0500] "GET /wp-admin/index.php HTTP/1.1" 503 19284 "https://isthmuslegalandtax.com.pa/wp-login.php" "Mozilla/5.0 (Macintosh; Intel Mac OS X 10_15_7) AppleWebKit/605.1.15 (KHTML, like Gecko) Version/14.1.1 Safari/605.1.15"
161.118.199.50 - - [01/Sep/2026:18:13:10 -0500] "GET /wp-admin/index.php HTTP/1.1" 503 19284 "https://isthmuslegalandtax.com.pa/wp-login.php" "Mozilla/5.0 (Macintosh; Intel Mac OS X 10_15_7) AppleWebKit/605.1.15 (KHTML, like Gecko) Version/14.1.1 Safari/605.1.15"
161.118.199.50 - - [01/Sep/2026:18:13:12 -0500] "POST /wp-login.php HTTP/1.1" 503 18282 "https://isthmuslegalandtax.com.pa/wp-login.php" "Mozilla/5.0 (Macintosh; Intel Mac OS X 10_15_7) AppleWebKit/605.1.15 (KHTML, like Gecko) Version/14.1 Safari/605.1.15"
157.90.185.123 - - [01/Sep/2026:18:13:14 -0500] "POST /?wordfence_syncAttackData=1788304394.5139 HTTP/1.1" 200 - "-" "WordPress/7.1; https://isthmuslegalandtax.com.pa"
161.118.199.50 - - [01/Sep/2026:18:13:13 -0500] "GET /wp-admin/index.php HTTP/1.1" 503 19284 "https://isthmuslegalandtax.com.pa/wp-login.php" "Mozilla/5.0 (Windows NT 6.1; Win64; x64) AppleWebKit/537.36 (KHTML, like Gecko) Chrome/93.0.4577.63 Safari/537.36"
161.118.199.50 - - [01/Sep/2026:18:13:16 -0500] "GET /wp-admin/index.php HTTP/1.1" 503 19284 "https://isthmuslegalandtax.com.pa/wp-login.php" "Mozilla/5.0 (Windows NT 6.1; Win64; x64) AppleWebKit/537.36 (KHTML, like Gecko) Chrome/93.0.4577.63 Safari/537.36"
161.118.199.50 - - [01/Sep/2026:18:13:18 -0500] "POST /wp-login.php HTTP/1.1" 503 18282 "https://isthmuslegalandtax.com.pa/wp-login.php" "Mozilla/5.0 (Windows NT 10.0; Win64; x64) AppleWebKit/537.36 (KHTML, like Gecko) Chrome/93.0.4577.63 Safari/537.36"
161.118.199.50 - - [01/Sep/2026:18:13:20 -0500] "GET /wp-admin/index.php HTTP/1.1" 503 19284 "https://isthmuslegalandtax.com.pa/wp-login.php" "Mozilla/5.0 (Windows NT 10.0; Win64; x64) AppleWebKit/537.36 (KHTML, like Gecko) Chrome/93.0.4577.63 Safari/537.36"
161.118.199.50 - - [01/Sep/2026:18:13:22 -0500] "GET /wp-admin/index.php HTTP/1.1" 503 19284 "https://isthmuslegalandtax.com.pa/wp-login.php" "Mozilla/5.0 (Windows NT 10.0; Win64; x64) AppleWebKit/537.36 (KHTML, like Gecko) Chrome/93.0.4577.63 Safari/537.36"
161.118.199.50 - - [01/Sep/2026:18:13:24 -0500] "POST /wp-login.php HTTP/1.1" 503 18282 "https://isthmuslegalandtax.com.pa/wp-login.php" "Mozilla/5.0 (Windows NT 6.1; Win64; x64) AppleWebKit/537.36 (KHTML, like Gecko) Chrome/93.0.4577.63 Safari/537.36"
157.90.185.123 - - [01/Sep/2026:18:13:26 -0500] "POST /?wordfence_syncAttackData=1788304406.9417 HTTP/1.1" 200 - "-" "WordPress/7.1; https://isthmuslegalandtax.com.pa"
161.118.199.50 - - [01/Sep/2026:18:13:26 -0500] "GET /wp-admin/index.php HTTP/1.1" 503 19284 "https://isthmuslegalandtax.com.pa/wp-login.php" "Mozilla/5.0 (Macintosh; Intel Mac OS X 10_15_7; rv:92.0) Gecko/20100101 Firefox/92.0"
161.118.199.50 - - [01/Sep/2026:18:13:29 -0500] "GET /wp-admin/index.php HTTP/1.1" 503 19284 "https://isthmuslegalandtax.com.pa/wp-login.php" "Mozilla/5.0 (Macintosh; Intel Mac OS X 10_15_7; rv:92.0) Gecko/20100101 Firefox/92.0"
161.118.199.50 - - [01/Sep/2026:18:13:31 -0500] "POST /wp-login.php HTTP/1.1" 503 18282 "https://isthmuslegalandtax.com.pa/wp-login.php" "Mozilla/5.0 (X11; Linux x86_64) AppleWebKit/537.36 (KHTML, like Gecko) Chrome/91.0.4472.124 Safari/537.36"
161.118.199.50 - - [01/Sep/2026:18:13:35 -0500] "GET /wp-admin/index.php HTTP/1.1" 503 19284 "https://isthmuslegalandtax.com.pa/wp-login.php" "Mozilla/5.0 (Macintosh; Intel Mac OS X 10_15_7) AppleWebKit/537.36 (KHTML, like Gecko) Chrome/93.0.4577.63 Safari/537.36"
161.118.199.50 - - [01/Sep/2026:18:13:37 -0500] "POST /wp-login.php HTTP/1.1" 503 18282 "https://isthmuslegalandtax.com.pa/wp-login.php" "Mozilla/5.0 (X11; Linux x86_64) AppleWebKit/537.36 (KHTML, like Gecko) Chrome/92.0.4515.131 Safari/537.36"
157.90.185.123 - - [01/Sep/2026:18:13:39 -0500] "POST /?wordfence_syncAttackData=1788304419.6528 HTTP/1.1" 200 - "-" "WordPress/7.1; https://isthmuslegalandtax.com.pa"
161.118.199.50 - - [01/Sep/2026:18:13:38 -0500] "GET /wp-admin/index.php HTTP/1.1" 503 19284 "https://isthmuslegalandtax.com.pa/wp-login.php" "Mozilla/5.0 (X11; Linux x86_64) AppleWebKit/537.36 (KHTML, like Gecko) Chrome/92.0.4515.131 Safari/537.36"
161.118.199.50 - - [01/Sep/2026:18:13:33 -0500] "GET /wp-admin/index.php HTTP/1.1" 503 19284 "https://isthmuslegalandtax.com.pa/wp-login.php" "Mozilla/5.0 (Macintosh; Intel Mac OS X 10_15_7) AppleWebKit/537.36 (KHTML, like Gecko) Chrome/93.0.4577.63 Safari/537.36"
161.118.199.50 - - [01/Sep/2026:18:13:41 -0500] "GET /wp-admin/index.php HTTP/1.1" 503 19284 "https://isthmuslegalandtax.com.pa/wp-login.php" "Mozilla/5.0 (X11; Linux x86_64) AppleWebKit/537.36 (KHTML, like Gecko) Chrome/92.0.4515.131 Safari/537.36"
161.118.199.50 - - [01/Sep/2026:18:13:43 -0500] "POST /wp-login.php HTTP/1.1" 503 18282 "https://isthmuslegalandtax.com.pa/wp-login.php" "Mozilla/5.0 (Windows NT 6.1; Win64; x64) AppleWebKit/537.36 (KHTML, like Gecko) Chrome/94.0.4606.71 Safari/537.36"
161.118.199.50 - - [01/Sep/2026:18:13:45 -0500] "GET /wp-admin/index.php HTTP/1.1" 503 19284 "https://isthmuslegalandtax.com.pa/wp-login.php" "Mozilla/5.0 (Windows NT 10.0; Win64; x64) AppleWebKit/605.1.15 (KHTML, like Gecko) Version/14.1.1 Safari/605.1.15"
161.118.199.50 - - [01/Sep/2026:18:13:47 -0500] "GET /wp-admin/index.php HTTP/1.1" 503 19284 "https://isthmuslegalandtax.com.pa/wp-login.php" "Mozilla/5.0 (Windows NT 10.0; Win64; x64) AppleWebKit/605.1.15 (KHTML, like Gecko) Version/14.1.1 Safari/605.1.15"
161.118.199.50 - - [01/Sep/2026:18:13:49 -0500] "POST /wp-login.php HTTP/1.1" 503 18282 "https://isthmuslegalandtax.com.pa/wp-login.php" "Mozilla/5.0 (Macintosh; Intel Mac OS X 10_15_7) AppleWebKit/537.36 (KHTML, like Gecko) Chrome/93.0.4577.63 Safari/537.36"
161.118.199.50 - - [01/Sep/2026:18:13:51 -0500] "GET /wp-admin/index.php HTTP/1.1" 503 19284 "https://isthmuslegalandtax.com.pa/wp-login.php" "Mozilla/5.0 (Windows NT 10.0; Win64; x64) AppleWebKit/605.1.15 (KHTML, like Gecko) Version/14.1 Safari/605.1.15"
157.90.185.123 - - [01/Sep/2026:18:13:51 -0500] "POST /?wordfence_syncAttackData=1788304431.7387 HTTP/1.1" 200 - "-" "WordPress/7.1; https://isthmuslegalandtax.com.pa"
161.118.199.50 - - [01/Sep/2026:18:13:53 -0500] "GET /wp-admin/index.php HTTP/1.1" 503 19284 "https://isthmuslegalandtax.com.pa/wp-login.php" "Mozilla/5.0 (Windows NT 10.0; Win64; x64) AppleWebKit/605.1.15 (KHTML, like Gecko) Version/14.1 Safari/605.1.15"
161.118.199.50 - - [01/Sep/2026:18:13:57 -0500] "GET /wp-admin/index.php HTTP/1.1" 503 19284 "https://isthmuslegalandtax.com.pa/wp-login.php" "Mozilla/5.0 (Windows NT 10.0; Win64; x64) AppleWebKit/605.1.15 (KHTML, like Gecko) Version/14.1.2 Safari/605.1.15"
161.118.199.50 - - [01/Sep/2026:18:13:59 -0500] "GET /wp-admin/index.php HTTP/1.1" 503 19284 "https://isthmuslegalandtax.com.pa/wp-login.php" "Mozilla/5.0 (Windows NT 10.0; Win64; x64) AppleWebKit/605.1.15 (KHTML, like Gecko) Version/14.1.2 Safari/605.1.15"
161.118.199.50 - - [01/Sep/2026:18:13:56 -0500] "POST /wp-login.php HTTP/1.1" 503 18282 "https://isthmuslegalandtax.com.pa/wp-login.php" "Mozilla/5.0 (Windows NT 6.1; Win64; x64) AppleWebKit/537.36 (KHTML, like Gecko) Chrome/91.0.4472.124 Safari/537.36"
161.118.199.50 - - [01/Sep/2026:18:14:01 -0500] "POST /wp-login.php HTTP/1.1" 503 18282 "https://isthmuslegalandtax.com.pa/wp-login.php" "Mozilla/5.0 (Macintosh; Intel Mac OS X 10_15_7) AppleWebKit/537.36 (KHTML, like Gecko) Chrome/91.0.4472.124 Safari/537.36"
157.90.185.123 - - [01/Sep/2026:18:14:04 -0500] "POST /?wordfence_syncAttackData=1788304444.3784 HTTP/1.1" 200 - "-" "WordPress/7.1; https://isthmuslegalandtax.com.pa"
161.118.199.50 - - [01/Sep/2026:18:14:03 -0500] "GET /wp-admin/index.php HTTP/1.1" 503 19284 "https://isthmuslegalandtax.com.pa/wp-login.php" "Mozilla/5.0 (Macintosh; Intel Mac OS X 10_15_7) AppleWebKit/605.1.15 (KHTML, like Gecko) Version/14.0.3 Safari/605.1.15"
161.118.199.50 - - [01/Sep/2026:18:14:06 -0500] "GET /wp-admin/index.php HTTP/1.1" 503 19284 "https://isthmuslegalandtax.com.pa/wp-login.php" "Mozilla/5.0 (Macintosh; Intel Mac OS X 10_15_7) AppleWebKit/605.1.15 (KHTML, like Gecko) Version/14.0.3 Safari/605.1.15"
161.118.199.50 - - [01/Sep/2026:18:14:08 -0500] "POST /wp-login.php HTTP/1.1" 503 18282 "https://isthmuslegalandtax.com.pa/wp-login.php" "Mozilla/5.0 (Windows NT 10.0; Win64; x64; rv:90.0) Gecko/20100101 Firefox/90.0.1"
161.118.199.50 - - [01/Sep/2026:18:14:10 -0500] "GET /wp-admin/index.php HTTP/1.1" 503 19284 "https://isthmuslegalandtax.com.pa/wp-login.php" "Mozilla/5.0 (Macintosh; Intel Mac OS X 10_15_7) AppleWebKit/605.1.15 (KHTML, like Gecko) Version/14.1.1 Safari/605.1.15"
161.118.199.50 - - [01/Sep/2026:18:14:12 -0500] "GET /wp-admin/index.php HTTP/1.1" 503 19284 "https://isthmuslegalandtax.com.pa/wp-login.php" "Mozilla/5.0 (Macintosh; Intel Mac OS X 10_15_7) AppleWebKit/605.1.15 (KHTML, like Gecko) Version/14.1.1 Safari/605.1.15"
161.118.199.50 - - [01/Sep/2026:18:14:14 -0500] "POST /wp-login.php HTTP/1.1" 503 18282 "https://isthmuslegalandtax.com.pa/wp-login.php" "Mozilla/5.0 (Macintosh; Intel Mac OS X 10_15_7) AppleWebKit/605.1.15 (KHTML, like Gecko) Version/14.0.3 Safari/605.1.15"
157.90.185.123 - - [01/Sep/2026:18:14:16 -0500] "POST /?wordfence_syncAttackData=1788304456.7753 HTTP/1.1" 200 - "-" "WordPress/7.1; https://isthmuslegalandtax.com.pa"
161.118.199.50 - - [01/Sep/2026:18:14:15 -0500] "GET /wp-admin/index.php HTTP/1.1" 503 19284 "https://isthmuslegalandtax.com.pa/wp-login.php" "Mozilla/5.0 (Windows NT 10.0; Win64; x64) AppleWebKit/537.36 (KHTML, like Gecko) Chrome/92.0.4515.131 Safari/537.36"
161.118.199.50 - - [01/Sep/2026:18:14:18 -0500] "GET /wp-admin/index.php HTTP/1.1" 503 19284 "https://isthmuslegalandtax.com.pa/wp-login.php" "Mozilla/5.0 (Windows NT 10.0; Win64; x64) AppleWebKit/537.36 (KHTML, like Gecko) Chrome/92.0.4515.131 Safari/537.36"
161.118.199.50 - - [01/Sep/2026:18:14:20 -0500] "POST /wp-login.php HTTP/1.1" 503 18282 "https://isthmuslegalandtax.com.pa/wp-login.php" "Mozilla/5.0 (Windows NT 10.0; Win64; x64) AppleWebKit/537.36 (KHTML, like Gecko) Chrome/92.0.4515.131 Safari/537.36"
161.118.199.50 - - [01/Sep/2026:18:14:22 -0500] "GET /wp-admin/index.php HTTP/1.1" 503 19284 "https://isthmuslegalandtax.com.pa/wp-login.php" "Mozilla/5.0 (Macintosh; Intel Mac OS X 10_15_7) AppleWebKit/605.1.15 (KHTML, like Gecko) Version/14.1 Safari/605.1.15"
161.118.199.50 - - [01/Sep/2026:18:14:24 -0500] "GET /wp-admin/index.php HTTP/1.1" 503 19284 "https://isthmuslegalandtax.com.pa/wp-login.php" "Mozilla/5.0 (Macintosh; Intel Mac OS X 10_15_7) AppleWebKit/605.1.15 (KHTML, like Gecko) Version/14.1 Safari/605.1.15"
161.118.199.50 - - [01/Sep/2026:18:14:26 -0500] "POST /wp-login.php HTTP/1.1" 503 18282 "https://isthmuslegalandtax.com.pa/wp-login.php" "Mozilla/5.0 (Windows NT 6.1; Win64; x64; rv:92.0) Gecko/20100101 Firefox/92.0"
157.90.185.123 - - [01/Sep/2026:18:14:29 -0500] "POST /?wordfence_syncAttackData=1788304469.1249 HTTP/1.1" 200 - "-" "WordPress/7.1; https://isthmuslegalandtax.com.pa"
161.118.199.50 - - [01/Sep/2026:18:14:28 -0500] "GET /wp-admin/index.php HTTP/1.1" 503 19284 "https://isthmuslegalandtax.com.pa/wp-login.php" "Mozilla/5.0 (Windows NT 6.1; Win64; x64) AppleWebKit/537.36 (KHTML, like Gecko) Chrome/94.0.4606.71 Safari/537.36"
161.118.199.50 - - [01/Sep/2026:18:14:31 -0500] "GET /wp-admin/index.php HTTP/1.1" 503 19284 "https://isthmuslegalandtax.com.pa/wp-login.php" "Mozilla/5.0 (Windows NT 6.1; Win64; x64) AppleWebKit/537.36 (KHTML, like Gecko) Chrome/94.0.4606.71 Safari/537.36"
161.118.199.50 - - [01/Sep/2026:18:14:33 -0500] "POST /wp-login.php HTTP/1.1" 503 18282 "https://isthmuslegalandtax.com.pa/wp-login.php" "Mozilla/5.0 (X11; Linux x86_64) AppleWebKit/537.36 (KHTML, like Gecko) Chrome/92.0.4515.131 Safari/537.36"
161.118.199.50 - - [01/Sep/2026:18:14:34 -0500] "GET /wp-admin/index.php HTTP/1.1" 503 19284 "https://isthmuslegalandtax.com.pa/wp-login.php" "Mozilla/5.0 (Windows NT 6.1; Win64; x64) AppleWebKit/537.36 (KHTML, like Gecko) Chrome/91.0.4472.124 Safari/537.36"
161.118.199.50 - - [01/Sep/2026:18:14:36 -0500] "GET /wp-admin/index.php HTTP/1.1" 503 19284 "https://isthmuslegalandtax.com.pa/wp-login.php" "Mozilla/5.0 (Windows NT 6.1; Win64; x64) AppleWebKit/537.36 (KHTML, like Gecko) Chrome/91.0.4472.124 Safari/537.36"
161.118.199.50 - - [01/Sep/2026:18:14:38 -0500] "POST /wp-login.php HTTP/1.1" 503 18282 "https://isthmuslegalandtax.com.pa/wp-login.php" "Mozilla/5.0 (Windows NT 10.0; Win64; x64) AppleWebKit/605.1.15 (KHTML, like Gecko) Version/14.1 Safari/605.1.15"
157.90.185.123 - - [01/Sep/2026:18:14:41 -0500] "POST /?wordfence_syncAttackData=1788304481.5706 HTTP/1.1" 200 - "-" "WordPress/7.1; https://isthmuslegalandtax.com.pa"
161.118.199.50 - - [01/Sep/2026:18:14:40 -0500] "GET /wp-admin/index.php HTTP/1.1" 503 19284 "https://isthmuslegalandtax.com.pa/wp-login.php" "Mozilla/5.0 (Windows NT 10.0; Win64; x64) AppleWebKit/537.36 (KHTML, like Gecko) Chrome/93.0.4577.63 Safari/537.36"
161.118.199.50 - - [01/Sep/2026:18:14:43 -0500] "GET /wp-admin/index.php HTTP/1.1" 503 19284 "https://isthmuslegalandtax.com.pa/wp-login.php" "Mozilla/5.0 (Windows NT 10.0; Win64; x64) AppleWebKit/537.36 (KHTML, like Gecko) Chrome/93.0.4577.63 Safari/537.36"
161.118.199.50 - - [01/Sep/2026:18:14:45 -0500] "POST /wp-login.php HTTP/1.1" 503 18282 "https://isthmuslegalandtax.com.pa/wp-login.php" "Mozilla/5.0 (Macintosh; Intel Mac OS X 10_15_7) AppleWebKit/537.36 (KHTML, like Gecko) Chrome/91.0.4472.124 Safari/537.36"
161.118.199.50 - - [01/Sep/2026:18:14:47 -0500] "GET /wp-admin/index.php HTTP/1.1" 503 19284 "https://isthmuslegalandtax.com.pa/wp-login.php" "Mozilla/5.0 (Windows NT 10.0; Win64; x64) AppleWebKit/605.1.15 (KHTML, like Gecko) Version/14.1.1 Safari/605.1.15"
161.118.199.50 - - [01/Sep/2026:18:14:49 -0500] "GET /wp-admin/index.php HTTP/1.1" 503 19284 "https://isthmuslegalandtax.com.pa/wp-login.php" "Mozilla/5.0 (Windows NT 10.0; Win64; x64) AppleWebKit/605.1.15 (KHTML, like Gecko) Version/14.1.1 Safari/605.1.15"
161.118.199.50 - - [01/Sep/2026:18:14:51 -0500] "POST /wp-login.php HTTP/1.1" 503 18282 "https://isthmuslegalandtax.com.pa/wp-login.php" "Mozilla/5.0 (Windows NT 6.1; Win64; x64) AppleWebKit/537.36 (KHTML, like Gecko) Chrome/94.0.4606.71 Safari/537.36"
157.90.185.123 - - [01/Sep/2026:18:14:54 -0500] "POST /?wordfence_syncAttackData=1788304494.0497 HTTP/1.1" 200 - "-" "WordPress/7.1; https://isthmuslegalandtax.com.pa"
161.118.199.50 - - [01/Sep/2026:18:14:53 -0500] "GET /wp-admin/index.php HTTP/1.1" 503 19284 "https://isthmuslegalandtax.com.pa/wp-login.php" "Mozilla/5.0 (Windows NT 6.1; Win64; x64) AppleWebKit/537.36 (KHTML, like Gecko) Chrome/91.0.4472.124 Safari/537.36"
161.118.199.50 - - [01/Sep/2026:18:14:56 -0500] "GET /wp-admin/index.php HTTP/1.1" 503 19284 "https://isthmuslegalandtax.com.pa/wp-login.php" "Mozilla/5.0 (Windows NT 6.1; Win64; x64) AppleWebKit/537.36 (KHTML, like Gecko) Chrome/91.0.4472.124 Safari/537.36"
161.118.199.50 - - [01/Sep/2026:18:14:58 -0500] "POST /wp-login.php HTTP/1.1" 503 18282 "https://isthmuslegalandtax.com.pa/wp-login.php" "Mozilla/5.0 (Windows NT 10.0; Win64; x64) AppleWebKit/537.36 (KHTML, like Gecko) Chrome/90.0.4430.212 Safari/537.36"
161.118.199.50 - - [01/Sep/2026:18:15:00 -0500] "GET /wp-admin/index.php HTTP/1.1" 503 19284 "https://isthmuslegalandtax.com.pa/wp-login.php" "Mozilla/5.0 (Windows NT 10.0; Win64; x64) AppleWebKit/605.1.15 (KHTML, like Gecko) Version/15.0 Safari/605.1.15"
161.118.199.50 - - [01/Sep/2026:18:15:02 -0500] "GET /wp-admin/index.php HTTP/1.1" 503 19284 "https://isthmuslegalandtax.com.pa/wp-login.php" "Mozilla/5.0 (Windows NT 10.0; Win64; x64) AppleWebKit/605.1.15 (KHTML, like Gecko) Version/15.0 Safari/605.1.15"
161.118.199.50 - - [01/Sep/2026:18:15:04 -0500] "POST /wp-login.php HTTP/1.1" 503 18282 "https://isthmuslegalandtax.com.pa/wp-login.php" "Mozilla/5.0 (Windows NT 6.1; Win64; x64) AppleWebKit/537.36 (KHTML, like Gecko) Chrome/94.0.4606.71 Safari/537.36"
157.90.185.123 - - [01/Sep/2026:18:15:06 -0500] "POST /?wordfence_syncAttackData=1788304506.9574 HTTP/1.1" 200 - "-" "WordPress/7.1; https://isthmuslegalandtax.com.pa"
161.118.199.50 - - [01/Sep/2026:18:15:06 -0500] "GET /wp-admin/index.php HTTP/1.1" 503 19284 "https://isthmuslegalandtax.com.pa/wp-login.php" "Mozilla/5.0 (Macintosh; Intel Mac OS X 10_15_7) AppleWebKit/605.1.15 (KHTML, like Gecko) Version/14.1.2 Safari/605.1.15"
161.118.199.50 - - [01/Sep/2026:18:15:09 -0500] "GET /wp-admin/index.php HTTP/1.1" 503 19284 "https://isthmuslegalandtax.com.pa/wp-login.php" "Mozilla/5.0 (Macintosh; Intel Mac OS X 10_15_7) AppleWebKit/605.1.15 (KHTML, like Gecko) Version/14.1.2 Safari/605.1.15"
161.118.199.50 - - [01/Sep/2026:18:15:11 -0500] "POST /wp-login.php HTTP/1.1" 503 18282 "https://isthmuslegalandtax.com.pa/wp-login.php" "Mozilla/5.0 (Windows NT 10.0; Win64; x64; rv:90.0) Gecko/20100101 Firefox/90.0.1"
161.118.199.50 - - [01/Sep/2026:18:15:12 -0500] "GET /wp-admin/index.php HTTP/1.1" 503 19284 "https://isthmuslegalandtax.com.pa/wp-login.php" "Mozilla/5.0 (Windows NT 6.1; Win64; x64; rv:90.0) Gecko/20100101 Firefox/90.0.1"
161.118.199.50 - - [01/Sep/2026:18:15:14 -0500] "GET /wp-admin/index.php HTTP/1.1" 503 19284 "https://isthmuslegalandtax.com.pa/wp-login.php" "Mozilla/5.0 (Windows NT 6.1; Win64; x64; rv:90.0) Gecko/20100101 Firefox/90.0.1"
161.118.199.50 - - [01/Sep/2026:18:15:16 -0500] "POST /wp-login.php HTTP/1.1" 503 18282 "https://isthmuslegalandtax.com.pa/wp-login.php" "Mozilla/5.0 (Windows NT 10.0; Win64; x64) AppleWebKit/605.1.15 (KHTML, like Gecko) Version/14.1.2 Safari/605.1.15"
157.90.185.123 - - [01/Sep/2026:18:15:19 -0500] "POST /?wordfence_syncAttackData=1788304519.3093 HTTP/1.1" 200 - "-" "WordPress/7.1; https://isthmuslegalandtax.com.pa"
161.118.199.50 - - [01/Sep/2026:18:15:18 -0500] "GET /wp-admin/index.php HTTP/1.1" 503 19284 "https://isthmuslegalandtax.com.pa/wp-login.php" "Mozilla/5.0 (Windows NT 10.0; Win64; x64) AppleWebKit/605.1.15 (KHTML, like Gecko) Version/14.0.3 Safari/605.1.15"
161.118.199.50 - - [01/Sep/2026:18:15:21 -0500] "GET /wp-admin/index.php HTTP/1.1" 503 19284 "https://isthmuslegalandtax.com.pa/wp-login.php" "Mozilla/5.0 (Windows NT 10.0; Win64; x64) AppleWebKit/605.1.15 (KHTML, like Gecko) Version/14.0.3 Safari/605.1.15"
161.118.199.50 - - [01/Sep/2026:18:15:23 -0500] "POST /wp-login.php HTTP/1.1" 503 18282 "https://isthmuslegalandtax.com.pa/wp-login.php" "Mozilla/5.0 (Windows NT 10.0; Win64; x64) AppleWebKit/537.36 (KHTML, like Gecko) Chrome/90.0.4430.212 Safari/537.36"
161.118.199.50 - - [01/Sep/2026:18:15:25 -0500] "GET /wp-admin/index.php HTTP/1.1" 503 19284 "https://isthmuslegalandtax.com.pa/wp-login.php" "Mozilla/5.0 (Macintosh; Intel Mac OS X 10_15_7) AppleWebKit/605.1.15 (KHTML, like Gecko) Version/15.0 Safari/605.1.15"
161.118.199.50 - - [01/Sep/2026:18:15:28 -0500] "GET /wp-admin/index.php HTTP/1.1" 503 19284 "https://isthmuslegalandtax.com.pa/wp-login.php" "Mozilla/5.0 (Macintosh; Intel Mac OS X 10_15_7) AppleWebKit/605.1.15 (KHTML, like Gecko) Version/15.0 Safari/605.1.15"
157.90.185.123 - - [01/Sep/2026:18:15:29 -0500] "POST /?wordfence_syncAttackData=1788304529.1669 HTTP/1.1" 200 - "-" "WordPress/7.1; https://isthmuslegalandtax.com.pa"
161.118.199.50 - - [01/Sep/2026:18:15:31 -0500] "POST /wp-login.php HTTP/1.1" 503 18282 "https://isthmuslegalandtax.com.pa/wp-login.php" "Mozilla/5.0 (Macintosh; Intel Mac OS X 10_15_7) AppleWebKit/537.36 (KHTML, like Gecko) Chrome/92.0.4515.131 Safari/537.36"
161.118.199.50 - - [01/Sep/2026:18:15:33 -0500] "GET /wp-admin/index.php HTTP/1.1" 503 19284 "https://isthmuslegalandtax.com.pa/wp-login.php" "Mozilla/5.0 (Windows NT 10.0; Win64; x64) AppleWebKit/537.36 (KHTML, like Gecko) Chrome/94.0.4606.71 Safari/537.36"
161.118.199.50 - - [01/Sep/2026:18:15:35 -0500] "GET /wp-admin/index.php HTTP/1.1" 503 19284 "https://isthmuslegalandtax.com.pa/wp-login.php" "Mozilla/5.0 (Windows NT 10.0; Win64; x64) AppleWebKit/537.36 (KHTML, like Gecko) Chrome/94.0.4606.71 Safari/537.36"
161.118.199.50 - - [01/Sep/2026:18:15:37 -0500] "POST /wp-login.php HTTP/1.1" 503 18282 "https://isthmuslegalandtax.com.pa/wp-login.php" "Mozilla/5.0 (Windows NT 10.0; Win64; x64) AppleWebKit/605.1.15 (KHTML, like Gecko) Version/14.1.2 Safari/605.1.15"
157.90.185.123 - - [01/Sep/2026:18:15:40 -0500] "POST /?wordfence_syncAttackData=1788304540.4978 HTTP/1.1" 200 - "-" "WordPress/7.1; https://isthmuslegalandtax.com.pa"
161.118.199.50 - - [01/Sep/2026:18:15:39 -0500] "GET /wp-admin/index.php HTTP/1.1" 503 19284 "https://isthmuslegalandtax.com.pa/wp-login.php" "Mozilla/5.0 (Windows NT 10.0; Win64; x64; rv:90.0) Gecko/20100101 Firefox/90.0.1"
161.118.199.50 - - [01/Sep/2026:18:15:42 -0500] "GET /wp-admin/index.php HTTP/1.1" 503 19284 "https://isthmuslegalandtax.com.pa/wp-login.php" "Mozilla/5.0 (Windows NT 10.0; Win64; x64; rv:90.0) Gecko/20100101 Firefox/90.0.1"
161.118.199.50 - - [01/Sep/2026:18:15:46 -0500] "GET /wp-admin/index.php HTTP/1.1" 503 19284 "https://isthmuslegalandtax.com.pa/wp-login.php" "Mozilla/5.0 (X11; Linux x86_64) AppleWebKit/537.36 (KHTML, like Gecko) Chrome/92.0.4515.131 Safari/537.36"
161.118.199.50 - - [01/Sep/2026:18:15:48 -0500] "GET /wp-admin/index.php HTTP/1.1" 503 19284 "https://isthmuslegalandtax.com.pa/wp-login.php" "Mozilla/5.0 (X11; Linux x86_64) AppleWebKit/537.36 (KHTML, like Gecko) Chrome/92.0.4515.131 Safari/537.36"
161.118.199.50 - - [01/Sep/2026:18:15:50 -0500] "POST /wp-login.php HTTP/1.1" 503 18282 "https://isthmuslegalandtax.com.pa/wp-login.php" "Mozilla/5.0 (X11; Linux x86_64) AppleWebKit/537.36 (KHTML, like Gecko) Chrome/92.0.4515.131 Safari/537.36"
161.118.199.50 - - [01/Sep/2026:18:15:44 -0500] "POST /wp-login.php HTTP/1.1" 503 18282 "https://isthmuslegalandtax.com.pa/wp-login.php" "Mozilla/5.0 (Macintosh; Intel Mac OS X 10_15_7) AppleWebKit/605.1.15 (KHTML, like Gecko) Version/14.1.1 Safari/605.1.15"
161.118.199.50 - - [01/Sep/2026:18:15:51 -0500] "GET /wp-admin/index.php HTTP/1.1" 503 19284 "https://isthmuslegalandtax.com.pa/wp-login.php" "Mozilla/5.0 (Windows NT 10.0; Win64; x64; rv:92.0) Gecko/20100101 Firefox/92.0"
157.90.185.123 - - [01/Sep/2026:18:15:52 -0500] "POST /?wordfence_syncAttackData=1788304552.5673 HTTP/1.1" 200 - "-" "WordPress/7.1; https://isthmuslegalandtax.com.pa"
161.118.199.50 - - [01/Sep/2026:18:15:56 -0500] "POST /wp-login.php HTTP/1.1" 503 18282 "https://isthmuslegalandtax.com.pa/wp-login.php" "Mozilla/5.0 (X11; Linux x86_64; rv:90.0) Gecko/20100101 Firefox/90.0.1"
161.118.199.50 - - [01/Sep/2026:18:15:58 -0500] "GET /wp-admin/index.php HTTP/1.1" 503 19284 "https://isthmuslegalandtax.com.pa/wp-login.php" "Mozilla/5.0 (Windows NT 6.1; Win64; x64; rv:93.0) Gecko/20100101 Firefox/93.0"
161.118.199.50 - - [01/Sep/2026:18:16:00 -0500] "GET /wp-admin/index.php HTTP/1.1" 503 19284 "https://isthmuslegalandtax.com.pa/wp-login.php" "Mozilla/5.0 (Windows NT 6.1; Win64; x64; rv:93.0) Gecko/20100101 Firefox/93.0"
161.118.199.50 - - [01/Sep/2026:18:16:02 -0500] "POST /wp-login.php HTTP/1.1" 503 18282 "https://isthmuslegalandtax.com.pa/wp-login.php" "Mozilla/5.0 (Windows NT 6.1; Win64; x64) AppleWebKit/537.36 (KHTML, like Gecko) Chrome/90.0.4430.212 Safari/537.36"
161.118.199.50 - - [01/Sep/2026:18:15:54 -0500] "GET /wp-admin/index.php HTTP/1.1" 503 19284 "https://isthmuslegalandtax.com.pa/wp-login.php" "Mozilla/5.0 (Windows NT 10.0; Win64; x64; rv:92.0) Gecko/20100101 Firefox/92.0"
157.90.185.123 - - [01/Sep/2026:18:16:04 -0500] "POST /?wordfence_syncAttackData=1788304564.7264 HTTP/1.1" 200 - "-" "WordPress/7.1; https://isthmuslegalandtax.com.pa"
161.118.199.50 - - [01/Sep/2026:18:16:03 -0500] "GET /wp-admin/index.php HTTP/1.1" 503 19284 "https://isthmuslegalandtax.com.pa/wp-login.php" "Mozilla/5.0 (Windows NT 10.0; Win64; x64; rv:93.0) Gecko/20100101 Firefox/93.0"
161.118.199.50 - - [01/Sep/2026:18:16:06 -0500] "GET /wp-admin/index.php HTTP/1.1" 503 19284 "https://isthmuslegalandtax.com.pa/wp-login.php" "Mozilla/5.0 (Windows NT 10.0; Win64; x64; rv:93.0) Gecko/20100101 Firefox/93.0"
161.118.199.50 - - [01/Sep/2026:18:16:08 -0500] "POST /wp-login.php HTTP/1.1" 503 18282 "https://isthmuslegalandtax.com.pa/wp-login.php" "Mozilla/5.0 (Windows NT 10.0; Win64; x64) AppleWebKit/537.36 (KHTML, like Gecko) Chrome/92.0.4515.131 Safari/537.36"
161.118.199.50 - - [01/Sep/2026:18:16:10 -0500] "GET /wp-admin/index.php HTTP/1.1" 503 19284 "https://isthmuslegalandtax.com.pa/wp-login.php" "Mozilla/5.0 (Macintosh; Intel Mac OS X 10_15_7) AppleWebKit/605.1.15 (KHTML, like Gecko) Version/15.0 Safari/605.1.15"
161.118.199.50 - - [01/Sep/2026:18:16:12 -0500] "GET /wp-admin/index.php HTTP/1.1" 503 19284 "https://isthmuslegalandtax.com.pa/wp-login.php" "Mozilla/5.0 (Macintosh; Intel Mac OS X 10_15_7) AppleWebKit/605.1.15 (KHTML, like Gecko) Version/15.0 Safari/605.1.15"
161.118.199.50 - - [01/Sep/2026:18:16:14 -0500] "POST /wp-login.php HTTP/1.1" 503 18282 "https://isthmuslegalandtax.com.pa/wp-login.php" "Mozilla/5.0 (Macintosh; Intel Mac OS X 10_15_7) AppleWebKit/605.1.15 (KHTML, like Gecko) Version/14.1.2 Safari/605.1.15"
157.90.185.123 - - [01/Sep/2026:18:16:17 -0500] "POST /?wordfence_syncAttackData=1788304577.0096 HTTP/1.1" 200 - "-" "WordPress/7.1; https://isthmuslegalandtax.com.pa"
161.118.199.50 - - [01/Sep/2026:18:16:16 -0500] "GET /wp-admin/index.php HTTP/1.1" 503 19284 "https://isthmuslegalandtax.com.pa/wp-login.php" "Mozilla/5.0 (Windows NT 10.0; Win64; x64; rv:91.0) Gecko/20100101 Firefox/91.0"
161.118.199.50 - - [01/Sep/2026:18:16:19 -0500] "GET /wp-admin/index.php HTTP/1.1" 503 19284 "https://isthmuslegalandtax.com.pa/wp-login.php" "Mozilla/5.0 (Windows NT 10.0; Win64; x64; rv:91.0) Gecko/20100101 Firefox/91.0"
