222.255.182.222 - - [02/Sep/2026:17:24:06 -0500] "GET /wp-admin/profile.php HTTP/1.1" 503 19284 "https://isthmuslegalandtax.com.pa/wp-login.php" "Mozilla/5.0 (Macintosh; Intel Mac OS X 10_15_7; rv:119.0) Gecko/20100101 Firefox/119.0"
222.255.182.222 - - [02/Sep/2026:17:24:09 -0500] "GET /wp-admin/edit.php HTTP/1.1" 503 19284 "https://isthmuslegalandtax.com.pa/wp-login.php" "Mozilla/5.0 (Macintosh; Intel Mac OS X 10_15_7; rv:119.0) Gecko/20100101 Firefox/119.0"
222.255.182.222 - - [02/Sep/2026:17:24:11 -0500] "GET /wp-admin/plugins.php HTTP/1.1" 503 19284 "https://isthmuslegalandtax.com.pa/wp-login.php" "Mozilla/5.0 (Macintosh; Intel Mac OS X 10_15_7; rv:119.0) Gecko/20100101 Firefox/119.0"
222.255.182.222 - - [02/Sep/2026:17:24:17 -0500] "POST /wp-login.php HTTP/1.1" 503 18282 "https://isthmuslegalandtax.com.pa/wp-login.php" "Mozilla/5.0 (X11; Ubuntu; Linux x86_64) AppleWebKit/537.36 (KHTML, like Gecko) Chrome/119.0.0.0 Safari/537.36"
157.90.185.123 - - [02/Sep/2026:17:24:20 -0500] "POST /?wordfence_syncAttackData=1788387860.2095 HTTP/1.1" 200 - "-" "WordPress/7.1; https://isthmuslegalandtax.com.pa"
222.255.182.222 - - [02/Sep/2026:17:24:19 -0500] "GET /wp-admin/index.php HTTP/1.1" 503 19284 "https://isthmuslegalandtax.com.pa/wp-login.php" "Mozilla/5.0 (Macintosh; Intel Mac OS X 13_6_1; rv:121.0) Gecko/20100101 Firefox/121.0"
222.255.182.222 - - [02/Sep/2026:17:24:22 -0500] "GET /wp-admin/profile.php HTTP/1.1" 503 19284 "https://isthmuslegalandtax.com.pa/wp-login.php" "Mozilla/5.0 (Macintosh; Intel Mac OS X 13_6_1; rv:121.0) Gecko/20100101 Firefox/121.0"
222.255.182.222 - - [02/Sep/2026:17:24:24 -0500] "GET /wp-admin/edit.php HTTP/1.1" 503 19284 "https://isthmuslegalandtax.com.pa/wp-login.php" "Mozilla/5.0 (Macintosh; Intel Mac OS X 13_6_1; rv:121.0) Gecko/20100101 Firefox/121.0"
222.255.182.222 - - [02/Sep/2026:17:24:28 -0500] "GET /wp-admin/plugins.php HTTP/1.1" 503 19284 "https://isthmuslegalandtax.com.pa/wp-login.php" "Mozilla/5.0 (Macintosh; Intel Mac OS X 13_6_1; rv:121.0) Gecko/20100101 Firefox/121.0"
157.90.185.123 - - [02/Sep/2026:17:24:34 -0500] "POST /?wordfence_syncAttackData=1788387873.9914 HTTP/1.1" 200 - "-" "WordPress/7.1; https://isthmuslegalandtax.com.pa"
222.255.182.222 - - [02/Sep/2026:17:24:33 -0500] "GET /wp-admin/index.php HTTP/1.1" 503 19284 "https://isthmuslegalandtax.com.pa/wp-login.php" "Mozilla/5.0 (Windows NT 11.0; Win64; x64; rv:121.0) Gecko/20100101 Firefox/121.0"
222.255.182.222 - - [02/Sep/2026:17:24:31 -0500] "POST /wp-login.php HTTP/1.1" 503 18282 "https://isthmuslegalandtax.com.pa/wp-login.php" "Mozilla/5.0 (X11; Linux x86_64) AppleWebKit/537.36 (KHTML, like Gecko) Chrome/119.0.0.0 Safari/537.36"
222.255.182.222 - - [02/Sep/2026:17:24:43 -0500] "GET /wp-admin/profile.php HTTP/1.1" 503 19284 "https://isthmuslegalandtax.com.pa/wp-login.php" "Mozilla/5.0 (Windows NT 11.0; Win64; x64; rv:121.0) Gecko/20100101 Firefox/121.0"
222.255.182.222 - - [02/Sep/2026:17:24:47 -0500] "GET /wp-admin/edit.php HTTP/1.1" 503 19284 "https://isthmuslegalandtax.com.pa/wp-login.php" "Mozilla/5.0 (Windows NT 11.0; Win64; x64; rv:121.0) Gecko/20100101 Firefox/121.0"
222.255.182.222 - - [02/Sep/2026:17:24:52 -0500] "GET /wp-admin/plugins.php HTTP/1.1" 503 19284 "https://isthmuslegalandtax.com.pa/wp-login.php" "Mozilla/5.0 (Windows NT 11.0; Win64; x64; rv:121.0) Gecko/20100101 Firefox/121.0"
222.255.182.222 - - [02/Sep/2026:17:24:54 -0500] "POST /wp-login.php HTTP/1.1" 503 18282 "https://isthmuslegalandtax.com.pa/wp-login.php" "Mozilla/5.0 (X11; Linux x86_64) AppleWebKit/537.36 (KHTML, like Gecko) Chrome/121.0.0.0 Safari/537.36"
157.90.185.123 - - [02/Sep/2026:17:25:00 -0500] "POST /?wordfence_syncAttackData=1788387900.8173 HTTP/1.1" 200 - "-" "WordPress/7.1; https://isthmuslegalandtax.com.pa"
222.255.182.222 - - [02/Sep/2026:17:25:00 -0500] "GET /wp-admin/index.php HTTP/1.1" 503 19284 "https://isthmuslegalandtax.com.pa/wp-login.php" "Mozilla/5.0 (Macintosh; Intel Mac OS X 10_15_7) AppleWebKit/605.1.15 (KHTML, like Gecko) Version/17.1 Safari/605.1.15"
222.255.182.222 - - [02/Sep/2026:17:25:03 -0500] "GET /wp-admin/profile.php HTTP/1.1" 503 19284 "https://isthmuslegalandtax.com.pa/wp-login.php" "Mozilla/5.0 (Macintosh; Intel Mac OS X 10_15_7) AppleWebKit/605.1.15 (KHTML, like Gecko) Version/17.1 Safari/605.1.15"
222.255.182.222 - - [02/Sep/2026:17:25:05 -0500] "GET /wp-admin/edit.php HTTP/1.1" 503 19284 "https://isthmuslegalandtax.com.pa/wp-login.php" "Mozilla/5.0 (Macintosh; Intel Mac OS X 10_15_7) AppleWebKit/605.1.15 (KHTML, like Gecko) Version/17.1 Safari/605.1.15"
222.255.182.222 - - [02/Sep/2026:17:25:08 -0500] "GET /wp-admin/plugins.php HTTP/1.1" 503 19284 "https://isthmuslegalandtax.com.pa/wp-login.php" "Mozilla/5.0 (Macintosh; Intel Mac OS X 10_15_7) AppleWebKit/605.1.15 (KHTML, like Gecko) Version/17.1 Safari/605.1.15"
222.255.182.222 - - [02/Sep/2026:17:25:10 -0500] "POST /wp-login.php HTTP/1.1" 503 18282 "https://isthmuslegalandtax.com.pa/wp-login.php" "Mozilla/5.0 (Macintosh; Intel Mac OS X 10_15_7) AppleWebKit/537.36 (KHTML, like Gecko) Chrome/119.0.0.0 Safari/537.36"
157.90.185.123 - - [02/Sep/2026:17:25:13 -0500] "POST /?wordfence_syncAttackData=1788387913.5129 HTTP/1.1" 200 - "-" "WordPress/7.1; https://isthmuslegalandtax.com.pa"
222.255.182.222 - - [02/Sep/2026:17:25:12 -0500] "GET /wp-admin/index.php HTTP/1.1" 503 19284 "https://isthmuslegalandtax.com.pa/wp-login.php" "Mozilla/5.0 (Macintosh; Intel Mac OS X 10_15_7; rv:121.0) Gecko/20100101 Firefox/121.0"
222.255.182.222 - - [02/Sep/2026:17:25:16 -0500] "GET /wp-admin/profile.php HTTP/1.1" 503 19284 "https://isthmuslegalandtax.com.pa/wp-login.php" "Mozilla/5.0 (Macintosh; Intel Mac OS X 10_15_7; rv:121.0) Gecko/20100101 Firefox/121.0"
222.255.182.222 - - [02/Sep/2026:17:25:18 -0500] "GET /wp-admin/edit.php HTTP/1.1" 503 19284 "https://isthmuslegalandtax.com.pa/wp-login.php" "Mozilla/5.0 (Macintosh; Intel Mac OS X 10_15_7; rv:121.0) Gecko/20100101 Firefox/121.0"
222.255.182.222 - - [02/Sep/2026:17:25:20 -0500] "GET /wp-admin/plugins.php HTTP/1.1" 503 19284 "https://isthmuslegalandtax.com.pa/wp-login.php" "Mozilla/5.0 (Macintosh; Intel Mac OS X 10_15_7; rv:121.0) Gecko/20100101 Firefox/121.0"
222.255.182.222 - - [02/Sep/2026:17:25:26 -0500] "POST /wp-login.php HTTP/1.1" 503 18282 "https://isthmuslegalandtax.com.pa/wp-login.php" "Mozilla/5.0 (Macintosh; Intel Mac OS X 10_15_7; rv:120.0) Gecko/20100101 Firefox/120.0"
157.90.185.123 - - [02/Sep/2026:17:25:29 -0500] "POST /?wordfence_syncAttackData=1788387929.545 HTTP/1.1" 200 - "-" "WordPress/7.1; https://isthmuslegalandtax.com.pa"
222.255.182.222 - - [02/Sep/2026:17:25:28 -0500] "GET /wp-admin/index.php HTTP/1.1" 503 19284 "https://isthmuslegalandtax.com.pa/wp-login.php" "Mozilla/5.0 (Macintosh; Intel Mac OS X 13_6_1; rv:121.0) Gecko/20100101 Firefox/121.0"
222.255.182.222 - - [02/Sep/2026:17:25:34 -0500] "GET /wp-admin/profile.php HTTP/1.1" 503 19284 "https://isthmuslegalandtax.com.pa/wp-login.php" "Mozilla/5.0 (Macintosh; Intel Mac OS X 13_6_1; rv:121.0) Gecko/20100101 Firefox/121.0"
222.255.182.222 - - [02/Sep/2026:17:25:36 -0500] "GET /wp-admin/edit.php HTTP/1.1" 503 19284 "https://isthmuslegalandtax.com.pa/wp-login.php" "Mozilla/5.0 (Macintosh; Intel Mac OS X 13_6_1; rv:121.0) Gecko/20100101 Firefox/121.0"
222.255.182.222 - - [02/Sep/2026:17:25:39 -0500] "GET /wp-admin/plugins.php HTTP/1.1" 503 19284 "https://isthmuslegalandtax.com.pa/wp-login.php" "Mozilla/5.0 (Macintosh; Intel Mac OS X 13_6_1; rv:121.0) Gecko/20100101 Firefox/121.0"
222.255.182.222 - - [02/Sep/2026:17:25:50 -0500] "POST /wp-login.php HTTP/1.1" 503 18282 "https://isthmuslegalandtax.com.pa/wp-login.php" "Mozilla/5.0 (Macintosh; Intel Mac OS X 10_15_7) AppleWebKit/605.1.15 (KHTML, like Gecko) Version/16.6 Safari/605.1.15"
222.255.182.222 - - [02/Sep/2026:17:25:55 -0500] "GET /wp-admin/index.php HTTP/1.1" 503 19284 "https://isthmuslegalandtax.com.pa/wp-login.php" "Mozilla/5.0 (X11; Ubuntu; Linux x86_64) AppleWebKit/537.36 (KHTML, like Gecko) Chrome/118.0.0.0 Safari/537.36"
157.90.185.123 - - [02/Sep/2026:17:25:56 -0500] "POST /?wordfence_syncAttackData=1788387956.3442 HTTP/1.1" 200 - "-" "WordPress/7.1; https://isthmuslegalandtax.com.pa"
222.255.182.222 - - [02/Sep/2026:17:26:01 -0500] "GET /wp-admin/profile.php HTTP/1.1" 503 19284 "https://isthmuslegalandtax.com.pa/wp-login.php" "Mozilla/5.0 (X11; Ubuntu; Linux x86_64) AppleWebKit/537.36 (KHTML, like Gecko) Chrome/118.0.0.0 Safari/537.36"
222.255.182.222 - - [02/Sep/2026:17:26:12 -0500] "GET /wp-admin/edit.php HTTP/1.1" 503 19284 "https://isthmuslegalandtax.com.pa/wp-login.php" "Mozilla/5.0 (X11; Ubuntu; Linux x86_64) AppleWebKit/537.36 (KHTML, like Gecko) Chrome/118.0.0.0 Safari/537.36"
222.255.182.222 - - [02/Sep/2026:17:26:14 -0500] "GET /wp-admin/plugins.php HTTP/1.1" 503 19284 "https://isthmuslegalandtax.com.pa/wp-login.php" "Mozilla/5.0 (X11; Ubuntu; Linux x86_64) AppleWebKit/537.36 (KHTML, like Gecko) Chrome/118.0.0.0 Safari/537.36"
222.255.182.222 - - [02/Sep/2026:17:26:18 -0500] "POST /wp-login.php HTTP/1.1" 503 18282 "https://isthmuslegalandtax.com.pa/wp-login.php" "Mozilla/5.0 (Windows NT 11.0; Win64; x64) AppleWebKit/537.36 (KHTML, like Gecko) Chrome/119.0.0.0 Safari/537.36"
157.90.185.123 - - [02/Sep/2026:17:26:23 -0500] "POST /?wordfence_syncAttackData=1788387982.978 HTTP/1.1" 200 - "-" "WordPress/7.1; https://isthmuslegalandtax.com.pa"
222.255.182.222 - - [02/Sep/2026:17:26:22 -0500] "GET /wp-admin/index.php HTTP/1.1" 503 19284 "https://isthmuslegalandtax.com.pa/wp-login.php" "Mozilla/5.0 (Windows NT 11.0; Win64; x64) AppleWebKit/537.36 (KHTML, like Gecko) Chrome/118.0.0.0 Safari/537.36"
222.255.182.222 - - [02/Sep/2026:17:26:27 -0500] "GET /wp-admin/profile.php HTTP/1.1" 503 19284 "https://isthmuslegalandtax.com.pa/wp-login.php" "Mozilla/5.0 (Windows NT 11.0; Win64; x64) AppleWebKit/537.36 (KHTML, like Gecko) Chrome/118.0.0.0 Safari/537.36"
222.255.182.222 - - [02/Sep/2026:17:26:30 -0500] "GET /wp-admin/edit.php HTTP/1.1" 503 19284 "https://isthmuslegalandtax.com.pa/wp-login.php" "Mozilla/5.0 (Windows NT 11.0; Win64; x64) AppleWebKit/537.36 (KHTML, like Gecko) Chrome/118.0.0.0 Safari/537.36"
222.255.182.222 - - [02/Sep/2026:17:26:37 -0500] "GET /wp-admin/plugins.php HTTP/1.1" 503 19284 "https://isthmuslegalandtax.com.pa/wp-login.php" "Mozilla/5.0 (Windows NT 11.0; Win64; x64) AppleWebKit/537.36 (KHTML, like Gecko) Chrome/118.0.0.0 Safari/537.36"
222.255.182.222 - - [02/Sep/2026:17:26:44 -0500] "POST /wp-login.php HTTP/1.1" 503 18282 "https://isthmuslegalandtax.com.pa/wp-login.php" "Mozilla/5.0 (X11; Ubuntu; Linux x86_64) AppleWebKit/537.36 (KHTML, like Gecko) Chrome/118.0.0.0 Safari/537.36"
222.255.182.222 - - [02/Sep/2026:17:26:49 -0500] "GET /wp-admin/index.php HTTP/1.1" 503 19284 "https://isthmuslegalandtax.com.pa/wp-login.php" "Mozilla/5.0 (Windows NT 10.0; Win64; x64) AppleWebKit/537.36 (KHTML, like Gecko) Chrome/119.0.0.0 Safari/537.36"
157.90.185.123 - - [02/Sep/2026:17:26:50 -0500] "POST /?wordfence_syncAttackData=1788388010.2006 HTTP/1.1" 200 - "-" "WordPress/7.1; https://isthmuslegalandtax.com.pa"
222.255.182.222 - - [02/Sep/2026:17:26:52 -0500] "GET /wp-admin/profile.php HTTP/1.1" 503 19284 "https://isthmuslegalandtax.com.pa/wp-login.php" "Mozilla/5.0 (Windows NT 10.0; Win64; x64) AppleWebKit/537.36 (KHTML, like Gecko) Chrome/119.0.0.0 Safari/537.36"
222.255.182.222 - - [02/Sep/2026:17:27:02 -0500] "GET /wp-admin/plugins.php HTTP/1.1" 503 19284 "https://isthmuslegalandtax.com.pa/wp-login.php" "Mozilla/5.0 (Windows NT 10.0; Win64; x64) AppleWebKit/537.36 (KHTML, like Gecko) Chrome/119.0.0.0 Safari/537.36"
222.255.182.222 - - [02/Sep/2026:17:27:07 -0500] "GET /wp-admin/index.php HTTP/1.1" 503 19284 "https://isthmuslegalandtax.com.pa/wp-login.php" "Mozilla/5.0 (Windows NT 10.0; Win64; x64; rv:119.0) Gecko/20100101 Firefox/119.0"
157.90.185.123 - - [02/Sep/2026:17:27:07 -0500] "POST /?wordfence_syncAttackData=1788388027.9681 HTTP/1.1" 200 - "-" "WordPress/7.1; https://isthmuslegalandtax.com.pa"
222.255.182.222 - - [02/Sep/2026:17:27:04 -0500] "POST /wp-login.php HTTP/1.1" 503 18282 "https://isthmuslegalandtax.com.pa/wp-login.php" "Mozilla/5.0 (Macintosh; Intel Mac OS X 10_15_7) AppleWebKit/605.1.15 (KHTML, like Gecko) Version/17.1 Safari/605.1.15"
222.255.182.222 - - [02/Sep/2026:17:27:13 -0500] "GET /wp-admin/profile.php HTTP/1.1" 503 19284 "https://isthmuslegalandtax.com.pa/wp-login.php" "Mozilla/5.0 (Windows NT 10.0; Win64; x64; rv:119.0) Gecko/20100101 Firefox/119.0"
222.255.182.222 - - [02/Sep/2026:17:27:17 -0500] "GET /wp-admin/edit.php HTTP/1.1" 503 19284 "https://isthmuslegalandtax.com.pa/wp-login.php" "Mozilla/5.0 (Windows NT 10.0; Win64; x64; rv:119.0) Gecko/20100101 Firefox/119.0"
222.255.182.222 - - [02/Sep/2026:17:27:19 -0500] "GET /wp-admin/plugins.php HTTP/1.1" 503 19284 "https://isthmuslegalandtax.com.pa/wp-login.php" "Mozilla/5.0 (Windows NT 10.0; Win64; x64; rv:119.0) Gecko/20100101 Firefox/119.0"
222.255.182.222 - - [02/Sep/2026:17:27:22 -0500] "POST /wp-login.php HTTP/1.1" 503 18282 "https://isthmuslegalandtax.com.pa/wp-login.php" "Mozilla/5.0 (Macintosh; Intel Mac OS X 10_15_7; rv:120.0) Gecko/20100101 Firefox/120.0"
157.90.185.123 - - [02/Sep/2026:17:27:26 -0500] "POST /?wordfence_syncAttackData=1788388046.3409 HTTP/1.1" 200 - "-" "WordPress/7.1; https://isthmuslegalandtax.com.pa"
222.255.182.222 - - [02/Sep/2026:17:27:25 -0500] "GET /wp-admin/index.php HTTP/1.1" 503 19284 "https://isthmuslegalandtax.com.pa/wp-login.php" "Mozilla/5.0 (Windows NT 11.0; Win64; x64; rv:118.0) Gecko/20100101 Firefox/118.0"
222.255.182.222 - - [02/Sep/2026:17:27:31 -0500] "GET /wp-admin/profile.php HTTP/1.1" 503 19284 "https://isthmuslegalandtax.com.pa/wp-login.php" "Mozilla/5.0 (Windows NT 11.0; Win64; x64; rv:118.0) Gecko/20100101 Firefox/118.0"
222.255.182.222 - - [02/Sep/2026:17:27:33 -0500] "GET /wp-admin/edit.php HTTP/1.1" 503 19284 "https://isthmuslegalandtax.com.pa/wp-login.php" "Mozilla/5.0 (Windows NT 11.0; Win64; x64; rv:118.0) Gecko/20100101 Firefox/118.0"
222.255.182.222 - - [02/Sep/2026:17:27:39 -0500] "GET /wp-admin/plugins.php HTTP/1.1" 503 19284 "https://isthmuslegalandtax.com.pa/wp-login.php" "Mozilla/5.0 (Windows NT 11.0; Win64; x64; rv:118.0) Gecko/20100101 Firefox/118.0"
222.255.182.222 - - [02/Sep/2026:17:27:43 -0500] "POST /wp-login.php HTTP/1.1" 503 18282 "https://isthmuslegalandtax.com.pa/wp-login.php" "Mozilla/5.0 (Windows NT 11.0; Win64; x64; rv:119.0) Gecko/20100101 Firefox/119.0"
222.255.182.222 - - [02/Sep/2026:17:27:47 -0500] "GET /wp-admin/index.php HTTP/1.1" 302 - "https://isthmuslegalandtax.com.pa/wp-login.php" "Mozilla/5.0 (X11; Ubuntu; Linux x86_64) AppleWebKit/537.36 (KHTML, like Gecko) Chrome/121.0.0.0 Safari/537.36"
222.255.182.222 - - [02/Sep/2026:17:27:52 -0500] "GET /wp-login.php?redirect_to=https%3A%2F%2Fisthmuslegalandtax.com.pa%2Fwp-admin%2Findex.php&reauth=1 HTTP/1.1" 200 10629 "https://isthmuslegalandtax.com.pa/wp-login.php" "Mozilla/5.0 (X11; Ubuntu; Linux x86_64) AppleWebKit/537.36 (KHTML, like Gecko) Chrome/121.0.0.0 Safari/537.36"
157.90.185.123 - - [02/Sep/2026:17:27:48 -0500] "POST /?wordfence_syncAttackData=1788388068.8761 HTTP/1.1" 200 - "-" "WordPress/7.1; https://isthmuslegalandtax.com.pa"
222.255.182.222 - - [02/Sep/2026:17:28:00 -0500] "POST /wp-login.php HTTP/1.1" 503 19284 "https://isthmuslegalandtax.com.pa/wp-login.php" "Mozilla/5.0 (Macintosh; Intel Mac OS X 10_15_7; rv:118.0) Gecko/20100101 Firefox/118.0"
222.255.182.222 - - [02/Sep/2026:17:28:05 -0500] "GET /wp-admin/index.php HTTP/1.1" 503 19284 "https://isthmuslegalandtax.com.pa/wp-login.php" "Mozilla/5.0 (Macintosh; Intel Mac OS X 10_15_7; rv:118.0) Gecko/20100101 Firefox/118.0"
222.255.182.222 - - [02/Sep/2026:17:28:09 -0500] "GET /wp-admin/profile.php HTTP/1.1" 503 19284 "https://isthmuslegalandtax.com.pa/wp-login.php" "Mozilla/5.0 (Macintosh; Intel Mac OS X 10_15_7; rv:118.0) Gecko/20100101 Firefox/118.0"
222.255.182.222 - - [02/Sep/2026:17:28:18 -0500] "GET /wp-admin/edit.php HTTP/1.1" 503 19284 "https://isthmuslegalandtax.com.pa/wp-login.php" "Mozilla/5.0 (Macintosh; Intel Mac OS X 10_15_7; rv:118.0) Gecko/20100101 Firefox/118.0"
222.255.182.222 - - [02/Sep/2026:17:28:20 -0500] "GET /wp-admin/plugins.php HTTP/1.1" 503 19284 "https://isthmuslegalandtax.com.pa/wp-login.php" "Mozilla/5.0 (Macintosh; Intel Mac OS X 10_15_7; rv:118.0) Gecko/20100101 Firefox/118.0"
222.255.182.222 - - [02/Sep/2026:17:28:24 -0500] "POST /wp-login.php HTTP/1.1" 503 18282 "https://isthmuslegalandtax.com.pa/wp-login.php" "Mozilla/5.0 (X11; Linux x86_64) AppleWebKit/537.36 (KHTML, like Gecko) Chrome/120.0.0.0 Safari/537.36"
157.90.185.123 - - [02/Sep/2026:17:28:27 -0500] "POST /?wordfence_syncAttackData=1788388107.2932 HTTP/1.1" 200 - "-" "WordPress/7.1; https://isthmuslegalandtax.com.pa"
222.255.182.222 - - [02/Sep/2026:17:28:26 -0500] "GET /wp-admin/index.php HTTP/1.1" 503 19284 "https://isthmuslegalandtax.com.pa/wp-login.php" "Mozilla/5.0 (Macintosh; Intel Mac OS X 10_15_7; rv:118.0) Gecko/20100101 Firefox/118.0"
222.255.182.222 - - [02/Sep/2026:17:28:31 -0500] "GET /wp-admin/profile.php HTTP/1.1" 503 19284 "https://isthmuslegalandtax.com.pa/wp-login.php" "Mozilla/5.0 (Macintosh; Intel Mac OS X 10_15_7; rv:118.0) Gecko/20100101 Firefox/118.0"
222.255.182.222 - - [02/Sep/2026:17:28:34 -0500] "GET /wp-admin/edit.php HTTP/1.1" 503 19284 "https://isthmuslegalandtax.com.pa/wp-login.php" "Mozilla/5.0 (Macintosh; Intel Mac OS X 10_15_7; rv:118.0) Gecko/20100101 Firefox/118.0"
222.255.182.222 - - [02/Sep/2026:17:28:39 -0500] "GET /wp-admin/plugins.php HTTP/1.1" 503 19284 "https://isthmuslegalandtax.com.pa/wp-login.php" "Mozilla/5.0 (Macintosh; Intel Mac OS X 10_15_7; rv:118.0) Gecko/20100101 Firefox/118.0"
222.255.182.222 - - [02/Sep/2026:17:28:44 -0500] "POST /wp-login.php HTTP/1.1" 503 18282 "https://isthmuslegalandtax.com.pa/wp-login.php" "Mozilla/5.0 (Macintosh; Intel Mac OS X 13_6_1) AppleWebKit/537.36 (KHTML, like Gecko) Chrome/119.0.0.0 Safari/537.36"
222.255.182.222 - - [02/Sep/2026:17:28:46 -0500] "GET /wp-admin/index.php HTTP/1.1" 503 19284 "https://isthmuslegalandtax.com.pa/wp-login.php" "Mozilla/5.0 (Windows NT 11.0; Win64; x64; rv:121.0) Gecko/20100101 Firefox/121.0"
157.90.185.123 - - [02/Sep/2026:17:28:47 -0500] "POST /?wordfence_syncAttackData=1788388127.5658 HTTP/1.1" 200 - "-" "WordPress/7.1; https://isthmuslegalandtax.com.pa"
222.255.182.222 - - [02/Sep/2026:17:28:50 -0500] "GET /wp-admin/profile.php HTTP/1.1" 503 19284 "https://isthmuslegalandtax.com.pa/wp-login.php" "Mozilla/5.0 (Windows NT 11.0; Win64; x64; rv:121.0) Gecko/20100101 Firefox/121.0"
222.255.182.222 - - [02/Sep/2026:17:28:52 -0500] "GET /wp-admin/edit.php HTTP/1.1" 503 19284 "https://isthmuslegalandtax.com.pa/wp-login.php" "Mozilla/5.0 (Windows NT 11.0; Win64; x64; rv:121.0) Gecko/20100101 Firefox/121.0"
222.255.182.222 - - [02/Sep/2026:17:28:57 -0500] "GET /wp-admin/plugins.php HTTP/1.1" 503 19284 "https://isthmuslegalandtax.com.pa/wp-login.php" "Mozilla/5.0 (Windows NT 11.0; Win64; x64; rv:121.0) Gecko/20100101 Firefox/121.0"
222.255.182.222 - - [02/Sep/2026:17:28:59 -0500] "POST /wp-login.php HTTP/1.1" 503 18282 "https://isthmuslegalandtax.com.pa/wp-login.php" "Mozilla/5.0 (Macintosh; Intel Mac OS X 13_6_1) AppleWebKit/537.36 (KHTML, like Gecko) Chrome/119.0.0.0 Safari/537.36"
157.90.185.123 - - [02/Sep/2026:17:29:05 -0500] "POST /?wordfence_syncAttackData=1788388145.2862 HTTP/1.1" 200 - "-" "WordPress/7.1; https://isthmuslegalandtax.com.pa"
222.255.182.222 - - [02/Sep/2026:17:29:04 -0500] "GET /wp-admin/index.php HTTP/1.1" 503 19284 "https://isthmuslegalandtax.com.pa/wp-login.php" "Mozilla/5.0 (X11; Linux x86_64) AppleWebKit/537.36 (KHTML, like Gecko) Chrome/119.0.0.0 Safari/537.36"
222.255.182.222 - - [02/Sep/2026:17:29:11 -0500] "GET /wp-admin/profile.php HTTP/1.1" 503 19284 "https://isthmuslegalandtax.com.pa/wp-login.php" "Mozilla/5.0 (X11; Linux x86_64) AppleWebKit/537.36 (KHTML, like Gecko) Chrome/119.0.0.0 Safari/537.36"
222.255.182.222 - - [02/Sep/2026:17:29:14 -0500] "GET /wp-admin/edit.php HTTP/1.1" 503 19284 "https://isthmuslegalandtax.com.pa/wp-login.php" "Mozilla/5.0 (X11; Linux x86_64) AppleWebKit/537.36 (KHTML, like Gecko) Chrome/119.0.0.0 Safari/537.36"
222.255.182.222 - - [02/Sep/2026:17:29:17 -0500] "GET /wp-admin/plugins.php HTTP/1.1" 503 19284 "https://isthmuslegalandtax.com.pa/wp-login.php" "Mozilla/5.0 (X11; Linux x86_64) AppleWebKit/537.36 (KHTML, like Gecko) Chrome/119.0.0.0 Safari/537.36"
222.255.182.222 - - [02/Sep/2026:17:29:22 -0500] "POST /wp-login.php HTTP/1.1" 503 18282 "https://isthmuslegalandtax.com.pa/wp-login.php" "Mozilla/5.0 (Macintosh; Intel Mac OS X 13_6_1; rv:121.0) Gecko/20100101 Firefox/121.0"
157.90.185.123 - - [02/Sep/2026:17:29:27 -0500] "POST /?wordfence_syncAttackData=1788388167.9003 HTTP/1.1" 200 - "-" "WordPress/7.1; https://isthmuslegalandtax.com.pa"
222.255.182.222 - - [02/Sep/2026:17:29:27 -0500] "GET /wp-admin/index.php HTTP/1.1" 503 19284 "https://isthmuslegalandtax.com.pa/wp-login.php" "Mozilla/5.0 (Windows NT 11.0; Win64; x64; rv:121.0) Gecko/20100101 Firefox/121.0"
222.255.182.222 - - [02/Sep/2026:17:29:33 -0500] "GET /wp-admin/profile.php HTTP/1.1" 503 19284 "https://isthmuslegalandtax.com.pa/wp-login.php" "Mozilla/5.0 (Windows NT 11.0; Win64; x64; rv:121.0) Gecko/20100101 Firefox/121.0"
222.255.182.222 - - [02/Sep/2026:17:29:35 -0500] "GET /wp-admin/edit.php HTTP/1.1" 503 19284 "https://isthmuslegalandtax.com.pa/wp-login.php" "Mozilla/5.0 (Windows NT 11.0; Win64; x64; rv:121.0) Gecko/20100101 Firefox/121.0"
222.255.182.222 - - [02/Sep/2026:17:29:41 -0500] "GET /wp-admin/plugins.php HTTP/1.1" 503 19284 "https://isthmuslegalandtax.com.pa/wp-login.php" "Mozilla/5.0 (Windows NT 11.0; Win64; x64; rv:121.0) Gecko/20100101 Firefox/121.0"
222.255.182.222 - - [02/Sep/2026:17:29:48 -0500] "POST /wp-login.php HTTP/1.1" 503 18282 "https://isthmuslegalandtax.com.pa/wp-login.php" "Mozilla/5.0 (Macintosh; Intel Mac OS X 13_6_1) AppleWebKit/605.1.15 (KHTML, like Gecko) Version/17.2 Safari/605.1.15"
157.90.185.123 - - [02/Sep/2026:17:29:57 -0500] "POST /?wordfence_syncAttackData=1788388197.2665 HTTP/1.1" 200 - "-" "WordPress/7.1; https://isthmuslegalandtax.com.pa"
222.255.182.222 - - [02/Sep/2026:17:29:56 -0500] "GET /wp-admin/index.php HTTP/1.1" 503 19284 "https://isthmuslegalandtax.com.pa/wp-login.php" "Mozilla/5.0 (Macintosh; Intel Mac OS X 13_6_1) AppleWebKit/537.36 (KHTML, like Gecko) Chrome/120.0.0.0 Safari/537.36"
222.255.182.222 - - [02/Sep/2026:17:29:59 -0500] "GET /wp-admin/profile.php HTTP/1.1" 503 19284 "https://isthmuslegalandtax.com.pa/wp-login.php" "Mozilla/5.0 (Macintosh; Intel Mac OS X 13_6_1) AppleWebKit/537.36 (KHTML, like Gecko) Chrome/120.0.0.0 Safari/537.36"
222.255.182.222 - - [02/Sep/2026:17:30:02 -0500] "GET /wp-admin/edit.php HTTP/1.1" 503 19284 "https://isthmuslegalandtax.com.pa/wp-login.php" "Mozilla/5.0 (Macintosh; Intel Mac OS X 13_6_1) AppleWebKit/537.36 (KHTML, like Gecko) Chrome/120.0.0.0 Safari/537.36"
222.255.182.222 - - [02/Sep/2026:17:30:11 -0500] "GET /wp-admin/plugins.php HTTP/1.1" 503 19284 "https://isthmuslegalandtax.com.pa/wp-login.php" "Mozilla/5.0 (Macintosh; Intel Mac OS X 13_6_1) AppleWebKit/537.36 (KHTML, like Gecko) Chrome/120.0.0.0 Safari/537.36"
222.255.182.222 - - [02/Sep/2026:17:30:14 -0500] "POST /wp-login.php HTTP/1.1" 503 18282 "https://isthmuslegalandtax.com.pa/wp-login.php" "Mozilla/5.0 (Macintosh; Intel Mac OS X 10_15_7) AppleWebKit/537.36 (KHTML, like Gecko) Chrome/118.0.0.0 Safari/537.36"
157.90.185.123 - - [02/Sep/2026:17:30:29 -0500] "POST /?wordfence_syncAttackData=1788388228.988 HTTP/1.1" 200 - "-" "WordPress/7.1; https://isthmuslegalandtax.com.pa"
222.255.182.222 - - [02/Sep/2026:17:30:28 -0500] "GET /wp-admin/index.php HTTP/1.1" 503 19284 "https://isthmuslegalandtax.com.pa/wp-login.php" "Mozilla/5.0 (X11; Linux x86_64) AppleWebKit/537.36 (KHTML, like Gecko) Chrome/120.0.0.0 Safari/537.36"
222.255.182.222 - - [02/Sep/2026:17:30:34 -0500] "GET /wp-admin/profile.php HTTP/1.1" 503 19284 "https://isthmuslegalandtax.com.pa/wp-login.php" "Mozilla/5.0 (X11; Linux x86_64) AppleWebKit/537.36 (KHTML, like Gecko) Chrome/120.0.0.0 Safari/537.36"
222.255.182.222 - - [02/Sep/2026:17:30:36 -0500] "GET /wp-admin/edit.php HTTP/1.1" 503 19284 "https://isthmuslegalandtax.com.pa/wp-login.php" "Mozilla/5.0 (X11; Linux x86_64) AppleWebKit/537.36 (KHTML, like Gecko) Chrome/120.0.0.0 Safari/537.36"
222.255.182.222 - - [02/Sep/2026:17:30:46 -0500] "GET /wp-admin/plugins.php HTTP/1.1" 503 19284 "https://isthmuslegalandtax.com.pa/wp-login.php" "Mozilla/5.0 (X11; Linux x86_64) AppleWebKit/537.36 (KHTML, like Gecko) Chrome/120.0.0.0 Safari/537.36"
222.255.182.222 - - [02/Sep/2026:17:30:49 -0500] "POST /wp-login.php HTTP/1.1" 503 18282 "https://isthmuslegalandtax.com.pa/wp-login.php" "Mozilla/5.0 (Macintosh; Intel Mac OS X 13_6_1) AppleWebKit/537.36 (KHTML, like Gecko) Chrome/119.0.0.0 Safari/537.36"
157.90.185.123 - - [02/Sep/2026:17:30:52 -0500] "POST /?wordfence_syncAttackData=1788388252.6004 HTTP/1.1" 200 - "-" "WordPress/7.1; https://isthmuslegalandtax.com.pa"
222.255.182.222 - - [02/Sep/2026:17:30:51 -0500] "GET /wp-admin/index.php HTTP/1.1" 503 19284 "https://isthmuslegalandtax.com.pa/wp-login.php" "Mozilla/5.0 (Windows NT 10.0; Win64; x64) AppleWebKit/537.36 (KHTML, like Gecko) Chrome/119.0.0.0 Safari/537.36"
222.255.182.222 - - [02/Sep/2026:17:30:55 -0500] "GET /wp-admin/profile.php HTTP/1.1" 503 19284 "https://isthmuslegalandtax.com.pa/wp-login.php" "Mozilla/5.0 (Windows NT 10.0; Win64; x64) AppleWebKit/537.36 (KHTML, like Gecko) Chrome/119.0.0.0 Safari/537.36"
222.255.182.222 - - [02/Sep/2026:17:30:57 -0500] "GET /wp-admin/edit.php HTTP/1.1" 503 19284 "https://isthmuslegalandtax.com.pa/wp-login.php" "Mozilla/5.0 (Windows NT 10.0; Win64; x64) AppleWebKit/537.36 (KHTML, like Gecko) Chrome/119.0.0.0 Safari/537.36"
222.255.182.222 - - [02/Sep/2026:17:31:04 -0500] "GET /wp-admin/plugins.php HTTP/1.1" 503 19284 "https://isthmuslegalandtax.com.pa/wp-login.php" "Mozilla/5.0 (Windows NT 10.0; Win64; x64) AppleWebKit/537.36 (KHTML, like Gecko) Chrome/119.0.0.0 Safari/537.36"
222.255.182.222 - - [02/Sep/2026:17:31:08 -0500] "POST /wp-login.php HTTP/1.1" 503 18282 "https://isthmuslegalandtax.com.pa/wp-login.php" "Mozilla/5.0 (Macintosh; Intel Mac OS X 13_6_1) AppleWebKit/537.36 (KHTML, like Gecko) Chrome/118.0.0.0 Safari/537.36"
222.255.182.222 - - [02/Sep/2026:17:31:10 -0500] "GET /wp-admin/index.php HTTP/1.1" 503 19284 "https://isthmuslegalandtax.com.pa/wp-login.php" "Mozilla/5.0 (Macintosh; Intel Mac OS X 10_15_7) AppleWebKit/605.1.15 (KHTML, like Gecko) Version/16.6 Safari/605.1.15"
222.255.182.222 - - [02/Sep/2026:17:31:14 -0500] "GET /wp-admin/profile.php HTTP/1.1" 503 19284 "https://isthmuslegalandtax.com.pa/wp-login.php" "Mozilla/5.0 (Macintosh; Intel Mac OS X 10_15_7) AppleWebKit/605.1.15 (KHTML, like Gecko) Version/16.6 Safari/605.1.15"
222.255.182.222 - - [02/Sep/2026:17:31:17 -0500] "GET /wp-admin/edit.php HTTP/1.1" 503 19284 "https://isthmuslegalandtax.com.pa/wp-login.php" "Mozilla/5.0 (Macintosh; Intel Mac OS X 10_15_7) AppleWebKit/605.1.15 (KHTML, like Gecko) Version/16.6 Safari/605.1.15"
157.90.185.123 - - [02/Sep/2026:17:31:11 -0500] "POST /?wordfence_syncAttackData=1788388271.5424 HTTP/1.1" 200 - "-" "WordPress/7.1; https://isthmuslegalandtax.com.pa"
222.255.182.222 - - [02/Sep/2026:17:31:21 -0500] "GET /wp-admin/plugins.php HTTP/1.1" 503 19284 "https://isthmuslegalandtax.com.pa/wp-login.php" "Mozilla/5.0 (Macintosh; Intel Mac OS X 10_15_7) AppleWebKit/605.1.15 (KHTML, like Gecko) Version/16.6 Safari/605.1.15"
222.255.182.222 - - [02/Sep/2026:17:31:25 -0500] "POST /wp-login.php HTTP/1.1" 503 18282 "https://isthmuslegalandtax.com.pa/wp-login.php" "Mozilla/5.0 (Macintosh; Intel Mac OS X 10_15_7) AppleWebKit/605.1.15 (KHTML, like Gecko) Version/16.6 Safari/605.1.15"
222.255.182.222 - - [02/Sep/2026:17:31:32 -0500] "GET /wp-admin/index.php HTTP/1.1" 503 19284 "https://isthmuslegalandtax.com.pa/wp-login.php" "Mozilla/5.0 (X11; Linux x86_64) AppleWebKit/537.36 (KHTML, like Gecko) Chrome/118.0.0.0 Safari/537.36"
157.90.185.123 - - [02/Sep/2026:17:31:33 -0500] "POST /?wordfence_syncAttackData=1788388293.5059 HTTP/1.1" 200 - "-" "WordPress/7.1; https://isthmuslegalandtax.com.pa"
222.255.182.222 - - [02/Sep/2026:17:31:36 -0500] "GET /wp-admin/profile.php HTTP/1.1" 503 19284 "https://isthmuslegalandtax.com.pa/wp-login.php" "Mozilla/5.0 (X11; Linux x86_64) AppleWebKit/537.36 (KHTML, like Gecko) Chrome/118.0.0.0 Safari/537.36"
222.255.182.222 - - [02/Sep/2026:17:31:38 -0500] "GET /wp-admin/edit.php HTTP/1.1" 503 19284 "https://isthmuslegalandtax.com.pa/wp-login.php" "Mozilla/5.0 (X11; Linux x86_64) AppleWebKit/537.36 (KHTML, like Gecko) Chrome/118.0.0.0 Safari/537.36"
222.255.182.222 - - [02/Sep/2026:17:31:43 -0500] "GET /wp-admin/plugins.php HTTP/1.1" 503 19284 "https://isthmuslegalandtax.com.pa/wp-login.php" "Mozilla/5.0 (X11; Linux x86_64) AppleWebKit/537.36 (KHTML, like Gecko) Chrome/118.0.0.0 Safari/537.36"
222.255.182.222 - - [02/Sep/2026:17:31:48 -0500] "POST /wp-login.php HTTP/1.1" 503 18282 "https://isthmuslegalandtax.com.pa/wp-login.php" "Mozilla/5.0 (Windows NT 10.0; Win64; x64) AppleWebKit/537.36 (KHTML, like Gecko) Chrome/119.0.0.0 Safari/537.36"
157.90.185.123 - - [02/Sep/2026:17:31:54 -0500] "POST /?wordfence_syncAttackData=1788388314.0507 HTTP/1.1" 200 - "-" "WordPress/7.1; https://isthmuslegalandtax.com.pa"
222.255.182.222 - - [02/Sep/2026:17:31:53 -0500] "GET /wp-admin/index.php HTTP/1.1" 503 19284 "https://isthmuslegalandtax.com.pa/wp-login.php" "Mozilla/5.0 (Macintosh; Intel Mac OS X 10_15_7) AppleWebKit/605.1.15 (KHTML, like Gecko) Version/16.6 Safari/605.1.15"
222.255.182.222 - - [02/Sep/2026:17:31:56 -0500] "GET /wp-admin/profile.php HTTP/1.1" 503 19284 "https://isthmuslegalandtax.com.pa/wp-login.php" "Mozilla/5.0 (Macintosh; Intel Mac OS X 10_15_7) AppleWebKit/605.1.15 (KHTML, like Gecko) Version/16.6 Safari/605.1.15"
222.255.182.222 - - [02/Sep/2026:17:31:58 -0500] "GET /wp-admin/edit.php HTTP/1.1" 503 19284 "https://isthmuslegalandtax.com.pa/wp-login.php" "Mozilla/5.0 (Macintosh; Intel Mac OS X 10_15_7) AppleWebKit/605.1.15 (KHTML, like Gecko) Version/16.6 Safari/605.1.15"
222.255.182.222 - - [02/Sep/2026:17:32:01 -0500] "GET /wp-admin/plugins.php HTTP/1.1" 503 19284 "https://isthmuslegalandtax.com.pa/wp-login.php" "Mozilla/5.0 (Macintosh; Intel Mac OS X 10_15_7) AppleWebKit/605.1.15 (KHTML, like Gecko) Version/16.6 Safari/605.1.15"
222.255.182.222 - - [02/Sep/2026:17:32:05 -0500] "POST /wp-login.php HTTP/1.1" 503 18282 "https://isthmuslegalandtax.com.pa/wp-login.php" "Mozilla/5.0 (Macintosh; Intel Mac OS X 10_15_7; rv:121.0) Gecko/20100101 Firefox/121.0"
157.90.185.123 - - [02/Sep/2026:17:32:06 -0500] "POST /?wordfence_syncAttackData=1788388326.2575 HTTP/1.1" 200 - "-" "WordPress/7.1; https://isthmuslegalandtax.com.pa"
134.199.218.54 - - [02/Sep/2026:17:32:05 -0500] "GET / HTTP/1.1" 301 - "-" "Mozilla/5.0 (Windows NT 10.0; Win64; x64) AppleWebKit/537.36 (KHTML, like Gecko) Chrome/146.0.0.0 Safari/537.36"
222.255.182.222 - - [02/Sep/2026:17:32:09 -0500] "GET /wp-admin/index.php HTTP/1.1" 503 19284 "https://isthmuslegalandtax.com.pa/wp-login.php" "Mozilla/5.0 (Macintosh; Intel Mac OS X 10_15_7) AppleWebKit/537.36 (KHTML, like Gecko) Chrome/118.0.0.0 Safari/537.36"
134.199.218.54 - - [02/Sep/2026:17:32:08 -0500] "GET / HTTP/1.1" 200 91235 "-" "Mozilla/5.0 (Windows NT 10.0; Win64; x64) AppleWebKit/537.36 (KHTML, like Gecko) Chrome/146.0.0.0 Safari/537.36"
222.255.182.222 - - [02/Sep/2026:17:32:19 -0500] "GET /wp-admin/edit.php HTTP/1.1" 503 19284 "https://isthmuslegalandtax.com.pa/wp-login.php" "Mozilla/5.0 (Macintosh; Intel Mac OS X 10_15_7) AppleWebKit/537.36 (KHTML, like Gecko) Chrome/118.0.0.0 Safari/537.36"
222.255.182.222 - - [02/Sep/2026:17:32:21 -0500] "GET /wp-admin/plugins.php HTTP/1.1" 503 19284 "https://isthmuslegalandtax.com.pa/wp-login.php" "Mozilla/5.0 (Macintosh; Intel Mac OS X 10_15_7) AppleWebKit/537.36 (KHTML, like Gecko) Chrome/118.0.0.0 Safari/537.36"
222.255.182.222 - - [02/Sep/2026:17:32:27 -0500] "POST /wp-login.php HTTP/1.1" 503 18282 "https://isthmuslegalandtax.com.pa/wp-login.php" "Mozilla/5.0 (Macintosh; Intel Mac OS X 10_15_7) AppleWebKit/605.1.15 (KHTML, like Gecko) Version/17.0 Safari/605.1.15"
157.90.185.123 - - [02/Sep/2026:17:32:31 -0500] "POST /?wordfence_syncAttackData=1788388351.5508 HTTP/1.1" 200 - "-" "WordPress/7.1; https://isthmuslegalandtax.com.pa"
222.255.182.222 - - [02/Sep/2026:17:32:30 -0500] "GET /wp-admin/index.php HTTP/1.1" 503 19284 "https://isthmuslegalandtax.com.pa/wp-login.php" "Mozilla/5.0 (Macintosh; Intel Mac OS X 13_6_1) AppleWebKit/537.36 (KHTML, like Gecko) Chrome/118.0.0.0 Safari/537.36"
222.255.182.222 - - [02/Sep/2026:17:32:35 -0500] "GET /wp-admin/profile.php HTTP/1.1" 503 19284 "https://isthmuslegalandtax.com.pa/wp-login.php" "Mozilla/5.0 (Macintosh; Intel Mac OS X 13_6_1) AppleWebKit/537.36 (KHTML, like Gecko) Chrome/118.0.0.0 Safari/537.36"
222.255.182.222 - - [02/Sep/2026:17:32:39 -0500] "GET /wp-admin/edit.php HTTP/1.1" 503 19284 "https://isthmuslegalandtax.com.pa/wp-login.php" "Mozilla/5.0 (Macintosh; Intel Mac OS X 13_6_1) AppleWebKit/537.36 (KHTML, like Gecko) Chrome/118.0.0.0 Safari/537.36"
222.255.182.222 - - [02/Sep/2026:17:32:42 -0500] "GET /wp-admin/plugins.php HTTP/1.1" 503 19284 "https://isthmuslegalandtax.com.pa/wp-login.php" "Mozilla/5.0 (Macintosh; Intel Mac OS X 13_6_1) AppleWebKit/537.36 (KHTML, like Gecko) Chrome/118.0.0.0 Safari/537.36"
222.255.182.222 - - [02/Sep/2026:17:32:48 -0500] "POST /wp-login.php HTTP/1.1" 503 18282 "https://isthmuslegalandtax.com.pa/wp-login.php" "Mozilla/5.0 (Windows NT 10.0; Win64; x64; rv:118.0) Gecko/20100101 Firefox/118.0"
222.255.182.222 - - [02/Sep/2026:17:32:50 -0500] "GET /wp-admin/index.php HTTP/1.1" 503 19284 "https://isthmuslegalandtax.com.pa/wp-login.php" "Mozilla/5.0 (Macintosh; Intel Mac OS X 13_6_1) AppleWebKit/605.1.15 (KHTML, like Gecko) Version/16.6 Safari/605.1.15"
157.90.185.123 - - [02/Sep/2026:17:32:51 -0500] "POST /?wordfence_syncAttackData=1788388371.6525 HTTP/1.1" 200 - "-" "WordPress/7.1; https://isthmuslegalandtax.com.pa"
222.255.182.222 - - [02/Sep/2026:17:32:54 -0500] "GET /wp-admin/profile.php HTTP/1.1" 503 19284 "https://isthmuslegalandtax.com.pa/wp-login.php" "Mozilla/5.0 (Macintosh; Intel Mac OS X 13_6_1) AppleWebKit/605.1.15 (KHTML, like Gecko) Version/16.6 Safari/605.1.15"
222.255.182.222 - - [02/Sep/2026:17:32:56 -0500] "GET /wp-admin/edit.php HTTP/1.1" 503 19284 "https://isthmuslegalandtax.com.pa/wp-login.php" "Mozilla/5.0 (Macintosh; Intel Mac OS X 13_6_1) AppleWebKit/605.1.15 (KHTML, like Gecko) Version/16.6 Safari/605.1.15"
222.255.182.222 - - [02/Sep/2026:17:33:02 -0500] "GET /wp-admin/plugins.php HTTP/1.1" 503 19284 "https://isthmuslegalandtax.com.pa/wp-login.php" "Mozilla/5.0 (Macintosh; Intel Mac OS X 13_6_1) AppleWebKit/605.1.15 (KHTML, like Gecko) Version/16.6 Safari/605.1.15"
222.255.182.222 - - [02/Sep/2026:17:33:04 -0500] "POST /wp-login.php HTTP/1.1" 503 18282 "https://isthmuslegalandtax.com.pa/wp-login.php" "Mozilla/5.0 (Macintosh; Intel Mac OS X 10_15_7) AppleWebKit/537.36 (KHTML, like Gecko) Chrome/120.0.0.0 Safari/537.36"
222.255.182.222 - - [02/Sep/2026:17:33:12 -0500] "GET /wp-admin/profile.php HTTP/1.1" 503 19284 "https://isthmuslegalandtax.com.pa/wp-login.php" "Mozilla/5.0 (X11; Linux x86_64) AppleWebKit/537.36 (KHTML, like Gecko) Chrome/120.0.0.0 Safari/537.36"
157.90.185.123 - - [02/Sep/2026:17:33:12 -0500] "POST /?wordfence_syncAttackData=1788388392.7969 HTTP/1.1" 200 - "-" "WordPress/7.1; https://isthmuslegalandtax.com.pa"
222.255.182.222 - - [02/Sep/2026:17:33:16 -0500] "GET /wp-admin/edit.php HTTP/1.1" 503 19284 "https://isthmuslegalandtax.com.pa/wp-login.php" "Mozilla/5.0 (X11; Linux x86_64) AppleWebKit/537.36 (KHTML, like Gecko) Chrome/120.0.0.0 Safari/537.36"
222.255.182.222 - - [02/Sep/2026:17:33:20 -0500] "GET /wp-admin/plugins.php HTTP/1.1" 503 19284 "https://isthmuslegalandtax.com.pa/wp-login.php" "Mozilla/5.0 (X11; Linux x86_64) AppleWebKit/537.36 (KHTML, like Gecko) Chrome/120.0.0.0 Safari/537.36"
222.255.182.222 - - [02/Sep/2026:17:33:22 -0500] "POST /wp-login.php HTTP/1.1" 503 18282 "https://isthmuslegalandtax.com.pa/wp-login.php" "Mozilla/5.0 (Macintosh; Intel Mac OS X 10_15_7) AppleWebKit/605.1.15 (KHTML, like Gecko) Version/17.2 Safari/605.1.15"
157.90.185.123 - - [02/Sep/2026:17:33:26 -0500] "POST /?wordfence_syncAttackData=1788388406.2356 HTTP/1.1" 200 - "-" "WordPress/7.1; https://isthmuslegalandtax.com.pa"
222.255.182.222 - - [02/Sep/2026:17:33:25 -0500] "GET /wp-admin/index.php HTTP/1.1" 503 19284 "https://isthmuslegalandtax.com.pa/wp-login.php" "Mozilla/5.0 (X11; Linux x86_64) AppleWebKit/537.36 (KHTML, like Gecko) Chrome/118.0.0.0 Safari/537.36"
222.255.182.222 - - [02/Sep/2026:17:33:28 -0500] "GET /wp-admin/profile.php HTTP/1.1" 503 19284 "https://isthmuslegalandtax.com.pa/wp-login.php" "Mozilla/5.0 (X11; Linux x86_64) AppleWebKit/537.36 (KHTML, like Gecko) Chrome/118.0.0.0 Safari/537.36"
222.255.182.222 - - [02/Sep/2026:17:33:32 -0500] "GET /wp-admin/edit.php HTTP/1.1" 503 19284 "https://isthmuslegalandtax.com.pa/wp-login.php" "Mozilla/5.0 (X11; Linux x86_64) AppleWebKit/537.36 (KHTML, like Gecko) Chrome/118.0.0.0 Safari/537.36"
222.255.182.222 - - [02/Sep/2026:17:33:35 -0500] "GET /wp-admin/plugins.php HTTP/1.1" 503 19284 "https://isthmuslegalandtax.com.pa/wp-login.php" "Mozilla/5.0 (X11; Linux x86_64) AppleWebKit/537.36 (KHTML, like Gecko) Chrome/118.0.0.0 Safari/537.36"
222.255.182.222 - - [02/Sep/2026:17:33:38 -0500] "POST /wp-login.php HTTP/1.1" 503 18282 "https://isthmuslegalandtax.com.pa/wp-login.php" "Mozilla/5.0 (Macintosh; Intel Mac OS X 13_6_1; rv:118.0) Gecko/20100101 Firefox/118.0"
222.255.182.222 - - [02/Sep/2026:17:33:40 -0500] "GET /wp-admin/index.php HTTP/1.1" 503 19284 "https://isthmuslegalandtax.com.pa/wp-login.php" "Mozilla/5.0 (Macintosh; Intel Mac OS X 10_15_7) AppleWebKit/537.36 (KHTML, like Gecko) Chrome/121.0.0.0 Safari/537.36"
157.90.185.123 - - [02/Sep/2026:17:33:41 -0500] "POST /?wordfence_syncAttackData=1788388421.7237 HTTP/1.1" 200 - "-" "WordPress/7.1; https://isthmuslegalandtax.com.pa"
222.255.182.222 - - [02/Sep/2026:17:33:44 -0500] "GET /wp-admin/profile.php HTTP/1.1" 503 19284 "https://isthmuslegalandtax.com.pa/wp-login.php" "Mozilla/5.0 (Macintosh; Intel Mac OS X 10_15_7) AppleWebKit/537.36 (KHTML, like Gecko) Chrome/121.0.0.0 Safari/537.36"
222.255.182.222 - - [02/Sep/2026:17:33:54 -0500] "GET /wp-admin/edit.php HTTP/1.1" 503 19284 "https://isthmuslegalandtax.com.pa/wp-login.php" "Mozilla/5.0 (Macintosh; Intel Mac OS X 10_15_7) AppleWebKit/537.36 (KHTML, like Gecko) Chrome/121.0.0.0 Safari/537.36"
222.255.182.222 - - [02/Sep/2026:17:33:58 -0500] "GET /wp-admin/plugins.php HTTP/1.1" 503 19284 "https://isthmuslegalandtax.com.pa/wp-login.php" "Mozilla/5.0 (Macintosh; Intel Mac OS X 10_15_7) AppleWebKit/537.36 (KHTML, like Gecko) Chrome/121.0.0.0 Safari/537.36"
222.255.182.222 - - [02/Sep/2026:17:34:01 -0500] "POST /wp-login.php HTTP/1.1" 503 18282 "https://isthmuslegalandtax.com.pa/wp-login.php" "Mozilla/5.0 (X11; Linux x86_64) AppleWebKit/537.36 (KHTML, like Gecko) Chrome/120.0.0.0 Safari/537.36"
157.90.185.123 - - [02/Sep/2026:17:34:07 -0500] "POST /?wordfence_syncAttackData=1788388447.9455 HTTP/1.1" 200 - "-" "WordPress/7.1; https://isthmuslegalandtax.com.pa"
222.255.182.222 - - [02/Sep/2026:17:34:07 -0500] "GET /wp-admin/index.php HTTP/1.1" 503 19284 "https://isthmuslegalandtax.com.pa/wp-login.php" "Mozilla/5.0 (Macintosh; Intel Mac OS X 10_15_7) AppleWebKit/605.1.15 (KHTML, like Gecko) Version/16.6 Safari/605.1.15"
222.255.182.222 - - [02/Sep/2026:17:34:14 -0500] "GET /wp-admin/profile.php HTTP/1.1" 503 19284 "https://isthmuslegalandtax.com.pa/wp-login.php" "Mozilla/5.0 (Macintosh; Intel Mac OS X 10_15_7) AppleWebKit/605.1.15 (KHTML, like Gecko) Version/16.6 Safari/605.1.15"
222.255.182.222 - - [02/Sep/2026:17:34:17 -0500] "GET /wp-admin/edit.php HTTP/1.1" 503 19284 "https://isthmuslegalandtax.com.pa/wp-login.php" "Mozilla/5.0 (Macintosh; Intel Mac OS X 10_15_7) AppleWebKit/605.1.15 (KHTML, like Gecko) Version/16.6 Safari/605.1.15"
222.255.182.222 - - [02/Sep/2026:17:34:24 -0500] "GET /wp-admin/plugins.php HTTP/1.1" 503 19284 "https://isthmuslegalandtax.com.pa/wp-login.php" "Mozilla/5.0 (Macintosh; Intel Mac OS X 10_15_7) AppleWebKit/605.1.15 (KHTML, like Gecko) Version/16.6 Safari/605.1.15"
222.255.182.222 - - [02/Sep/2026:17:34:30 -0500] "POST /wp-login.php HTTP/1.1" 503 18282 "https://isthmuslegalandtax.com.pa/wp-login.php" "Mozilla/5.0 (Macintosh; Intel Mac OS X 13_6_1) AppleWebKit/537.36 (KHTML, like Gecko) Chrome/118.0.0.0 Safari/537.36"
157.90.185.123 - - [02/Sep/2026:17:34:34 -0500] "POST /?wordfence_syncAttackData=1788388474.9388 HTTP/1.1" 200 - "-" "WordPress/7.1; https://isthmuslegalandtax.com.pa"
222.255.182.222 - - [02/Sep/2026:17:34:34 -0500] "GET /wp-admin/index.php HTTP/1.1" 503 19284 "https://isthmuslegalandtax.com.pa/wp-login.php" "Mozilla/5.0 (Macintosh; Intel Mac OS X 13_6_1) AppleWebKit/605.1.15 (KHTML, like Gecko) Version/17.1 Safari/605.1.15"
222.255.182.222 - - [02/Sep/2026:17:34:38 -0500] "GET /wp-admin/profile.php HTTP/1.1" 503 19284 "https://isthmuslegalandtax.com.pa/wp-login.php" "Mozilla/5.0 (Macintosh; Intel Mac OS X 13_6_1) AppleWebKit/605.1.15 (KHTML, like Gecko) Version/17.1 Safari/605.1.15"
222.255.182.222 - - [02/Sep/2026:17:34:40 -0500] "GET /wp-admin/edit.php HTTP/1.1" 503 19284 "https://isthmuslegalandtax.com.pa/wp-login.php" "Mozilla/5.0 (Macintosh; Intel Mac OS X 13_6_1) AppleWebKit/605.1.15 (KHTML, like Gecko) Version/17.1 Safari/605.1.15"
222.255.182.222 - - [02/Sep/2026:17:34:43 -0500] "GET /wp-admin/plugins.php HTTP/1.1" 503 19284 "https://isthmuslegalandtax.com.pa/wp-login.php" "Mozilla/5.0 (Macintosh; Intel Mac OS X 13_6_1) AppleWebKit/605.1.15 (KHTML, like Gecko) Version/17.1 Safari/605.1.15"
222.255.182.222 - - [02/Sep/2026:17:34:45 -0500] "POST /wp-login.php HTTP/1.1" 503 18282 "https://isthmuslegalandtax.com.pa/wp-login.php" "Mozilla/5.0 (Windows NT 10.0; Win64; x64; rv:120.0) Gecko/20100101 Firefox/120.0"
222.255.182.222 - - [02/Sep/2026:17:34:52 -0500] "GET /wp-admin/index.php HTTP/1.1" 503 19284 "https://isthmuslegalandtax.com.pa/wp-login.php" "Mozilla/5.0 (Macintosh; Intel Mac OS X 13_6_1) AppleWebKit/605.1.15 (KHTML, like Gecko) Version/17.1 Safari/605.1.15"
157.90.185.123 - - [02/Sep/2026:17:34:53 -0500] "POST /?wordfence_syncAttackData=1788388493.188 HTTP/1.1" 200 - "-" "WordPress/7.1; https://isthmuslegalandtax.com.pa"
222.255.182.222 - - [02/Sep/2026:17:34:55 -0500] "GET /wp-admin/profile.php HTTP/1.1" 503 19284 "https://isthmuslegalandtax.com.pa/wp-login.php" "Mozilla/5.0 (Macintosh; Intel Mac OS X 13_6_1) AppleWebKit/605.1.15 (KHTML, like Gecko) Version/17.1 Safari/605.1.15"
222.255.182.222 - - [02/Sep/2026:17:34:58 -0500] "GET /wp-admin/edit.php HTTP/1.1" 503 19284 "https://isthmuslegalandtax.com.pa/wp-login.php" "Mozilla/5.0 (Macintosh; Intel Mac OS X 13_6_1) AppleWebKit/605.1.15 (KHTML, like Gecko) Version/17.1 Safari/605.1.15"
222.255.182.222 - - [02/Sep/2026:17:35:05 -0500] "GET /wp-admin/plugins.php HTTP/1.1" 503 19284 "https://isthmuslegalandtax.com.pa/wp-login.php" "Mozilla/5.0 (Macintosh; Intel Mac OS X 13_6_1) AppleWebKit/605.1.15 (KHTML, like Gecko) Version/17.1 Safari/605.1.15"
222.255.182.222 - - [02/Sep/2026:17:35:09 -0500] "POST /wp-login.php HTTP/1.1" 503 18282 "https://isthmuslegalandtax.com.pa/wp-login.php" "Mozilla/5.0 (Macintosh; Intel Mac OS X 13_6_1) AppleWebKit/537.36 (KHTML, like Gecko) Chrome/119.0.0.0 Safari/537.36"
157.90.185.123 - - [02/Sep/2026:17:35:15 -0500] "POST /?wordfence_syncAttackData=1788388515.7824 HTTP/1.1" 200 - "-" "WordPress/7.1; https://isthmuslegalandtax.com.pa"
222.255.182.222 - - [02/Sep/2026:17:35:15 -0500] "GET /wp-admin/index.php HTTP/1.1" 503 19284 "https://isthmuslegalandtax.com.pa/wp-login.php" "Mozilla/5.0 (Macintosh; Intel Mac OS X 10_15_7) AppleWebKit/537.36 (KHTML, like Gecko) Chrome/120.0.0.0 Safari/537.36"
222.255.182.222 - - [02/Sep/2026:17:35:22 -0500] "GET /wp-admin/profile.php HTTP/1.1" 503 19284 "https://isthmuslegalandtax.com.pa/wp-login.php" "Mozilla/5.0 (Macintosh; Intel Mac OS X 10_15_7) AppleWebKit/537.36 (KHTML, like Gecko) Chrome/120.0.0.0 Safari/537.36"
222.255.182.222 - - [02/Sep/2026:17:35:25 -0500] "GET /wp-admin/edit.php HTTP/1.1" 503 19284 "https://isthmuslegalandtax.com.pa/wp-login.php" "Mozilla/5.0 (Macintosh; Intel Mac OS X 10_15_7) AppleWebKit/537.36 (KHTML, like Gecko) Chrome/120.0.0.0 Safari/537.36"
222.255.182.222 - - [02/Sep/2026:17:35:35 -0500] "GET /wp-admin/plugins.php HTTP/1.1" 503 19284 "https://isthmuslegalandtax.com.pa/wp-login.php" "Mozilla/5.0 (Macintosh; Intel Mac OS X 10_15_7) AppleWebKit/537.36 (KHTML, like Gecko) Chrome/120.0.0.0 Safari/537.36"
222.255.182.222 - - [02/Sep/2026:17:35:37 -0500] "POST /wp-login.php HTTP/1.1" 503 18282 "https://isthmuslegalandtax.com.pa/wp-login.php" "Mozilla/5.0 (Windows NT 11.0; Win64; x64; rv:119.0) Gecko/20100101 Firefox/119.0"
157.90.185.123 - - [02/Sep/2026:17:35:40 -0500] "POST /?wordfence_syncAttackData=1788388540.6201 HTTP/1.1" 200 - "-" "WordPress/7.1; https://isthmuslegalandtax.com.pa"
222.255.182.222 - - [02/Sep/2026:17:35:39 -0500] "GET /wp-admin/index.php HTTP/1.1" 503 19284 "https://isthmuslegalandtax.com.pa/wp-login.php" "Mozilla/5.0 (Macintosh; Intel Mac OS X 13_6_1; rv:119.0) Gecko/20100101 Firefox/119.0"
222.255.182.222 - - [02/Sep/2026:17:35:43 -0500] "GET /wp-admin/profile.php HTTP/1.1" 503 19284 "https://isthmuslegalandtax.com.pa/wp-login.php" "Mozilla/5.0 (Macintosh; Intel Mac OS X 13_6_1; rv:119.0) Gecko/20100101 Firefox/119.0"
222.255.182.222 - - [02/Sep/2026:17:35:47 -0500] "GET /wp-admin/edit.php HTTP/1.1" 503 19284 "https://isthmuslegalandtax.com.pa/wp-login.php" "Mozilla/5.0 (Macintosh; Intel Mac OS X 13_6_1; rv:119.0) Gecko/20100101 Firefox/119.0"
222.255.182.222 - - [02/Sep/2026:17:35:53 -0500] "GET /wp-admin/plugins.php HTTP/1.1" 503 19284 "https://isthmuslegalandtax.com.pa/wp-login.php" "Mozilla/5.0 (Macintosh; Intel Mac OS X 13_6_1; rv:119.0) Gecko/20100101 Firefox/119.0"
222.255.182.222 - - [02/Sep/2026:17:36:01 -0500] "POST /wp-login.php HTTP/1.1" 503 18282 "https://isthmuslegalandtax.com.pa/wp-login.php" "Mozilla/5.0 (Windows NT 11.0; Win64; x64; rv:119.0) Gecko/20100101 Firefox/119.0"
222.255.182.222 - - [02/Sep/2026:17:36:12 -0500] "GET /wp-admin/index.php HTTP/1.1" 503 19284 "https://isthmuslegalandtax.com.pa/wp-login.php" "Mozilla/5.0 (Macintosh; Intel Mac OS X 10_15_7) AppleWebKit/605.1.15 (KHTML, like Gecko) Version/16.6 Safari/605.1.15"
157.90.185.123 - - [02/Sep/2026:17:36:13 -0500] "POST /?wordfence_syncAttackData=1788388573.6785 HTTP/1.1" 200 - "-" "WordPress/7.1; https://isthmuslegalandtax.com.pa"
222.255.182.222 - - [02/Sep/2026:17:36:19 -0500] "GET /wp-admin/profile.php HTTP/1.1" 503 19284 "https://isthmuslegalandtax.com.pa/wp-login.php" "Mozilla/5.0 (Macintosh; Intel Mac OS X 10_15_7) AppleWebKit/605.1.15 (KHTML, like Gecko) Version/16.6 Safari/605.1.15"
216.73.161.166 - - [02/Sep/2026:17:36:19 -0500] "POST /wp-login.php HTTP/1.1" 503 19284 "-" "Mozilla/5.0 (Windows NT 10.0; Win64; x64) AppleWebKit/537.36 Chrome/129.0.0.0 Safari/537.36"
222.255.182.222 - - [02/Sep/2026:17:36:24 -0500] "GET /wp-admin/edit.php HTTP/1.1" 503 19284 "https://isthmuslegalandtax.com.pa/wp-login.php" "Mozilla/5.0 (Macintosh; Intel Mac OS X 10_15_7) AppleWebKit/605.1.15 (KHTML, like Gecko) Version/16.6 Safari/605.1.15"
222.255.182.222 - - [02/Sep/2026:17:36:26 -0500] "GET /wp-admin/plugins.php HTTP/1.1" 503 19284 "https://isthmuslegalandtax.com.pa/wp-login.php" "Mozilla/5.0 (Macintosh; Intel Mac OS X 10_15_7) AppleWebKit/605.1.15 (KHTML, like Gecko) Version/16.6 Safari/605.1.15"
222.255.182.222 - - [02/Sep/2026:17:36:28 -0500] "POST /wp-login.php HTTP/1.1" 503 18282 "https://isthmuslegalandtax.com.pa/wp-login.php" "Mozilla/5.0 (X11; Linux x86_64) AppleWebKit/537.36 (KHTML, like Gecko) Chrome/121.0.0.0 Safari/537.36"
157.90.185.123 - - [02/Sep/2026:17:36:33 -0500] "POST /?wordfence_syncAttackData=1788388593.7732 HTTP/1.1" 200 - "-" "WordPress/7.1; https://isthmuslegalandtax.com.pa"
222.255.182.222 - - [02/Sep/2026:17:36:32 -0500] "GET /wp-admin/index.php HTTP/1.1" 503 19284 "https://isthmuslegalandtax.com.pa/wp-login.php" "Mozilla/5.0 (Windows NT 11.0; Win64; x64) AppleWebKit/537.36 (KHTML, like Gecko) Chrome/121.0.0.0 Safari/537.36"
222.255.182.222 - - [02/Sep/2026:17:36:36 -0500] "GET /wp-admin/profile.php HTTP/1.1" 503 19284 "https://isthmuslegalandtax.com.pa/wp-login.php" "Mozilla/5.0 (Windows NT 11.0; Win64; x64) AppleWebKit/537.36 (KHTML, like Gecko) Chrome/121.0.0.0 Safari/537.36"
222.255.182.222 - - [02/Sep/2026:17:36:39 -0500] "GET /wp-admin/edit.php HTTP/1.1" 503 19284 "https://isthmuslegalandtax.com.pa/wp-login.php" "Mozilla/5.0 (Windows NT 11.0; Win64; x64) AppleWebKit/537.36 (KHTML, like Gecko) Chrome/121.0.0.0 Safari/537.36"
222.255.182.222 - - [02/Sep/2026:17:36:44 -0500] "GET /wp-admin/plugins.php HTTP/1.1" 503 19284 "https://isthmuslegalandtax.com.pa/wp-login.php" "Mozilla/5.0 (Windows NT 11.0; Win64; x64) AppleWebKit/537.36 (KHTML, like Gecko) Chrome/121.0.0.0 Safari/537.36"
222.255.182.222 - - [02/Sep/2026:17:36:47 -0500] "POST /wp-login.php HTTP/1.1" 503 18282 "https://isthmuslegalandtax.com.pa/wp-login.php" "Mozilla/5.0 (Macintosh; Intel Mac OS X 13_6_1) AppleWebKit/537.36 (KHTML, like Gecko) Chrome/119.0.0.0 Safari/537.36"
222.255.182.222 - - [02/Sep/2026:17:36:53 -0500] "GET /wp-admin/profile.php HTTP/1.1" 503 19284 "https://isthmuslegalandtax.com.pa/wp-login.php" "Mozilla/5.0 (Macintosh; Intel Mac OS X 10_15_7) AppleWebKit/537.36 (KHTML, like Gecko) Chrome/119.0.0.0 Safari/537.36"
157.90.185.123 - - [02/Sep/2026:17:36:54 -0500] "POST /?wordfence_syncAttackData=1788388614.635 HTTP/1.1" 200 - "-" "WordPress/7.1; https://isthmuslegalandtax.com.pa"
