161.118.199.50 - - [01/Sep/2026:18:22:29 -0500] "GET /wp-admin/index.php HTTP/1.1" 503 19284 "https://isthmuslegalandtax.com.pa/wp-login.php" "Mozilla/5.0 (Macintosh; Intel Mac OS X 10_15_7) AppleWebKit/605.1.15 (KHTML, like Gecko) Version/14.1.1 Safari/605.1.15"
161.118.199.50 - - [01/Sep/2026:18:22:31 -0500] "POST /wp-login.php HTTP/1.1" 503 18282 "https://isthmuslegalandtax.com.pa/wp-login.php" "Mozilla/5.0 (X11; Linux x86_64) AppleWebKit/537.36 (KHTML, like Gecko) Chrome/93.0.4577.63 Safari/537.36"
161.118.199.50 - - [01/Sep/2026:18:22:33 -0500] "GET /wp-admin/index.php HTTP/1.1" 503 19284 "https://isthmuslegalandtax.com.pa/wp-login.php" "Mozilla/5.0 (Windows NT 10.0; Win64; x64) AppleWebKit/537.36 (KHTML, like Gecko) Chrome/93.0.4577.63 Safari/537.36"
161.118.199.50 - - [01/Sep/2026:18:22:35 -0500] "GET /wp-admin/index.php HTTP/1.1" 503 19284 "https://isthmuslegalandtax.com.pa/wp-login.php" "Mozilla/5.0 (Windows NT 10.0; Win64; x64) AppleWebKit/537.36 (KHTML, like Gecko) Chrome/93.0.4577.63 Safari/537.36"
161.118.199.50 - - [01/Sep/2026:18:22:37 -0500] "POST /wp-login.php HTTP/1.1" 503 18282 "https://isthmuslegalandtax.com.pa/wp-login.php" "Mozilla/5.0 (X11; Linux x86_64; rv:89.0) Gecko/20100101 Firefox/89.0.2"
157.90.185.123 - - [01/Sep/2026:18:22:40 -0500] "POST /?wordfence_syncAttackData=1788304960.1198 HTTP/1.1" 200 - "-" "WordPress/7.1; https://isthmuslegalandtax.com.pa"
161.118.199.50 - - [01/Sep/2026:18:22:39 -0500] "GET /wp-admin/index.php HTTP/1.1" 503 19284 "https://isthmuslegalandtax.com.pa/wp-login.php" "Mozilla/5.0 (Macintosh; Intel Mac OS X 10_15_7) AppleWebKit/537.36 (KHTML, like Gecko) Chrome/90.0.4430.212 Safari/537.36"
161.118.199.50 - - [01/Sep/2026:18:22:42 -0500] "GET /wp-admin/index.php HTTP/1.1" 503 19284 "https://isthmuslegalandtax.com.pa/wp-login.php" "Mozilla/5.0 (Macintosh; Intel Mac OS X 10_15_7) AppleWebKit/537.36 (KHTML, like Gecko) Chrome/90.0.4430.212 Safari/537.36"
161.118.199.50 - - [01/Sep/2026:18:22:44 -0500] "POST /wp-login.php HTTP/1.1" 503 18282 "https://isthmuslegalandtax.com.pa/wp-login.php" "Mozilla/5.0 (Windows NT 6.1; Win64; x64) AppleWebKit/537.36 (KHTML, like Gecko) Chrome/92.0.4515.131 Safari/537.36"
161.118.199.50 - - [01/Sep/2026:18:22:46 -0500] "GET /wp-admin/index.php HTTP/1.1" 503 19284 "https://isthmuslegalandtax.com.pa/wp-login.php" "Mozilla/5.0 (X11; Linux x86_64; rv:92.0) Gecko/20100101 Firefox/92.0"
161.118.199.50 - - [01/Sep/2026:18:22:47 -0500] "GET /wp-admin/index.php HTTP/1.1" 503 19284 "https://isthmuslegalandtax.com.pa/wp-login.php" "Mozilla/5.0 (X11; Linux x86_64; rv:92.0) Gecko/20100101 Firefox/92.0"
161.118.199.50 - - [01/Sep/2026:18:22:49 -0500] "POST /wp-login.php HTTP/1.1" 503 18282 "https://isthmuslegalandtax.com.pa/wp-login.php" "Mozilla/5.0 (Windows NT 6.1; Win64; x64) AppleWebKit/537.36 (KHTML, like Gecko) Chrome/90.0.4430.212 Safari/537.36"
157.90.185.123 - - [01/Sep/2026:18:22:52 -0500] "POST /?wordfence_syncAttackData=1788304972.4914 HTTP/1.1" 200 - "-" "WordPress/7.1; https://isthmuslegalandtax.com.pa"
161.118.199.50 - - [01/Sep/2026:18:22:51 -0500] "GET /wp-admin/index.php HTTP/1.1" 503 19284 "https://isthmuslegalandtax.com.pa/wp-login.php" "Mozilla/5.0 (Macintosh; Intel Mac OS X 10_15_7) AppleWebKit/605.1.15 (KHTML, like Gecko) Version/14.0.3 Safari/605.1.15"
161.118.199.50 - - [01/Sep/2026:18:22:54 -0500] "GET /wp-admin/index.php HTTP/1.1" 503 19284 "https://isthmuslegalandtax.com.pa/wp-login.php" "Mozilla/5.0 (Macintosh; Intel Mac OS X 10_15_7) AppleWebKit/605.1.15 (KHTML, like Gecko) Version/14.0.3 Safari/605.1.15"
161.118.199.50 - - [01/Sep/2026:18:22:56 -0500] "POST /wp-login.php HTTP/1.1" 503 18282 "https://isthmuslegalandtax.com.pa/wp-login.php" "Mozilla/5.0 (Macintosh; Intel Mac OS X 10_15_7) AppleWebKit/605.1.15 (KHTML, like Gecko) Version/15.0 Safari/605.1.15"
161.118.199.50 - - [01/Sep/2026:18:22:58 -0500] "GET /wp-admin/index.php HTTP/1.1" 503 19284 "https://isthmuslegalandtax.com.pa/wp-login.php" "Mozilla/5.0 (Windows NT 10.0; Win64; x64) AppleWebKit/605.1.15 (KHTML, like Gecko) Version/14.1 Safari/605.1.15"
161.118.199.50 - - [01/Sep/2026:18:23:00 -0500] "GET /wp-admin/index.php HTTP/1.1" 503 19284 "https://isthmuslegalandtax.com.pa/wp-login.php" "Mozilla/5.0 (Windows NT 10.0; Win64; x64) AppleWebKit/605.1.15 (KHTML, like Gecko) Version/14.1 Safari/605.1.15"
161.118.199.50 - - [01/Sep/2026:18:23:02 -0500] "POST /wp-login.php HTTP/1.1" 503 18282 "https://isthmuslegalandtax.com.pa/wp-login.php" "Mozilla/5.0 (Windows NT 10.0; Win64; x64; rv:91.0) Gecko/20100101 Firefox/91.0"
157.90.185.123 - - [01/Sep/2026:18:23:04 -0500] "POST /?wordfence_syncAttackData=1788304984.8879 HTTP/1.1" 200 - "-" "WordPress/7.1; https://isthmuslegalandtax.com.pa"
161.118.199.50 - - [01/Sep/2026:18:23:04 -0500] "GET /wp-admin/index.php HTTP/1.1" 503 19284 "https://isthmuslegalandtax.com.pa/wp-login.php" "Mozilla/5.0 (Macintosh; Intel Mac OS X 10_15_7) AppleWebKit/605.1.15 (KHTML, like Gecko) Version/14.1 Safari/605.1.15"
161.118.199.50 - - [01/Sep/2026:18:23:07 -0500] "GET /wp-admin/index.php HTTP/1.1" 503 19284 "https://isthmuslegalandtax.com.pa/wp-login.php" "Mozilla/5.0 (Macintosh; Intel Mac OS X 10_15_7) AppleWebKit/605.1.15 (KHTML, like Gecko) Version/14.1 Safari/605.1.15"
161.118.199.50 - - [01/Sep/2026:18:23:09 -0500] "POST /wp-login.php HTTP/1.1" 503 18282 "https://isthmuslegalandtax.com.pa/wp-login.php" "Mozilla/5.0 (Windows NT 10.0; Win64; x64) AppleWebKit/537.36 (KHTML, like Gecko) Chrome/90.0.4430.212 Safari/537.36"
161.118.199.50 - - [01/Sep/2026:18:23:10 -0500] "GET /wp-admin/index.php HTTP/1.1" 503 19284 "https://isthmuslegalandtax.com.pa/wp-login.php" "Mozilla/5.0 (X11; Linux x86_64) AppleWebKit/537.36 (KHTML, like Gecko) Chrome/93.0.4577.63 Safari/537.36"
161.118.199.50 - - [01/Sep/2026:18:23:12 -0500] "GET /wp-admin/index.php HTTP/1.1" 503 19284 "https://isthmuslegalandtax.com.pa/wp-login.php" "Mozilla/5.0 (X11; Linux x86_64) AppleWebKit/537.36 (KHTML, like Gecko) Chrome/93.0.4577.63 Safari/537.36"
161.118.199.50 - - [01/Sep/2026:18:23:14 -0500] "POST /wp-login.php HTTP/1.1" 503 18282 "https://isthmuslegalandtax.com.pa/wp-login.php" "Mozilla/5.0 (Macintosh; Intel Mac OS X 10_15_7) AppleWebKit/605.1.15 (KHTML, like Gecko) Version/14.1.2 Safari/605.1.15"
157.90.185.123 - - [01/Sep/2026:18:23:17 -0500] "POST /?wordfence_syncAttackData=1788304997.3682 HTTP/1.1" 200 - "-" "WordPress/7.1; https://isthmuslegalandtax.com.pa"
161.118.199.50 - - [01/Sep/2026:18:23:16 -0500] "GET /wp-admin/index.php HTTP/1.1" 503 19284 "https://isthmuslegalandtax.com.pa/wp-login.php" "Mozilla/5.0 (Macintosh; Intel Mac OS X 10_15_7) AppleWebKit/605.1.15 (KHTML, like Gecko) Version/15.0 Safari/605.1.15"
161.118.199.50 - - [01/Sep/2026:18:23:19 -0500] "GET /wp-admin/index.php HTTP/1.1" 503 19284 "https://isthmuslegalandtax.com.pa/wp-login.php" "Mozilla/5.0 (Macintosh; Intel Mac OS X 10_15_7) AppleWebKit/605.1.15 (KHTML, like Gecko) Version/15.0 Safari/605.1.15"
161.118.199.50 - - [01/Sep/2026:18:23:21 -0500] "POST /wp-login.php HTTP/1.1" 503 18282 "https://isthmuslegalandtax.com.pa/wp-login.php" "Mozilla/5.0 (Windows NT 6.1; Win64; x64; rv:93.0) Gecko/20100101 Firefox/93.0"
161.118.199.50 - - [01/Sep/2026:18:23:23 -0500] "GET /wp-admin/index.php HTTP/1.1" 503 19284 "https://isthmuslegalandtax.com.pa/wp-login.php" "Mozilla/5.0 (Windows NT 10.0; Win64; x64) AppleWebKit/605.1.15 (KHTML, like Gecko) Version/15.0 Safari/605.1.15"
161.118.199.50 - - [01/Sep/2026:18:23:25 -0500] "GET /wp-admin/index.php HTTP/1.1" 503 19284 "https://isthmuslegalandtax.com.pa/wp-login.php" "Mozilla/5.0 (Windows NT 10.0; Win64; x64) AppleWebKit/605.1.15 (KHTML, like Gecko) Version/15.0 Safari/605.1.15"
161.118.199.50 - - [01/Sep/2026:18:23:27 -0500] "POST /wp-login.php HTTP/1.1" 503 18282 "https://isthmuslegalandtax.com.pa/wp-login.php" "Mozilla/5.0 (Macintosh; Intel Mac OS X 10_15_7) AppleWebKit/605.1.15 (KHTML, like Gecko) Version/14.1 Safari/605.1.15"
157.90.185.123 - - [01/Sep/2026:18:23:29 -0500] "POST /?wordfence_syncAttackData=1788305009.7925 HTTP/1.1" 200 - "-" "WordPress/7.1; https://isthmuslegalandtax.com.pa"
161.118.199.50 - - [01/Sep/2026:18:23:29 -0500] "GET /wp-admin/index.php HTTP/1.1" 503 19284 "https://isthmuslegalandtax.com.pa/wp-login.php" "Mozilla/5.0 (Macintosh; Intel Mac OS X 10_15_7) AppleWebKit/605.1.15 (KHTML, like Gecko) Version/14.1.1 Safari/605.1.15"
161.118.199.50 - - [01/Sep/2026:18:23:32 -0500] "GET /wp-admin/index.php HTTP/1.1" 503 19284 "https://isthmuslegalandtax.com.pa/wp-login.php" "Mozilla/5.0 (Macintosh; Intel Mac OS X 10_15_7) AppleWebKit/605.1.15 (KHTML, like Gecko) Version/14.1.1 Safari/605.1.15"
161.118.199.50 - - [01/Sep/2026:18:23:33 -0500] "POST /wp-login.php HTTP/1.1" 503 18282 "https://isthmuslegalandtax.com.pa/wp-login.php" "Mozilla/5.0 (Macintosh; Intel Mac OS X 10_15_7) AppleWebKit/537.36 (KHTML, like Gecko) Chrome/90.0.4430.212 Safari/537.36"
161.118.199.50 - - [01/Sep/2026:18:23:35 -0500] "GET /wp-admin/index.php HTTP/1.1" 503 19284 "https://isthmuslegalandtax.com.pa/wp-login.php" "Mozilla/5.0 (Windows NT 10.0; Win64; x64) AppleWebKit/537.36 (KHTML, like Gecko) Chrome/91.0.4472.124 Safari/537.36"
161.118.199.50 - - [01/Sep/2026:18:23:37 -0500] "GET /wp-admin/index.php HTTP/1.1" 503 19284 "https://isthmuslegalandtax.com.pa/wp-login.php" "Mozilla/5.0 (Windows NT 10.0; Win64; x64) AppleWebKit/537.36 (KHTML, like Gecko) Chrome/91.0.4472.124 Safari/537.36"
161.118.199.50 - - [01/Sep/2026:18:23:39 -0500] "POST /wp-login.php HTTP/1.1" 503 18282 "https://isthmuslegalandtax.com.pa/wp-login.php" "Mozilla/5.0 (Macintosh; Intel Mac OS X 10_15_7) AppleWebKit/605.1.15 (KHTML, like Gecko) Version/14.1 Safari/605.1.15"
157.90.185.123 - - [01/Sep/2026:18:23:42 -0500] "POST /?wordfence_syncAttackData=1788305022.4817 HTTP/1.1" 200 - "-" "WordPress/7.1; https://isthmuslegalandtax.com.pa"
161.118.199.50 - - [01/Sep/2026:18:23:41 -0500] "GET /wp-admin/index.php HTTP/1.1" 503 19284 "https://isthmuslegalandtax.com.pa/wp-login.php" "Mozilla/5.0 (X11; Linux x86_64) AppleWebKit/537.36 (KHTML, like Gecko) Chrome/94.0.4606.71 Safari/537.36"
161.118.199.50 - - [01/Sep/2026:18:23:44 -0500] "GET /wp-admin/index.php HTTP/1.1" 503 19284 "https://isthmuslegalandtax.com.pa/wp-login.php" "Mozilla/5.0 (X11; Linux x86_64) AppleWebKit/537.36 (KHTML, like Gecko) Chrome/94.0.4606.71 Safari/537.36"
161.118.199.50 - - [01/Sep/2026:18:23:46 -0500] "POST /wp-login.php HTTP/1.1" 503 18282 "https://isthmuslegalandtax.com.pa/wp-login.php" "Mozilla/5.0 (Windows NT 10.0; Win64; x64) AppleWebKit/605.1.15 (KHTML, like Gecko) Version/14.1.2 Safari/605.1.15"
161.118.199.50 - - [01/Sep/2026:18:23:48 -0500] "GET /wp-admin/index.php HTTP/1.1" 503 19284 "https://isthmuslegalandtax.com.pa/wp-login.php" "Mozilla/5.0 (Macintosh; Intel Mac OS X 10_15_7) AppleWebKit/537.36 (KHTML, like Gecko) Chrome/90.0.4430.212 Safari/537.36"
161.118.199.50 - - [01/Sep/2026:18:23:50 -0500] "GET /wp-admin/index.php HTTP/1.1" 503 19284 "https://isthmuslegalandtax.com.pa/wp-login.php" "Mozilla/5.0 (Macintosh; Intel Mac OS X 10_15_7) AppleWebKit/537.36 (KHTML, like Gecko) Chrome/90.0.4430.212 Safari/537.36"
161.118.199.50 - - [01/Sep/2026:18:23:52 -0500] "POST /wp-login.php HTTP/1.1" 503 18282 "https://isthmuslegalandtax.com.pa/wp-login.php" "Mozilla/5.0 (Macintosh; Intel Mac OS X 10_15_7) AppleWebKit/605.1.15 (KHTML, like Gecko) Version/14.1 Safari/605.1.15"
161.118.199.50 - - [01/Sep/2026:18:23:54 -0500] "GET /wp-admin/index.php HTTP/1.1" 503 19284 "https://isthmuslegalandtax.com.pa/wp-login.php" "Mozilla/5.0 (Windows NT 10.0; Win64; x64) AppleWebKit/537.36 (KHTML, like Gecko) Chrome/93.0.4577.63 Safari/537.36"
157.90.185.123 - - [01/Sep/2026:18:23:55 -0500] "POST /?wordfence_syncAttackData=1788305035.3926 HTTP/1.1" 200 - "-" "WordPress/7.1; https://isthmuslegalandtax.com.pa"
161.118.199.50 - - [01/Sep/2026:18:23:57 -0500] "GET /wp-admin/index.php HTTP/1.1" 503 19284 "https://isthmuslegalandtax.com.pa/wp-login.php" "Mozilla/5.0 (Windows NT 10.0; Win64; x64) AppleWebKit/537.36 (KHTML, like Gecko) Chrome/93.0.4577.63 Safari/537.36"
161.118.199.50 - - [01/Sep/2026:18:24:00 -0500] "POST /wp-login.php HTTP/1.1" 503 18282 "https://isthmuslegalandtax.com.pa/wp-login.php" "Mozilla/5.0 (Windows NT 10.0; Win64; x64) AppleWebKit/605.1.15 (KHTML, like Gecko) Version/14.1.2 Safari/605.1.15"
161.118.199.50 - - [01/Sep/2026:18:24:01 -0500] "GET /wp-admin/index.php HTTP/1.1" 503 19284 "https://isthmuslegalandtax.com.pa/wp-login.php" "Mozilla/5.0 (Macintosh; Intel Mac OS X 10_15_7) AppleWebKit/537.36 (KHTML, like Gecko) Chrome/93.0.4577.63 Safari/537.36"
161.118.199.50 - - [01/Sep/2026:18:24:03 -0500] "GET /wp-admin/index.php HTTP/1.1" 503 19284 "https://isthmuslegalandtax.com.pa/wp-login.php" "Mozilla/5.0 (Macintosh; Intel Mac OS X 10_15_7) AppleWebKit/537.36 (KHTML, like Gecko) Chrome/93.0.4577.63 Safari/537.36"
161.118.199.50 - - [01/Sep/2026:18:24:05 -0500] "POST /wp-login.php HTTP/1.1" 503 18282 "https://isthmuslegalandtax.com.pa/wp-login.php" "Mozilla/5.0 (Windows NT 10.0; Win64; x64) AppleWebKit/537.36 (KHTML, like Gecko) Chrome/92.0.4515.131 Safari/537.36"
157.90.185.123 - - [01/Sep/2026:18:24:08 -0500] "POST /?wordfence_syncAttackData=1788305048.2002 HTTP/1.1" 200 - "-" "WordPress/7.1; https://isthmuslegalandtax.com.pa"
161.118.199.50 - - [01/Sep/2026:18:24:07 -0500] "GET /wp-admin/index.php HTTP/1.1" 503 19284 "https://isthmuslegalandtax.com.pa/wp-login.php" "Mozilla/5.0 (Windows NT 10.0; Win64; x64) AppleWebKit/605.1.15 (KHTML, like Gecko) Version/14.0.3 Safari/605.1.15"
161.118.199.50 - - [01/Sep/2026:18:24:10 -0500] "GET /wp-admin/index.php HTTP/1.1" 503 19284 "https://isthmuslegalandtax.com.pa/wp-login.php" "Mozilla/5.0 (Windows NT 10.0; Win64; x64) AppleWebKit/605.1.15 (KHTML, like Gecko) Version/14.0.3 Safari/605.1.15"
161.118.199.50 - - [01/Sep/2026:18:24:12 -0500] "POST /wp-login.php HTTP/1.1" 503 18282 "https://isthmuslegalandtax.com.pa/wp-login.php" "Mozilla/5.0 (Windows NT 10.0; Win64; x64) AppleWebKit/537.36 (KHTML, like Gecko) Chrome/94.0.4606.71 Safari/537.36"
161.118.199.50 - - [01/Sep/2026:18:24:14 -0500] "GET /wp-admin/index.php HTTP/1.1" 503 19284 "https://isthmuslegalandtax.com.pa/wp-login.php" "Mozilla/5.0 (Macintosh; Intel Mac OS X 10_15_7) AppleWebKit/605.1.15 (KHTML, like Gecko) Version/14.0.3 Safari/605.1.15"
161.118.199.50 - - [01/Sep/2026:18:24:16 -0500] "GET /wp-admin/index.php HTTP/1.1" 503 19284 "https://isthmuslegalandtax.com.pa/wp-login.php" "Mozilla/5.0 (Macintosh; Intel Mac OS X 10_15_7) AppleWebKit/605.1.15 (KHTML, like Gecko) Version/14.0.3 Safari/605.1.15"
161.118.199.50 - - [01/Sep/2026:18:24:18 -0500] "POST /wp-login.php HTTP/1.1" 503 18282 "https://isthmuslegalandtax.com.pa/wp-login.php" "Mozilla/5.0 (X11; Linux x86_64) AppleWebKit/537.36 (KHTML, like Gecko) Chrome/92.0.4515.131 Safari/537.36"
157.90.185.123 - - [01/Sep/2026:18:24:20 -0500] "POST /?wordfence_syncAttackData=1788305060.43 HTTP/1.1" 200 - "-" "WordPress/7.1; https://isthmuslegalandtax.com.pa"
161.118.199.50 - - [01/Sep/2026:18:24:19 -0500] "GET /wp-admin/index.php HTTP/1.1" 503 19284 "https://isthmuslegalandtax.com.pa/wp-login.php" "Mozilla/5.0 (Windows NT 10.0; Win64; x64) AppleWebKit/605.1.15 (KHTML, like Gecko) Version/14.0.3 Safari/605.1.15"
161.118.199.50 - - [01/Sep/2026:18:24:22 -0500] "GET /wp-admin/index.php HTTP/1.1" 503 19284 "https://isthmuslegalandtax.com.pa/wp-login.php" "Mozilla/5.0 (Windows NT 10.0; Win64; x64) AppleWebKit/605.1.15 (KHTML, like Gecko) Version/14.0.3 Safari/605.1.15"
161.118.199.50 - - [01/Sep/2026:18:24:24 -0500] "POST /wp-login.php HTTP/1.1" 503 18282 "https://isthmuslegalandtax.com.pa/wp-login.php" "Mozilla/5.0 (Macintosh; Intel Mac OS X 10_15_7) AppleWebKit/605.1.15 (KHTML, like Gecko) Version/14.1.1 Safari/605.1.15"
161.118.199.50 - - [01/Sep/2026:18:24:26 -0500] "GET /wp-admin/index.php HTTP/1.1" 503 19284 "https://isthmuslegalandtax.com.pa/wp-login.php" "Mozilla/5.0 (Macintosh; Intel Mac OS X 10_15_7) AppleWebKit/605.1.15 (KHTML, like Gecko) Version/14.1.1 Safari/605.1.15"
161.118.199.50 - - [01/Sep/2026:18:24:28 -0500] "GET /wp-admin/index.php HTTP/1.1" 503 19284 "https://isthmuslegalandtax.com.pa/wp-login.php" "Mozilla/5.0 (Macintosh; Intel Mac OS X 10_15_7) AppleWebKit/605.1.15 (KHTML, like Gecko) Version/14.1.1 Safari/605.1.15"
161.118.199.50 - - [01/Sep/2026:18:24:30 -0500] "POST /wp-login.php HTTP/1.1" 503 18282 "https://isthmuslegalandtax.com.pa/wp-login.php" "Mozilla/5.0 (Macintosh; Intel Mac OS X 10_15_7; rv:90.0) Gecko/20100101 Firefox/90.0.1"
161.118.199.50 - - [01/Sep/2026:18:24:32 -0500] "GET /wp-admin/index.php HTTP/1.1" 503 19284 "https://isthmuslegalandtax.com.pa/wp-login.php" "Mozilla/5.0 (X11; Linux x86_64; rv:90.0) Gecko/20100101 Firefox/90.0.1"
157.90.185.123 - - [01/Sep/2026:18:24:32 -0500] "POST /?wordfence_syncAttackData=1788305072.7649 HTTP/1.1" 200 - "-" "WordPress/7.1; https://isthmuslegalandtax.com.pa"
161.118.199.50 - - [01/Sep/2026:18:24:34 -0500] "GET /wp-admin/index.php HTTP/1.1" 503 19284 "https://isthmuslegalandtax.com.pa/wp-login.php" "Mozilla/5.0 (X11; Linux x86_64; rv:90.0) Gecko/20100101 Firefox/90.0.1"
161.118.199.50 - - [01/Sep/2026:18:24:36 -0500] "POST /wp-login.php HTTP/1.1" 503 18282 "https://isthmuslegalandtax.com.pa/wp-login.php" "Mozilla/5.0 (Windows NT 6.1; Win64; x64) AppleWebKit/537.36 (KHTML, like Gecko) Chrome/94.0.4606.71 Safari/537.36"
161.118.199.50 - - [01/Sep/2026:18:24:38 -0500] "GET /wp-admin/index.php HTTP/1.1" 503 19284 "https://isthmuslegalandtax.com.pa/wp-login.php" "Mozilla/5.0 (Macintosh; Intel Mac OS X 10_15_7) AppleWebKit/605.1.15 (KHTML, like Gecko) Version/14.1.2 Safari/605.1.15"
161.118.199.50 - - [01/Sep/2026:18:24:40 -0500] "GET /wp-admin/index.php HTTP/1.1" 503 19284 "https://isthmuslegalandtax.com.pa/wp-login.php" "Mozilla/5.0 (Macintosh; Intel Mac OS X 10_15_7) AppleWebKit/605.1.15 (KHTML, like Gecko) Version/14.1.2 Safari/605.1.15"
161.118.199.50 - - [01/Sep/2026:18:24:42 -0500] "POST /wp-login.php HTTP/1.1" 503 18282 "https://isthmuslegalandtax.com.pa/wp-login.php" "Mozilla/5.0 (Macintosh; Intel Mac OS X 10_15_7) AppleWebKit/605.1.15 (KHTML, like Gecko) Version/14.1.1 Safari/605.1.15"
161.118.199.50 - - [01/Sep/2026:18:24:44 -0500] "GET /wp-admin/index.php HTTP/1.1" 503 19284 "https://isthmuslegalandtax.com.pa/wp-login.php" "Mozilla/5.0 (Windows NT 6.1; Win64; x64) AppleWebKit/537.36 (KHTML, like Gecko) Chrome/94.0.4606.71 Safari/537.36"
157.90.185.123 - - [01/Sep/2026:18:24:45 -0500] "POST /?wordfence_syncAttackData=1788305085.2091 HTTP/1.1" 200 - "-" "WordPress/7.1; https://isthmuslegalandtax.com.pa"
161.118.199.50 - - [01/Sep/2026:18:24:47 -0500] "GET /wp-admin/index.php HTTP/1.1" 503 19284 "https://isthmuslegalandtax.com.pa/wp-login.php" "Mozilla/5.0 (Windows NT 6.1; Win64; x64) AppleWebKit/537.36 (KHTML, like Gecko) Chrome/94.0.4606.71 Safari/537.36"
161.118.199.50 - - [01/Sep/2026:18:24:49 -0500] "POST /wp-login.php HTTP/1.1" 503 18282 "https://isthmuslegalandtax.com.pa/wp-login.php" "Mozilla/5.0 (Macintosh; Intel Mac OS X 10_15_7) AppleWebKit/605.1.15 (KHTML, like Gecko) Version/14.0.3 Safari/605.1.15"
161.118.199.50 - - [01/Sep/2026:18:24:51 -0500] "GET /wp-admin/index.php HTTP/1.1" 503 19284 "https://isthmuslegalandtax.com.pa/wp-login.php" "Mozilla/5.0 (X11; Linux x86_64) AppleWebKit/537.36 (KHTML, like Gecko) Chrome/92.0.4515.131 Safari/537.36"
161.118.199.50 - - [01/Sep/2026:18:24:52 -0500] "GET /wp-admin/index.php HTTP/1.1" 503 19284 "https://isthmuslegalandtax.com.pa/wp-login.php" "Mozilla/5.0 (X11; Linux x86_64) AppleWebKit/537.36 (KHTML, like Gecko) Chrome/92.0.4515.131 Safari/537.36"
161.118.199.50 - - [01/Sep/2026:18:24:54 -0500] "POST /wp-login.php HTTP/1.1" 503 18282 "https://isthmuslegalandtax.com.pa/wp-login.php" "Mozilla/5.0 (Windows NT 10.0; Win64; x64) AppleWebKit/605.1.15 (KHTML, like Gecko) Version/14.1.2 Safari/605.1.15"
157.90.185.123 - - [01/Sep/2026:18:24:57 -0500] "POST /?wordfence_syncAttackData=1788305097.3668 HTTP/1.1" 200 - "-" "WordPress/7.1; https://isthmuslegalandtax.com.pa"
161.118.199.50 - - [01/Sep/2026:18:24:56 -0500] "GET /wp-admin/index.php HTTP/1.1" 503 19284 "https://isthmuslegalandtax.com.pa/wp-login.php" "Mozilla/5.0 (Macintosh; Intel Mac OS X 10_15_7) AppleWebKit/605.1.15 (KHTML, like Gecko) Version/14.0.3 Safari/605.1.15"
161.118.199.50 - - [01/Sep/2026:18:24:59 -0500] "GET /wp-admin/index.php HTTP/1.1" 503 19284 "https://isthmuslegalandtax.com.pa/wp-login.php" "Mozilla/5.0 (Macintosh; Intel Mac OS X 10_15_7) AppleWebKit/605.1.15 (KHTML, like Gecko) Version/14.0.3 Safari/605.1.15"
161.118.199.50 - - [01/Sep/2026:18:25:03 -0500] "GET /wp-admin/index.php HTTP/1.1" 503 19284 "https://isthmuslegalandtax.com.pa/wp-login.php" "Mozilla/5.0 (Macintosh; Intel Mac OS X 10_15_7; rv:90.0) Gecko/20100101 Firefox/90.0.1"
161.118.199.50 - - [01/Sep/2026:18:25:01 -0500] "POST /wp-login.php HTTP/1.1" 503 18282 "https://isthmuslegalandtax.com.pa/wp-login.php" "Mozilla/5.0 (Windows NT 6.1; Win64; x64) AppleWebKit/537.36 (KHTML, like Gecko) Chrome/91.0.4472.124 Safari/537.36"
161.118.199.50 - - [01/Sep/2026:18:25:05 -0500] "GET /wp-admin/index.php HTTP/1.1" 503 19284 "https://isthmuslegalandtax.com.pa/wp-login.php" "Mozilla/5.0 (Macintosh; Intel Mac OS X 10_15_7; rv:90.0) Gecko/20100101 Firefox/90.0.1"
161.118.199.50 - - [01/Sep/2026:18:25:07 -0500] "POST /wp-login.php HTTP/1.1" 503 18282 "https://isthmuslegalandtax.com.pa/wp-login.php" "Mozilla/5.0 (Macintosh; Intel Mac OS X 10_15_7) AppleWebKit/605.1.15 (KHTML, like Gecko) Version/14.1.2 Safari/605.1.15"
157.90.185.123 - - [01/Sep/2026:18:25:07 -0500] "POST /?wordfence_syncAttackData=1788305107.9702 HTTP/1.1" 200 - "-" "WordPress/7.1; https://isthmuslegalandtax.com.pa"
192.145.125.92 - - [01/Sep/2026:18:25:07 -0500] "GET / HTTP/1.1" 301 - "-" "Mozilla/5.0 (Windows NT 10.0; Win64; x64) AppleWebKit/537.36 (KHTML, like Gecko) Chrome/78.0.3904.108 Safari/537.36"
161.118.199.50 - - [01/Sep/2026:18:25:09 -0500] "GET /wp-admin/index.php HTTP/1.1" 503 19284 "https://isthmuslegalandtax.com.pa/wp-login.php" "Mozilla/5.0 (Windows NT 6.1; Win64; x64) AppleWebKit/537.36 (KHTML, like Gecko) Chrome/91.0.4472.124 Safari/537.36"
192.145.125.92 - - [01/Sep/2026:18:25:09 -0500] "GET / HTTP/1.1" 200 91235 "-" "Mozilla/5.0 (Windows NT 10.0; Win64; x64) AppleWebKit/537.36 (KHTML, like Gecko) Chrome/78.0.3904.108 Safari/537.36"
161.118.199.50 - - [01/Sep/2026:18:25:10 -0500] "GET /wp-admin/index.php HTTP/1.1" 503 19284 "https://isthmuslegalandtax.com.pa/wp-login.php" "Mozilla/5.0 (Windows NT 6.1; Win64; x64) AppleWebKit/537.36 (KHTML, like Gecko) Chrome/91.0.4472.124 Safari/537.36"
192.145.125.92 - - [01/Sep/2026:18:25:10 -0500] "GET //wp-includes/wlwmanifest.xml HTTP/1.1" 301 - "-" "Mozilla/5.0 (Windows NT 10.0; Win64; x64) AppleWebKit/537.36 (KHTML, like Gecko) Chrome/78.0.3904.108 Safari/537.36"
192.145.125.92 - - [01/Sep/2026:18:25:11 -0500] "GET //xmlrpc.php?rsd HTTP/1.1" 403 199 "-" "Mozilla/5.0 (Windows NT 10.0; Win64; x64) AppleWebKit/537.36 (KHTML, like Gecko) Chrome/78.0.3904.108 Safari/537.36"
192.145.125.92 - - [01/Sep/2026:18:25:11 -0500] "GET / HTTP/1.1" 200 91235 "-" "Mozilla/5.0 (Windows NT 10.0; Win64; x64) AppleWebKit/537.36 (KHTML, like Gecko) Chrome/78.0.3904.108 Safari/537.36"
161.118.199.50 - - [01/Sep/2026:18:25:12 -0500] "POST /wp-login.php HTTP/1.1" 503 18282 "https://isthmuslegalandtax.com.pa/wp-login.php" "Mozilla/5.0 (Macintosh; Intel Mac OS X 10_15_7) AppleWebKit/537.36 (KHTML, like Gecko) Chrome/91.0.4472.124 Safari/537.36"
192.145.125.92 - - [01/Sep/2026:18:25:13 -0500] "GET //?author=1 HTTP/1.1" 404 28215 "-" "Mozilla/5.0 (Windows NT 10.0; Win64; x64) AppleWebKit/537.36 (KHTML, like Gecko) Chrome/78.0.3904.108 Safari/537.36"
192.145.125.92 - - [01/Sep/2026:18:25:14 -0500] "GET //?author=2 HTTP/1.1" 404 28215 "-" "Mozilla/5.0 (Windows NT 10.0; Win64; x64) AppleWebKit/537.36 (KHTML, like Gecko) Chrome/78.0.3904.108 Safari/537.36"
192.145.125.92 - - [01/Sep/2026:18:25:15 -0500] "GET //wp-json/wp/v2/users/ HTTP/1.1" 403 199 "-" "Mozilla/5.0 (Windows NT 10.0; Win64; x64) AppleWebKit/537.36 (KHTML, like Gecko) Chrome/78.0.3904.108 Safari/537.36"
161.118.199.50 - - [01/Sep/2026:18:25:14 -0500] "GET /wp-admin/index.php HTTP/1.1" 503 19284 "https://isthmuslegalandtax.com.pa/wp-login.php" "Mozilla/5.0 (Macintosh; Intel Mac OS X 10_15_7) AppleWebKit/605.1.15 (KHTML, like Gecko) Version/14.1.2 Safari/605.1.15"
192.145.125.92 - - [01/Sep/2026:18:25:15 -0500] "GET //wp-json/oembed/1.0/embed?url=https://isthmuslegalandtax.com.pa/ HTTP/1.1" 200 2115 "-" "Mozilla/5.0 (Windows NT 10.0; Win64; x64) AppleWebKit/537.36 (KHTML, like Gecko) Chrome/78.0.3904.108 Safari/537.36"
192.145.125.92 - - [01/Sep/2026:18:25:15 -0500] "POST //xmlrpc.php HTTP/1.1" 403 199 "-" "Mozilla/5.0 (Windows NT 10.0; Win64; x64) AppleWebKit/537.36 (KHTML, like Gecko) Chrome/78.0.3904.108 Safari/537.36"
157.90.185.123 - - [01/Sep/2026:18:25:17 -0500] "POST /?wordfence_syncAttackData=1788305117.3453 HTTP/1.1" 200 - "-" "WordPress/7.1; https://isthmuslegalandtax.com.pa"
161.118.199.50 - - [01/Sep/2026:18:25:16 -0500] "GET /wp-admin/index.php HTTP/1.1" 503 19284 "https://isthmuslegalandtax.com.pa/wp-login.php" "Mozilla/5.0 (Macintosh; Intel Mac OS X 10_15_7) AppleWebKit/605.1.15 (KHTML, like Gecko) Version/14.1.2 Safari/605.1.15"
161.118.199.50 - - [01/Sep/2026:18:25:19 -0500] "POST /wp-login.php HTTP/1.1" 503 18282 "https://isthmuslegalandtax.com.pa/wp-login.php" "Mozilla/5.0 (Windows NT 10.0; Win64; x64) AppleWebKit/605.1.15 (KHTML, like Gecko) Version/14.0.3 Safari/605.1.15"
161.118.199.50 - - [01/Sep/2026:18:25:21 -0500] "GET /wp-admin/index.php HTTP/1.1" 503 19284 "https://isthmuslegalandtax.com.pa/wp-login.php" "Mozilla/5.0 (Windows NT 6.1; Win64; x64) AppleWebKit/537.36 (KHTML, like Gecko) Chrome/91.0.4472.124 Safari/537.36"
161.118.199.50 - - [01/Sep/2026:18:25:23 -0500] "GET /wp-admin/index.php HTTP/1.1" 503 19284 "https://isthmuslegalandtax.com.pa/wp-login.php" "Mozilla/5.0 (Windows NT 6.1; Win64; x64) AppleWebKit/537.36 (KHTML, like Gecko) Chrome/91.0.4472.124 Safari/537.36"
161.118.199.50 - - [01/Sep/2026:18:25:25 -0500] "POST /wp-login.php HTTP/1.1" 503 18282 "https://isthmuslegalandtax.com.pa/wp-login.php" "Mozilla/5.0 (X11; Linux x86_64) AppleWebKit/537.36 (KHTML, like Gecko) Chrome/94.0.4606.71 Safari/537.36"
157.90.185.123 - - [01/Sep/2026:18:25:27 -0500] "POST /?wordfence_syncAttackData=1788305127.8419 HTTP/1.1" 200 - "-" "WordPress/7.1; https://isthmuslegalandtax.com.pa"
161.118.199.50 - - [01/Sep/2026:18:25:27 -0500] "GET /wp-admin/index.php HTTP/1.1" 503 19284 "https://isthmuslegalandtax.com.pa/wp-login.php" "Mozilla/5.0 (Macintosh; Intel Mac OS X 10_15_7) AppleWebKit/537.36 (KHTML, like Gecko) Chrome/90.0.4430.212 Safari/537.36"
161.118.199.50 - - [01/Sep/2026:18:25:30 -0500] "GET /wp-admin/index.php HTTP/1.1" 503 19284 "https://isthmuslegalandtax.com.pa/wp-login.php" "Mozilla/5.0 (Macintosh; Intel Mac OS X 10_15_7) AppleWebKit/537.36 (KHTML, like Gecko) Chrome/90.0.4430.212 Safari/537.36"
161.118.199.50 - - [01/Sep/2026:18:25:34 -0500] "GET /wp-admin/index.php HTTP/1.1" 503 19284 "https://isthmuslegalandtax.com.pa/wp-login.php" "Mozilla/5.0 (Macintosh; Intel Mac OS X 10_15_7) AppleWebKit/605.1.15 (KHTML, like Gecko) Version/14.0.3 Safari/605.1.15"
161.118.199.50 - - [01/Sep/2026:18:25:35 -0500] "GET /wp-admin/index.php HTTP/1.1" 503 19284 "https://isthmuslegalandtax.com.pa/wp-login.php" "Mozilla/5.0 (Macintosh; Intel Mac OS X 10_15_7) AppleWebKit/605.1.15 (KHTML, like Gecko) Version/14.0.3 Safari/605.1.15"
161.118.199.50 - - [01/Sep/2026:18:25:32 -0500] "POST /wp-login.php HTTP/1.1" 503 18282 "https://isthmuslegalandtax.com.pa/wp-login.php" "Mozilla/5.0 (Windows NT 6.1; Win64; x64) AppleWebKit/537.36 (KHTML, like Gecko) Chrome/93.0.4577.63 Safari/537.36"
161.118.199.50 - - [01/Sep/2026:18:25:37 -0500] "POST /wp-login.php HTTP/1.1" 503 18282 "https://isthmuslegalandtax.com.pa/wp-login.php" "Mozilla/5.0 (X11; Linux x86_64) AppleWebKit/537.36 (KHTML, like Gecko) Chrome/93.0.4577.63 Safari/537.36"
157.90.185.123 - - [01/Sep/2026:18:25:40 -0500] "POST /?wordfence_syncAttackData=1788305140.4285 HTTP/1.1" 200 - "-" "WordPress/7.1; https://isthmuslegalandtax.com.pa"
161.118.199.50 - - [01/Sep/2026:18:25:39 -0500] "GET /wp-admin/index.php HTTP/1.1" 503 19284 "https://isthmuslegalandtax.com.pa/wp-login.php" "Mozilla/5.0 (Macintosh; Intel Mac OS X 10_15_7) AppleWebKit/537.36 (KHTML, like Gecko) Chrome/93.0.4577.63 Safari/537.36"
161.118.199.50 - - [01/Sep/2026:18:25:42 -0500] "GET /wp-admin/index.php HTTP/1.1" 503 19284 "https://isthmuslegalandtax.com.pa/wp-login.php" "Mozilla/5.0 (Macintosh; Intel Mac OS X 10_15_7) AppleWebKit/537.36 (KHTML, like Gecko) Chrome/93.0.4577.63 Safari/537.36"
161.118.199.50 - - [01/Sep/2026:18:25:44 -0500] "POST /wp-login.php HTTP/1.1" 503 18282 "https://isthmuslegalandtax.com.pa/wp-login.php" "Mozilla/5.0 (Windows NT 6.1; Win64; x64) AppleWebKit/537.36 (KHTML, like Gecko) Chrome/92.0.4515.131 Safari/537.36"
161.118.199.50 - - [01/Sep/2026:18:25:46 -0500] "GET /wp-admin/index.php HTTP/1.1" 503 19284 "https://isthmuslegalandtax.com.pa/wp-login.php" "Mozilla/5.0 (Windows NT 6.1; Win64; x64; rv:91.0) Gecko/20100101 Firefox/91.0"
161.118.199.50 - - [01/Sep/2026:18:25:48 -0500] "GET /wp-admin/index.php HTTP/1.1" 503 19284 "https://isthmuslegalandtax.com.pa/wp-login.php" "Mozilla/5.0 (Windows NT 6.1; Win64; x64; rv:91.0) Gecko/20100101 Firefox/91.0"
161.118.199.50 - - [01/Sep/2026:18:25:50 -0500] "POST /wp-login.php HTTP/1.1" 503 18282 "https://isthmuslegalandtax.com.pa/wp-login.php" "Mozilla/5.0 (Windows NT 10.0; Win64; x64) AppleWebKit/537.36 (KHTML, like Gecko) Chrome/91.0.4472.124 Safari/537.36"
157.90.185.123 - - [01/Sep/2026:18:25:53 -0500] "POST /?wordfence_syncAttackData=1788305153.2452 HTTP/1.1" 200 - "-" "WordPress/7.1; https://isthmuslegalandtax.com.pa"
161.118.199.50 - - [01/Sep/2026:18:25:52 -0500] "GET /wp-admin/index.php HTTP/1.1" 503 19284 "https://isthmuslegalandtax.com.pa/wp-login.php" "Mozilla/5.0 (X11; Linux x86_64) AppleWebKit/537.36 (KHTML, like Gecko) Chrome/92.0.4515.131 Safari/537.36"
161.118.199.50 - - [01/Sep/2026:18:25:55 -0500] "GET /wp-admin/index.php HTTP/1.1" 503 19284 "https://isthmuslegalandtax.com.pa/wp-login.php" "Mozilla/5.0 (X11; Linux x86_64) AppleWebKit/537.36 (KHTML, like Gecko) Chrome/92.0.4515.131 Safari/537.36"
161.118.199.50 - - [01/Sep/2026:18:25:57 -0500] "POST /wp-login.php HTTP/1.1" 503 18282 "https://isthmuslegalandtax.com.pa/wp-login.php" "Mozilla/5.0 (Windows NT 6.1; Win64; x64) AppleWebKit/537.36 (KHTML, like Gecko) Chrome/93.0.4577.63 Safari/537.36"
161.118.199.50 - - [01/Sep/2026:18:25:58 -0500] "GET /wp-admin/index.php HTTP/1.1" 503 19284 "https://isthmuslegalandtax.com.pa/wp-login.php" "Mozilla/5.0 (Windows NT 10.0; Win64; x64) AppleWebKit/605.1.15 (KHTML, like Gecko) Version/14.1.1 Safari/605.1.15"
161.118.199.50 - - [01/Sep/2026:18:26:01 -0500] "GET /wp-admin/index.php HTTP/1.1" 503 19284 "https://isthmuslegalandtax.com.pa/wp-login.php" "Mozilla/5.0 (Windows NT 10.0; Win64; x64) AppleWebKit/605.1.15 (KHTML, like Gecko) Version/14.1.1 Safari/605.1.15"
161.118.199.50 - - [01/Sep/2026:18:26:03 -0500] "POST /wp-login.php HTTP/1.1" 503 18282 "https://isthmuslegalandtax.com.pa/wp-login.php" "Mozilla/5.0 (X11; Linux x86_64) AppleWebKit/537.36 (KHTML, like Gecko) Chrome/94.0.4606.71 Safari/537.36"
157.90.185.123 - - [01/Sep/2026:18:26:06 -0500] "POST /?wordfence_syncAttackData=1788305166.0892 HTTP/1.1" 200 - "-" "WordPress/7.1; https://isthmuslegalandtax.com.pa"
161.118.199.50 - - [01/Sep/2026:18:26:05 -0500] "GET /wp-admin/index.php HTTP/1.1" 503 19284 "https://isthmuslegalandtax.com.pa/wp-login.php" "Mozilla/5.0 (Macintosh; Intel Mac OS X 10_15_7) AppleWebKit/537.36 (KHTML, like Gecko) Chrome/94.0.4606.71 Safari/537.36"
161.118.199.50 - - [01/Sep/2026:18:26:08 -0500] "GET /wp-admin/index.php HTTP/1.1" 503 19284 "https://isthmuslegalandtax.com.pa/wp-login.php" "Mozilla/5.0 (Macintosh; Intel Mac OS X 10_15_7) AppleWebKit/537.36 (KHTML, like Gecko) Chrome/94.0.4606.71 Safari/537.36"
161.118.199.50 - - [01/Sep/2026:18:26:10 -0500] "POST /wp-login.php HTTP/1.1" 503 18282 "https://isthmuslegalandtax.com.pa/wp-login.php" "Mozilla/5.0 (Windows NT 6.1; Win64; x64) AppleWebKit/537.36 (KHTML, like Gecko) Chrome/94.0.4606.71 Safari/537.36"
161.118.199.50 - - [01/Sep/2026:18:26:12 -0500] "GET /wp-admin/index.php HTTP/1.1" 503 19284 "https://isthmuslegalandtax.com.pa/wp-login.php" "Mozilla/5.0 (X11; Linux x86_64; rv:92.0) Gecko/20100101 Firefox/92.0"
161.118.199.50 - - [01/Sep/2026:18:26:14 -0500] "GET /wp-admin/index.php HTTP/1.1" 503 19284 "https://isthmuslegalandtax.com.pa/wp-login.php" "Mozilla/5.0 (X11; Linux x86_64; rv:92.0) Gecko/20100101 Firefox/92.0"
161.118.199.50 - - [01/Sep/2026:18:26:16 -0500] "POST /wp-login.php HTTP/1.1" 503 18282 "https://isthmuslegalandtax.com.pa/wp-login.php" "Mozilla/5.0 (Windows NT 10.0; Win64; x64) AppleWebKit/537.36 (KHTML, like Gecko) Chrome/92.0.4515.131 Safari/537.36"
161.118.199.50 - - [01/Sep/2026:18:26:17 -0500] "GET /wp-admin/index.php HTTP/1.1" 503 19284 "https://isthmuslegalandtax.com.pa/wp-login.php" "Mozilla/5.0 (Windows NT 10.0; Win64; x64) AppleWebKit/537.36 (KHTML, like Gecko) Chrome/90.0.4430.212 Safari/537.36"
157.90.185.123 - - [01/Sep/2026:18:26:18 -0500] "POST /?wordfence_syncAttackData=1788305178.7516 HTTP/1.1" 200 - "-" "WordPress/7.1; https://isthmuslegalandtax.com.pa"
161.118.199.50 - - [01/Sep/2026:18:26:21 -0500] "GET /wp-admin/index.php HTTP/1.1" 503 19284 "https://isthmuslegalandtax.com.pa/wp-login.php" "Mozilla/5.0 (Windows NT 10.0; Win64; x64) AppleWebKit/537.36 (KHTML, like Gecko) Chrome/90.0.4430.212 Safari/537.36"
161.118.199.50 - - [01/Sep/2026:18:26:22 -0500] "POST /wp-login.php HTTP/1.1" 503 18282 "https://isthmuslegalandtax.com.pa/wp-login.php" "Mozilla/5.0 (Windows NT 10.0; Win64; x64) AppleWebKit/605.1.15 (KHTML, like Gecko) Version/14.0.3 Safari/605.1.15"
161.118.199.50 - - [01/Sep/2026:18:26:24 -0500] "GET /wp-admin/index.php HTTP/1.1" 503 19284 "https://isthmuslegalandtax.com.pa/wp-login.php" "Mozilla/5.0 (Windows NT 10.0; Win64; x64) AppleWebKit/605.1.15 (KHTML, like Gecko) Version/14.1.2 Safari/605.1.15"
161.118.199.50 - - [01/Sep/2026:18:26:26 -0500] "GET /wp-admin/index.php HTTP/1.1" 503 19284 "https://isthmuslegalandtax.com.pa/wp-login.php" "Mozilla/5.0 (Windows NT 10.0; Win64; x64) AppleWebKit/605.1.15 (KHTML, like Gecko) Version/14.1.2 Safari/605.1.15"
161.118.199.50 - - [01/Sep/2026:18:26:28 -0500] "POST /wp-login.php HTTP/1.1" 503 18282 "https://isthmuslegalandtax.com.pa/wp-login.php" "Mozilla/5.0 (Windows NT 10.0; Win64; x64) AppleWebKit/605.1.15 (KHTML, like Gecko) Version/15.0 Safari/605.1.15"
161.118.199.50 - - [01/Sep/2026:18:26:30 -0500] "GET /wp-admin/index.php HTTP/1.1" 503 19284 "https://isthmuslegalandtax.com.pa/wp-login.php" "Mozilla/5.0 (Macintosh; Intel Mac OS X 10_15_7) AppleWebKit/605.1.15 (KHTML, like Gecko) Version/14.1.2 Safari/605.1.15"
157.90.185.123 - - [01/Sep/2026:18:26:30 -0500] "POST /?wordfence_syncAttackData=1788305190.9172 HTTP/1.1" 200 - "-" "WordPress/7.1; https://isthmuslegalandtax.com.pa"
161.118.199.50 - - [01/Sep/2026:18:26:33 -0500] "GET /wp-admin/index.php HTTP/1.1" 503 19284 "https://isthmuslegalandtax.com.pa/wp-login.php" "Mozilla/5.0 (Macintosh; Intel Mac OS X 10_15_7) AppleWebKit/605.1.15 (KHTML, like Gecko) Version/14.1.2 Safari/605.1.15"
161.118.199.50 - - [01/Sep/2026:18:26:35 -0500] "POST /wp-login.php HTTP/1.1" 503 18282 "https://isthmuslegalandtax.com.pa/wp-login.php" "Mozilla/5.0 (Windows NT 10.0; Win64; x64) AppleWebKit/537.36 (KHTML, like Gecko) Chrome/90.0.4430.212 Safari/537.36"
161.118.199.50 - - [01/Sep/2026:18:26:37 -0500] "GET /wp-admin/index.php HTTP/1.1" 503 19284 "https://isthmuslegalandtax.com.pa/wp-login.php" "Mozilla/5.0 (Macintosh; Intel Mac OS X 10_15_7; rv:93.0) Gecko/20100101 Firefox/93.0"
161.118.199.50 - - [01/Sep/2026:18:26:38 -0500] "GET /wp-admin/index.php HTTP/1.1" 503 19284 "https://isthmuslegalandtax.com.pa/wp-login.php" "Mozilla/5.0 (Macintosh; Intel Mac OS X 10_15_7; rv:93.0) Gecko/20100101 Firefox/93.0"
161.118.199.50 - - [01/Sep/2026:18:26:40 -0500] "POST /wp-login.php HTTP/1.1" 503 18282 "https://isthmuslegalandtax.com.pa/wp-login.php" "Mozilla/5.0 (Macintosh; Intel Mac OS X 10_15_7) AppleWebKit/537.36 (KHTML, like Gecko) Chrome/94.0.4606.71 Safari/537.36"
157.90.185.123 - - [01/Sep/2026:18:26:43 -0500] "POST /?wordfence_syncAttackData=1788305203.1666 HTTP/1.1" 200 - "-" "WordPress/7.1; https://isthmuslegalandtax.com.pa"
161.118.199.50 - - [01/Sep/2026:18:26:42 -0500] "GET /wp-admin/index.php HTTP/1.1" 503 19284 "https://isthmuslegalandtax.com.pa/wp-login.php" "Mozilla/5.0 (Windows NT 10.0; Win64; x64) AppleWebKit/605.1.15 (KHTML, like Gecko) Version/14.1.2 Safari/605.1.15"
161.118.199.50 - - [01/Sep/2026:18:26:45 -0500] "GET /wp-admin/index.php HTTP/1.1" 503 19284 "https://isthmuslegalandtax.com.pa/wp-login.php" "Mozilla/5.0 (Windows NT 10.0; Win64; x64) AppleWebKit/605.1.15 (KHTML, like Gecko) Version/14.1.2 Safari/605.1.15"
161.118.199.50 - - [01/Sep/2026:18:26:47 -0500] "POST /wp-login.php HTTP/1.1" 503 18282 "https://isthmuslegalandtax.com.pa/wp-login.php" "Mozilla/5.0 (Windows NT 10.0; Win64; x64) AppleWebKit/605.1.15 (KHTML, like Gecko) Version/14.0.3 Safari/605.1.15"
161.118.199.50 - - [01/Sep/2026:18:26:49 -0500] "GET /wp-admin/index.php HTTP/1.1" 503 19284 "https://isthmuslegalandtax.com.pa/wp-login.php" "Mozilla/5.0 (Windows NT 10.0; Win64; x64) AppleWebKit/605.1.15 (KHTML, like Gecko) Version/14.1 Safari/605.1.15"
161.118.199.50 - - [01/Sep/2026:18:26:51 -0500] "GET /wp-admin/index.php HTTP/1.1" 503 19284 "https://isthmuslegalandtax.com.pa/wp-login.php" "Mozilla/5.0 (Windows NT 10.0; Win64; x64) AppleWebKit/605.1.15 (KHTML, like Gecko) Version/14.1 Safari/605.1.15"
161.118.199.50 - - [01/Sep/2026:18:26:53 -0500] "POST /wp-login.php HTTP/1.1" 503 18282 "https://isthmuslegalandtax.com.pa/wp-login.php" "Mozilla/5.0 (Windows NT 10.0; Win64; x64) AppleWebKit/537.36 (KHTML, like Gecko) Chrome/91.0.4472.124 Safari/537.36"
157.90.185.123 - - [01/Sep/2026:18:26:55 -0500] "POST /?wordfence_syncAttackData=1788305215.8484 HTTP/1.1" 200 - "-" "WordPress/7.1; https://isthmuslegalandtax.com.pa"
161.118.199.50 - - [01/Sep/2026:18:26:54 -0500] "GET /wp-admin/index.php HTTP/1.1" 503 19284 "https://isthmuslegalandtax.com.pa/wp-login.php" "Mozilla/5.0 (Macintosh; Intel Mac OS X 10_15_7) AppleWebKit/537.36 (KHTML, like Gecko) Chrome/93.0.4577.63 Safari/537.36"
161.118.199.50 - - [01/Sep/2026:18:26:58 -0500] "GET /wp-admin/index.php HTTP/1.1" 503 19284 "https://isthmuslegalandtax.com.pa/wp-login.php" "Mozilla/5.0 (Macintosh; Intel Mac OS X 10_15_7) AppleWebKit/537.36 (KHTML, like Gecko) Chrome/93.0.4577.63 Safari/537.36"
161.118.199.50 - - [01/Sep/2026:18:26:59 -0500] "POST /wp-login.php HTTP/1.1" 503 18282 "https://isthmuslegalandtax.com.pa/wp-login.php" "Mozilla/5.0 (Windows NT 10.0; Win64; x64) AppleWebKit/537.36 (KHTML, like Gecko) Chrome/90.0.4430.212 Safari/537.36"
161.118.199.50 - - [01/Sep/2026:18:27:01 -0500] "GET /wp-admin/index.php HTTP/1.1" 503 19284 "https://isthmuslegalandtax.com.pa/wp-login.php" "Mozilla/5.0 (X11; Linux x86_64) AppleWebKit/537.36 (KHTML, like Gecko) Chrome/92.0.4515.131 Safari/537.36"
161.118.199.50 - - [01/Sep/2026:18:27:03 -0500] "GET /wp-admin/index.php HTTP/1.1" 503 19284 "https://isthmuslegalandtax.com.pa/wp-login.php" "Mozilla/5.0 (X11; Linux x86_64) AppleWebKit/537.36 (KHTML, like Gecko) Chrome/92.0.4515.131 Safari/537.36"
161.118.199.50 - - [01/Sep/2026:18:27:06 -0500] "POST /wp-login.php HTTP/1.1" 503 18282 "https://isthmuslegalandtax.com.pa/wp-login.php" "Mozilla/5.0 (Windows NT 6.1; Win64; x64; rv:93.0) Gecko/20100101 Firefox/93.0"
157.90.185.123 - - [01/Sep/2026:18:27:08 -0500] "POST /?wordfence_syncAttackData=1788305228.5731 HTTP/1.1" 200 - "-" "WordPress/7.1; https://isthmuslegalandtax.com.pa"
161.118.199.50 - - [01/Sep/2026:18:27:07 -0500] "GET /wp-admin/index.php HTTP/1.1" 503 19284 "https://isthmuslegalandtax.com.pa/wp-login.php" "Mozilla/5.0 (X11; Linux x86_64) AppleWebKit/537.36 (KHTML, like Gecko) Chrome/90.0.4430.212 Safari/537.36"
161.118.199.50 - - [01/Sep/2026:18:27:10 -0500] "GET /wp-admin/index.php HTTP/1.1" 503 19284 "https://isthmuslegalandtax.com.pa/wp-login.php" "Mozilla/5.0 (X11; Linux x86_64) AppleWebKit/537.36 (KHTML, like Gecko) Chrome/90.0.4430.212 Safari/537.36"
161.118.199.50 - - [01/Sep/2026:18:27:12 -0500] "POST /wp-login.php HTTP/1.1" 503 18282 "https://isthmuslegalandtax.com.pa/wp-login.php" "Mozilla/5.0 (Windows NT 6.1; Win64; x64; rv:92.0) Gecko/20100101 Firefox/92.0"
161.118.199.50 - - [01/Sep/2026:18:27:14 -0500] "GET /wp-admin/index.php HTTP/1.1" 503 19284 "https://isthmuslegalandtax.com.pa/wp-login.php" "Mozilla/5.0 (Macintosh; Intel Mac OS X 10_15_7) AppleWebKit/605.1.15 (KHTML, like Gecko) Version/14.1 Safari/605.1.15"
161.118.199.50 - - [01/Sep/2026:18:27:16 -0500] "GET /wp-admin/index.php HTTP/1.1" 503 19284 "https://isthmuslegalandtax.com.pa/wp-login.php" "Mozilla/5.0 (Macintosh; Intel Mac OS X 10_15_7) AppleWebKit/605.1.15 (KHTML, like Gecko) Version/14.1 Safari/605.1.15"
161.118.199.50 - - [01/Sep/2026:18:27:18 -0500] "POST /wp-login.php HTTP/1.1" 503 18282 "https://isthmuslegalandtax.com.pa/wp-login.php" "Mozilla/5.0 (Windows NT 10.0; Win64; x64) AppleWebKit/537.36 (KHTML, like Gecko) Chrome/92.0.4515.131 Safari/537.36"
157.90.185.123 - - [01/Sep/2026:18:27:20 -0500] "POST /?wordfence_syncAttackData=1788305240.8116 HTTP/1.1" 200 - "-" "WordPress/7.1; https://isthmuslegalandtax.com.pa"
161.118.199.50 - - [01/Sep/2026:18:27:20 -0500] "GET /wp-admin/index.php HTTP/1.1" 503 19284 "https://isthmuslegalandtax.com.pa/wp-login.php" "Mozilla/5.0 (Windows NT 6.1; Win64; x64) AppleWebKit/537.36 (KHTML, like Gecko) Chrome/94.0.4606.71 Safari/537.36"
161.118.199.50 - - [01/Sep/2026:18:27:22 -0500] "GET /wp-admin/index.php HTTP/1.1" 503 19284 "https://isthmuslegalandtax.com.pa/wp-login.php" "Mozilla/5.0 (Windows NT 6.1; Win64; x64) AppleWebKit/537.36 (KHTML, like Gecko) Chrome/94.0.4606.71 Safari/537.36"
161.118.199.50 - - [01/Sep/2026:18:27:24 -0500] "POST /wp-login.php HTTP/1.1" 503 18282 "https://isthmuslegalandtax.com.pa/wp-login.php" "Mozilla/5.0 (Windows NT 10.0; Win64; x64) AppleWebKit/537.36 (KHTML, like Gecko) Chrome/92.0.4515.131 Safari/537.36"
161.118.199.50 - - [01/Sep/2026:18:27:26 -0500] "GET /wp-admin/index.php HTTP/1.1" 503 19284 "https://isthmuslegalandtax.com.pa/wp-login.php" "Mozilla/5.0 (Windows NT 10.0; Win64; x64) AppleWebKit/537.36 (KHTML, like Gecko) Chrome/90.0.4430.212 Safari/537.36"
161.118.199.50 - - [01/Sep/2026:18:27:28 -0500] "GET /wp-admin/index.php HTTP/1.1" 503 19284 "https://isthmuslegalandtax.com.pa/wp-login.php" "Mozilla/5.0 (Windows NT 10.0; Win64; x64) AppleWebKit/537.36 (KHTML, like Gecko) Chrome/90.0.4430.212 Safari/537.36"
161.118.199.50 - - [01/Sep/2026:18:27:31 -0500] "POST /wp-login.php HTTP/1.1" 503 18282 "https://isthmuslegalandtax.com.pa/wp-login.php" "Mozilla/5.0 (Windows NT 10.0; Win64; x64) AppleWebKit/537.36 (KHTML, like Gecko) Chrome/90.0.4430.212 Safari/537.36"
161.118.199.50 - - [01/Sep/2026:18:27:32 -0500] "GET /wp-admin/index.php HTTP/1.1" 503 19284 "https://isthmuslegalandtax.com.pa/wp-login.php" "Mozilla/5.0 (Windows NT 6.1; Win64; x64) AppleWebKit/537.36 (KHTML, like Gecko) Chrome/92.0.4515.131 Safari/537.36"
157.90.185.123 - - [01/Sep/2026:18:27:33 -0500] "POST /?wordfence_syncAttackData=1788305253.3548 HTTP/1.1" 200 - "-" "WordPress/7.1; https://isthmuslegalandtax.com.pa"
161.118.199.50 - - [01/Sep/2026:18:27:35 -0500] "GET /wp-admin/index.php HTTP/1.1" 503 19284 "https://isthmuslegalandtax.com.pa/wp-login.php" "Mozilla/5.0 (Windows NT 6.1; Win64; x64) AppleWebKit/537.36 (KHTML, like Gecko) Chrome/92.0.4515.131 Safari/537.36"
161.118.199.50 - - [01/Sep/2026:18:27:37 -0500] "POST /wp-login.php HTTP/1.1" 503 18282 "https://isthmuslegalandtax.com.pa/wp-login.php" "Mozilla/5.0 (Windows NT 10.0; Win64; x64) AppleWebKit/537.36 (KHTML, like Gecko) Chrome/92.0.4515.131 Safari/537.36"
161.118.199.50 - - [01/Sep/2026:18:27:39 -0500] "GET /wp-admin/index.php HTTP/1.1" 503 19284 "https://isthmuslegalandtax.com.pa/wp-login.php" "Mozilla/5.0 (Windows NT 6.1; Win64; x64) AppleWebKit/537.36 (KHTML, like Gecko) Chrome/91.0.4472.124 Safari/537.36"
161.118.199.50 - - [01/Sep/2026:18:27:41 -0500] "GET /wp-admin/index.php HTTP/1.1" 503 19284 "https://isthmuslegalandtax.com.pa/wp-login.php" "Mozilla/5.0 (Windows NT 6.1; Win64; x64) AppleWebKit/537.36 (KHTML, like Gecko) Chrome/91.0.4472.124 Safari/537.36"
161.118.199.50 - - [01/Sep/2026:18:27:43 -0500] "POST /wp-login.php HTTP/1.1" 503 18282 "https://isthmuslegalandtax.com.pa/wp-login.php" "Mozilla/5.0 (Windows NT 10.0; Win64; x64) AppleWebKit/605.1.15 (KHTML, like Gecko) Version/14.1 Safari/605.1.15"
157.90.185.123 - - [01/Sep/2026:18:27:45 -0500] "POST /?wordfence_syncAttackData=1788305265.6733 HTTP/1.1" 200 - "-" "WordPress/7.1; https://isthmuslegalandtax.com.pa"
161.118.199.50 - - [01/Sep/2026:18:27:44 -0500] "GET /wp-admin/index.php HTTP/1.1" 503 19284 "https://isthmuslegalandtax.com.pa/wp-login.php" "Mozilla/5.0 (Macintosh; Intel Mac OS X 10_15_7) AppleWebKit/537.36 (KHTML, like Gecko) Chrome/93.0.4577.63 Safari/537.36"
161.118.199.50 - - [01/Sep/2026:18:27:47 -0500] "GET /wp-admin/index.php HTTP/1.1" 503 19284 "https://isthmuslegalandtax.com.pa/wp-login.php" "Mozilla/5.0 (Macintosh; Intel Mac OS X 10_15_7) AppleWebKit/537.36 (KHTML, like Gecko) Chrome/93.0.4577.63 Safari/537.36"
161.118.199.50 - - [01/Sep/2026:18:27:49 -0500] "POST /wp-login.php HTTP/1.1" 503 18282 "https://isthmuslegalandtax.com.pa/wp-login.php" "Mozilla/5.0 (Windows NT 10.0; Win64; x64) AppleWebKit/537.36 (KHTML, like Gecko) Chrome/93.0.4577.63 Safari/537.36"
161.118.199.50 - - [01/Sep/2026:18:27:51 -0500] "GET /wp-admin/index.php HTTP/1.1" 503 19284 "https://isthmuslegalandtax.com.pa/wp-login.php" "Mozilla/5.0 (Windows NT 6.1; Win64; x64) AppleWebKit/537.36 (KHTML, like Gecko) Chrome/94.0.4606.71 Safari/537.36"
161.118.199.50 - - [01/Sep/2026:18:27:53 -0500] "GET /wp-admin/index.php HTTP/1.1" 503 19284 "https://isthmuslegalandtax.com.pa/wp-login.php" "Mozilla/5.0 (Windows NT 6.1; Win64; x64) AppleWebKit/537.36 (KHTML, like Gecko) Chrome/94.0.4606.71 Safari/537.36"
157.90.185.123 - - [01/Sep/2026:18:27:57 -0500] "POST /?wordfence_syncAttackData=1788305277.6243 HTTP/1.1" 200 - "-" "WordPress/7.1; https://isthmuslegalandtax.com.pa"
161.118.199.50 - - [01/Sep/2026:18:27:56 -0500] "GET /wp-admin/index.php HTTP/1.1" 503 19284 "https://isthmuslegalandtax.com.pa/wp-login.php" "Mozilla/5.0 (Windows NT 10.0; Win64; x64) AppleWebKit/605.1.15 (KHTML, like Gecko) Version/14.1 Safari/605.1.15"
161.118.199.50 - - [01/Sep/2026:18:27:59 -0500] "GET /wp-admin/index.php HTTP/1.1" 503 19284 "https://isthmuslegalandtax.com.pa/wp-login.php" "Mozilla/5.0 (Windows NT 10.0; Win64; x64) AppleWebKit/605.1.15 (KHTML, like Gecko) Version/14.1 Safari/605.1.15"
161.118.199.50 - - [01/Sep/2026:18:27:55 -0500] "POST /wp-login.php HTTP/1.1" 503 18282 "https://isthmuslegalandtax.com.pa/wp-login.php" "Mozilla/5.0 (Windows NT 10.0; Win64; x64) AppleWebKit/537.36 (KHTML, like Gecko) Chrome/92.0.4515.131 Safari/537.36"
161.118.199.50 - - [01/Sep/2026:18:28:02 -0500] "POST /wp-login.php HTTP/1.1" 503 18282 "https://isthmuslegalandtax.com.pa/wp-login.php" "Mozilla/5.0 (Windows NT 10.0; Win64; x64) AppleWebKit/537.36 (KHTML, like Gecko) Chrome/94.0.4606.71 Safari/537.36"
161.118.199.50 - - [01/Sep/2026:18:28:03 -0500] "GET /wp-admin/index.php HTTP/1.1" 503 19284 "https://isthmuslegalandtax.com.pa/wp-login.php" "Mozilla/5.0 (Windows NT 10.0; Win64; x64; rv:89.0) Gecko/20100101 Firefox/89.0.2"
157.90.185.123 - - [01/Sep/2026:18:28:07 -0500] "POST /?wordfence_syncAttackData=1788305287.1099 HTTP/1.1" 200 - "-" "WordPress/7.1; https://isthmuslegalandtax.com.pa"
161.118.199.50 - - [01/Sep/2026:18:28:05 -0500] "GET /wp-admin/index.php HTTP/1.1" 503 19284 "https://isthmuslegalandtax.com.pa/wp-login.php" "Mozilla/5.0 (Windows NT 10.0; Win64; x64; rv:89.0) Gecko/20100101 Firefox/89.0.2"
161.118.199.50 - - [01/Sep/2026:18:28:09 -0500] "POST /wp-login.php HTTP/1.1" 503 18282 "https://isthmuslegalandtax.com.pa/wp-login.php" "Mozilla/5.0 (Windows NT 10.0; Win64; x64) AppleWebKit/537.36 (KHTML, like Gecko) Chrome/90.0.4430.212 Safari/537.36"
161.118.199.50 - - [01/Sep/2026:18:28:11 -0500] "GET /wp-admin/index.php HTTP/1.1" 503 19284 "https://isthmuslegalandtax.com.pa/wp-login.php" "Mozilla/5.0 (Macintosh; Intel Mac OS X 10_15_7; rv:89.0) Gecko/20100101 Firefox/89.0.2"
161.118.199.50 - - [01/Sep/2026:18:28:13 -0500] "GET /wp-admin/index.php HTTP/1.1" 503 19284 "https://isthmuslegalandtax.com.pa/wp-login.php" "Mozilla/5.0 (Macintosh; Intel Mac OS X 10_15_7; rv:89.0) Gecko/20100101 Firefox/89.0.2"
161.118.199.50 - - [01/Sep/2026:18:28:15 -0500] "POST /wp-login.php HTTP/1.1" 503 18282 "https://isthmuslegalandtax.com.pa/wp-login.php" "Mozilla/5.0 (Windows NT 6.1; Win64; x64; rv:91.0) Gecko/20100101 Firefox/91.0"
157.90.185.123 - - [01/Sep/2026:18:28:17 -0500] "POST /?wordfence_syncAttackData=1788305297.4471 HTTP/1.1" 200 - "-" "WordPress/7.1; https://isthmuslegalandtax.com.pa"
161.118.199.50 - - [01/Sep/2026:18:28:16 -0500] "GET /wp-admin/index.php HTTP/1.1" 503 19284 "https://isthmuslegalandtax.com.pa/wp-login.php" "Mozilla/5.0 (Macintosh; Intel Mac OS X 10_15_7; rv:93.0) Gecko/20100101 Firefox/93.0"
161.118.199.50 - - [01/Sep/2026:18:28:19 -0500] "GET /wp-admin/index.php HTTP/1.1" 503 19284 "https://isthmuslegalandtax.com.pa/wp-login.php" "Mozilla/5.0 (Macintosh; Intel Mac OS X 10_15_7; rv:93.0) Gecko/20100101 Firefox/93.0"
161.118.199.50 - - [01/Sep/2026:18:28:21 -0500] "POST /wp-login.php HTTP/1.1" 503 18282 "https://isthmuslegalandtax.com.pa/wp-login.php" "Mozilla/5.0 (Macintosh; Intel Mac OS X 10_15_7; rv:92.0) Gecko/20100101 Firefox/92.0"
