114.119.144.15 - - [03/Sep/2026:11:57:06 -0500] "GET /?id=721945.html HTTP/1.1" 200 208302 "http://www.effefe.com?id=721945.html" "Mozilla/5.0 (Linux; Android 7.0;) AppleWebKit/537.36 (HTML, like Gecko) Mobile Safari/537.36 (compatible; PetalBot;+https://webmaster.petalsearch.com/site/petalbot)"
157.90.185.123 - - [03/Sep/2026:12:01:03 -0500] "POST /wp-cron.php?doing_wp_cron=1788454863.7540628910064697265625 HTTP/1.1" 200 - "-" "WordPress/7.1; https://effefe.com"
157.90.185.123 - - [03/Sep/2026:12:01:38 -0500] "POST /wp-cron.php?doing_wp_cron=1788454898.0749819278717041015625 HTTP/1.1" 200 - "-" "WordPress/7.1; https://effefe.com"
161.35.164.93 - - [03/Sep/2026:12:01:36 -0500] "POST /wp-login.php HTTP/1.1" 200 7596 "-" "Mozilla/5.0"
157.90.185.123 - - [03/Sep/2026:12:02:48 -0500] "POST /wp-cron.php?doing_wp_cron=1788454968.4221179485321044921875 HTTP/1.1" 200 - "-" "WordPress/7.1; https://effefe.com"
190.33.230.244 - - [03/Sep/2026:12:02:41 -0500] "GET / HTTP/1.1" 200 208374 "-" "curl/8.18.0"
157.90.185.123 - - [03/Sep/2026:12:05:06 -0500] "POST /wp-cron.php?doing_wp_cron=1788455106.5743660926818847656250 HTTP/1.1" 200 - "-" "WordPress/7.1; https://effefe.com"
157.90.185.123 - - [03/Sep/2026:12:06:17 -0500] "POST /wp-cron.php?doing_wp_cron=1788455177.2051789760589599609375 HTTP/1.1" 200 - "-" "WordPress/7.1; https://effefe.com"
190.33.230.244 - - [03/Sep/2026:12:06:11 -0500] "GET / HTTP/1.1" 200 208374 "-" "curl/8.18.0"
52.202.233.37 - - [03/Sep/2026:12:07:47 -0500] "GET /about-us/ HTTP/1.1" 200 164669 "-" "Mozilla/5.0 AppleWebKit/537.36 (KHTML, like Gecko; compatible; Amazonbot/0.1; +https://developer.amazon.com/support/amazonbot) Chrome/119.0.6045.214 Safari/537.36"
157.90.185.123 - - [03/Sep/2026:12:07:50 -0500] "POST /wp-cron.php?doing_wp_cron=1788455270.3590369224548339843750 HTTP/1.1" 200 - "-" "WordPress/7.1; https://effefe.com"
157.90.185.123 - - [03/Sep/2026:12:08:35 -0500] "POST /wp-cron.php?doing_wp_cron=1788455315.0539860725402832031250 HTTP/1.1" 200 - "-" "WordPress/7.1; https://effefe.com"
161.35.164.93 - - [03/Sep/2026:12:08:33 -0500] "POST /wp-login.php HTTP/1.1" 200 7596 "-" "Mozilla/5.0"
157.90.185.123 - - [03/Sep/2026:12:12:05 -0500] "POST /wp-cron.php?doing_wp_cron=1788455525.0998060703277587890625 HTTP/1.1" 200 - "-" "WordPress/7.1; https://effefe.com"
66.249.78.101 - - [03/Sep/2026:12:12:01 -0500] "GET /portfolio/sweet-decisions/ HTTP/1.1" 404 99636 "-" "Mozilla/5.0 (Linux; Android 6.0.1; Nexus 5X Build/MMB29P) AppleWebKit/537.36 (KHTML, like Gecko) Chrome/151.0.7922.173 Mobile Safari/537.36 (compatible; Googlebot/2.1; +http://www.google.com/bot.html)"
157.90.185.123 - - [03/Sep/2026:12:15:38 -0500] "POST /wp-cron.php?doing_wp_cron=1788455738.4383039474487304687500 HTTP/1.1" 200 - "-" "WordPress/7.1; https://effefe.com"
161.35.164.93 - - [03/Sep/2026:12:15:36 -0500] "POST /wp-login.php HTTP/1.1" 200 7596 "-" "Mozilla/5.0"
157.90.185.123 - - [03/Sep/2026:12:17:54 -0500] "POST /wp-cron.php?doing_wp_cron=1788455874.2922520637512207031250 HTTP/1.1" 200 - "-" "WordPress/7.1; https://effefe.com"
85.122.114.193 - - [03/Sep/2026:12:17:53 -0500] "GET /wp-includes/html-api/ewsphuq/ymhpljc/fzjktc1/index.php HTTP/1.1" 301 - "-" "-"
85.122.114.193 - - [03/Sep/2026:12:17:54 -0500] "GET /wp-includes/html-api/ewsphuq/ymhpljc/fzjktc1/ HTTP/1.1" 404 99636 "-" "-"
157.90.185.123 - - [03/Sep/2026:12:22:45 -0500] "POST /wp-cron.php?doing_wp_cron=1788456165.3445599079132080078125 HTTP/1.1" 200 - "-" "WordPress/7.1; https://effefe.com"
161.35.164.93 - - [03/Sep/2026:12:22:43 -0500] "POST /wp-login.php HTTP/1.1" 200 7596 "-" "Mozilla/5.0"
92.130.177.143 - - [03/Sep/2026:12:25:36 -0500] "POST /xmlrpc.php HTTP/1.1" 403 199 "-" "Mozilla/5.0 (Windows NT 6.2; x86) AppleWebKit/537.36 (KHTML, like Gecko) Opera/72.0.0.0 Safari/537.36"
157.90.185.123 - - [03/Sep/2026:12:29:41 -0500] "POST /wp-cron.php?doing_wp_cron=1788456581.8580420017242431640625 HTTP/1.1" 200 - "-" "WordPress/7.1; https://effefe.com"
161.35.164.93 - - [03/Sep/2026:12:29:40 -0500] "POST /wp-login.php HTTP/1.1" 200 7596 "-" "Mozilla/5.0"
157.90.185.123 - - [03/Sep/2026:12:30:39 -0500] "POST /wp-cron.php?doing_wp_cron=1788456639.4294600486755371093750 HTTP/1.1" 200 - "-" "WordPress/7.1; https://effefe.com"
120.133.60.156 - - [03/Sep/2026:12:30:38 -0500] "POST /wp-login.php HTTP/1.1" 200 7561 "https://effefe.com/wp-login.php" "Mozilla/5.0 (Windows NT 10.0; Win64; x64) AppleWebKit/537.36 (KHTML, like Gecko) Chrome/125.0.0.0 Safari/537.36"
144.172.89.127 - - [03/Sep/2026:12:35:41 -0500] "GET /.git/config HTTP/1.1" 403 199 "-" "Mozilla/5.0 (X11; Linux x86_64)"
157.90.185.123 - - [03/Sep/2026:12:36:55 -0500] "POST /wp-cron.php?doing_wp_cron=1788457015.6945469379425048828125 HTTP/1.1" 200 - "-" "WordPress/7.1; https://effefe.com"
161.35.164.93 - - [03/Sep/2026:12:36:53 -0500] "POST /wp-login.php HTTP/1.1" 200 7596 "-" "Mozilla/5.0"
157.90.185.123 - - [03/Sep/2026:12:41:47 -0500] "POST /wp-cron.php?doing_wp_cron=1788457307.4227468967437744140625 HTTP/1.1" 200 - "-" "WordPress/7.1; https://effefe.com"
85.122.114.193 - - [03/Sep/2026:12:41:45 -0500] "GET /wp-includes/html-api/ewsphuq/ymhpljc/fzjktc1/index.php HTTP/1.1" 301 - "-" "-"
85.122.114.193 - - [03/Sep/2026:12:41:47 -0500] "GET /wp-includes/html-api/ewsphuq/ymhpljc/fzjktc1/ HTTP/1.1" 404 99636 "-" "-"
152.228.236.215 - - [03/Sep/2026:12:43:38 -0500] "GET / HTTP/1.1" 200 64103 "-" "Mozilla/5.0 (iPhone; CPU iPhone OS 26_3_0 like Mac OS X) AppleWebKit/605.1.15 (KHTML, like Gecko) CriOS/144.0.7559.95 Mobile/15E148 Safari/604.1"
157.90.185.123 - - [03/Sep/2026:12:43:45 -0500] "POST /wp-cron.php?doing_wp_cron=1788457424.8171710968017578125000 HTTP/1.1" 200 - "-" "WordPress/7.1; https://effefe.com"
161.35.164.93 - - [03/Sep/2026:12:44:00 -0500] "POST /wp-login.php HTTP/1.1" 200 7596 "-" "Mozilla/5.0"
157.90.185.123 - - [03/Sep/2026:12:46:04 -0500] "POST /wp-cron.php?doing_wp_cron=1788457564.9356679916381835937500 HTTP/1.1" 200 - "-" "WordPress/7.1; https://effefe.com"
185.185.217.75 - - [03/Sep/2026:12:46:03 -0500] "GET / HTTP/1.1" 301 - "-" "Mozilla/5.0 (compatible; intelx.io_bot +https://intelx.io)"
185.185.217.75 - - [03/Sep/2026:12:46:05 -0500] "GET / HTTP/1.1" 301 - "-" "Mozilla/5.0 (compatible; intelx.io_bot +https://intelx.io)"
185.185.217.75 - - [03/Sep/2026:12:46:04 -0500] "GET / HTTP/1.1" 200 170815 "-" "Mozilla/5.0 (compatible; intelx.io_bot +https://intelx.io)"
157.90.185.123 - - [03/Sep/2026:12:47:13 -0500] "POST /wp-cron.php?doing_wp_cron=1788457633.0672030448913574218750 HTTP/1.1" 200 - "-" "WordPress/7.1; https://effefe.com"
54.235.125.129 - - [03/Sep/2026:12:47:10 -0500] "GET /creative-studio/ HTTP/1.1" 200 137501 "-" "Mozilla/5.0 AppleWebKit/537.36 (KHTML, like Gecko; compatible; Amazonbot/0.1; +https://developer.amazon.com/support/amazonbot) Chrome/119.0.6045.214 Safari/537.36"
161.35.164.93 - - [03/Sep/2026:12:51:10 -0500] "POST /wp-login.php HTTP/1.1" 200 7596 "-" "Mozilla/5.0"
157.90.185.123 - - [03/Sep/2026:12:51:11 -0500] "POST /wp-cron.php?doing_wp_cron=1788457871.5393810272216796875000 HTTP/1.1" 200 - "-" "WordPress/7.1; https://effefe.com"
157.90.185.123 - - [03/Sep/2026:12:57:00 -0500] "POST /wp-cron.php?doing_wp_cron=1788458220.0872979164123535156250 HTTP/1.1" 200 - "-" "WordPress/7.1; https://effefe.com"
114.119.152.47 - - [03/Sep/2026:12:56:57 -0500] "GET /blog-2/ HTTP/1.1" 200 111411 "https://effefe.com/blog-2/" "Mozilla/5.0 (Linux; Android 7.0;) AppleWebKit/537.36 (HTML, like Gecko) Mobile Safari/537.36 (compatible; PetalBot;+https://webmaster.petalsearch.com/site/petalbot)"
161.35.164.93 - - [03/Sep/2026:12:58:27 -0500] "POST /wp-login.php HTTP/1.1" 200 7596 "-" "Mozilla/5.0"
157.90.185.123 - - [03/Sep/2026:12:58:40 -0500] "POST /wp-cron.php?doing_wp_cron=1788458319.8410229682922363281250 HTTP/1.1" 200 - "-" "WordPress/7.1; https://effefe.com"
157.90.185.123 - - [03/Sep/2026:13:01:41 -0500] "POST /wp-cron.php?doing_wp_cron=1788458501.0053229331970214843750 HTTP/1.1" 200 - "-" "WordPress/7.1; https://effefe.com"
34.143.181.46 - - [03/Sep/2026:13:01:38 -0500] "POST /?rest_route=/batch/v1 HTTP/1.1" 207 634 "-" "Mozilla/5.0 (X11; Linux x86_64) AppleWebKit/537.36 (KHTML, like Gecko) Chrome/131.0.0.0 Safari/537.36"
54.85.126.86 - - [03/Sep/2026:13:01:58 -0500] "GET /home/ HTTP/1.1" 200 131435 "-" "Mozilla/5.0 AppleWebKit/537.36 (KHTML, like Gecko; compatible; Amazonbot/0.1; +https://developer.amazon.com/support/amazonbot) Chrome/119.0.6045.214 Safari/537.36"
157.90.185.123 - - [03/Sep/2026:13:03:33 -0500] "POST /wp-cron.php?doing_wp_cron=1788458613.7370359897613525390625 HTTP/1.1" 200 - "-" "WordPress/7.1; https://effefe.com"
85.122.114.193 - - [03/Sep/2026:13:03:32 -0500] "GET /wp-includes/html-api/ewsphuq/ymhpljc/fzjktc1/index.php HTTP/1.1" 301 - "-" "-"
85.122.114.193 - - [03/Sep/2026:13:03:34 -0500] "GET /wp-includes/html-api/ewsphuq/ymhpljc/fzjktc1/ HTTP/1.1" 404 99636 "-" "-"
157.90.185.123 - - [03/Sep/2026:13:05:09 -0500] "POST /wp-cron.php?doing_wp_cron=1788458709.2707560062408447265625 HTTP/1.1" 200 - "-" "WordPress/7.1; https://effefe.com"
141.195.150.118 - - [03/Sep/2026:13:05:07 -0500] "POST //wp-includes/sitemaps/zlumxjk/mafhkzn/sf1ypjr/index.php?pass=K6hkO2zwH3E HTTP/1.1" 404 99636 "-" "-"
34.224.132.215 - - [03/Sep/2026:13:05:10 -0500] "GET /metro-shop/ HTTP/1.1" 200 112207 "-" "Mozilla/5.0 AppleWebKit/537.36 (KHTML, like Gecko; compatible; Amazonbot/0.1; +https://developer.amazon.com/support/amazonbot) Chrome/119.0.6045.214 Safari/537.36"
157.90.185.123 - - [03/Sep/2026:13:05:49 -0500] "POST /wp-cron.php?doing_wp_cron=1788458749.4506020545959472656250 HTTP/1.1" 200 - "-" "WordPress/7.1; https://effefe.com"
161.35.164.93 - - [03/Sep/2026:13:05:48 -0500] "POST /wp-login.php HTTP/1.1" 200 7596 "-" "Mozilla/5.0"
157.90.185.123 - - [03/Sep/2026:13:06:48 -0500] "POST /wp-cron.php?doing_wp_cron=1788458808.1243209838867187500000 HTTP/1.1" 200 - "-" "WordPress/7.1; https://effefe.com"
173.252.95.33 - - [03/Sep/2026:13:06:47 -0500] "GET /robots.txt HTTP/1.1" 301 - "-" "facebookexternalhit/1.1 (+http://www.facebook.com/externalhit_uatext.php)"
173.252.95.74 - - [03/Sep/2026:13:06:48 -0500] "GET /robots.txt HTTP/1.1" 200 313 "-" "facebookexternalhit/1.1 (+http://www.facebook.com/externalhit_uatext.php)"
197.38.77.232 - - [03/Sep/2026:13:06:51 -0500] "GET /simple.php HTTP/1.1" 404 99636 "-" "Mozilla/5.0 (Linux; Android 7.0; SM-G892A Build/NRD90M; wv) AppleWebKit/537.36 (KHTML, like Gecko) Version/4.0 Chrome/60.0.3112.107 Mobile Safari/537.36"
197.38.77.232 - - [03/Sep/2026:13:06:53 -0500] "GET /up.php HTTP/1.1" 404 99636 "-" "Mozilla/5.0 (Linux; Android 7.0; SM-G892A Build/NRD90M; wv) AppleWebKit/537.36 (KHTML, like Gecko) Version/4.0 Chrome/60.0.3112.107 Mobile Safari/537.36"
197.38.77.232 - - [03/Sep/2026:13:06:56 -0500] "GET /ah25.php?p= HTTP/1.1" 301 - "-" "Mozilla/5.0 (Linux; Android 7.0; SM-G892A Build/NRD90M; wv) AppleWebKit/537.36 (KHTML, like Gecko) Version/4.0 Chrome/60.0.3112.107 Mobile Safari/537.36"
197.38.77.232 - - [03/Sep/2026:13:06:57 -0500] "GET /ah25.php HTTP/1.1" 404 99636 "-" "Mozilla/5.0 (Linux; Android 7.0; SM-G892A Build/NRD90M; wv) AppleWebKit/537.36 (KHTML, like Gecko) Version/4.0 Chrome/60.0.3112.107 Mobile Safari/537.36"
197.38.77.232 - - [03/Sep/2026:13:06:59 -0500] "GET /configs.php HTTP/1.1" 404 99636 "-" "Mozilla/5.0 (Linux; Android 7.0; SM-G892A Build/NRD90M; wv) AppleWebKit/537.36 (KHTML, like Gecko) Version/4.0 Chrome/60.0.3112.107 Mobile Safari/537.36"
197.38.77.232 - - [03/Sep/2026:13:07:02 -0500] "GET /worksec.php HTTP/1.1" 404 99636 "-" "Mozilla/5.0 (Linux; Android 7.0; SM-G892A Build/NRD90M; wv) AppleWebKit/537.36 (KHTML, like Gecko) Version/4.0 Chrome/60.0.3112.107 Mobile Safari/537.36"
197.38.77.232 - - [03/Sep/2026:13:07:04 -0500] "GET /wp-l0gin.php HTTP/1.1" 404 99636 "-" "Mozilla/5.0 (Linux; Android 7.0; SM-G892A Build/NRD90M; wv) AppleWebKit/537.36 (KHTML, like Gecko) Version/4.0 Chrome/60.0.3112.107 Mobile Safari/537.36"
197.38.77.232 - - [03/Sep/2026:13:07:06 -0500] "GET /lufix.php HTTP/1.1" 404 99636 "-" "Mozilla/5.0 (Linux; Android 7.0; SM-G892A Build/NRD90M; wv) AppleWebKit/537.36 (KHTML, like Gecko) Version/4.0 Chrome/60.0.3112.107 Mobile Safari/537.36"
197.38.77.232 - - [03/Sep/2026:13:07:08 -0500] "GET /shell.php HTTP/1.1" 404 99636 "-" "Mozilla/5.0 (Linux; Android 7.0; SM-G892A Build/NRD90M; wv) AppleWebKit/537.36 (KHTML, like Gecko) Version/4.0 Chrome/60.0.3112.107 Mobile Safari/537.36"
197.38.77.232 - - [03/Sep/2026:13:07:11 -0500] "GET /xleet.php HTTP/1.1" 404 99636 "-" "Mozilla/5.0 (Linux; Android 7.0; SM-G892A Build/NRD90M; wv) AppleWebKit/537.36 (KHTML, like Gecko) Version/4.0 Chrome/60.0.3112.107 Mobile Safari/537.36"
197.38.77.232 - - [03/Sep/2026:13:07:13 -0500] "GET /dex.php HTTP/1.1" 404 99636 "-" "Mozilla/5.0 (Linux; Android 7.0; SM-G892A Build/NRD90M; wv) AppleWebKit/537.36 (KHTML, like Gecko) Version/4.0 Chrome/60.0.3112.107 Mobile Safari/537.36"
157.90.185.123 - - [03/Sep/2026:13:07:17 -0500] "POST /wp-cron.php?doing_wp_cron=1788458837.2906939983367919921875 HTTP/1.1" 200 - "-" "WordPress/7.1; https://effefe.com"
197.38.77.232 - - [03/Sep/2026:13:07:15 -0500] "GET /php8.php HTTP/1.1" 404 99636 "-" "Mozilla/5.0 (Linux; Android 7.0; SM-G892A Build/NRD90M; wv) AppleWebKit/537.36 (KHTML, like Gecko) Version/4.0 Chrome/60.0.3112.107 Mobile Safari/537.36"
197.38.77.232 - - [03/Sep/2026:13:07:17 -0500] "GET /card.php HTTP/1.1" 404 99636 "-" "Mozilla/5.0 (Linux; Android 7.0; SM-G892A Build/NRD90M; wv) AppleWebKit/537.36 (KHTML, like Gecko) Version/4.0 Chrome/60.0.3112.107 Mobile Safari/537.36"
197.38.77.232 - - [03/Sep/2026:13:07:19 -0500] "GET /wso.php HTTP/1.1" 404 99636 "-" "Mozilla/5.0 (Linux; Android 7.0; SM-G892A Build/NRD90M; wv) AppleWebKit/537.36 (KHTML, like Gecko) Version/4.0 Chrome/60.0.3112.107 Mobile Safari/537.36"
197.38.77.232 - - [03/Sep/2026:13:07:21 -0500] "GET /goods.php HTTP/1.1" 404 99636 "-" "Mozilla/5.0 (Linux; Android 7.0; SM-G892A Build/NRD90M; wv) AppleWebKit/537.36 (KHTML, like Gecko) Version/4.0 Chrome/60.0.3112.107 Mobile Safari/537.36"
197.38.77.232 - - [03/Sep/2026:13:07:24 -0500] "GET /privacy.php HTTP/1.1" 404 99636 "-" "Mozilla/5.0 (Linux; Android 7.0; SM-G892A Build/NRD90M; wv) AppleWebKit/537.36 (KHTML, like Gecko) Version/4.0 Chrome/60.0.3112.107 Mobile Safari/537.36"
197.38.77.232 - - [03/Sep/2026:13:07:26 -0500] "GET /chosen.php?p= HTTP/1.1" 301 - "-" "Mozilla/5.0 (Linux; Android 7.0; SM-G892A Build/NRD90M; wv) AppleWebKit/537.36 (KHTML, like Gecko) Version/4.0 Chrome/60.0.3112.107 Mobile Safari/537.36"
197.38.77.232 - - [03/Sep/2026:13:07:27 -0500] "GET /chosen.php HTTP/1.1" 404 99636 "-" "Mozilla/5.0 (Linux; Android 7.0; SM-G892A Build/NRD90M; wv) AppleWebKit/537.36 (KHTML, like Gecko) Version/4.0 Chrome/60.0.3112.107 Mobile Safari/537.36"
197.38.77.232 - - [03/Sep/2026:13:07:30 -0500] "GET /chosen.php HTTP/1.1" 404 99636 "-" "Mozilla/5.0 (Linux; Android 7.0; SM-G892A Build/NRD90M; wv) AppleWebKit/537.36 (KHTML, like Gecko) Version/4.0 Chrome/60.0.3112.107 Mobile Safari/537.36"
197.38.77.232 - - [03/Sep/2026:13:07:32 -0500] "GET /images/index.php HTTP/1.1" 301 - "-" "Mozilla/5.0 (Linux; Android 7.0; SM-G892A Build/NRD90M; wv) AppleWebKit/537.36 (KHTML, like Gecko) Version/4.0 Chrome/60.0.3112.107 Mobile Safari/537.36"
197.38.77.232 - - [03/Sep/2026:13:07:33 -0500] "GET /images/ HTTP/1.1" 403 199 "-" "Mozilla/5.0 (Linux; Android 7.0; SM-G892A Build/NRD90M; wv) AppleWebKit/537.36 (KHTML, like Gecko) Version/4.0 Chrome/60.0.3112.107 Mobile Safari/537.36"
197.38.77.232 - - [03/Sep/2026:13:07:34 -0500] "GET /wp-content/goods.php HTTP/1.1" 404 99636 "-" "Mozilla/5.0 (Linux; Android 7.0; SM-G892A Build/NRD90M; wv) AppleWebKit/537.36 (KHTML, like Gecko) Version/4.0 Chrome/60.0.3112.107 Mobile Safari/537.36"
197.38.77.232 - - [03/Sep/2026:13:07:36 -0500] "GET /wp-admin/goods.php HTTP/1.1" 404 99636 "-" "Mozilla/5.0 (Linux; Android 7.0; SM-G892A Build/NRD90M; wv) AppleWebKit/537.36 (KHTML, like Gecko) Version/4.0 Chrome/60.0.3112.107 Mobile Safari/537.36"
197.38.77.232 - - [03/Sep/2026:13:07:38 -0500] "GET /wp-includes/goods.php HTTP/1.1" 404 99636 "-" "Mozilla/5.0 (Linux; Android 7.0; SM-G892A Build/NRD90M; wv) AppleWebKit/537.36 (KHTML, like Gecko) Version/4.0 Chrome/60.0.3112.107 Mobile Safari/537.36"
197.38.77.232 - - [03/Sep/2026:13:07:41 -0500] "GET /wp-content/index.php HTTP/1.1" 200 - "-" "Mozilla/5.0 (Linux; Android 7.0; SM-G892A Build/NRD90M; wv) AppleWebKit/537.36 (KHTML, like Gecko) Version/4.0 Chrome/60.0.3112.107 Mobile Safari/537.36"
197.38.77.232 - - [03/Sep/2026:13:07:41 -0500] "GET /wp-admin/index.php HTTP/1.1" 302 - "-" "Mozilla/5.0 (Linux; Android 7.0; SM-G892A Build/NRD90M; wv) AppleWebKit/537.36 (KHTML, like Gecko) Version/4.0 Chrome/60.0.3112.107 Mobile Safari/537.36"
197.38.77.232 - - [03/Sep/2026:13:07:43 -0500] "GET /wp-login.php?redirect_to=https%3A%2F%2Feffefe.com%2Fwp-admin%2Findex.php&reauth=1 HTTP/1.1" 200 7198 "-" "Mozilla/5.0 (Linux; Android 7.0; SM-G892A Build/NRD90M; wv) AppleWebKit/537.36 (KHTML, like Gecko) Version/4.0 Chrome/60.0.3112.107 Mobile Safari/537.36"
197.38.77.232 - - [03/Sep/2026:13:07:45 -0500] "GET /images/images/index.php HTTP/1.1" 301 - "-" "Mozilla/5.0 (Linux; Android 7.0; SM-G892A Build/NRD90M; wv) AppleWebKit/537.36 (KHTML, like Gecko) Version/4.0 Chrome/60.0.3112.107 Mobile Safari/537.36"
197.38.77.232 - - [03/Sep/2026:13:07:46 -0500] "GET /images/images/ HTTP/1.1" 403 199 "-" "Mozilla/5.0 (Linux; Android 7.0; SM-G892A Build/NRD90M; wv) AppleWebKit/537.36 (KHTML, like Gecko) Version/4.0 Chrome/60.0.3112.107 Mobile Safari/537.36"
197.38.77.232 - - [03/Sep/2026:13:07:46 -0500] "GET /wp-content/themes/index.php HTTP/1.1" 200 - "-" "Mozilla/5.0 (Linux; Android 7.0; SM-G892A Build/NRD90M; wv) AppleWebKit/537.36 (KHTML, like Gecko) Version/4.0 Chrome/60.0.3112.107 Mobile Safari/537.36"
197.38.77.232 - - [03/Sep/2026:13:07:47 -0500] "GET /wp-content/plugins/index.php HTTP/1.1" 200 - "-" "Mozilla/5.0 (Linux; Android 7.0; SM-G892A Build/NRD90M; wv) AppleWebKit/537.36 (KHTML, like Gecko) Version/4.0 Chrome/60.0.3112.107 Mobile Safari/537.36"
197.38.77.232 - - [03/Sep/2026:13:07:47 -0500] "GET /wp-content/plugins/zwso.php HTTP/1.1" 404 99636 "-" "Mozilla/5.0 (Linux; Android 7.0; SM-G892A Build/NRD90M; wv) AppleWebKit/537.36 (KHTML, like Gecko) Version/4.0 Chrome/60.0.3112.107 Mobile Safari/537.36"
157.90.185.123 - - [03/Sep/2026:13:08:48 -0500] "POST /wp-cron.php?doing_wp_cron=1788458928.3495531082153320312500 HTTP/1.1" 200 - "-" "WordPress/7.1; https://effefe.com"
185.191.171.10 - - [03/Sep/2026:13:08:46 -0500] "GET /robots.txt HTTP/1.1" 200 313 "-" "Mozilla/5.0 (compatible; SemrushBot/7~bl; +http://www.semrush.com/bot.html)"
85.208.96.195 - - [03/Sep/2026:13:08:49 -0500] "GET /meet-the-team/ HTTP/1.1" 200 227268 "-" "Mozilla/5.0 (compatible; SemrushBot/7~bl; +http://www.semrush.com/bot.html)"
43.164.131.148 - - [03/Sep/2026:13:12:16 -0500] "GET / HTTP/1.1" 403 199 "-" "Mozilla/5.0 (iPhone; CPU iPhone OS 13_2_3 like Mac OS X) AppleWebKit/605.1.15 (KHTML, like Gecko) Version/13.0.3 Mobile/15E148 Safari/604.1"
157.90.185.123 - - [03/Sep/2026:13:12:55 -0500] "POST /wp-cron.php?doing_wp_cron=1788459174.9041080474853515625000 HTTP/1.1" 200 - "-" "WordPress/7.1; https://effefe.com"
35.169.119.108 - - [03/Sep/2026:13:12:52 -0500] "GET /faq/ HTTP/1.1" 200 124920 "-" "Mozilla/5.0 AppleWebKit/537.36 (KHTML, like Gecko; compatible; Amazonbot/0.1; +https://developer.amazon.com/support/amazonbot) Chrome/119.0.6045.214 Safari/537.36"
157.90.185.123 - - [03/Sep/2026:13:13:18 -0500] "POST /wp-cron.php?doing_wp_cron=1788459198.7286798954010009765625 HTTP/1.1" 200 - "-" "WordPress/7.1; https://effefe.com"
161.35.164.93 - - [03/Sep/2026:13:13:17 -0500] "POST /wp-login.php HTTP/1.1" 200 7596 "-" "Mozilla/5.0"
157.90.185.123 - - [03/Sep/2026:13:14:55 -0500] "POST /wp-cron.php?doing_wp_cron=1788459295.8197538852691650390625 HTTP/1.1" 200 - "-" "WordPress/7.1; https://effefe.com"
52.71.216.196 - - [03/Sep/2026:13:14:54 -0500] "GET /fluid-shop/embed/ HTTP/1.1" 200 19753 "-" "Mozilla/5.0 AppleWebKit/537.36 (KHTML, like Gecko; compatible; Amazonbot/0.1; +https://developer.amazon.com/support/amazonbot) Chrome/119.0.6045.214 Safari/537.36"
157.90.185.123 - - [03/Sep/2026:13:15:37 -0500] "POST /wp-cron.php?doing_wp_cron=1788459337.9345920085906982421875 HTTP/1.1" 200 - "-" "WordPress/7.1; https://effefe.com"
149.118.158.8 - - [03/Sep/2026:13:15:35 -0500] "GET /wp-content/plugins/pods/readme.txt HTTP/1.1" 404 99636 "-" "Mozilla/5.0 (Macintosh; Intel Mac OS X 10_15_7) AppleWebKit/537.36 (KHTML, like Gecko) Chrome/124.0.0.0 Safari/537.36"
149.118.158.8 - - [03/Sep/2026:13:15:44 -0500] "GET /wp-content/plugins/pods/init.php HTTP/1.1" 404 99636 "-" "Mozilla/5.0 (Macintosh; Intel Mac OS X 10_15_7) AppleWebKit/537.36 (KHTML, like Gecko) Chrome/124.0.0.0 Safari/537.36"
149.118.158.8 - - [03/Sep/2026:13:15:48 -0500] "GET /wp-content/plugins/pods/readme.txt HTTP/1.1" 404 99410 "-" "Mozilla/5.0 (Macintosh; Intel Mac OS X 10_15_7) AppleWebKit/537.36 (KHTML, like Gecko) Chrome/124.0.0.0 Safari/537.36"
149.118.158.8 - - [03/Sep/2026:13:15:54 -0500] "GET /wp-content/plugins/pods/init.php HTTP/1.1" 404 99410 "-" "Mozilla/5.0 (Macintosh; Intel Mac OS X 10_15_7) AppleWebKit/537.36 (KHTML, like Gecko) Chrome/124.0.0.0 Safari/537.36"
34.73.26.33 - - [03/Sep/2026:13:18:09 -0500] "GET /.git/config HTTP/1.1" 403 199 "-" "Mozilla/5.0 (Windows NT 10.0; Win64; x64) AppleWebKit/537.36 (KHTML, like Gecko) Chrome/128.0.0.0 Safari/537.36"
34.73.26.33 - - [03/Sep/2026:13:18:09 -0500] "GET /.git/config HTTP/1.1" 403 199 "-" "Mozilla/5.0 (Windows NT 10.0; Win64; x64) AppleWebKit/537.36 (KHTML, like Gecko) Chrome/128.0.0.0 Safari/537.36"
157.90.185.123 - - [03/Sep/2026:13:19:09 -0500] "POST /wp-cron.php?doing_wp_cron=1788459549.6907119750976562500000 HTTP/1.1" 200 - "-" "WordPress/7.1; https://effefe.com"
46.105.40.140 - - [03/Sep/2026:13:19:08 -0500] "GET /robots.txt HTTP/1.1" 200 313 "-" "Mozilla/5.0 (compatible; MJ12bot/v2.0.5; http://mj12bot.com/)"
46.105.40.140 - - [03/Sep/2026:13:19:09 -0500] "GET / HTTP/1.1" 301 - "-" "Mozilla/5.0 (compatible; MJ12bot/v2.0.5; http://mj12bot.com/)"
157.90.185.123 - - [03/Sep/2026:13:19:17 -0500] "POST /wp-cron.php?doing_wp_cron=1788459557.5776588916778564453125 HTTP/1.1" 200 - "-" "WordPress/7.1; https://effefe.com"
46.105.40.140 - - [03/Sep/2026:13:19:12 -0500] "GET / HTTP/1.1" 200 208374 "-" "Mozilla/5.0 (compatible; MJ12bot/v2.0.5; http://mj12bot.com/)"
46.105.40.140 - - [03/Sep/2026:13:19:11 -0500] "GET /robots.txt HTTP/1.1" 200 313 "-" "Mozilla/5.0 (compatible; MJ12bot/v2.0.5; http://mj12bot.com/)"
157.90.185.123 - - [03/Sep/2026:13:20:50 -0500] "POST /wp-cron.php?doing_wp_cron=1788459650.1396989822387695312500 HTTP/1.1" 200 - "-" "WordPress/7.1; https://effefe.com"
161.35.164.93 - - [03/Sep/2026:13:20:48 -0500] "POST /wp-login.php HTTP/1.1" 200 7596 "-" "Mozilla/5.0"
45.148.10.120 - - [03/Sep/2026:13:23:49 -0500] "GET /.git/config HTTP/1.1" 403 199 "-" "Mozilla/5.0 (X11; Linux i686; rv:1.9.6.20) Gecko/ Firefox/3.6.9"
157.90.185.123 - - [03/Sep/2026:13:25:00 -0500] "POST /wp-cron.php?doing_wp_cron=1788459900.8518760204315185546875 HTTP/1.1" 200 - "-" "WordPress/7.1; https://effefe.com"
3.218.35.239 - - [03/Sep/2026:13:24:58 -0500] "GET /metro-home/embed/ HTTP/1.1" 200 19807 "-" "Mozilla/5.0 AppleWebKit/537.36 (KHTML, like Gecko; compatible; Amazonbot/0.1; +https://developer.amazon.com/support/amazonbot) Chrome/119.0.6045.214 Safari/537.36"
157.90.185.123 - - [03/Sep/2026:13:28:26 -0500] "POST /wp-cron.php?doing_wp_cron=1788460106.2154269218444824218750 HTTP/1.1" 200 - "-" "WordPress/7.1; https://effefe.com"
161.35.164.93 - - [03/Sep/2026:13:28:24 -0500] "POST /wp-login.php HTTP/1.1" 200 7596 "-" "Mozilla/5.0"
157.90.185.123 - - [03/Sep/2026:13:36:03 -0500] "POST /wp-cron.php?doing_wp_cron=1788460563.1339449882507324218750 HTTP/1.1" 200 - "-" "WordPress/7.1; https://effefe.com"
161.35.164.93 - - [03/Sep/2026:13:36:01 -0500] "POST /wp-login.php HTTP/1.1" 200 7596 "-" "Mozilla/5.0"
207.148.66.50 - - [03/Sep/2026:13:41:19 -0500] "POST /index.php/wp-json/batch/v1 HTTP/1.1" 207 634 "-" "Mozilla/5.0 (Windows NT 10.0; Win64; x64; rv:136.0) Gecko/20100101 Firefox/136.0"
207.148.66.50 - - [03/Sep/2026:13:41:19 -0500] "POST /wp-json/batch/v1 HTTP/1.1" 207 634 "-" "Mozilla/5.0 (X11; Ubuntu; Linux x86_64; rv:136.0) Gecko/20100101 Firefox/136.0"
207.148.66.50 - - [03/Sep/2026:13:41:19 -0500] "POST /?rest_route=/batch/v1 HTTP/1.1" 207 634 "-" "Mozilla/5.0 (X11; Linux x86_64) AppleWebKit/537.36 (KHTML, like Gecko) Chrome/137.0.0.0 Safari/537.36"
157.90.185.123 - - [03/Sep/2026:13:41:22 -0500] "POST /wp-cron.php?doing_wp_cron=1788460882.5293610095977783203125 HTTP/1.1" 200 - "-" "WordPress/7.1; https://effefe.com"
207.148.66.50 - - [03/Sep/2026:13:41:19 -0500] "POST /index.php?rest_route=/batch/v1 HTTP/1.1" 207 634 "-" "Mozilla/5.0 (Macintosh; Intel Mac OS X 10_15_7) AppleWebKit/537.36 (KHTML, like Gecko) Chrome/137.0.0.0 Safari/537.36"
120.133.60.156 - - [03/Sep/2026:13:41:20 -0500] "POST /wp-login.php HTTP/1.1" 200 7561 "https://effefe.com/wp-login.php" "Mozilla/5.0 (Windows NT 10.0; Win64; x64) AppleWebKit/537.36 (KHTML, like Gecko) Chrome/125.0.0.0 Safari/537.36"
207.148.66.50 - - [03/Sep/2026:13:41:23 -0500] "POST /?rest_route=/batch/v1 HTTP/1.1" 207 634 "-" "Mozilla/5.0 (Macintosh; Intel Mac OS X 10_15_7) AppleWebKit/605.1.15 (KHTML, like Gecko) Version/17.0 Safari/605.1.15"
207.148.66.50 - - [03/Sep/2026:13:41:23 -0500] "POST /index.php/wp-json/batch/v1 HTTP/1.1" 207 634 "-" "Mozilla/5.0 (Windows NT 10.0; Win64; x64) AppleWebKit/537.36 (KHTML, like Gecko) Chrome/137.0.0.0 Safari/537.36"
207.148.66.50 - - [03/Sep/2026:13:41:23 -0500] "POST /wp-json/batch/v1 HTTP/1.1" 207 634 "-" "Mozilla/5.0 (Macintosh; Intel Mac OS X 10_15_7) AppleWebKit/605.1.15 (KHTML, like Gecko) Version/17.0 Safari/605.1.15"
207.148.66.50 - - [03/Sep/2026:13:41:23 -0500] "POST /index.php?rest_route=/batch/v1 HTTP/1.1" 207 634 "-" "Mozilla/5.0 (Macintosh; Intel Mac OS X 10_15_7) AppleWebKit/537.36 (KHTML, like Gecko) Chrome/137.0.0.0 Safari/537.36"
207.148.66.50 - - [03/Sep/2026:13:41:27 -0500] "POST / HTTP/1.1" 207 634 "-" "Mozilla/5.0 (Windows NT 10.0; Win64; x64; rv:136.0) Gecko/20100101 Firefox/136.0"
157.90.185.123 - - [03/Sep/2026:13:43:41 -0500] "POST /wp-cron.php?doing_wp_cron=1788461021.3881909847259521484375 HTTP/1.1" 200 - "-" "WordPress/7.1; https://effefe.com"
161.35.164.93 - - [03/Sep/2026:13:43:40 -0500] "POST /wp-login.php HTTP/1.1" 200 7596 "-" "Mozilla/5.0"
157.90.185.123 - - [03/Sep/2026:13:46:58 -0500] "POST /wp-cron.php?doing_wp_cron=1788461218.1610860824584960937500 HTTP/1.1" 200 - "-" "WordPress/7.1; https://effefe.com"
45.61.187.50 - - [03/Sep/2026:13:46:52 -0500] "GET / HTTP/1.1" 200 208374 "http://www.google.com.hk" "Mozilla/5.0 (Macintosh; Intel Mac OS X 10_15_7) AppleWebKit/605.1.15 (KHTML, like Gecko) Version/17.2 Safari/605.1.15"
157.90.185.123 - - [03/Sep/2026:13:51:18 -0500] "POST /wp-cron.php?doing_wp_cron=1788461478.0860219001770019531250 HTTP/1.1" 200 - "-" "WordPress/7.1; https://effefe.com"
161.35.164.93 - - [03/Sep/2026:13:51:16 -0500] "POST /wp-login.php HTTP/1.1" 200 7596 "-" "Mozilla/5.0"
157.90.185.123 - - [03/Sep/2026:13:56:56 -0500] "POST /wp-cron.php?doing_wp_cron=1788461816.6258211135864257812500 HTTP/1.1" 200 - "-" "WordPress/7.1; https://effefe.com"
45.61.187.50 - - [03/Sep/2026:13:56:53 -0500] "GET /wp-json/ HTTP/1.1" 200 1794758 "http://www.google.com.hk" "Mozilla/5.0 (iPhone; CPU iPhone OS 17_2 like Mac OS X) AppleWebKit/605.1.15 (KHTML, like Gecko) Version/17.2 Mobile/15E148 Safari/604.1"
157.90.185.123 - - [03/Sep/2026:13:59:04 -0500] "POST /wp-cron.php?doing_wp_cron=1788461944.2658019065856933593750 HTTP/1.1" 200 - "-" "WordPress/7.1; https://effefe.com"
161.35.164.93 - - [03/Sep/2026:13:59:02 -0500] "POST /wp-login.php HTTP/1.1" 200 7596 "-" "Mozilla/5.0"
157.90.185.123 - - [03/Sep/2026:14:04:23 -0500] "POST /wp-cron.php?doing_wp_cron=1788462263.2901289463043212890625 HTTP/1.1" 200 - "-" "WordPress/7.1; https://effefe.com"
131.226.2.17 - - [03/Sep/2026:14:04:20 -0500] "GET /wp-login.php HTTP/1.1" 200 7189 "-" "Mozilla/5.0 (Windows NT 10.0; Win64; x64) AppleWebKit/537.36 (KHTML, like Gecko) Chrome/120.0.0.0 Safari/537.36"
40.77.167.24 - - [03/Sep/2026:14:04:25 -0500] "GET /artice/2023081216/n5h5eTyBYKoW.html HTTP/1.1" 301 - "-" "Mozilla/5.0 AppleWebKit/537.36 (KHTML, like Gecko; compatible; bingbot/2.0; +http://www.bing.com/bingbot.htm) Chrome/116.0.1938.76 Safari/537.36"
162.14.81.106 - - [03/Sep/2026:14:05:39 -0500] "GET / HTTP/1.1" 403 199 "-" "Mozilla/5.0 (iPhone; CPU iPhone OS 13_2_3 like Mac OS X) AppleWebKit/605.1.15 (KHTML, like Gecko) Version/13.0.3 Mobile/15E148 Safari/604.1"
157.90.185.123 - - [03/Sep/2026:14:07:01 -0500] "POST /wp-cron.php?doing_wp_cron=1788462421.4183809757232666015625 HTTP/1.1" 200 - "-" "WordPress/7.1; https://effefe.com"
161.35.164.93 - - [03/Sep/2026:14:07:00 -0500] "POST /wp-login.php HTTP/1.1" 200 7596 "-" "Mozilla/5.0"
157.90.185.123 - - [03/Sep/2026:14:14:57 -0500] "POST /wp-cron.php?doing_wp_cron=1788462897.5014319419860839843750 HTTP/1.1" 200 - "-" "WordPress/7.1; https://effefe.com"
161.35.164.93 - - [03/Sep/2026:14:14:55 -0500] "POST /wp-login.php HTTP/1.1" 200 7596 "-" "Mozilla/5.0"
157.90.185.123 - - [03/Sep/2026:14:21:56 -0500] "POST /wp-cron.php?doing_wp_cron=1788463316.2585849761962890625000 HTTP/1.1" 200 - "-" "WordPress/7.1; https://effefe.com"
18.205.39.55 - - [03/Sep/2026:14:21:53 -0500] "GET /three-columns-wide-portfolio/ HTTP/1.1" 200 113538 "-" "Mozilla/5.0 (Macintosh; Intel Mac OS X 10_15_7) AppleWebKit/605.1.15 (KHTML, like Gecko) Chrome/139.0.0.0 Safari/605.1.15"
157.90.185.123 - - [03/Sep/2026:14:22:20 -0500] "POST /wp-cron.php?doing_wp_cron=1788463340.5543079376220703125000 HTTP/1.1" 200 - "-" "WordPress/7.1; https://effefe.com"
45.61.187.50 - - [03/Sep/2026:14:22:18 -0500] "POST /wp-json/batch/v1 HTTP/1.1" 207 478 "-" "Mozilla/5.0 (Macintosh; Intel Mac OS X 10_15_7) AppleWebKit/605.1.15 (KHTML, like Gecko) Version/17.2 Safari/605.1.15"
45.61.187.50 - - [03/Sep/2026:14:22:21 -0500] "POST /wp-json/batch/v1 HTTP/1.1" 207 478 "-" "Mozilla/5.0 (iPhone; CPU iPhone OS 17_2 like Mac OS X) AppleWebKit/605.1.15 (KHTML, like Gecko) Version/17.2 Mobile/15E148 Safari/604.1"
45.61.187.50 - - [03/Sep/2026:14:22:23 -0500] "POST /wp-json/batch/v1 HTTP/1.1" 207 478 "-" "Mozilla/5.0 (Windows NT 10.0; Win64; x64; rv:120.0) Gecko/20100101 Firefox/120.0"
45.61.187.50 - - [03/Sep/2026:14:22:26 -0500] "POST /wp-json/batch/v1 HTTP/1.1" 207 478 "-" "Mozilla/5.0 (X11; Linux x86_64) AppleWebKit/537.36 (KHTML, like Gecko) Chrome/120.0.0.0 Safari/537.36"
45.61.187.50 - - [03/Sep/2026:14:22:29 -0500] "POST /?rest_route=/batch/v1 HTTP/1.1" 207 478 "-" "Mozilla/5.0 (Windows NT 10.0; Win64; x64; rv:120.0) Gecko/20100101 Firefox/120.0"
45.61.187.50 - - [03/Sep/2026:14:22:31 -0500] "POST /wp-json/batch/v1 HTTP/1.1" 207 478 "-" "Mozilla/5.0 (Windows NT 10.0; Win64; x64) AppleWebKit/537.36 (KHTML, like Gecko) Chrome/120.0.0.0 Safari/537.36"
45.61.187.50 - - [03/Sep/2026:14:22:33 -0500] "POST /?rest_route=/batch/v1 HTTP/1.1" 207 478 "-" "Mozilla/5.0 (X11; Linux x86_64) AppleWebKit/537.36 (KHTML, like Gecko) Chrome/120.0.0.0 Safari/537.36"
45.61.187.50 - - [03/Sep/2026:14:22:39 -0500] "POST /wp-json/batch/v1 HTTP/1.1" 207 478 "-" "Mozilla/5.0 (Macintosh; Intel Mac OS X 10_15_7) AppleWebKit/605.1.15 (KHTML, like Gecko) Version/17.2 Safari/605.1.15"
45.61.187.50 - - [03/Sep/2026:14:22:45 -0500] "POST /?rest_route=/batch/v1 HTTP/1.1" 207 478 "-" "Mozilla/5.0 (Windows NT 10.0; Win64; x64) AppleWebKit/537.36 (KHTML, like Gecko) Chrome/120.0.0.0 Safari/537.36"
45.61.187.50 - - [03/Sep/2026:14:22:47 -0500] "POST /wp-admin/admin-ajax.php?action=updraft_central_ajaxcallback HTTP/1.1" 400 1 "-" "python-requests/2.33.1"
161.35.164.93 - - [03/Sep/2026:14:22:55 -0500] "POST /wp-login.php HTTP/1.1" 200 7596 "-" "Mozilla/5.0"
45.61.187.50 - - [03/Sep/2026:14:22:54 -0500] "GET /wp-content/plugins/wp_luwtcic/wp_luwtcic.php HTTP/1.1" 404 99636 "-" "python-requests/2.33.1"
34.9.81.139 - - [03/Sep/2026:14:23:46 -0500] "GET /.git/config HTTP/1.1" 403 199 "-" "Mozilla/5.0 (Windows NT 10.0; Win64; x64) AppleWebKit/537.36 (KHTML, like Gecko) Chrome/128.0.0.0 Safari/537.36"
157.90.185.123 - - [03/Sep/2026:14:24:21 -0500] "POST /wp-cron.php?doing_wp_cron=1788463461.4809360504150390625000 HTTP/1.1" 200 - "-" "WordPress/7.1; https://effefe.com"
45.61.187.50 - - [03/Sep/2026:14:24:19 -0500] "GET /wp-content/plugins/wp_luwtcic/wp_luwtcic.php HTTP/1.1" 404 99636 "-" "python-requests/2.33.1"
45.61.187.50 - - [03/Sep/2026:14:24:22 -0500] "GET /wp-content/plugins/wp_luwtcic/wp_luwtcic.php HTTP/1.1" 404 99636 "-" "python-requests/2.33.1"
45.61.187.50 - - [03/Sep/2026:14:24:26 -0500] "GET /wp-content/plugins/wp_luwtcic/wp_luwtcic.php HTTP/1.1" 404 99636 "-" "python-requests/2.33.1"
45.61.187.50 - - [03/Sep/2026:14:24:29 -0500] "GET /wp-content/plugins/wp_luwtcic/wp_luwtcic.php HTTP/1.1" 404 99636 "-" "python-requests/2.33.1"
45.61.187.50 - - [03/Sep/2026:14:24:36 -0500] "POST /wp-admin/admin-ajax.php HTTP/1.1" 403 320 "https://duckduckgo.com/" "Mozilla/5.0 (X11; Linux x86_64) AppleWebKit/537.36 (KHTML, like Gecko) Chrome/120.0.0.0 Safari/537.36"
45.61.187.50 - - [03/Sep/2026:14:24:38 -0500] "POST /wp-admin/admin-ajax.php HTTP/1.1" 403 320 "http://www.google.com.hk" "Mozilla/5.0 (Windows NT 10.0; Win64; x64) AppleWebKit/537.36 (KHTML, like Gecko) Chrome/120.0.0.0 Safari/537.36"
45.61.187.50 - - [03/Sep/2026:14:24:40 -0500] "GET /wp-login.php HTTP/1.1" 200 7189 "http://www.google.com.hk" "Mozilla/5.0 (iPhone; CPU iPhone OS 17_2 like Mac OS X) AppleWebKit/605.1.15 (KHTML, like Gecko) Version/17.2 Mobile/15E148 Safari/604.1"
45.61.187.50 - - [03/Sep/2026:14:24:55 -0500] "GET /?trp-edit-translation=preview HTTP/1.1" 200 208302 "https://www.bing.com/" "Mozilla/5.0 (Windows NT 10.0; Win64; x64) AppleWebKit/537.36 (KHTML, like Gecko) Chrome/120.0.0.0 Safari/537.36"
220.181.108.145 - - [03/Sep/2026:14:25:00 -0500] "GET /product/default-single/ HTTP/1.1" 404 99636 "-" "Mozilla/5.0 (compatible; Baiduspider/2.0; +http://www.baidu.com/search/spider.html)"
157.90.185.123 - - [03/Sep/2026:14:25:34 -0500] "POST /wp-cron.php?doing_wp_cron=1788463534.5195970535278320312500 HTTP/1.1" 200 - "-" "WordPress/7.1; https://effefe.com"
45.61.187.50 - - [03/Sep/2026:14:25:29 -0500] "GET / HTTP/1.1" 200 208374 "http://www.google.com.hk" "Mozilla/5.0 (iPhone; CPU iPhone OS 17_2 like Mac OS X) AppleWebKit/605.1.15 (KHTML, like Gecko) Version/17.2 Mobile/15E148 Safari/604.1"
157.90.185.123 - - [03/Sep/2026:14:30:04 -0500] "POST /wp-cron.php?doing_wp_cron=1788463804.2481529712677001953125 HTTP/1.1" 200 - "-" "WordPress/7.1; https://effefe.com"
18.233.95.32 - - [03/Sep/2026:14:30:00 -0500] "GET /portfolio/veduta-sul-canal-grande/ HTTP/1.1" 200 142444 "-" "Mozilla/5.0 (Macintosh; Intel Mac OS X 10_15_7) AppleWebKit/605.1.15 (KHTML, like Gecko) Chrome/139.0.0.0 Safari/605.1.15"
157.90.185.123 - - [03/Sep/2026:14:31:05 -0500] "POST /wp-cron.php?doing_wp_cron=1788463865.4654529094696044921875 HTTP/1.1" 200 - "-" "WordPress/7.1; https://effefe.com"
161.35.164.93 - - [03/Sep/2026:14:31:04 -0500] "POST /wp-login.php HTTP/1.1" 200 7596 "-" "Mozilla/5.0"
157.90.185.123 - - [03/Sep/2026:14:32:16 -0500] "POST /wp-cron.php?doing_wp_cron=1788463936.2869579792022705078125 HTTP/1.1" 200 - "-" "WordPress/7.1; https://effefe.com"
169.58.126.123 - - [03/Sep/2026:14:32:14 -0500] "GET /wp-json/gravitysmtp/v1/tests/mock-data?page=gravitysmtp-settings HTTP/1.1" 404 114 "-" "Mozilla/5.0 (X11; Linux x86_64; rv:1.9.6.20) Gecko/ Firefox/3.6.17"
51.161.202.231 - - [03/Sep/2026:14:32:50 -0500] "GET /wp-login.php HTTP/1.1" 200 7189 "-" "Mozilla/5.0 (Windows NT 10.0; Win64; x64) AppleWebKit/537.36 (KHTML, like Gecko) Chrome/120.0.0.0 Safari/537.36"
51.161.202.231 - - [03/Sep/2026:14:32:52 -0500] "POST /wp-login.php HTTP/1.1" 200 7588 "https://effefe.com:443/wp-login.php" "Mozilla/5.0 (Windows NT 10.0; Win64; x64) AppleWebKit/537.36 (KHTML, like Gecko) Chrome/120.0.0.0 Safari/537.36"
157.90.185.123 - - [03/Sep/2026:14:38:39 -0500] "POST /wp-cron.php?doing_wp_cron=1788464319.7249119281768798828125 HTTP/1.1" 200 - "-" "WordPress/7.1; https://effefe.com"
176.74.198.3 - - [03/Sep/2026:14:38:38 -0500] "GET /robots.txt HTTP/1.1" 200 313 "-" "Mozilla/5.0 (Windows NT 6.3; Win64; x64; rv:109.0) Gecko/20100101 Firefox/115"
5.198.253.239 - - [03/Sep/2026:14:38:39 -0500] "GET /llms.txt HTTP/1.1" 404 51296 "-" "Mozilla/5.0 (Windows NT 6.3; Win64; x64; rv:109.0) Gecko/20100101 Firefox/115"
193.182.189.176 - - [03/Sep/2026:14:38:41 -0500] "GET / HTTP/1.1" 301 - "-" "Mozilla/5.0 (Windows NT 6.3; Win64; x64; rv:109.0) Gecko/20100101 Firefox/115"
192.36.53.173 - - [03/Sep/2026:14:38:42 -0500] "GET / HTTP/1.1" 200 208374 "http://effefe.com/" "Mozilla/5.0 (Windows NT 6.3; Win64; x64; rv:109.0) Gecko/20100101 Firefox/115"
161.35.164.93 - - [03/Sep/2026:14:39:14 -0500] "POST /wp-login.php HTTP/1.1" 200 7596 "-" "Mozilla/5.0"
143.198.226.57 - - [03/Sep/2026:14:41:02 -0500] "GET /wp-content/uploads/2026/08/3-Il-canto-del-Gallo-Cedrone_Effefe.jpg HTTP/1.1" 200 701510 "https://www.google.com/search?q=effefe" "Mozilla/5.0 (Macintosh; Intel Mac OS X 10_15_7) AppleWebKit/537.36 (KHTML, like Gecko) Chrome/143.0.0.0 Safari/537.36"
157.90.185.123 - - [03/Sep/2026:14:46:20 -0500] "POST /wp-cron.php?doing_wp_cron=1788464780.0454540252685546875000 HTTP/1.1" 200 - "-" "WordPress/7.1; https://effefe.com"
154.81.166.10 - - [03/Sep/2026:14:46:18 -0500] "GET /runtime/archive/xz.php/ HTTP/1.1" 301 - "-" "Python/3.12 aiohttp/3.14.3"
157.90.185.123 - - [03/Sep/2026:14:46:20 -0500] "POST /wp-cron.php?doing_wp_cron=1788464780.0457670688629150390625 HTTP/1.1" 200 - "-" "WordPress/7.1; https://effefe.com"
154.81.166.10 - - [03/Sep/2026:14:46:18 -0500] "GET /runtime/leo.php/ HTTP/1.1" 301 - "-" "Python/3.12 aiohttp/3.14.3"
154.81.166.10 - - [03/Sep/2026:14:46:20 -0500] "GET /runtime/archive/xz.php/ HTTP/1.1" 404 67664 "-" "Python/3.12 aiohttp/3.14.3"
154.81.166.10 - - [03/Sep/2026:14:46:20 -0500] "GET /runtime/leo.php/ HTTP/1.1" 404 67664 "-" "Python/3.12 aiohttp/3.14.3"
157.90.185.123 - - [03/Sep/2026:14:47:26 -0500] "POST /wp-cron.php?doing_wp_cron=1788464845.9828679561614990234375 HTTP/1.1" 200 - "-" "WordPress/7.1; https://effefe.com"
161.35.164.93 - - [03/Sep/2026:14:47:24 -0500] "POST /wp-login.php HTTP/1.1" 200 7596 "-" "Mozilla/5.0"
120.133.60.156 - - [03/Sep/2026:14:48:01 -0500] "POST /wp-login.php HTTP/1.1" 200 7561 "https://effefe.com/wp-login.php" "Mozilla/5.0 (Windows NT 10.0; Win64; x64) AppleWebKit/537.36 (KHTML, like Gecko) Chrome/125.0.0.0 Safari/537.36"
157.90.185.123 - - [03/Sep/2026:14:53:52 -0500] "POST /wp-cron.php?doing_wp_cron=1788465231.8971738815307617187500 HTTP/1.1" 200 - "-" "WordPress/7.1; https://effefe.com"
131.226.2.170 - - [03/Sep/2026:14:53:50 -0500] "GET /wp-login.php HTTP/1.1" 200 7189 "-" "Mozilla/5.0 (Windows NT 10.0; Win64; x64) AppleWebKit/537.36 (KHTML, like Gecko) Chrome/120.0.0.0 Safari/537.36"
131.226.2.170 - - [03/Sep/2026:14:53:52 -0500] "POST /wp-login.php HTTP/1.1" 200 7586 "https://effefe.com:443/wp-login.php" "Mozilla/5.0 (Windows NT 10.0; Win64; x64) AppleWebKit/537.36 (KHTML, like Gecko) Chrome/120.0.0.0 Safari/537.36"
157.90.185.123 - - [03/Sep/2026:14:55:39 -0500] "POST /wp-cron.php?doing_wp_cron=1788465339.7437438964843750000000 HTTP/1.1" 200 - "-" "WordPress/7.1; https://effefe.com"
161.35.164.93 - - [03/Sep/2026:14:55:38 -0500] "POST /wp-login.php HTTP/1.1" 200 7596 "-" "Mozilla/5.0"
43.157.38.228 - - [03/Sep/2026:15:01:38 -0500] "GET / HTTP/1.1" 403 199 "-" "Mozilla/5.0 (iPhone; CPU iPhone OS 13_2_3 like Mac OS X) AppleWebKit/605.1.15 (KHTML, like Gecko) Version/13.0.3 Mobile/15E148 Safari/604.1"
157.90.185.123 - - [03/Sep/2026:15:03:56 -0500] "POST /wp-cron.php?doing_wp_cron=1788465836.7753489017486572265625 HTTP/1.1" 200 - "-" "WordPress/7.1; https://effefe.com"
161.35.164.93 - - [03/Sep/2026:15:03:54 -0500] "POST /wp-login.php HTTP/1.1" 200 7596 "-" "Mozilla/5.0"
157.90.185.123 - - [03/Sep/2026:15:09:21 -0500] "POST /wp-cron.php?doing_wp_cron=1788466161.5702979564666748046875 HTTP/1.1" 200 - "-" "WordPress/7.1; https://effefe.com"
152.232.136.56 - - [03/Sep/2026:15:09:19 -0500] "GET /wp-login.php HTTP/1.1" 200 7189 "-" "Mozilla/5.0 (Windows NT 10.0; Win64; x64) AppleWebKit/537.36 (KHTML, like Gecko) Chrome/120.0.0.0 Safari/537.36"
152.232.136.56 - - [03/Sep/2026:15:09:21 -0500] "POST /wp-login.php HTTP/1.1" 200 7586 "https://effefe.com:443/wp-login.php" "Mozilla/5.0 (Windows NT 10.0; Win64; x64) AppleWebKit/537.36 (KHTML, like Gecko) Chrome/120.0.0.0 Safari/537.36"
114.119.158.46 - - [03/Sep/2026:15:09:20 -0500] "GET /wp-content/uploads/2026/08/Toro_Efffefe.jpg HTTP/1.1" 200 736918 "https://effefe.com/?id=938642" "Mozilla/5.0 (Linux; Android 7.0;) AppleWebKit/537.36 (HTML, like Gecko) Mobile Safari/537.36 (compatible; PetalBot;+https://webmaster.petalsearch.com/site/petalbot)"
157.90.185.123 - - [03/Sep/2026:15:12:26 -0500] "POST /wp-cron.php?doing_wp_cron=1788466346.0850090980529785156250 HTTP/1.1" 200 - "-" "WordPress/7.1; https://effefe.com"
161.35.164.93 - - [03/Sep/2026:15:12:24 -0500] "POST /wp-login.php HTTP/1.1" 200 7596 "-" "Mozilla/5.0"
35.184.139.33 - - [03/Sep/2026:15:17:55 -0500] "GET /.git/config HTTP/1.1" 403 199 "-" "Mozilla/5.0 (Windows NT 10.0; Win64; x64) AppleWebKit/537.36 (KHTML, like Gecko) Chrome/128.0.0.0 Safari/537.36"
157.90.185.123 - - [03/Sep/2026:15:19:39 -0500] "POST /wp-cron.php?doing_wp_cron=1788466779.5648920536041259765625 HTTP/1.1" 200 - "-" "WordPress/7.1; https://effefe.com"
17.166.21.191 - - [03/Sep/2026:15:19:38 -0500] "GET /robots.txt HTTP/1.1" 200 313 "-" "Mozilla/5.0 (Macintosh; Intel Mac OS X 10_15_7) AppleWebKit/605.1.15 (KHTML, like Gecko) Version/17.4 Safari/605.1.15 (Applebot/0.1; +http://www.apple.com/go/applebot)"
17.166.25.31 - - [03/Sep/2026:15:19:40 -0500] "GET /portfolio/basta-corride/cv.johanblanco.com HTTP/1.1" 403 199 "-" "Mozilla/5.0 (Macintosh; Intel Mac OS X 10_15_7) AppleWebKit/605.1.15 (KHTML, like Gecko) Version/17.4 Safari/605.1.15 (Applebot/0.1; +http://www.apple.com/go/applebot)"
157.90.185.123 - - [03/Sep/2026:15:21:00 -0500] "POST /wp-cron.php?doing_wp_cron=1788466860.0050671100616455078125 HTTP/1.1" 200 - "-" "WordPress/7.1; https://effefe.com"
161.35.164.93 - - [03/Sep/2026:15:20:58 -0500] "POST /wp-login.php HTTP/1.1" 200 7596 "-" "Mozilla/5.0"
157.90.185.123 - - [03/Sep/2026:15:29:30 -0500] "POST /wp-cron.php?doing_wp_cron=1788467370.0258231163024902343750 HTTP/1.1" 200 - "-" "WordPress/7.1; https://effefe.com"
161.35.164.93 - - [03/Sep/2026:15:29:28 -0500] "POST /wp-login.php HTTP/1.1" 200 7596 "-" "Mozilla/5.0"
157.90.185.123 - - [03/Sep/2026:15:32:32 -0500] "POST /wp-cron.php?doing_wp_cron=1788467552.5487220287322998046875 HTTP/1.1" 200 - "-" "WordPress/7.1; https://effefe.com"
35.212.110.76 - - [03/Sep/2026:15:32:29 -0500] "GET /ads.txt HTTP/1.1" 404 99410 "-" "Mozilla/5.0 (Macintosh; Intel Mac OS X 10_12_6) AppleWebKit/537.36 (KHTML, like Gecko) Chrome/63.0.3239.84 Safari/537.36"
35.212.110.76 - - [03/Sep/2026:15:32:32 -0500] "GET /ads.txt HTTP/1.1" 301 - "-" "Mozilla/5.0 (Macintosh; Intel Mac OS X 10_12_6) AppleWebKit/537.36 (KHTML, like Gecko) Chrome/63.0.3239.84 Safari/537.36"
35.212.110.76 - - [03/Sep/2026:15:32:34 -0500] "GET /ads.txt HTTP/1.1" 404 99410 "-" "Mozilla/5.0 (Macintosh; Intel Mac OS X 10_12_6) AppleWebKit/537.36 (KHTML, like Gecko) Chrome/63.0.3239.84 Safari/537.36"
157.90.185.123 - - [03/Sep/2026:15:36:00 -0500] "POST /wp-cron.php?doing_wp_cron=1788467760.5677111148834228515625 HTTP/1.1" 200 - "-" "WordPress/7.1; https://effefe.com"
52.167.144.66 - - [03/Sep/2026:15:35:59 -0500] "GET /robots.txt HTTP/1.1" 200 313 "-" "Mozilla/5.0 AppleWebKit/537.36 (KHTML, like Gecko; compatible; bingbot/2.0; +http://www.bing.com/bingbot.htm) Chrome/116.0.1938.76 Safari/537.36"
40.77.167.7 - - [03/Sep/2026:15:36:06 -0500] "GET /artice/2023102501/JVT3xFstpTmI.html HTTP/1.1" 404 99410 "-" "Mozilla/5.0 AppleWebKit/537.36 (KHTML, like Gecko; compatible; bingbot/2.0; +http://www.bing.com/bingbot.htm) Chrome/116.0.1938.76 Safari/537.36"
157.90.185.123 - - [03/Sep/2026:15:38:04 -0500] "POST /wp-cron.php?doing_wp_cron=1788467884.5360798835754394531250 HTTP/1.1" 200 - "-" "WordPress/7.1; https://effefe.com"
161.35.164.93 - - [03/Sep/2026:15:38:03 -0500] "POST /wp-login.php HTTP/1.1" 200 7596 "-" "Mozilla/5.0"
157.90.185.123 - - [03/Sep/2026:15:40:15 -0500] "POST /wp-cron.php?doing_wp_cron=1788468015.5843219757080078125000 HTTP/1.1" 200 - "-" "WordPress/7.1; https://effefe.com"
199.45.154.62 - - [03/Sep/2026:15:40:14 -0500] "GET / HTTP/1.1" 301 - "-" "Mozilla/5.0 (compatible; CensysInspect/1.1; +https://about.censys.io/)"
157.90.185.123 - - [03/Sep/2026:15:41:19 -0500] "POST /wp-cron.php?doing_wp_cron=1788468079.4025950431823730468750 HTTP/1.1" 200 - "-" "WordPress/7.1; https://effefe.com"
24.199.121.239 - - [03/Sep/2026:15:41:17 -0500] "GET /portfolio-2/ HTTP/1.1" 200 130880 "https://www.google.com/search?q=effefe" "Mozilla/5.0 (Macintosh; Intel Mac OS X 10_15_7) AppleWebKit/537.36 (KHTML, like Gecko) Chrome/141.0.0.0 Safari/537.36"
157.90.185.123 - - [03/Sep/2026:15:43:31 -0500] "POST /wp-cron.php?doing_wp_cron=1788468211.0614690780639648437500 HTTP/1.1" 200 - "-" "WordPress/7.1; https://effefe.com"
154.81.166.10 - - [03/Sep/2026:15:43:29 -0500] "GET /runtime/map1.php/ HTTP/1.1" 301 - "-" "Python/3.12 aiohttp/3.14.3"
154.81.166.10 - - [03/Sep/2026:15:43:31 -0500] "GET /runtime/map1.php/ HTTP/1.1" 404 99410 "-" "Python/3.12 aiohttp/3.14.3"
157.90.185.123 - - [03/Sep/2026:15:46:37 -0500] "POST /wp-cron.php?doing_wp_cron=1788468397.5117330551147460937500 HTTP/1.1" 200 - "-" "WordPress/7.1; https://effefe.com"
161.35.164.93 - - [03/Sep/2026:15:46:36 -0500] "POST /wp-login.php HTTP/1.1" 200 7596 "-" "Mozilla/5.0"
64.23.213.231 - - [03/Sep/2026:15:48:16 -0500] "GET /wp-content/uploads/2026/08/tauromachia_Effefe.jpg HTTP/1.1" 200 747187 "https://www.google.com/search?q=effefe" "Mozilla/5.0 (Macintosh; Intel Mac OS X 10_15_7) AppleWebKit/537.36 (KHTML, like Gecko) Chrome/142.0.0.0 Safari/537.36"
114.119.154.166 - - [03/Sep/2026:15:48:59 -0500] "GET /wp-content/uploads/2026/08/Burano_Effefe-1024x767.jpg HTTP/1.1" 200 112957 "https://effefe.com/portfolio/casa-con-camini/" "Mozilla/5.0 (Linux; Android 7.0;) AppleWebKit/537.36 (HTML, like Gecko) Mobile Safari/537.36 (compatible; PetalBot;+https://webmaster.petalsearch.com/site/petalbot)"
157.90.185.123 - - [03/Sep/2026:15:53:54 -0500] "POST /wp-cron.php?doing_wp_cron=1788468834.8593149185180664062500 HTTP/1.1" 200 - "-" "WordPress/7.1; https://effefe.com"
185.218.86.3 - - [03/Sep/2026:15:53:53 -0500] "GET / HTTP/1.1" 301 - "-" "Mozilla/5.0 (Windows NT 10.0; Win64; x64) AppleWebKit/537.36 (KHTML, like Gecko) Chrome/131.0.0.0 Safari/537.36"
157.90.185.123 - - [03/Sep/2026:15:55:17 -0500] "POST /wp-cron.php?doing_wp_cron=1788468917.1776459217071533203125 HTTP/1.1" 200 - "-" "WordPress/7.1; https://effefe.com"
161.35.164.93 - - [03/Sep/2026:15:55:15 -0500] "POST /wp-login.php HTTP/1.1" 200 7596 "-" "Mozilla/5.0"
157.90.185.123 - - [03/Sep/2026:15:57:04 -0500] "POST /wp-cron.php?doing_wp_cron=1788469024.0958080291748046875000 HTTP/1.1" 200 - "-" "WordPress/7.1; https://effefe.com"
120.133.60.156 - - [03/Sep/2026:15:57:02 -0500] "POST /wp-login.php HTTP/1.1" 200 7561 "https://effefe.com/wp-login.php" "Mozilla/5.0 (Windows NT 10.0; Win64; x64) AppleWebKit/537.36 (KHTML, like Gecko) Chrome/125.0.0.0 Safari/537.36"
157.90.185.123 - - [03/Sep/2026:16:03:53 -0500] "POST /wp-cron.php?doing_wp_cron=1788469433.4793589115142822265625 HTTP/1.1" 200 - "-" "WordPress/7.1; https://effefe.com"
161.35.164.93 - - [03/Sep/2026:16:03:51 -0500] "POST /wp-login.php HTTP/1.1" 200 7596 "-" "Mozilla/5.0"
114.119.158.46 - - [03/Sep/2026:16:08:13 -0500] "GET /?id=751263 HTTP/1.1" 500 2704 "http://www.effefe.com?id=751263" "Mozilla/5.0 (Linux; Android 7.0;) AppleWebKit/537.36 (HTML, like Gecko) Mobile Safari/537.36 (compatible; PetalBot;+https://webmaster.petalsearch.com/site/petalbot)"
114.119.148.64 - - [03/Sep/2026:16:09:55 -0500] "GET /?id=650134 HTTP/1.1" 500 - "https://effefe.com/?id=650134" "Mozilla/5.0 (Linux; Android 7.0;) AppleWebKit/537.36 (HTML, like Gecko) Mobile Safari/537.36 (compatible; PetalBot;+https://webmaster.petalsearch.com/site/petalbot)"
212.43.152.178 - - [03/Sep/2026:16:11:00 -0500] "GET /wp-login.php HTTP/1.1" 500 188 "-" "Mozilla/5.0 (Windows NT 10.0; Win64; x64) AppleWebKit/537.36 (KHTML, like Gecko) Chrome/120.0.0.0 Safari/537.36"
161.35.164.93 - - [03/Sep/2026:16:12:35 -0500] "POST /wp-login.php HTTP/1.1" 500 188 "-" "Mozilla/5.0"
34.60.163.72 - - [03/Sep/2026:16:12:37 -0500] "GET /.git/config HTTP/1.1" 403 199 "-" "Mozilla/5.0 (Windows NT 10.0; Win64; x64) AppleWebKit/537.36 (KHTML, like Gecko) Chrome/128.0.0.0 Safari/537.36"
74.7.227.175 - - [03/Sep/2026:16:17:08 -0500] "GET /wp-sitemap.xml HTTP/1.1" 403 199 "-" "Mozilla/5.0 AppleWebKit/537.36 (KHTML, like Gecko; compatible; GPTBot/1.4; +https://openai.com/gptbot)"
74.7.175.151 - - [03/Sep/2026:16:17:08 -0500] "GET /robots.txt HTTP/1.1" 500 188 "-" "Mozilla/5.0 (Macintosh; Intel Mac OS X 10_15_7) AppleWebKit/537.36 (KHTML, like Gecko) Chrome/131.0.0.0 Safari/537.36; compatible; OAI-SearchBot/1.4; robots.txt; +https://openai.com/searchbot"
157.22.102.97 - - [03/Sep/2026:16:21:11 -0500] "GET /robots.txt HTTP/1.1" 500 188 "-" "MyNutchCrawler/Mozilla/5.0 (Windows NT 10.0; Win64; x64) AppleWebKit/537.36 (KHTML, like Gecko) Chrome/139.0.0.0 Safari/537.36"
157.90.185.123 - - [03/Sep/2026:16:21:38 -0500] "POST /wp-cron.php?doing_wp_cron=1788470498.0785009860992431640625 HTTP/1.1" 200 - "-" "WordPress/7.1; https://effefe.com"
161.35.164.93 - - [03/Sep/2026:16:21:36 -0500] "POST /wp-login.php HTTP/1.1" 200 7596 "-" "Mozilla/5.0"
