35.212.92.17 - - [03/Sep/2026:05:17:57 -0500] "GET /ads.txt HTTP/1.1" 404 99410 "-" "Mozilla/5.0 (Macintosh; Intel Mac OS X 10_12_6) AppleWebKit/537.36 (KHTML, like Gecko) Chrome/63.0.3239.84 Safari/537.36"
114.119.154.166 - - [03/Sep/2026:05:37:12 -0500] "GET /?id=462550.html HTTP/1.1" 500 188 "http://www.boomint.cn/images/nike/Nikea0W/Nikej60t/index.asp" "Mozilla/5.0 (Linux; Android 7.0;) AppleWebKit/537.36 (HTML, like Gecko) Mobile Safari/537.36 (compatible; PetalBot;+https://webmaster.petalsearch.com/site/petalbot)"
114.119.144.15 - - [03/Sep/2026:05:51:55 -0500] "GET /?id=222317.html HTTP/1.1" 301 - "http://www.czcrcgas.com/zhaopin/114.html" "Mozilla/5.0 (Linux; Android 7.0;) AppleWebKit/537.36 (HTML, like Gecko) Mobile Safari/537.36 (compatible; PetalBot;+https://webmaster.petalsearch.com/site/petalbot)"
157.90.185.123 - - [03/Sep/2026:05:52:04 -0500] "POST /wp-cron.php?doing_wp_cron=1788432724.3159389495849609375000 HTTP/1.1" 200 - "-" "WordPress/7.1; https://effefe.com"
114.119.144.15 - - [03/Sep/2026:05:52:06 -0500] "GET /?id=222317.html HTTP/1.1" 200 208302 "http://www.czcrcgas.com/zhaopin/114.html" "Mozilla/5.0 (Linux; Android 7.0;) AppleWebKit/537.36 (HTML, like Gecko) Mobile Safari/537.36 (compatible; PetalBot;+https://webmaster.petalsearch.com/site/petalbot)"
114.119.158.46 - - [03/Sep/2026:05:56:27 -0500] "GET /?id=541293.html HTTP/1.1" 500 2704 "http://www.czcrcgas.com/siji/list-10.html" "Mozilla/5.0 (Linux; Android 7.0;) AppleWebKit/537.36 (HTML, like Gecko) Mobile Safari/537.36 (compatible; PetalBot;+https://webmaster.petalsearch.com/site/petalbot)"
52.167.144.66 - - [03/Sep/2026:05:57:21 -0500] "GET /robots.txt HTTP/1.1" 200 75 "-" "Mozilla/5.0 AppleWebKit/537.36 (KHTML, like Gecko; compatible; bingbot/2.0; +http://www.bing.com/bingbot.htm) Chrome/116.0.1938.76 Safari/537.36"
40.77.167.159 - - [03/Sep/2026:05:57:27 -0500] "GET /news/sxYCpP.html HTTP/1.1" 500 - "-" "Mozilla/5.0 AppleWebKit/537.36 (KHTML, like Gecko; compatible; bingbot/2.0; +http://www.bing.com/bingbot.htm) Chrome/116.0.1938.76 Safari/537.36"
185.191.171.10 - - [03/Sep/2026:05:59:10 -0500] "GET /robots.txt HTTP/1.1" 500 2704 "-" "Mozilla/5.0 (compatible; SemrushBot/7~bl; +http://www.semrush.com/bot.html)"
185.191.171.15 - - [03/Sep/2026:05:59:15 -0500] "GET /maintenance-mode/ HTTP/1.1" 500 434 "-" "Mozilla/5.0 (compatible; SemrushBot/7~bl; +http://www.semrush.com/bot.html)"
161.35.164.93 - - [03/Sep/2026:06:03:01 -0500] "POST /wp-json/batch/v1 HTTP/1.1" 500 513 "-" "Mozilla/5.0 (X11; Linux x86_64) AppleWebKit/537.36 (KHTML, like Gecko) Chrome/126.0.0.0 Safari/537.36"
161.35.164.93 - - [03/Sep/2026:06:03:03 -0500] "POST /?rest_route=/batch/v1 HTTP/1.1" 500 512 "-" "Mozilla/5.0 (X11; Linux x86_64) AppleWebKit/537.36 (KHTML, like Gecko) Chrome/126.0.0.0 Safari/537.36"
161.35.164.93 - - [03/Sep/2026:06:03:05 -0500] "POST /wp-json/batch/v1 HTTP/1.1" 500 513 "-" "Mozilla/5.0 (X11; Linux x86_64) AppleWebKit/537.36 (KHTML, like Gecko) Chrome/126.0.0.0 Safari/537.36"
114.119.148.64 - - [03/Sep/2026:06:05:02 -0500] "GET /?id=475087 HTTP/1.1" 200 64031 "https://effefe.com/?id=475087" "Mozilla/5.0 (Linux; Android 7.0;) AppleWebKit/537.36 (HTML, like Gecko) Mobile Safari/537.36 (compatible; PetalBot;+https://webmaster.petalsearch.com/site/petalbot)"
157.90.185.123 - - [03/Sep/2026:06:05:22 -0500] "POST /wp-cron.php?doing_wp_cron=1788433521.9527800083160400390625 HTTP/1.1" 200 - "-" "WordPress/7.1; https://effefe.com"
154.81.166.10 - - [03/Sep/2026:06:09:57 -0500] "GET /runtime/config_cache.php/ HTTP/1.1" 500 2704 "-" "Python/3.12 aiohttp/3.14.3"
154.81.166.10 - - [03/Sep/2026:06:09:58 -0500] "GET /runtime/archive/sc.php/ HTTP/1.1" 500 2704 "-" "Python/3.12 aiohttp/3.14.3"
34.106.178.35 - - [03/Sep/2026:06:12:48 -0500] "GET /public/.git/config HTTP/1.1" 403 199 "-" "crusader-worker/1.0"
34.106.178.35 - - [03/Sep/2026:06:12:48 -0500] "GET /www/.git/config HTTP/1.1" 403 199 "-" "crusader-worker/1.0"
34.106.178.35 - - [03/Sep/2026:06:12:48 -0500] "GET /var/www/.git/config HTTP/1.1" 403 199 "-" "crusader-worker/1.0"
34.106.178.35 - - [03/Sep/2026:06:12:48 -0500] "GET /site/.git/config HTTP/1.1" 403 199 "-" "crusader-worker/1.0"
34.106.178.35 - - [03/Sep/2026:06:12:48 -0500] "GET /htdocs/.git/config HTTP/1.1" 403 199 "-" "crusader-worker/1.0"
34.106.178.35 - - [03/Sep/2026:06:12:48 -0500] "GET /html/.git/config HTTP/1.1" 403 199 "-" "crusader-worker/1.0"
34.106.178.35 - - [03/Sep/2026:06:12:48 -0500] "GET /app/.git/config HTTP/1.1" 403 199 "-" "crusader-worker/1.0"
34.106.178.35 - - [03/Sep/2026:06:12:48 -0500] "GET /api/.git/config HTTP/1.1" 403 199 "-" "crusader-worker/1.0"
34.106.178.35 - - [03/Sep/2026:06:12:48 -0500] "GET /src/.git/config HTTP/1.1" 403 199 "-" "crusader-worker/1.0"
34.106.178.35 - - [03/Sep/2026:06:12:48 -0500] "GET /backend/.git/config HTTP/1.1" 403 199 "-" "crusader-worker/1.0"
34.106.178.35 - - [03/Sep/2026:06:12:48 -0500] "GET /wordpress/.git/config HTTP/1.1" 403 199 "-" "crusader-worker/1.0"
34.106.178.35 - - [03/Sep/2026:06:12:48 -0500] "GET /.git/config HTTP/1.1" 403 199 "-" "crusader-worker/1.0"
34.106.178.35 - - [03/Sep/2026:06:12:48 -0500] "GET /public/.git/config HTTP/1.1" 403 199 "-" "crusader-worker/1.0"
34.106.178.35 - - [03/Sep/2026:06:12:48 -0500] "GET /www/.git/config HTTP/1.1" 403 199 "-" "crusader-worker/1.0"
34.106.178.35 - - [03/Sep/2026:06:12:48 -0500] "GET /var/www/.git/config HTTP/1.1" 403 199 "-" "crusader-worker/1.0"
34.106.178.35 - - [03/Sep/2026:06:12:48 -0500] "GET /site/.git/config HTTP/1.1" 403 199 "-" "crusader-worker/1.0"
34.106.178.35 - - [03/Sep/2026:06:12:48 -0500] "GET /htdocs/.git/config HTTP/1.1" 403 199 "-" "crusader-worker/1.0"
34.106.178.35 - - [03/Sep/2026:06:12:48 -0500] "GET /app/.git/config HTTP/1.1" 403 199 "-" "crusader-worker/1.0"
34.106.178.35 - - [03/Sep/2026:06:12:48 -0500] "GET /html/.git/config HTTP/1.1" 403 199 "-" "crusader-worker/1.0"
34.106.178.35 - - [03/Sep/2026:06:12:48 -0500] "GET /api/.git/config HTTP/1.1" 403 199 "-" "crusader-worker/1.0"
34.106.178.35 - - [03/Sep/2026:06:12:48 -0500] "GET /src/.git/config HTTP/1.1" 403 199 "-" "crusader-worker/1.0"
34.106.178.35 - - [03/Sep/2026:06:12:48 -0500] "GET /wordpress/.git/config HTTP/1.1" 403 199 "-" "crusader-worker/1.0"
34.106.178.35 - - [03/Sep/2026:06:12:48 -0500] "GET /backend/.git/config HTTP/1.1" 403 199 "-" "crusader-worker/1.0"
34.106.178.35 - - [03/Sep/2026:06:12:48 -0500] "GET /.git/config HTTP/1.1" 403 199 "-" "crusader-worker/1.0"
82.80.249.243 - - [03/Sep/2026:06:25:33 -0500] "GET / HTTP/1.1" 500 2704 "-" "Mozilla/5.0 (compatible; MSIE 9.0; Windows NT 6.1; WOW64; Trident/5.0) AppleWebKit/537.22 (KHTML, like Gecko) Chrome/25.0.1364.172 Safari/537.22"
114.119.137.116 - - [03/Sep/2026:06:27:03 -0500] "GET /?id=955672.html HTTP/1.1" 500 2704 "http://www.effefe.com?id=955672.html" "Mozilla/5.0 (Linux; Android 7.0;) AppleWebKit/537.36 (HTML, like Gecko) Mobile Safari/537.36 (compatible; PetalBot;+https://webmaster.petalsearch.com/site/petalbot)"
114.119.152.47 - - [03/Sep/2026:06:27:17 -0500] "GET /?id=428434 HTTP/1.1" 500 2704 "http://www.ztflooring.com/zhaopin/6243.html" "Mozilla/5.0 (Linux; Android 7.0;) AppleWebKit/537.36 (HTML, like Gecko) Mobile Safari/537.36 (compatible; PetalBot;+https://webmaster.petalsearch.com/site/petalbot)"
120.133.60.156 - - [03/Sep/2026:06:27:21 -0500] "POST /wp-login.php HTTP/1.1" 500 2880 "https://effefe.com/wp-login.php" "Mozilla/5.0 (Windows NT 10.0; Win64; x64) AppleWebKit/537.36 (KHTML, like Gecko) Chrome/125.0.0.0 Safari/537.36"
205.210.31.10 - - [03/Sep/2026:06:27:40 -0500] "GET / HTTP/1.1" 500 2704 "-" "Hello from Palo Alto Networks, find out more about our scans in https://docs-cortex.paloaltonetworks.com/r/1/Cortex-Xpanse/Scanning-activity"
185.19.40.63 - - [03/Sep/2026:06:28:08 -0500] "GET / HTTP/1.1" 500 2704 "-" "Mozilla/5.0 (Windows NT 10.0; Win64; x64) AppleWebKit/537.36 (KHTML, like Gecko) Chrome/78.0.3904.108 Safari/537.36"
185.19.40.63 - - [03/Sep/2026:06:28:10 -0500] "GET / HTTP/1.1" 500 2704 "-" "Mozilla/5.0 (Windows NT 10.0; Win64; x64) AppleWebKit/537.36 (KHTML, like Gecko) Chrome/78.0.3904.108 Safari/537.36"
185.19.40.63 - - [03/Sep/2026:06:28:12 -0500] "GET /wp-includes/wlwmanifest.xml HTTP/1.1" 500 - "-" "Mozilla/5.0 (Windows NT 10.0; Win64; x64) AppleWebKit/537.36 (KHTML, like Gecko) Chrome/78.0.3904.108 Safari/537.36"
185.19.40.63 - - [03/Sep/2026:06:28:14 -0500] "GET /xmlrpc.php?rsd HTTP/1.1" 403 199 "-" "Mozilla/5.0 (Windows NT 10.0; Win64; x64) AppleWebKit/537.36 (KHTML, like Gecko) Chrome/78.0.3904.108 Safari/537.36"
185.19.40.63 - - [03/Sep/2026:06:28:15 -0500] "GET / HTTP/1.1" 500 2704 "-" "Mozilla/5.0 (Windows NT 10.0; Win64; x64) AppleWebKit/537.36 (KHTML, like Gecko) Chrome/78.0.3904.108 Safari/537.36"
185.19.40.63 - - [03/Sep/2026:06:28:17 -0500] "GET /blog/wp-includes/wlwmanifest.xml HTTP/1.1" 500 2704 "-" "Mozilla/5.0 (Windows NT 10.0; Win64; x64) AppleWebKit/537.36 (KHTML, like Gecko) Chrome/78.0.3904.108 Safari/537.36"
185.19.40.63 - - [03/Sep/2026:06:28:22 -0500] "GET /blog//?author=1 HTTP/1.1" 500 - "-" "Mozilla/5.0 (Windows NT 10.0; Win64; x64) AppleWebKit/537.36 (KHTML, like Gecko) Chrome/78.0.3904.108 Safari/537.36"
185.19.40.63 - - [03/Sep/2026:06:28:24 -0500] "GET /blog//?author=2 HTTP/1.1" 500 - "-" "Mozilla/5.0 (Windows NT 10.0; Win64; x64) AppleWebKit/537.36 (KHTML, like Gecko) Chrome/78.0.3904.108 Safari/537.36"
185.19.40.63 - - [03/Sep/2026:06:28:26 -0500] "GET /blog//wp-json/wp/v2/users/ HTTP/1.1" 403 199 "-" "Mozilla/5.0 (Windows NT 10.0; Win64; x64) AppleWebKit/537.36 (KHTML, like Gecko) Chrome/78.0.3904.108 Safari/537.36"
185.19.40.63 - - [03/Sep/2026:06:28:26 -0500] "GET /blog//wp-json/oembed/1.0/embed?url=http://effefe.com/blog/ HTTP/1.1" 500 - "-" "Mozilla/5.0 (Windows NT 10.0; Win64; x64) AppleWebKit/537.36 (KHTML, like Gecko) Chrome/78.0.3904.108 Safari/537.36"
185.19.40.63 - - [03/Sep/2026:06:28:28 -0500] "POST /blog//xmlrpc.php HTTP/1.1" 500 - "-" "Mozilla/5.0 (Windows NT 10.0; Win64; x64) AppleWebKit/537.36 (KHTML, like Gecko) Chrome/78.0.3904.108 Safari/537.36"
114.119.148.64 - - [03/Sep/2026:06:28:53 -0500] "GET /?id=491838 HTTP/1.1" 500 2704 "https://effefe.com/?id=491838" "Mozilla/5.0 (Linux; Android 7.0;) AppleWebKit/537.36 (HTML, like Gecko) Mobile Safari/537.36 (compatible; PetalBot;+https://webmaster.petalsearch.com/site/petalbot)"
114.119.152.47 - - [03/Sep/2026:06:30:43 -0500] "GET /?id=444388 HTTP/1.1" 500 2704 "http://www.effefe.com?id=444388" "Mozilla/5.0 (Linux; Android 7.0;) AppleWebKit/537.36 (HTML, like Gecko) Mobile Safari/537.36 (compatible; PetalBot;+https://webmaster.petalsearch.com/site/petalbot)"
51.68.111.203 - - [03/Sep/2026:06:39:31 -0500] "GET /robots.txt HTTP/1.1" 200 313 "-" "Mozilla/5.0 (compatible; MJ12bot/v2.0.5; http://mj12bot.com/)"
157.90.185.123 - - [03/Sep/2026:06:39:39 -0500] "POST /wp-cron.php?doing_wp_cron=1788435579.7997159957885742187500 HTTP/1.1" 200 - "-" "WordPress/7.1; https://effefe.com"
51.68.111.203 - - [03/Sep/2026:06:39:41 -0500] "GET / HTTP/1.1" 200 208374 "-" "Mozilla/5.0 (compatible; MJ12bot/v2.0.5; http://mj12bot.com/)"
114.119.137.116 - - [03/Sep/2026:06:47:52 -0500] "GET /?id=958775 HTTP/1.1" 301 - "http://www.czcrcgas.com/zhaopin/934.html" "Mozilla/5.0 (Linux; Android 7.0;) AppleWebKit/537.36 (HTML, like Gecko) Mobile Safari/537.36 (compatible; PetalBot;+https://webmaster.petalsearch.com/site/petalbot)"
157.90.185.123 - - [03/Sep/2026:06:47:57 -0500] "POST /wp-cron.php?doing_wp_cron=1788436077.2391409873962402343750 HTTP/1.1" 200 - "-" "WordPress/7.1; https://effefe.com"
114.119.137.116 - - [03/Sep/2026:06:47:58 -0500] "GET /?id=958775 HTTP/1.1" 200 208302 "http://www.czcrcgas.com/zhaopin/934.html" "Mozilla/5.0 (Linux; Android 7.0;) AppleWebKit/537.36 (HTML, like Gecko) Mobile Safari/537.36 (compatible; PetalBot;+https://webmaster.petalsearch.com/site/petalbot)"
157.90.185.123 - - [03/Sep/2026:06:48:16 -0500] "POST /wp-cron.php?doing_wp_cron=1788436096.5676720142364501953125 HTTP/1.1" 200 - "-" "WordPress/7.1; https://effefe.com"
114.119.142.39 - - [03/Sep/2026:06:48:27 -0500] "GET /portfolio/orso-a-colori/ HTTP/1.1" 500 2704 "https://effefe.com/project-cat/animali/" "Mozilla/5.0 (Linux; Android 7.0;) AppleWebKit/537.36 (HTML, like Gecko) Mobile Safari/537.36 (compatible; PetalBot;+https://webmaster.petalsearch.com/site/petalbot)"
114.119.142.39 - - [03/Sep/2026:06:50:14 -0500] "GET /?id=465904.html HTTP/1.1" 200 208302 "http://www.effefe.com?id=465904.html" "Mozilla/5.0 (Linux; Android 7.0;) AppleWebKit/537.36 (HTML, like Gecko) Mobile Safari/537.36 (compatible; PetalBot;+https://webmaster.petalsearch.com/site/petalbot)"
157.90.185.123 - - [03/Sep/2026:06:50:22 -0500] "POST /wp-cron.php?doing_wp_cron=1788436222.6767001152038574218750 HTTP/1.1" 200 - "-" "WordPress/7.1; https://effefe.com"
114.119.158.46 - - [03/Sep/2026:06:55:02 -0500] "GET /?id=234328 HTTP/1.1" 500 2704 "http://www.idbcn.net/zhaopin/757.html" "Mozilla/5.0 (Linux; Android 7.0;) AppleWebKit/537.36 (HTML, like Gecko) Mobile Safari/537.36 (compatible; PetalBot;+https://webmaster.petalsearch.com/site/petalbot)"
114.119.158.46 - - [03/Sep/2026:06:56:12 -0500] "GET /?id=148527 HTTP/1.1" 500 2704 "https://effefe.com/?id=148527" "Mozilla/5.0 (Linux; Android 7.0;) AppleWebKit/537.36 (HTML, like Gecko) Mobile Safari/537.36 (compatible; PetalBot;+https://webmaster.petalsearch.com/site/petalbot)"
114.119.152.47 - - [03/Sep/2026:06:57:20 -0500] "GET /?id=460019 HTTP/1.1" 500 2704 "http://www.czcrcgas.com/jianli/876.html" "Mozilla/5.0 (Linux; Android 7.0;) AppleWebKit/537.36 (HTML, like Gecko) Mobile Safari/537.36 (compatible; PetalBot;+https://webmaster.petalsearch.com/site/petalbot)"
114.119.142.39 - - [03/Sep/2026:06:57:25 -0500] "GET /?id=559434 HTTP/1.1" 500 2704 "http://www.boomint.cn/author/fhaini1943/page/14" "Mozilla/5.0 (Linux; Android 7.0;) AppleWebKit/537.36 (HTML, like Gecko) Mobile Safari/537.36 (compatible; PetalBot;+https://webmaster.petalsearch.com/site/petalbot)"
100.52.180.20 - - [03/Sep/2026:07:02:27 -0500] "POST / HTTP/1.1" 500 2704 "https://effefe.com/" "Mozilla/5.0 (Macintosh; Intel Mac OS X 10_15_7) AppleWebKit/537.36 (KHTML, like Gecko) Chrome/146.0.0.0 Safari/537.36"
114.119.158.46 - - [03/Sep/2026:07:03:45 -0500] "GET /?id=600305 HTTP/1.1" 200 208302 "http://www.effefe.com?id=600305" "Mozilla/5.0 (Linux; Android 7.0;) AppleWebKit/537.36 (HTML, like Gecko) Mobile Safari/537.36 (compatible; PetalBot;+https://webmaster.petalsearch.com/site/petalbot)"
157.90.185.123 - - [03/Sep/2026:07:03:52 -0500] "POST /wp-cron.php?doing_wp_cron=1788437032.3892900943756103515625 HTTP/1.1" 200 - "-" "WordPress/7.1; https://effefe.com"
114.119.152.47 - - [03/Sep/2026:07:05:31 -0500] "GET /?id=304095 HTTP/1.1" 500 2704 "http://www.effefe.com?id=304095" "Mozilla/5.0 (Linux; Android 7.0;) AppleWebKit/537.36 (HTML, like Gecko) Mobile Safari/537.36 (compatible; PetalBot;+https://webmaster.petalsearch.com/site/petalbot)"
114.119.142.39 - - [03/Sep/2026:07:07:17 -0500] "GET /?id=307867.html HTTP/1.1" 500 2704 "http://www.effefe.com?id=307867.html" "Mozilla/5.0 (Linux; Android 7.0;) AppleWebKit/537.36 (HTML, like Gecko) Mobile Safari/537.36 (compatible; PetalBot;+https://webmaster.petalsearch.com/site/petalbot)"
114.119.144.15 - - [03/Sep/2026:07:13:28 -0500] "GET /?id=289587 HTTP/1.1" 301 - "http://www.ziasteelmills.com/www-com/ziast-rebeccaselby-4-ll8.html" "Mozilla/5.0 (Linux; Android 7.0;) AppleWebKit/537.36 (HTML, like Gecko) Mobile Safari/537.36 (compatible; PetalBot;+https://webmaster.petalsearch.com/site/petalbot)"
157.90.185.123 - - [03/Sep/2026:07:13:30 -0500] "POST /wp-cron.php?doing_wp_cron=1788437610.3777821063995361328125 HTTP/1.1" 200 - "-" "WordPress/7.1; https://effefe.com"
114.119.144.15 - - [03/Sep/2026:07:13:32 -0500] "GET /?id=289587 HTTP/1.1" 200 208302 "http://www.ziasteelmills.com/www-com/ziast-rebeccaselby-4-ll8.html" "Mozilla/5.0 (Linux; Android 7.0;) AppleWebKit/537.36 (HTML, like Gecko) Mobile Safari/537.36 (compatible; PetalBot;+https://webmaster.petalsearch.com/site/petalbot)"
114.119.148.64 - - [03/Sep/2026:07:20:34 -0500] "GET /?id=626523 HTTP/1.1" 500 188 "http://www.baisentong.com/duanyu/20491.html" "Mozilla/5.0 (Linux; Android 7.0;) AppleWebKit/537.36 (HTML, like Gecko) Mobile Safari/537.36 (compatible; PetalBot;+https://webmaster.petalsearch.com/site/petalbot)"
114.119.144.15 - - [03/Sep/2026:07:26:04 -0500] "GET /project-cat/bianco-e-nero/ HTTP/1.1" 500 2704 "https://effefe.com/?id=491838" "Mozilla/5.0 (Linux; Android 7.0;) AppleWebKit/537.36 (HTML, like Gecko) Mobile Safari/537.36 (compatible; PetalBot;+https://webmaster.petalsearch.com/site/petalbot)"
138.197.17.142 - - [03/Sep/2026:07:27:27 -0500] "POST / HTTP/1.1" 200 7899 "https://effefe.com/" "Mozilla/5.0 (Windows NT 10.0; Win64; x64) AppleWebKit/537.36 (KHTML, like Gecko) Chrome/145.0.0.0 Safari/537.36"
157.90.185.123 - - [03/Sep/2026:07:27:39 -0500] "POST /wp-cron.php?doing_wp_cron=1788438459.4159879684448242187500 HTTP/1.1" 200 - "-" "WordPress/7.1; https://effefe.com"
114.119.148.64 - - [03/Sep/2026:07:27:49 -0500] "GET /?id=966901 HTTP/1.1" 500 2704 "https://effefe.com/?id=966901" "Mozilla/5.0 (Linux; Android 7.0;) AppleWebKit/537.36 (HTML, like Gecko) Mobile Safari/537.36 (compatible; PetalBot;+https://webmaster.petalsearch.com/site/petalbot)"
114.119.144.15 - - [03/Sep/2026:07:29:32 -0500] "GET /?id=585178.html HTTP/1.1" 200 208302 "https://effefe.com/?id=585178.html" "Mozilla/5.0 (Linux; Android 7.0;) AppleWebKit/537.36 (HTML, like Gecko) Mobile Safari/537.36 (compatible; PetalBot;+https://webmaster.petalsearch.com/site/petalbot)"
157.90.185.123 - - [03/Sep/2026:07:29:39 -0500] "POST /wp-cron.php?doing_wp_cron=1788438578.9979898929595947265625 HTTP/1.1" 200 - "-" "WordPress/7.1; https://effefe.com"
47.254.47.156 - - [03/Sep/2026:07:42:56 -0500] "GET / HTTP/1.1" 403 199 "-" "Mozilla/5.0 (iPhone; CPU iPhone OS 13_2_3 like Mac OS X) AppleWebKit/605.1.15 (KHTML, like Gecko) Version/13.0.3 Mobile/15E148 Safari/604.1"
114.119.137.116 - - [03/Sep/2026:07:44:34 -0500] "GET /?id=879805 HTTP/1.1" 200 208302 "http://www.effefe.com?id=879805" "Mozilla/5.0 (Linux; Android 7.0;) AppleWebKit/537.36 (HTML, like Gecko) Mobile Safari/537.36 (compatible; PetalBot;+https://webmaster.petalsearch.com/site/petalbot)"
157.90.185.123 - - [03/Sep/2026:07:44:41 -0500] "POST /wp-cron.php?doing_wp_cron=1788439481.5593450069427490234375 HTTP/1.1" 200 - "-" "WordPress/7.1; https://effefe.com"
114.119.158.46 - - [03/Sep/2026:07:46:18 -0500] "GET /?id=706261 HTTP/1.1" 500 2704 "http://www.effefe.com?id=706261" "Mozilla/5.0 (Linux; Android 7.0;) AppleWebKit/537.36 (HTML, like Gecko) Mobile Safari/537.36 (compatible; PetalBot;+https://webmaster.petalsearch.com/site/petalbot)"
8.217.145.188 - - [03/Sep/2026:07:46:21 -0500] "GET / HTTP/1.1" 500 2704 "-" "Mozilla/5.0 (Windows NT 10.0; Win64; x64) AppleWebKit/537.36 (KHTML, like Gecko) Chrome/120.0.0.0 Safari/537.36"
197.38.185.71 - - [03/Sep/2026:07:51:07 -0500] "GET /simple.php HTTP/1.1" 404 99636 "-" "Mozilla/5.0 (Linux; Android 7.0; SM-G892A Build/NRD90M; wv) AppleWebKit/537.36 (KHTML, like Gecko) Version/4.0 Chrome/60.0.3112.107 Mobile Safari/537.36"
157.90.185.123 - - [03/Sep/2026:07:51:16 -0500] "POST /wp-cron.php?doing_wp_cron=1788439876.2207739353179931640625 HTTP/1.1" 200 - "-" "WordPress/7.1; https://effefe.com"
197.38.185.71 - - [03/Sep/2026:07:51:17 -0500] "GET /up.php HTTP/1.1" 404 99636 "-" "Mozilla/5.0 (Linux; Android 7.0; SM-G892A Build/NRD90M; wv) AppleWebKit/537.36 (KHTML, like Gecko) Version/4.0 Chrome/60.0.3112.107 Mobile Safari/537.36"
197.38.185.71 - - [03/Sep/2026:07:51:25 -0500] "GET /ah25.php?p= HTTP/1.1" 301 - "-" "Mozilla/5.0 (Linux; Android 7.0; SM-G892A Build/NRD90M; wv) AppleWebKit/537.36 (KHTML, like Gecko) Version/4.0 Chrome/60.0.3112.107 Mobile Safari/537.36"
197.38.185.71 - - [03/Sep/2026:07:51:28 -0500] "GET /ah25.php HTTP/1.1" 404 99636 "-" "Mozilla/5.0 (Linux; Android 7.0; SM-G892A Build/NRD90M; wv) AppleWebKit/537.36 (KHTML, like Gecko) Version/4.0 Chrome/60.0.3112.107 Mobile Safari/537.36"
197.38.185.71 - - [03/Sep/2026:07:51:31 -0500] "GET /configs.php HTTP/1.1" 404 99636 "-" "Mozilla/5.0 (Linux; Android 7.0; SM-G892A Build/NRD90M; wv) AppleWebKit/537.36 (KHTML, like Gecko) Version/4.0 Chrome/60.0.3112.107 Mobile Safari/537.36"
197.38.185.71 - - [03/Sep/2026:07:51:35 -0500] "GET /worksec.php HTTP/1.1" 404 99636 "-" "Mozilla/5.0 (Linux; Android 7.0; SM-G892A Build/NRD90M; wv) AppleWebKit/537.36 (KHTML, like Gecko) Version/4.0 Chrome/60.0.3112.107 Mobile Safari/537.36"
197.38.185.71 - - [03/Sep/2026:07:51:39 -0500] "GET /wp-l0gin.php HTTP/1.1" 404 99636 "-" "Mozilla/5.0 (Linux; Android 7.0; SM-G892A Build/NRD90M; wv) AppleWebKit/537.36 (KHTML, like Gecko) Version/4.0 Chrome/60.0.3112.107 Mobile Safari/537.36"
197.38.185.71 - - [03/Sep/2026:07:51:42 -0500] "GET /lufix.php HTTP/1.1" 404 99636 "-" "Mozilla/5.0 (Linux; Android 7.0; SM-G892A Build/NRD90M; wv) AppleWebKit/537.36 (KHTML, like Gecko) Version/4.0 Chrome/60.0.3112.107 Mobile Safari/537.36"
197.38.185.71 - - [03/Sep/2026:07:51:45 -0500] "GET /shell.php HTTP/1.1" 404 99636 "-" "Mozilla/5.0 (Linux; Android 7.0; SM-G892A Build/NRD90M; wv) AppleWebKit/537.36 (KHTML, like Gecko) Version/4.0 Chrome/60.0.3112.107 Mobile Safari/537.36"
197.38.185.71 - - [03/Sep/2026:07:51:49 -0500] "GET /xleet.php HTTP/1.1" 404 99636 "-" "Mozilla/5.0 (Linux; Android 7.0; SM-G892A Build/NRD90M; wv) AppleWebKit/537.36 (KHTML, like Gecko) Version/4.0 Chrome/60.0.3112.107 Mobile Safari/537.36"
197.38.185.71 - - [03/Sep/2026:07:51:52 -0500] "GET /dex.php HTTP/1.1" 404 99636 "-" "Mozilla/5.0 (Linux; Android 7.0; SM-G892A Build/NRD90M; wv) AppleWebKit/537.36 (KHTML, like Gecko) Version/4.0 Chrome/60.0.3112.107 Mobile Safari/537.36"
197.38.185.71 - - [03/Sep/2026:07:51:55 -0500] "GET /php8.php HTTP/1.1" 404 99636 "-" "Mozilla/5.0 (Linux; Android 7.0; SM-G892A Build/NRD90M; wv) AppleWebKit/537.36 (KHTML, like Gecko) Version/4.0 Chrome/60.0.3112.107 Mobile Safari/537.36"
197.38.185.71 - - [03/Sep/2026:07:51:59 -0500] "GET /card.php HTTP/1.1" 404 99636 "-" "Mozilla/5.0 (Linux; Android 7.0; SM-G892A Build/NRD90M; wv) AppleWebKit/537.36 (KHTML, like Gecko) Version/4.0 Chrome/60.0.3112.107 Mobile Safari/537.36"
197.38.185.71 - - [03/Sep/2026:07:52:02 -0500] "GET /wso.php HTTP/1.1" 404 99636 "-" "Mozilla/5.0 (Linux; Android 7.0; SM-G892A Build/NRD90M; wv) AppleWebKit/537.36 (KHTML, like Gecko) Version/4.0 Chrome/60.0.3112.107 Mobile Safari/537.36"
197.38.185.71 - - [03/Sep/2026:07:52:06 -0500] "GET /goods.php HTTP/1.1" 404 99636 "-" "Mozilla/5.0 (Linux; Android 7.0; SM-G892A Build/NRD90M; wv) AppleWebKit/537.36 (KHTML, like Gecko) Version/4.0 Chrome/60.0.3112.107 Mobile Safari/537.36"
197.38.185.71 - - [03/Sep/2026:07:52:13 -0500] "GET /privacy.php HTTP/1.1" 500 2704 "-" "Mozilla/5.0 (Linux; Android 7.0; SM-G892A Build/NRD90M; wv) AppleWebKit/537.36 (KHTML, like Gecko) Version/4.0 Chrome/60.0.3112.107 Mobile Safari/537.36"
197.38.185.71 - - [03/Sep/2026:07:52:17 -0500] "GET /chosen.php?p= HTTP/1.1" 500 2704 "-" "Mozilla/5.0 (Linux; Android 7.0; SM-G892A Build/NRD90M; wv) AppleWebKit/537.36 (KHTML, like Gecko) Version/4.0 Chrome/60.0.3112.107 Mobile Safari/537.36"
197.38.185.71 - - [03/Sep/2026:07:52:19 -0500] "GET /chosen.php HTTP/1.1" 500 2704 "-" "Mozilla/5.0 (Linux; Android 7.0; SM-G892A Build/NRD90M; wv) AppleWebKit/537.36 (KHTML, like Gecko) Version/4.0 Chrome/60.0.3112.107 Mobile Safari/537.36"
197.38.185.71 - - [03/Sep/2026:07:52:21 -0500] "GET /images/index.php HTTP/1.1" 500 2704 "-" "Mozilla/5.0 (Linux; Android 7.0; SM-G892A Build/NRD90M; wv) AppleWebKit/537.36 (KHTML, like Gecko) Version/4.0 Chrome/60.0.3112.107 Mobile Safari/537.36"
120.133.60.156 - - [03/Sep/2026:07:52:22 -0500] "POST /wp-login.php HTTP/1.1" 500 2880 "https://effefe.com/wp-login.php" "Mozilla/5.0 (Windows NT 10.0; Win64; x64) AppleWebKit/537.36 (KHTML, like Gecko) Chrome/125.0.0.0 Safari/537.36"
197.38.185.71 - - [03/Sep/2026:07:52:23 -0500] "GET /wp-content/goods.php HTTP/1.1" 500 2704 "-" "Mozilla/5.0 (Linux; Android 7.0; SM-G892A Build/NRD90M; wv) AppleWebKit/537.36 (KHTML, like Gecko) Version/4.0 Chrome/60.0.3112.107 Mobile Safari/537.36"
197.38.185.71 - - [03/Sep/2026:07:52:27 -0500] "GET /wp-admin/goods.php HTTP/1.1" 500 2704 "-" "Mozilla/5.0 (Linux; Android 7.0; SM-G892A Build/NRD90M; wv) AppleWebKit/537.36 (KHTML, like Gecko) Version/4.0 Chrome/60.0.3112.107 Mobile Safari/537.36"
197.38.185.71 - - [03/Sep/2026:07:52:29 -0500] "GET /wp-includes/goods.php HTTP/1.1" 500 2704 "-" "Mozilla/5.0 (Linux; Android 7.0; SM-G892A Build/NRD90M; wv) AppleWebKit/537.36 (KHTML, like Gecko) Version/4.0 Chrome/60.0.3112.107 Mobile Safari/537.36"
197.38.185.71 - - [03/Sep/2026:07:52:32 -0500] "GET /wp-content/index.php HTTP/1.1" 200 - "-" "Mozilla/5.0 (Linux; Android 7.0; SM-G892A Build/NRD90M; wv) AppleWebKit/537.36 (KHTML, like Gecko) Version/4.0 Chrome/60.0.3112.107 Mobile Safari/537.36"
197.38.185.71 - - [03/Sep/2026:07:52:32 -0500] "GET /wp-admin/index.php HTTP/1.1" 500 188 "-" "Mozilla/5.0 (Linux; Android 7.0; SM-G892A Build/NRD90M; wv) AppleWebKit/537.36 (KHTML, like Gecko) Version/4.0 Chrome/60.0.3112.107 Mobile Safari/537.36"
197.38.185.71 - - [03/Sep/2026:07:52:34 -0500] "GET /images/images/index.php HTTP/1.1" 200 - "-" "Mozilla/5.0 (Linux; Android 7.0; SM-G892A Build/NRD90M; wv) AppleWebKit/537.36 (KHTML, like Gecko) Version/4.0 Chrome/60.0.3112.107 Mobile Safari/537.36"
197.38.185.71 - - [03/Sep/2026:07:52:34 -0500] "GET /wp-content/themes/index.php HTTP/1.1" 200 - "-" "Mozilla/5.0 (Linux; Android 7.0; SM-G892A Build/NRD90M; wv) AppleWebKit/537.36 (KHTML, like Gecko) Version/4.0 Chrome/60.0.3112.107 Mobile Safari/537.36"
197.38.185.71 - - [03/Sep/2026:07:52:35 -0500] "GET /wp-content/plugins/index.php HTTP/1.1" 200 - "-" "Mozilla/5.0 (Linux; Android 7.0; SM-G892A Build/NRD90M; wv) AppleWebKit/537.36 (KHTML, like Gecko) Version/4.0 Chrome/60.0.3112.107 Mobile Safari/537.36"
197.38.185.71 - - [03/Sep/2026:07:52:35 -0500] "GET /wp-content/plugins/zwso.php HTTP/1.1" 500 2704 "-" "Mozilla/5.0 (Linux; Android 7.0; SM-G892A Build/NRD90M; wv) AppleWebKit/537.36 (KHTML, like Gecko) Version/4.0 Chrome/60.0.3112.107 Mobile Safari/537.36"
220.181.108.110 - - [03/Sep/2026:07:52:43 -0500] "GET /portfolio/case-popolari/ HTTP/1.1" 500 2704 "-" "Mozilla/5.0 (compatible; Baiduspider/2.0; +http://www.baidu.com/search/spider.html)"
111.225.214.185 - - [03/Sep/2026:07:52:46 -0500] "GET /portfolio/case-popolari/ HTTP/1.1" 500 2704 "-" "Mozilla/5.0 (Windows NT 10.0; WOW64) AppleWebKit/537.36 (KHTML, like Gecko) Chrome/48.0.2564.116 Safari/537.36"
111.225.214.211 - - [03/Sep/2026:07:52:49 -0500] "GET /portfolio/case-popolari/ HTTP/1.1" 500 2704 "-" "Mozilla/5.0 (Windows NT 10.0; WOW64) AppleWebKit/537.36 (KHTML, like Gecko) Chrome/48.0.2564.116 Safari/537.36"
1.15.52.154 - - [03/Sep/2026:08:00:27 -0500] "GET / HTTP/1.1" 403 199 "-" "Mozilla/5.0 (iPhone; CPU iPhone OS 13_2_3 like Mac OS X) AppleWebKit/605.1.15 (KHTML, like Gecko) Version/13.0.3 Mobile/15E148 Safari/604.1"
114.119.142.39 - - [03/Sep/2026:08:06:20 -0500] "GET /?id=318682.html HTTP/1.1" 500 2704 "http://www.boomint.cn/images/nike/Nikev7/Nikeaiv/index.asp" "Mozilla/5.0 (Linux; Android 7.0;) AppleWebKit/537.36 (HTML, like Gecko) Mobile Safari/537.36 (compatible; PetalBot;+https://webmaster.petalsearch.com/site/petalbot)"
114.119.154.166 - - [03/Sep/2026:08:07:36 -0500] "GET /?id=618513 HTTP/1.1" 500 2704 "http://www.czcrcgas.com/zhaopin/533.html" "Mozilla/5.0 (Linux; Android 7.0;) AppleWebKit/537.36 (HTML, like Gecko) Mobile Safari/537.36 (compatible; PetalBot;+https://webmaster.petalsearch.com/site/petalbot)"
114.119.135.63 - - [03/Sep/2026:08:11:59 -0500] "GET /?id=446022.html HTTP/1.1" 500 2704 "http://www.ziasteelmills.com/www-com/ziast-gosbase-ll8.html?21232.xml" "Mozilla/5.0 (Linux; Android 7.0;) AppleWebKit/537.36 (HTML, like Gecko) Mobile Safari/537.36 (compatible; PetalBot;+https://webmaster.petalsearch.com/site/petalbot)"
114.119.158.46 - - [03/Sep/2026:08:23:37 -0500] "GET /?id=741058.html HTTP/1.1" 200 208302 "https://effefe.com/?id=741058.html" "Mozilla/5.0 (Linux; Android 7.0;) AppleWebKit/537.36 (HTML, like Gecko) Mobile Safari/537.36 (compatible; PetalBot;+https://webmaster.petalsearch.com/site/petalbot)"
157.90.185.123 - - [03/Sep/2026:08:23:45 -0500] "POST /wp-cron.php?doing_wp_cron=1788441825.0850260257720947265625 HTTP/1.1" 200 - "-" "WordPress/7.1; https://effefe.com"
114.119.142.39 - - [03/Sep/2026:08:25:24 -0500] "GET /?id=409864.html HTTP/1.1" 500 2704 "http://www.effefe.com?id=409864.html" "Mozilla/5.0 (Linux; Android 7.0;) AppleWebKit/537.36 (HTML, like Gecko) Mobile Safari/537.36 (compatible; PetalBot;+https://webmaster.petalsearch.com/site/petalbot)"
114.119.137.116 - - [03/Sep/2026:08:27:08 -0500] "GET /?id=722915.html HTTP/1.1" 500 2704 "http://www.ziasteelmills.com/yesweshopping.html?61102.xml" "Mozilla/5.0 (Linux; Android 7.0;) AppleWebKit/537.36 (HTML, like Gecko) Mobile Safari/537.36 (compatible; PetalBot;+https://webmaster.petalsearch.com/site/petalbot)"
114.119.144.15 - - [03/Sep/2026:08:27:11 -0500] "GET /portfolio/basta-corride/ HTTP/1.1" 500 2704 "https://effefe.com/portfolio/cordoba/" "Mozilla/5.0 (Linux; Android 7.0;) AppleWebKit/537.36 (HTML, like Gecko) Mobile Safari/537.36 (compatible; PetalBot;+https://webmaster.petalsearch.com/site/petalbot)"
114.119.137.116 - - [03/Sep/2026:08:28:11 -0500] "GET /?id=512396.html HTTP/1.1" 500 2704 "http://www.baisentong.com/tag/82215/" "Mozilla/5.0 (Linux; Android 7.0;) AppleWebKit/537.36 (HTML, like Gecko) Mobile Safari/537.36 (compatible; PetalBot;+https://webmaster.petalsearch.com/site/petalbot)"
114.119.144.15 - - [03/Sep/2026:08:33:33 -0500] "GET /?id=676996.html HTTP/1.1" 500 2704 "http://www.ziasteelmills.com/www-com/ziast-gdasky-ll8.html?27394.html" "Mozilla/5.0 (Linux; Android 7.0;) AppleWebKit/537.36 (HTML, like Gecko) Mobile Safari/537.36 (compatible; PetalBot;+https://webmaster.petalsearch.com/site/petalbot)"
17.166.25.183 - - [03/Sep/2026:08:35:05 -0500] "GET /portfolio/tramonto-giallo/cv.johanblanco.com HTTP/1.1" 403 199 "-" "Mozilla/5.0 (Macintosh; Intel Mac OS X 10_15_7) AppleWebKit/605.1.15 (KHTML, like Gecko) Version/17.4 Safari/605.1.15 (Applebot/0.1; +http://www.apple.com/go/applebot)"
43.135.144.81 - - [03/Sep/2026:08:42:45 -0500] "GET / HTTP/1.1" 403 199 "-" "Mozilla/5.0 (iPhone; CPU iPhone OS 13_2_3 like Mac OS X) AppleWebKit/605.1.15 (KHTML, like Gecko) Version/13.0.3 Mobile/15E148 Safari/604.1"
114.119.137.116 - - [03/Sep/2026:08:47:54 -0500] "GET /?id=680376.html HTTP/1.1" 301 - "http://www.ziasteelmills.com/www-com/ziast-jetstreamracing-2-ll8.html?25652.xml" "Mozilla/5.0 (Linux; Android 7.0;) AppleWebKit/537.36 (HTML, like Gecko) Mobile Safari/537.36 (compatible; PetalBot;+https://webmaster.petalsearch.com/site/petalbot)"
157.90.185.123 - - [03/Sep/2026:08:47:58 -0500] "POST /wp-cron.php?doing_wp_cron=1788443278.6396319866180419921875 HTTP/1.1" 200 - "-" "WordPress/7.1; https://effefe.com"
114.119.137.116 - - [03/Sep/2026:08:48:00 -0500] "GET /?id=680376.html HTTP/1.1" 200 208302 "http://www.ziasteelmills.com/www-com/ziast-jetstreamracing-2-ll8.html?25652.xml" "Mozilla/5.0 (Linux; Android 7.0;) AppleWebKit/537.36 (HTML, like Gecko) Mobile Safari/537.36 (compatible; PetalBot;+https://webmaster.petalsearch.com/site/petalbot)"
157.90.185.123 - - [03/Sep/2026:08:48:02 -0500] "POST /wp-admin/admin-ajax.php?action=wp_1_wc_privacy_cleanup&nonce=841846ea6c HTTP/1.1" 200 - "-" "WordPress/7.1; https://effefe.com"
157.90.185.123 - - [03/Sep/2026:08:48:11 -0500] "POST /wp-cron.php?doing_wp_cron=1788443291.0278639793395996093750 HTTP/1.1" 200 - "-" "WordPress/7.1; https://effefe.com"
157.90.185.123 - - [03/Sep/2026:08:48:14 -0500] "POST /wp-admin/admin-ajax.php?action=wp_1_wc_privacy_cleanup&nonce=841846ea6c HTTP/1.1" 200 - "-" "WordPress/7.1; https://effefe.com"
157.90.185.123 - - [03/Sep/2026:08:48:15 -0500] "POST /wp-admin/admin-ajax.php?action=as_async_request_queue_runner&nonce=8eadf350c5 HTTP/1.1" 200 - "-" "WordPress/7.1; https://effefe.com"
173.231.250.170 - - [03/Sep/2026:08:49:11 -0500] "GET / HTTP/1.1" 301 - "-" "Mozilla/5.0 (Windows NT 10.0; Win64; x64; rv:90.0) Gecko/20100101 Firefox/90.0"
157.90.185.123 - - [03/Sep/2026:08:49:13 -0500] "POST /wp-cron.php?doing_wp_cron=1788443353.8785030841827392578125 HTTP/1.1" 200 - "-" "WordPress/7.1; https://effefe.com"
173.231.250.170 - - [03/Sep/2026:08:49:15 -0500] "GET / HTTP/1.1" 200 208374 "-" "Mozilla/5.0 (Windows NT 10.0; Win64; x64; rv:90.0) Gecko/20100101 Firefox/90.0"
173.231.250.170 - - [03/Sep/2026:08:49:23 -0500] "POST /xmlrpc.php HTTP/1.1" 403 199 "-" "Mozilla/5.0 (Windows NT 10.0; Win64; x64; rv:90.0) Gecko/20100101 Firefox/90.0"
114.119.142.39 - - [03/Sep/2026:08:51:06 -0500] "GET /metro-home/ HTTP/1.1" 500 2704 "https://effefe.com/metro-home/" "Mozilla/5.0 (Linux; Android 7.0;) AppleWebKit/537.36 (HTML, like Gecko) Mobile Safari/537.36 (compatible; PetalBot;+https://webmaster.petalsearch.com/site/petalbot)"
114.119.158.46 - - [03/Sep/2026:08:52:52 -0500] "GET /?id=996367 HTTP/1.1" 500 2704 "http://www.effefe.com?id=996367" "Mozilla/5.0 (Linux; Android 7.0;) AppleWebKit/537.36 (HTML, like Gecko) Mobile Safari/537.36 (compatible; PetalBot;+https://webmaster.petalsearch.com/site/petalbot)"
120.133.60.156 - - [03/Sep/2026:09:25:01 -0500] "POST /wp-login.php HTTP/1.1" 500 - "https://effefe.com/wp-login.php" "Mozilla/5.0 (Windows NT 10.0; Win64; x64) AppleWebKit/537.36 (KHTML, like Gecko) Chrome/125.0.0.0 Safari/537.36"
66.249.70.107 - - [03/Sep/2026:09:26:28 -0500] "GET /ads.txt HTTP/1.1" 500 2704 "-" "Mozilla/5.0 (compatible; Googlebot/2.1; +http://www.google.com/bot.html)"
66.249.78.105 - - [03/Sep/2026:09:26:36 -0500] "GET /ads.txt HTTP/1.1" 500 - "-" "Mozilla/5.0 (compatible; Googlebot/2.1; +http://www.google.com/bot.html)"
85.208.96.197 - - [03/Sep/2026:09:31:17 -0500] "GET /robots.txt HTTP/1.1" 500 2704 "-" "Mozilla/5.0 (compatible; SemrushBot/7~bl; +http://www.semrush.com/bot.html)"
85.208.96.194 - - [03/Sep/2026:09:31:19 -0500] "GET /three-columns-portfolio/ HTTP/1.1" 200 113420 "-" "Mozilla/5.0 (compatible; SemrushBot/7~bl; +http://www.semrush.com/bot.html)"
157.90.185.123 - - [03/Sep/2026:09:31:24 -0500] "POST /wp-cron.php?doing_wp_cron=1788445884.7557959556579589843750 HTTP/1.1" 200 - "-" "WordPress/7.1; https://effefe.com"
51.8.102.12 - - [03/Sep/2026:09:31:24 -0500] "GET /robots.txt HTTP/1.1" 200 76 "-" "Mozilla/5.0 (Macintosh; Intel Mac OS X 10_15_7) AppleWebKit/537.36 (KHTML, like Gecko) Chrome/131.0.0.0 Safari/537.36; compatible; OAI-SearchBot/1.0; +https://openai.com/searchbot"
114.119.137.116 - - [03/Sep/2026:09:39:22 -0500] "GET /?id=879688 HTTP/1.1" 500 2704 "http://www.effefe.com?id=879688" "Mozilla/5.0 (Linux; Android 7.0;) AppleWebKit/537.36 (HTML, like Gecko) Mobile Safari/537.36 (compatible; PetalBot;+https://webmaster.petalsearch.com/site/petalbot)"
114.119.137.116 - - [03/Sep/2026:09:47:38 -0500] "GET /?id=743292.html HTTP/1.1" 500 2704 "http://www.ziasteelmills.com/www-com/ziast-ddqpw-3-ll8.html?61994.xml" "Mozilla/5.0 (Linux; Android 7.0;) AppleWebKit/537.36 (HTML, like Gecko) Mobile Safari/537.36 (compatible; PetalBot;+https://webmaster.petalsearch.com/site/petalbot)"
80.94.92.175 - - [03/Sep/2026:09:49:32 -0500] "GET /.env HTTP/1.1" 403 199 "-" "Mozilla/5.0 (Ubuntu; Linux i686) AppleWebKit/537.36 (KHTML, like Gecko) Chrome/141.0.0.0 Safari/537.36"
34.145.155.55 - - [03/Sep/2026:10:09:59 -0500] "GET / HTTP/1.1" 500 - "-" "Mozilla/5.0 (Windows NT 10.0; Win64; x64) AppleWebKit/537.36 (KHTML, like Gecko) Chrome/78.0.3904.108 Safari/537.36"
34.145.155.55 - - [03/Sep/2026:10:10:02 -0500] "GET / HTTP/1.1" 500 2704 "-" "Mozilla/5.0 (Windows NT 10.0; Win64; x64) AppleWebKit/537.36 (KHTML, like Gecko) Chrome/78.0.3904.108 Safari/537.36"
34.145.155.55 - - [03/Sep/2026:10:10:05 -0500] "GET /wp-includes/wlwmanifest.xml HTTP/1.1" 500 2704 "-" "Mozilla/5.0 (Windows NT 10.0; Win64; x64) AppleWebKit/537.36 (KHTML, like Gecko) Chrome/78.0.3904.108 Safari/537.36"
34.145.155.55 - - [03/Sep/2026:10:10:08 -0500] "GET /?author=1 HTTP/1.1" 500 2704 "-" "Mozilla/5.0 (Windows NT 10.0; Win64; x64) AppleWebKit/537.36 (KHTML, like Gecko) Chrome/78.0.3904.108 Safari/537.36"
157.90.185.123 - - [03/Sep/2026:10:10:14 -0500] "POST /wp-cron.php?doing_wp_cron=1788448214.0400660037994384765625 HTTP/1.1" 200 - "-" "WordPress/7.1; https://effefe.com"
34.145.155.55 - - [03/Sep/2026:10:10:10 -0500] "GET /?author=2 HTTP/1.1" 404 99410 "-" "Mozilla/5.0 (Windows NT 10.0; Win64; x64) AppleWebKit/537.36 (KHTML, like Gecko) Chrome/78.0.3904.108 Safari/537.36"
34.145.155.55 - - [03/Sep/2026:10:10:14 -0500] "GET /wp-json/wp/v2/users/ HTTP/1.1" 403 199 "-" "Mozilla/5.0 (Windows NT 10.0; Win64; x64) AppleWebKit/537.36 (KHTML, like Gecko) Chrome/78.0.3904.108 Safari/537.36"
34.145.155.55 - - [03/Sep/2026:10:10:14 -0500] "GET /wp-json/oembed/1.0/embed?url=http://effefe.com HTTP/1.1" 500 - "-" "Mozilla/5.0 (Windows NT 10.0; Win64; x64) AppleWebKit/537.36 (KHTML, like Gecko) Chrome/78.0.3904.108 Safari/537.36"
34.145.155.55 - - [03/Sep/2026:10:10:17 -0500] "POST /xmlrpc.php HTTP/1.1" 403 199 "-" "Mozilla/5.0 (Windows NT 10.0; Win64; x64) AppleWebKit/537.36 (KHTML, like Gecko) Chrome/78.0.3904.108 Safari/537.36"
35.212.81.89 - - [03/Sep/2026:10:11:18 -0500] "GET /ads.txt HTTP/1.1" 500 2704 "-" "Mozilla/5.0 (Macintosh; Intel Mac OS X 10_12_6) AppleWebKit/537.36 (KHTML, like Gecko) Chrome/63.0.3239.84 Safari/537.36"
35.212.81.89 - - [03/Sep/2026:10:11:20 -0500] "GET /ads.txt HTTP/1.1" 500 2704 "-" "Mozilla/5.0 (Macintosh; Intel Mac OS X 10_12_6) AppleWebKit/537.36 (KHTML, like Gecko) Chrome/63.0.3239.84 Safari/537.36"
43.133.221.163 - - [03/Sep/2026:10:20:00 -0500] "GET / HTTP/1.1" 500 2704 "http://www.qgxsyg.cn" "Mozilla/5.0 (iPhone; CPU iPhone OS 18_7 like Mac OS X) AppleWebKit/605.1.15 (KHTML, like Gecko) Version/26.5 Mobile/15E148 Safari/604.1"
114.119.154.166 - - [03/Sep/2026:10:21:07 -0500] "GET /project-cat/venezia-dimenticata/ HTTP/1.1" 500 2704 "https://effefe.com/?id=491838" "Mozilla/5.0 (Linux; Android 7.0;) AppleWebKit/537.36 (HTML, like Gecko) Mobile Safari/537.36 (compatible; PetalBot;+https://webmaster.petalsearch.com/site/petalbot)"
45.148.10.74 - - [03/Sep/2026:10:22:00 -0500] "GET /conversation/ajax-html/send_log%20 HTTP/1.1" 500 2704 "-" "Mozilla/5.0 (Macintosh; Intel Mac OS X 10_15_7) AppleWebKit/537.36 (KHTML, like Gecko) Chrome/109.0.0.0 Safari/537.36"
44.195.30.193 - - [03/Sep/2026:10:32:13 -0500] "POST / HTTP/1.1" 500 2704 "https://effefe.com/" "Mozilla/5.0 (Windows NT 10.0; Win64; x64) AppleWebKit/537.36 (KHTML, like Gecko) Chrome/145.0.0.0 Safari/537.36"
161.35.164.93 - - [03/Sep/2026:10:38:44 -0500] "POST /wp-login.php HTTP/1.1" 500 2880 "-" "Mozilla/5.0"
92.118.39.61 - - [03/Sep/2026:10:39:55 -0500] "GET / HTTP/1.1" 500 2704 "-" "domain-harvester/dev (+https://github.com/esc-city/domain-harvester)"
161.35.164.93 - - [03/Sep/2026:10:40:32 -0500] "POST /wp-login.php HTTP/1.1" 500 - "-" "Mozilla/5.0"
161.35.164.93 - - [03/Sep/2026:10:46:30 -0500] "POST /wp-login.php HTTP/1.1" 500 2880 "-" "Mozilla/5.0"
114.119.148.64 - - [03/Sep/2026:10:46:44 -0500] "GET /?id=118809 HTTP/1.1" 500 2704 "http://www.ziasteelmills.com/36" "Mozilla/5.0 (Linux; Android 7.0;) AppleWebKit/537.36 (HTML, like Gecko) Mobile Safari/537.36 (compatible; PetalBot;+https://webmaster.petalsearch.com/site/petalbot)"
92.118.39.61 - - [03/Sep/2026:10:50:47 -0500] "GET / HTTP/1.1" 500 2704 "-" "domain-harvester/dev (+https://github.com/esc-city/domain-harvester)"
161.35.164.93 - - [03/Sep/2026:10:53:07 -0500] "POST /wp-login.php HTTP/1.1" 500 2880 "-" "Mozilla/5.0"
114.119.142.39 - - [03/Sep/2026:10:58:21 -0500] "GET /?id=553265.html HTTP/1.1" 500 2704 "https://effefe.com/?id=553265.html" "Mozilla/5.0 (Linux; Android 7.0;) AppleWebKit/537.36 (HTML, like Gecko) Mobile Safari/537.36 (compatible; PetalBot;+https://webmaster.petalsearch.com/site/petalbot)"
157.90.185.123 - - [03/Sep/2026:10:59:58 -0500] "POST /wp-cron.php?doing_wp_cron=1788451198.6450450420379638671875 HTTP/1.1" 200 - "-" "WordPress/7.1; https://effefe.com"
161.35.164.93 - - [03/Sep/2026:10:59:55 -0500] "POST /wp-login.php HTTP/1.1" 200 7596 "-" "Mozilla/5.0"
120.133.60.156 - - [03/Sep/2026:11:00:38 -0500] "POST /wp-login.php HTTP/1.1" 500 2880 "https://effefe.com/wp-login.php" "Mozilla/5.0 (Windows NT 10.0; Win64; x64) AppleWebKit/537.36 (KHTML, like Gecko) Chrome/125.0.0.0 Safari/537.36"
107.174.169.115 - - [03/Sep/2026:11:03:33 -0500] "GET /wp-includes/sitemaps/zlumxjk/mafhkzn/sf1ypjr/index.php?pass=K6hkO2zwH3E HTTP/1.1" 500 2704 "-" "Mozilla/5.0 (Windows NT 10.0; Win64; x64) AppleWebKit/537.36 (KHTML, like Gecko) Chrome/127.0.0.0 Safari/537.36"
161.35.164.93 - - [03/Sep/2026:11:06:39 -0500] "POST /wp-login.php HTTP/1.1" 500 2880 "-" "Mozilla/5.0"
161.35.164.93 - - [03/Sep/2026:11:13:27 -0500] "POST /wp-login.php HTTP/1.1" 500 - "-" "Mozilla/5.0"
66.249.70.106 - - [03/Sep/2026:11:17:13 -0500] "GET /portfolio/sad-haze/ HTTP/1.1" 500 2704 "-" "Mozilla/5.0 (Linux; Android 6.0.1; Nexus 5X Build/MMB29P) AppleWebKit/537.36 (KHTML, like Gecko) Chrome/151.0.7922.173 Mobile Safari/537.36 (compatible; Googlebot/2.1; +http://www.google.com/bot.html)"
157.90.185.123 - - [03/Sep/2026:11:17:59 -0500] "POST /wp-cron.php?doing_wp_cron=1788452279.0982410907745361328125 HTTP/1.1" 200 - "-" "WordPress/7.1; https://effefe.com"
190.33.230.244 - - [03/Sep/2026:11:17:51 -0500] "GET / HTTP/1.1" 200 208374 "-" "curl/8.18.0"
190.33.230.244 - - [03/Sep/2026:11:19:08 -0500] "GET / HTTP/1.1" 500 2704 "-" "curl/8.18.0"
190.33.230.244 - - [03/Sep/2026:11:19:48 -0500] "GET / HTTP/1.1" 500 2704 "-" "curl/8.18.0"
157.90.185.123 - - [03/Sep/2026:11:19:57 -0500] "POST /wp-cron.php?doing_wp_cron=1788452397.7945799827575683593750 HTTP/1.1" 200 - "-" "WordPress/7.1; https://effefe.com"
190.33.230.244 - - [03/Sep/2026:11:19:51 -0500] "GET / HTTP/1.1" 200 208374 "-" "Mozilla/5.0 (compatible; Googlebot/2.1; +http://www.google.com/bot.html)"
157.90.185.123 - - [03/Sep/2026:11:20:18 -0500] "POST /wp-cron.php?doing_wp_cron=1788452417.9773530960083007812500 HTTP/1.1" 200 - "-" "WordPress/7.1; https://effefe.com"
161.35.164.93 - - [03/Sep/2026:11:20:16 -0500] "POST /wp-login.php HTTP/1.1" 200 7596 "-" "Mozilla/5.0"
66.249.70.106 - - [03/Sep/2026:11:22:32 -0500] "GET /blog/ HTTP/1.1" 500 2704 "-" "Mozilla/5.0 (Linux; Android 6.0.1; Nexus 5X Build/MMB29P) AppleWebKit/537.36 (KHTML, like Gecko) Chrome/151.0.7922.173 Mobile Safari/537.36 (compatible; Googlebot/2.1; +http://www.google.com/bot.html)"
114.119.137.116 - - [03/Sep/2026:11:24:18 -0500] "GET /?id=903459.html HTTP/1.1" 500 2704 "http://www.effefe.com?id=903459.html" "Mozilla/5.0 (Linux; Android 7.0;) AppleWebKit/537.36 (HTML, like Gecko) Mobile Safari/537.36 (compatible; PetalBot;+https://webmaster.petalsearch.com/site/petalbot)"
190.33.230.244 - - [03/Sep/2026:11:25:18 -0500] "GET / HTTP/1.1" 500 2704 "-" "curl/8.18.0"
190.33.230.244 - - [03/Sep/2026:11:26:14 -0500] "GET / HTTP/1.1" 500 2704 "-" "Mozilla/5.0 (X11; Linux x86_64) Firefox/128"
190.33.230.244 - - [03/Sep/2026:11:26:17 -0500] "GET / HTTP/1.1" 500 2704 "-" "Mozilla/5.0 (compatible; Googlebot/2.1; +http://www.google.com/bot.html)"
161.35.164.93 - - [03/Sep/2026:11:27:07 -0500] "POST /wp-login.php HTTP/1.1" 200 7596 "-" "Mozilla/5.0"
157.90.185.123 - - [03/Sep/2026:11:27:11 -0500] "POST /wp-cron.php?doing_wp_cron=1788452831.2620398998260498046875 HTTP/1.1" 200 - "-" "WordPress/7.1; https://effefe.com"
157.90.185.123 - - [03/Sep/2026:11:27:30 -0500] "POST /wp-cron.php?doing_wp_cron=1788452850.9457509517669677734375 HTTP/1.1" 200 - "-" "WordPress/7.1; https://effefe.com"
190.33.230.244 - - [03/Sep/2026:11:27:25 -0500] "GET / HTTP/1.1" 200 208374 "-" "curl/8.18.0"
190.33.230.244 - - [03/Sep/2026:11:27:32 -0500] "GET / HTTP/1.1" 200 208374 "-" "curl/8.18.0"
190.33.230.244 - - [03/Sep/2026:11:27:39 -0500] "GET / HTTP/1.1" 200 208374 "-" "curl/8.18.0"
157.90.185.123 - - [03/Sep/2026:11:28:24 -0500] "POST /wp-cron.php?doing_wp_cron=1788452904.4261889457702636718750 HTTP/1.1" 200 - "-" "WordPress/7.1; https://effefe.com"
190.33.230.244 - - [03/Sep/2026:11:28:15 -0500] "GET / HTTP/1.1" 200 208374 "-" "curl/8.18.0"
82.102.18.222 - - [03/Sep/2026:11:28:50 -0500] "GET / HTTP/1.1" 301 - "-" "Mozilla/5.0 (Windows NT 10.0; Win64; x64) AppleWebKit/537.36 (KHTML, like Gecko) Chrome/78.0.3904.108 Safari/537.36"
82.102.18.222 - - [03/Sep/2026:11:28:51 -0500] "GET / HTTP/1.1" 200 208374 "-" "Mozilla/5.0 (Windows NT 10.0; Win64; x64) AppleWebKit/537.36 (KHTML, like Gecko) Chrome/78.0.3904.108 Safari/537.36"
82.102.18.222 - - [03/Sep/2026:11:28:57 -0500] "GET //wp-includes/wlwmanifest.xml HTTP/1.1" 301 - "-" "Mozilla/5.0 (Windows NT 10.0; Win64; x64) AppleWebKit/537.36 (KHTML, like Gecko) Chrome/78.0.3904.108 Safari/537.36"
82.102.18.222 - - [03/Sep/2026:11:28:58 -0500] "GET //xmlrpc.php?rsd HTTP/1.1" 403 199 "-" "Mozilla/5.0 (Windows NT 10.0; Win64; x64) AppleWebKit/537.36 (KHTML, like Gecko) Chrome/78.0.3904.108 Safari/537.36"
82.102.18.222 - - [03/Sep/2026:11:28:58 -0500] "GET / HTTP/1.1" 200 208374 "-" "Mozilla/5.0 (Windows NT 10.0; Win64; x64) AppleWebKit/537.36 (KHTML, like Gecko) Chrome/78.0.3904.108 Safari/537.36"
82.102.18.222 - - [03/Sep/2026:11:29:04 -0500] "GET //?author=1 HTTP/1.1" 301 - "-" "Mozilla/5.0 (Windows NT 10.0; Win64; x64) AppleWebKit/537.36 (KHTML, like Gecko) Chrome/78.0.3904.108 Safari/537.36"
82.102.18.222 - - [03/Sep/2026:11:29:05 -0500] "GET //?author=2 HTTP/1.1" 301 - "-" "Mozilla/5.0 (Windows NT 10.0; Win64; x64) AppleWebKit/537.36 (KHTML, like Gecko) Chrome/78.0.3904.108 Safari/537.36"
82.102.18.222 - - [03/Sep/2026:11:29:06 -0500] "GET //wp-json/wp/v2/users/ HTTP/1.1" 403 199 "-" "Mozilla/5.0 (Windows NT 10.0; Win64; x64) AppleWebKit/537.36 (KHTML, like Gecko) Chrome/78.0.3904.108 Safari/537.36"
82.102.18.222 - - [03/Sep/2026:11:29:06 -0500] "POST //xmlrpc.php HTTP/1.1" 403 199 "-" "Mozilla/5.0 (Windows NT 10.0; Win64; x64) AppleWebKit/537.36 (KHTML, like Gecko) Chrome/78.0.3904.108 Safari/537.36"
157.90.185.123 - - [03/Sep/2026:11:34:05 -0500] "POST /wp-cron.php?doing_wp_cron=1788453245.4182031154632568359375 HTTP/1.1" 200 - "-" "WordPress/7.1; https://effefe.com"
161.35.164.93 - - [03/Sep/2026:11:34:03 -0500] "POST /wp-login.php HTTP/1.1" 200 7596 "-" "Mozilla/5.0"
157.90.185.123 - - [03/Sep/2026:11:37:27 -0500] "POST /wp-cron.php?doing_wp_cron=1788453447.7271618843078613281250 HTTP/1.1" 200 - "-" "WordPress/7.1; https://effefe.com"
154.81.166.10 - - [03/Sep/2026:11:37:25 -0500] "GET /runtime/4ssss4.php/ HTTP/1.1" 301 - "-" "Python/3.12 aiohttp/3.14.3"
154.81.166.10 - - [03/Sep/2026:11:37:28 -0500] "GET /runtime/4ssss4.php/ HTTP/1.1" 404 59480 "-" "Python/3.12 aiohttp/3.14.3"
34.73.26.33 - - [03/Sep/2026:11:38:44 -0500] "GET /.git/config HTTP/1.1" 403 199 "-" "Mozilla/5.0 (Windows NT 10.0; Win64; x64) AppleWebKit/537.36 (KHTML, like Gecko) Chrome/128.0.0.0 Safari/537.36"
84.235.249.236 - - [03/Sep/2026:11:39:16 -0500] "GET /wp-content/plugins/translatepress-multilingual/readme.txt HTTP/1.1" 404 67675 "-" "Mozilla/5.0 (Windows NT 10.0; Win64; x64) AppleWebKit/537.36 (KHTML, like Gecko) Chrome/126.0.0.0 Safari/537.36"
157.90.185.123 - - [03/Sep/2026:11:39:19 -0500] "POST /wp-cron.php?doing_wp_cron=1788453559.4844410419464111328125 HTTP/1.1" 200 - "-" "WordPress/7.1; https://effefe.com"
84.235.249.236 - - [03/Sep/2026:11:39:19 -0500] "GET /wp-content/plugins/translatepress/readme.txt HTTP/1.1" 404 67675 "-" "Mozilla/5.0 (Windows NT 10.0; Win64; x64) AppleWebKit/537.36 (KHTML, like Gecko) Chrome/126.0.0.0 Safari/537.36"
157.90.185.123 - - [03/Sep/2026:11:39:24 -0500] "POST /wp-cron.php?doing_wp_cron=1788453564.0199790000915527343750 HTTP/1.1" 200 - "-" "WordPress/7.1; https://effefe.com"
84.235.249.236 - - [03/Sep/2026:11:39:16 -0500] "GET / HTTP/1.1" 200 208374 "-" "Mozilla/5.0 (Windows NT 10.0; Win64; x64) AppleWebKit/537.36 (KHTML, like Gecko) Chrome/126.0.0.0 Safari/537.36"
18.97.14.88 - - [03/Sep/2026:11:39:56 -0500] "GET /robots.txt HTTP/1.1" 200 313 "-" "CCBot/2.0 (https://commoncrawl.org/faq/)"
18.97.14.88 - - [03/Sep/2026:11:39:59 -0500] "GET /wp-sitemap.xml HTTP/1.1" 404 610 "-" "CCBot/2.0 (https://commoncrawl.org/faq/)"
157.90.185.123 - - [03/Sep/2026:11:40:56 -0500] "POST /wp-cron.php?doing_wp_cron=1788453656.1224329471588134765625 HTTP/1.1" 200 - "-" "WordPress/7.1; https://effefe.com"
161.35.164.93 - - [03/Sep/2026:11:40:54 -0500] "POST /wp-login.php HTTP/1.1" 200 7596 "-" "Mozilla/5.0"
157.90.185.123 - - [03/Sep/2026:11:47:49 -0500] "POST /wp-cron.php?doing_wp_cron=1788454069.0233259201049804687500 HTTP/1.1" 200 - "-" "WordPress/7.1; https://effefe.com"
161.35.164.93 - - [03/Sep/2026:11:47:47 -0500] "POST /wp-login.php HTTP/1.1" 200 7596 "-" "Mozilla/5.0"
157.90.185.123 - - [03/Sep/2026:11:50:17 -0500] "POST /wp-cron.php?doing_wp_cron=1788454217.5756759643554687500000 HTTP/1.1" 200 - "-" "WordPress/7.1; https://effefe.com"
3.94.156.104 - - [03/Sep/2026:11:50:15 -0500] "GET /four-columns-wide-portfolio/ HTTP/1.1" 200 113522 "-" "Mozilla/5.0 AppleWebKit/537.36 (KHTML, like Gecko; compatible; Amazonbot/0.1; +https://developer.amazon.com/support/amazonbot) Chrome/119.0.6045.214 Safari/537.36"
85.122.114.193 - - [03/Sep/2026:11:51:03 -0500] "GET /wp-includes/html-api/ewsphuq/ymhpljc/fzjktc1/index.php HTTP/1.1" 301 - "-" "-"
85.122.114.193 - - [03/Sep/2026:11:51:05 -0500] "GET /wp-includes/html-api/ewsphuq/ymhpljc/fzjktc1/ HTTP/1.1" 404 99636 "-" "-"
157.90.185.123 - - [03/Sep/2026:11:54:45 -0500] "POST /wp-cron.php?doing_wp_cron=1788454485.7771000862121582031250 HTTP/1.1" 200 - "-" "WordPress/7.1; https://effefe.com"
161.35.164.93 - - [03/Sep/2026:11:54:44 -0500] "POST /wp-login.php HTTP/1.1" 200 7596 "-" "Mozilla/5.0"
157.90.185.123 - - [03/Sep/2026:11:57:13 -0500] "POST /wp-cron.php?doing_wp_cron=1788454633.4830439090728759765625 HTTP/1.1" 200 - "-" "WordPress/7.1; https://effefe.com"
