114.119.148.64 - - [04/Sep/2026:00:53:34 -0500] "GET /robots.txt HTTP/1.1" 500 188 "http://www.effefe.com/robots.txt" "Mozilla/5.0 (compatible;PetalBot;+https://webmaster.petalsearch.com/site/petalbot)"
105.76.187.50 - - [04/Sep/2026:00:55:06 -0500] "GET /wp-includes/js/tinymce/plugins/wp-links-opml.php HTTP/1.1" 500 188 "-" "Mozilla/5.0 (Windows NT 10.0; Win64; x64) AppleWebKit/537.36 (KHTML, like Gecko) Chrome/85.0.4183.102 Safari/537.36"
105.76.187.50 - - [04/Sep/2026:00:59:26 -0500] "GET /wp-includes/js/tinymce/plugins/wp-settings.php HTTP/1.1" 500 188 "-" "Mozilla/5.0 (Windows NT 10.0; Win64; x64) AppleWebKit/537.36 (KHTML, like Gecko) Chrome/85.0.4183.102 Safari/537.36"
35.212.81.89 - - [04/Sep/2026:01:00:10 -0500] "GET /ads.txt HTTP/1.1" 500 188 "-" "Mozilla/5.0 (Macintosh; Intel Mac OS X 10_12_6) AppleWebKit/537.36 (KHTML, like Gecko) Chrome/63.0.3239.84 Safari/537.36"
35.212.81.89 - - [04/Sep/2026:01:00:13 -0500] "GET /ads.txt HTTP/1.1" 500 188 "-" "Mozilla/5.0 (Macintosh; Intel Mac OS X 10_12_6) AppleWebKit/537.36 (KHTML, like Gecko) Chrome/63.0.3239.84 Safari/537.36"
105.76.187.50 - - [04/Sep/2026:01:01:30 -0500] "GET /wp-includes/js/tinymce/plugins/options.php HTTP/1.1" 500 188 "-" "Mozilla/5.0 (Windows NT 10.0; Win64; x64) AppleWebKit/537.36 (KHTML, like Gecko) Chrome/85.0.4183.102 Safari/537.36"
105.76.187.50 - - [04/Sep/2026:01:05:51 -0500] "GET /wp-includes/js/tinymce/plugins/xmlrpc.php HTTP/1.1" 403 199 "-" "Mozilla/5.0 (Windows NT 10.0; Win64; x64) AppleWebKit/537.36 (KHTML, like Gecko) Chrome/85.0.4183.102 Safari/537.36"
54.80.73.122 - - [04/Sep/2026:01:05:51 -0500] "GET /designer-home/ HTTP/1.1" 500 188 "-" "Mozilla/5.0 AppleWebKit/537.36 (KHTML, like Gecko; compatible; Amazonbot/0.1; +https://developer.amazon.com/support/amazonbot) Chrome/119.0.6045.214 Safari/537.36"
77.83.36.163 - - [04/Sep/2026:01:07:04 -0500] "HEAD / HTTP/1.1" 500 - "-" "Mozilla/5.0 (compatible; NginxCheckerAsync/1.1)"
77.83.36.163 - - [04/Sep/2026:01:07:07 -0500] "HEAD / HTTP/1.1" 500 - "-" "Mozilla/5.0 (compatible; NginxCheckerAsync/1.1)"
105.76.187.50 - - [04/Sep/2026:01:07:49 -0500] "GET /wp-content/uploads/wp-settings.php HTTP/1.1" 500 2704 "-" "Mozilla/5.0 (Windows NT 10.0; Win64; x64) AppleWebKit/537.36 (KHTML, like Gecko) Chrome/85.0.4183.102 Safari/537.36"
105.76.187.50 - - [04/Sep/2026:01:09:47 -0500] "GET /wp-content/uploads/wp-mail.php HTTP/1.1" 500 188 "-" "Mozilla/5.0 (Windows NT 10.0; Win64; x64) AppleWebKit/537.36 (KHTML, like Gecko) Chrome/85.0.4183.102 Safari/537.36"
105.76.187.50 - - [04/Sep/2026:01:11:26 -0500] "GET /wp-content/uploads/wp-load.php HTTP/1.1" 500 188 "-" "Mozilla/5.0 (Windows NT 10.0; Win64; x64) AppleWebKit/537.36 (KHTML, like Gecko) Chrome/85.0.4183.102 Safari/537.36"
105.76.187.50 - - [04/Sep/2026:01:14:26 -0500] "GET /wp-content/uploads/wp-blog-header.php HTTP/1.1" 500 188 "-" "Mozilla/5.0 (Windows NT 10.0; Win64; x64) AppleWebKit/537.36 (KHTML, like Gecko) Chrome/85.0.4183.102 Safari/537.36"
120.133.60.156 - - [04/Sep/2026:01:14:45 -0500] "POST /wp-login.php HTTP/1.1" 500 188 "https://effefe.com/wp-login.php" "Mozilla/5.0 (Windows NT 10.0; Win64; x64) AppleWebKit/537.36 (KHTML, like Gecko) Chrome/125.0.0.0 Safari/537.36"
105.76.187.50 - - [04/Sep/2026:01:15:40 -0500] "GET /wp-content/uploads/system.php HTTP/1.1" 500 188 "-" "Mozilla/5.0 (Windows NT 10.0; Win64; x64) AppleWebKit/537.36 (KHTML, like Gecko) Chrome/85.0.4183.102 Safari/537.36"
105.76.187.50 - - [04/Sep/2026:01:17:21 -0500] "GET /wp-content/uploads/options.php HTTP/1.1" 500 188 "-" "Mozilla/5.0 (Windows NT 10.0; Win64; x64) AppleWebKit/537.36 (KHTML, like Gecko) Chrome/85.0.4183.102 Safari/537.36"
105.76.187.50 - - [04/Sep/2026:01:20:07 -0500] "GET /wp-content/uploads/module.php HTTP/1.1" 500 188 "-" "Mozilla/5.0 (Windows NT 10.0; Win64; x64) AppleWebKit/537.36 (KHTML, like Gecko) Chrome/85.0.4183.102 Safari/537.36"
105.76.187.50 - - [04/Sep/2026:01:23:10 -0500] "GET /wp-content/uploads/maintenance.php HTTP/1.1" 500 188 "-" "Mozilla/5.0 (Windows NT 10.0; Win64; x64) AppleWebKit/537.36 (KHTML, like Gecko) Chrome/85.0.4183.102 Safari/537.36"
74.7.230.12 - - [04/Sep/2026:01:23:50 -0500] "GET /robots.txt HTTP/1.1" 500 188 "-" "Mozilla/5.0 (Macintosh; Intel Mac OS X 10_15_7) AppleWebKit/537.36 (KHTML, like Gecko) Chrome/131.0.0.0 Safari/537.36; compatible; OAI-SearchBot/1.4; robots.txt; +https://openai.com/searchbot"
105.76.187.50 - - [04/Sep/2026:01:24:35 -0500] "GET /wp-includes/html-api/wp-login.php HTTP/1.1" 500 188 "-" "Mozilla/5.0 (Windows NT 10.0; Win64; x64) AppleWebKit/537.36 (KHTML, like Gecko) Chrome/85.0.4183.102 Safari/537.36"
119.28.177.175 - - [04/Sep/2026:01:26:09 -0500] "GET / HTTP/1.1" 403 199 "-" "Mozilla/5.0 (iPhone; CPU iPhone OS 13_2_3 like Mac OS X) AppleWebKit/605.1.15 (KHTML, like Gecko) Version/13.0.3 Mobile/15E148 Safari/604.1"
105.76.187.50 - - [04/Sep/2026:01:26:50 -0500] "GET /wp-content/uploads/login.php HTTP/1.1" 500 188 "-" "Mozilla/5.0 (Windows NT 10.0; Win64; x64) AppleWebKit/537.36 (KHTML, like Gecko) Chrome/85.0.4183.102 Safari/537.36"
105.76.187.50 - - [04/Sep/2026:01:27:52 -0500] "GET /wp-content/uploads/about.php HTTP/1.1" 500 188 "-" "Mozilla/5.0 (Windows NT 10.0; Win64; x64) AppleWebKit/537.36 (KHTML, like Gecko) Chrome/85.0.4183.102 Safari/537.36"
105.76.187.50 - - [04/Sep/2026:01:29:50 -0500] "GET /wp-content/uploads/load.php HTTP/1.1" 500 188 "-" "Mozilla/5.0 (Windows NT 10.0; Win64; x64) AppleWebKit/537.36 (KHTML, like Gecko) Chrome/85.0.4183.102 Safari/537.36"
105.76.187.50 - - [04/Sep/2026:01:31:24 -0500] "GET /wp-content/uploads/index.php HTTP/1.1" 500 188 "-" "Mozilla/5.0 (Windows NT 10.0; Win64; x64) AppleWebKit/537.36 (KHTML, like Gecko) Chrome/85.0.4183.102 Safari/537.36"
114.119.152.47 - - [04/Sep/2026:01:31:59 -0500] "GET /?id=280812 HTTP/1.1" 500 188 "https://effefe.com/?id=280812" "Mozilla/5.0 (Linux; Android 7.0;) AppleWebKit/537.36 (HTML, like Gecko) Mobile Safari/537.36 (compatible; PetalBot;+https://webmaster.petalsearch.com/site/petalbot)"
216.252.238.231 - - [04/Sep/2026:01:32:00 -0500] "GET /wp-login.php HTTP/1.1" 500 188 "-" "Mozilla/5.0 (Windows NT 10.0; Win64; x64) AppleWebKit/537.36 (KHTML, like Gecko) Chrome/120.0.0.0 Safari/537.36"
157.90.185.123 - - [04/Sep/2026:01:33:55 -0500] "POST /wp-cron.php?doing_wp_cron=1788503635.4307351112365722656250 HTTP/1.1" 200 - "-" "WordPress/7.1; https://effefe.com"
105.76.187.50 - - [04/Sep/2026:01:33:52 -0500] "GET /wp-content/uploads/min.php HTTP/1.1" 404 99410 "-" "Mozilla/5.0 (Windows NT 10.0; Win64; x64) AppleWebKit/537.36 (KHTML, like Gecko) Chrome/85.0.4183.102 Safari/537.36"
105.76.187.50 - - [04/Sep/2026:01:35:09 -0500] "GET /wp-content/uploads/home.php HTTP/1.1" 500 188 "-" "Mozilla/5.0 (Windows NT 10.0; Win64; x64) AppleWebKit/537.36 (KHTML, like Gecko) Chrome/85.0.4183.102 Safari/537.36"
116.179.32.18 - - [04/Sep/2026:01:35:30 -0500] "GET /portfolio/basta-corride-ii/ HTTP/1.1" 500 188 "-" "Mozilla/5.0 (compatible; Baiduspider/2.0; +http://www.baidu.com/search/spider.html)"
111.225.214.137 - - [04/Sep/2026:01:35:33 -0500] "GET /portfolio/basta-corride-ii/ HTTP/1.1" 500 188 "-" "Mozilla/5.0 (Windows NT 10.0; WOW64) AppleWebKit/537.36 (KHTML, like Gecko) Chrome/48.0.2564.116 Safari/537.36"
119.249.100.245 - - [04/Sep/2026:01:35:35 -0500] "GET /portfolio/basta-corride-ii/ HTTP/1.1" 500 188 "-" "Mozilla/5.0 (Windows NT 10.0; WOW64) AppleWebKit/537.36 (KHTML, like Gecko) Chrome/48.0.2564.116 Safari/537.36"
157.90.185.123 - - [04/Sep/2026:01:38:20 -0500] "POST /wp-cron.php?doing_wp_cron=1788503900.5825641155242919921875 HTTP/1.1" 200 - "-" "WordPress/7.1; https://effefe.com"
105.76.187.50 - - [04/Sep/2026:01:38:17 -0500] "GET /wp-content/uploads/data.php HTTP/1.1" 404 99410 "-" "Mozilla/5.0 (Windows NT 10.0; Win64; x64) AppleWebKit/537.36 (KHTML, like Gecko) Chrome/85.0.4183.102 Safari/537.36"
157.90.185.123 - - [04/Sep/2026:01:41:43 -0500] "POST /wp-cron.php?doing_wp_cron=1788504103.7721750736236572265625 HTTP/1.1" 200 - "-" "WordPress/7.1; https://effefe.com"
105.76.187.50 - - [04/Sep/2026:01:41:40 -0500] "GET /wp-includes/sodium_compat/src/Core/AEGIS/AEGIS/about.php HTTP/1.1" 404 99410 "-" "Mozilla/5.0 (Windows NT 10.0; Win64; x64) AppleWebKit/537.36 (KHTML, like Gecko) Chrome/85.0.4183.102 Safari/537.36"
105.76.187.50 - - [04/Sep/2026:01:44:09 -0500] "GET /wp-includes/sodium_compat/src/Core/AEGIS/AEGIS/alfa-rex.PHP HTTP/1.1" 500 188 "-" "Mozilla/5.0 (Windows NT 10.0; Win64; x64) AppleWebKit/537.36 (KHTML, like Gecko) Chrome/85.0.4183.102 Safari/537.36"
105.76.187.50 - - [04/Sep/2026:01:46:22 -0500] "GET /wp-includes/sodium_compat/src/Core/AEGIS/AEGIS/index.php HTTP/1.1" 500 188 "-" "Mozilla/5.0 (Windows NT 10.0; Win64; x64) AppleWebKit/537.36 (KHTML, like Gecko) Chrome/85.0.4183.102 Safari/537.36"
105.76.187.50 - - [04/Sep/2026:01:47:57 -0500] "GET /wp-includes/sodium_compat/src/Core/AEGIS/AEGIS/wp-login.php HTTP/1.1" 500 188 "-" "Mozilla/5.0 (Windows NT 10.0; Win64; x64) AppleWebKit/537.36 (KHTML, like Gecko) Chrome/85.0.4183.102 Safari/537.36"
105.76.187.50 - - [04/Sep/2026:01:49:13 -0500] "GET /wp-includes/SimplePie/src/wp-login.php HTTP/1.1" 500 188 "-" "Mozilla/5.0 (Windows NT 10.0; Win64; x64) AppleWebKit/537.36 (KHTML, like Gecko) Chrome/85.0.4183.102 Safari/537.36"
105.76.187.50 - - [04/Sep/2026:01:50:50 -0500] "GET /wp-includes/SimplePie/src/alfa-rex.PHP HTTP/1.1" 500 188 "-" "Mozilla/5.0 (Windows NT 10.0; Win64; x64) AppleWebKit/537.36 (KHTML, like Gecko) Chrome/85.0.4183.102 Safari/537.36"
105.76.187.50 - - [04/Sep/2026:01:52:05 -0500] "GET /wp-includes/SimplePie/src/about.php HTTP/1.1" 500 188 "-" "Mozilla/5.0 (Windows NT 10.0; Win64; x64) AppleWebKit/537.36 (KHTML, like Gecko) Chrome/85.0.4183.102 Safari/537.36"
105.76.187.50 - - [04/Sep/2026:01:54:15 -0500] "GET /wp-includes/js/tinymce/plugins/wpdialogs/about.php HTTP/1.1" 500 188 "-" "Mozilla/5.0 (Windows NT 10.0; Win64; x64) AppleWebKit/537.36 (KHTML, like Gecko) Chrome/85.0.4183.102 Safari/537.36"
105.76.187.50 - - [04/Sep/2026:01:56:51 -0500] "GET /wp-includes/js/tinymce/plugins/wpdialogs/alfa-rex.PHP HTTP/1.1" 500 188 "-" "Mozilla/5.0 (Windows NT 10.0; Win64; x64) AppleWebKit/537.36 (KHTML, like Gecko) Chrome/85.0.4183.102 Safari/537.36"
105.76.187.50 - - [04/Sep/2026:01:58:23 -0500] "GET /wp-includes/js/tinymce/plugins/wpdialogs/index.php HTTP/1.1" 500 188 "-" "Mozilla/5.0 (Windows NT 10.0; Win64; x64) AppleWebKit/537.36 (KHTML, like Gecko) Chrome/85.0.4183.102 Safari/537.36"
66.249.70.105 - - [04/Sep/2026:01:59:07 -0500] "GET /robots.txt HTTP/1.1" 500 188 "-" "Mozilla/5.0 (compatible; Googlebot/2.1; +http://www.google.com/bot.html)"
105.76.187.50 - - [04/Sep/2026:02:00:32 -0500] "GET /wp-includes/js/tinymce/plugins/wpdialogs/wp-login.php HTTP/1.1" 500 188 "-" "Mozilla/5.0 (Windows NT 10.0; Win64; x64) AppleWebKit/537.36 (KHTML, like Gecko) Chrome/85.0.4183.102 Safari/537.36"
52.167.144.179 - - [04/Sep/2026:02:00:51 -0500] "GET /2026/07/03/ HTTP/1.1" 500 188 "-" "Mozilla/5.0 AppleWebKit/537.36 (KHTML, like Gecko; compatible; bingbot/2.0; +http://www.bing.com/bingbot.htm) Chrome/116.0.1938.76 Safari/537.36"
105.76.187.50 - - [04/Sep/2026:02:02:04 -0500] "GET /wp-includes/js/tinymce/themes/db-status.php HTTP/1.1" 500 188 "-" "Mozilla/5.0 (Windows NT 10.0; Win64; x64) AppleWebKit/537.36 (KHTML, like Gecko) Chrome/85.0.4183.102 Safari/537.36"
185.198.240.185 - - [04/Sep/2026:02:03:25 -0500] "GET / HTTP/1.1" 500 188 "-" "Go-http-client/1.1"
105.76.187.50 - - [04/Sep/2026:02:04:28 -0500] "GET /wp-includes/js/tinymce/themes/api.php HTTP/1.1" 500 188 "-" "Mozilla/5.0 (Windows NT 10.0; Win64; x64) AppleWebKit/537.36 (KHTML, like Gecko) Chrome/85.0.4183.102 Safari/537.36"
105.76.187.50 - - [04/Sep/2026:02:05:36 -0500] "GET /wp-includes/js/tinymce/themes/wp-load.php HTTP/1.1" 500 188 "-" "Mozilla/5.0 (Windows NT 10.0; Win64; x64) AppleWebKit/537.36 (KHTML, like Gecko) Chrome/85.0.4183.102 Safari/537.36"
105.76.187.50 - - [04/Sep/2026:02:07:15 -0500] "GET /wp-includes/js/tinymce/themes/xmlrpc.php HTTP/1.1" 403 199 "-" "Mozilla/5.0 (Windows NT 10.0; Win64; x64) AppleWebKit/537.36 (KHTML, like Gecko) Chrome/85.0.4183.102 Safari/537.36"
105.76.187.50 - - [04/Sep/2026:02:08:29 -0500] "GET /wp-includes/js/tinymce/themes/test.php HTTP/1.1" 500 2704 "-" "Mozilla/5.0 (Windows NT 10.0; Win64; x64) AppleWebKit/537.36 (KHTML, like Gecko) Chrome/85.0.4183.102 Safari/537.36"
105.76.187.50 - - [04/Sep/2026:02:10:31 -0500] "GET /wp-includes/js/tinymce/themes/panel.php HTTP/1.1" 500 188 "-" "Mozilla/5.0 (Windows NT 10.0; Win64; x64) AppleWebKit/537.36 (KHTML, like Gecko) Chrome/85.0.4183.102 Safari/537.36"
105.76.187.50 - - [04/Sep/2026:02:11:49 -0500] "GET /wp-includes/js/dist/vendor/about.php HTTP/1.1" 500 188 "-" "Mozilla/5.0 (Windows NT 10.0; Win64; x64) AppleWebKit/537.36 (KHTML, like Gecko) Chrome/85.0.4183.102 Safari/537.36"
138.197.17.142 - - [04/Sep/2026:02:12:14 -0500] "POST / HTTP/1.1" 500 - "https://www.effefe.com/" "Mozilla/5.0 (Windows NT 10.0; Win64; x64) AppleWebKit/537.36 (KHTML, like Gecko) Chrome/145.0.0.0 Safari/537.36"
105.76.187.50 - - [04/Sep/2026:02:14:18 -0500] "GET /wp-includes/js/dist/vendor/alfa-rex.PHP HTTP/1.1" 500 188 "-" "Mozilla/5.0 (Windows NT 10.0; Win64; x64) AppleWebKit/537.36 (KHTML, like Gecko) Chrome/85.0.4183.102 Safari/537.36"
114.119.144.15 - - [04/Sep/2026:02:15:01 -0500] "GET /wp-content/uploads/2021/11/fullscreen-slider-slide-2.png HTTP/1.1" 200 2009763 "https://effefe.com/?id=632263" "Mozilla/5.0 (Linux; Android 7.0;) AppleWebKit/537.36 (HTML, like Gecko) Mobile Safari/537.36 (compatible; PetalBot;+https://webmaster.petalsearch.com/site/petalbot)"
105.76.187.50 - - [04/Sep/2026:02:16:44 -0500] "GET /wp-includes/js/dist/vendor/index.php HTTP/1.1" 500 188 "-" "Mozilla/5.0 (Windows NT 10.0; Win64; x64) AppleWebKit/537.36 (KHTML, like Gecko) Chrome/85.0.4183.102 Safari/537.36"
114.119.142.39 - - [04/Sep/2026:02:16:55 -0500] "GET /?id=994928.html HTTP/1.1" 500 - "http://www.effefe.com?id=994928.html" "Mozilla/5.0 (Linux; Android 7.0;) AppleWebKit/537.36 (HTML, like Gecko) Mobile Safari/537.36 (compatible; PetalBot;+https://webmaster.petalsearch.com/site/petalbot)"
43.153.85.46 - - [04/Sep/2026:02:18:10 -0500] "GET / HTTP/1.1" 403 199 "-" "Mozilla/5.0 (iPhone; CPU iPhone OS 13_2_3 like Mac OS X) AppleWebKit/605.1.15 (KHTML, like Gecko) Version/13.0.3 Mobile/15E148 Safari/604.1"
114.119.154.166 - - [04/Sep/2026:02:18:34 -0500] "GET /?id=544338 HTTP/1.1" 500 - "http://www.effefe.com?id=544338" "Mozilla/5.0 (Linux; Android 7.0;) AppleWebKit/537.36 (HTML, like Gecko) Mobile Safari/537.36 (compatible; PetalBot;+https://webmaster.petalsearch.com/site/petalbot)"
105.76.187.50 - - [04/Sep/2026:02:19:46 -0500] "GET /wp-includes/js/dist/vendor/wp-login.php HTTP/1.1" 500 188 "-" "Mozilla/5.0 (Windows NT 10.0; Win64; x64) AppleWebKit/537.36 (KHTML, like Gecko) Chrome/85.0.4183.102 Safari/537.36"
105.76.187.50 - - [04/Sep/2026:02:20:36 -0500] "GET /wp-includes/blocks/separator/wp-login.php HTTP/1.1" 500 188 "-" "Mozilla/5.0 (Windows NT 10.0; Win64; x64) AppleWebKit/537.36 (KHTML, like Gecko) Chrome/85.0.4183.102 Safari/537.36"
172.234.233.91 - - [04/Sep/2026:02:20:51 -0500] "GET / HTTP/1.1" 500 188 "-" "Mozilla/5.0 (Windows NT 10.0; Win64; x64) AppleWebKit/537.36 (KHTML, like Gecko) Chrome/120.0.0.0 Safari/537.36"
172.234.233.91 - - [04/Sep/2026:02:20:55 -0500] "GET /administrator/ HTTP/1.1" 403 199 "-" "Mozilla/5.0 (Windows NT 10.0; Win64; x64) AppleWebKit/537.36 (KHTML, like Gecko) Chrome/120.0.0.0 Safari/537.36"
172.234.233.91 - - [04/Sep/2026:02:20:57 -0500] "GET /administrator/manifests/files/joomla.xml HTTP/1.1" 403 199 "-" "Mozilla/5.0 (Windows NT 10.0; Win64; x64) AppleWebKit/537.36 (KHTML, like Gecko) Chrome/120.0.0.0 Safari/537.36"
172.234.233.91 - - [04/Sep/2026:02:20:58 -0500] "GET /language/en-GB/en-GB.xml HTTP/1.1" 403 199 "-" "Mozilla/5.0 (Windows NT 10.0; Win64; x64) AppleWebKit/537.36 (KHTML, like Gecko) Chrome/120.0.0.0 Safari/537.36"
172.234.233.91 - - [04/Sep/2026:02:20:58 -0500] "GET /media/system/js/core.js HTTP/1.1" 403 199 "-" "Mozilla/5.0 (Windows NT 10.0; Win64; x64) AppleWebKit/537.36 (KHTML, like Gecko) Chrome/120.0.0.0 Safari/537.36"
106.52.216.13 - - [04/Sep/2026:02:21:46 -0500] "GET / HTTP/1.1" 403 199 "-" "Mozilla/5.0 (iPhone; CPU iPhone OS 13_2_3 like Mac OS X) AppleWebKit/605.1.15 (KHTML, like Gecko) Version/13.0.3 Mobile/15E148 Safari/604.1"
105.76.187.50 - - [04/Sep/2026:02:22:23 -0500] "GET /wp-includes/blocks/separator/index.php HTTP/1.1" 500 188 "-" "Mozilla/5.0 (Windows NT 10.0; Win64; x64) AppleWebKit/537.36 (KHTML, like Gecko) Chrome/85.0.4183.102 Safari/537.36"
105.76.187.50 - - [04/Sep/2026:02:24:31 -0500] "GET /wp-includes/blocks/separator/alfa-rex.PHP HTTP/1.1" 500 188 "-" "Mozilla/5.0 (Windows NT 10.0; Win64; x64) AppleWebKit/537.36 (KHTML, like Gecko) Chrome/85.0.4183.102 Safari/537.36"
105.76.187.50 - - [04/Sep/2026:02:27:03 -0500] "GET /wp-includes/blocks/separator/about.php HTTP/1.1" 500 188 "-" "Mozilla/5.0 (Windows NT 10.0; Win64; x64) AppleWebKit/537.36 (KHTML, like Gecko) Chrome/85.0.4183.102 Safari/537.36"
66.249.70.107 - - [04/Sep/2026:02:27:13 -0500] "GET /robots.txt HTTP/1.1" 500 188 "-" "Mozilla/5.0 (compatible; Googlebot/2.1; +http://www.google.com/bot.html)"
105.76.187.50 - - [04/Sep/2026:02:28:56 -0500] "GET /wp-includes/blocks/query/wp-login.php HTTP/1.1" 500 188 "-" "Mozilla/5.0 (Windows NT 10.0; Win64; x64) AppleWebKit/537.36 (KHTML, like Gecko) Chrome/85.0.4183.102 Safari/537.36"
105.76.187.50 - - [04/Sep/2026:02:29:51 -0500] "GET /wp-includes/blocks/query/index.php HTTP/1.1" 500 188 "-" "Mozilla/5.0 (Windows NT 10.0; Win64; x64) AppleWebKit/537.36 (KHTML, like Gecko) Chrome/85.0.4183.102 Safari/537.36"
165.232.157.45 - - [04/Sep/2026:02:30:20 -0500] "GET / HTTP/1.1" 500 188 "-" "Mozilla/5.0 (X11; Linux x86_64; rv:142.0) Gecko/20100101 Firefox/142.0"
165.232.157.45 - - [04/Sep/2026:02:30:22 -0500] "GET /favicon.ico HTTP/1.1" 500 188 "http://effefe.com/" "Mozilla/5.0 (X11; Linux x86_64; rv:142.0) Gecko/20100101 Firefox/142.0"
165.232.157.45 - - [04/Sep/2026:02:30:25 -0500] "GET / HTTP/1.1" 500 188 "-" "Mozilla/5.0 (X11; Linux x86_64; rv:142.0) Gecko/20100101 Firefox/142.0"
165.232.157.45 - - [04/Sep/2026:02:30:30 -0500] "GET /favicon.ico HTTP/1.1" 500 188 "https://effefe.com/" "Mozilla/5.0 (X11; Linux x86_64; rv:142.0) Gecko/20100101 Firefox/142.0"
105.76.187.50 - - [04/Sep/2026:02:31:02 -0500] "GET /wp-includes/blocks/query/alfa-rex.PHP HTTP/1.1" 500 188 "-" "Mozilla/5.0 (Windows NT 10.0; Win64; x64) AppleWebKit/537.36 (KHTML, like Gecko) Chrome/85.0.4183.102 Safari/537.36"
114.119.158.46 - - [04/Sep/2026:02:32:32 -0500] "GET /?id=286169 HTTP/1.1" 500 188 "https://effefe.com/?id=286169" "Mozilla/5.0 (Linux; Android 7.0;) AppleWebKit/537.36 (HTML, like Gecko) Mobile Safari/537.36 (compatible; PetalBot;+https://webmaster.petalsearch.com/site/petalbot)"
105.76.187.50 - - [04/Sep/2026:02:32:59 -0500] "GET /wp-includes/blocks/query/about.php HTTP/1.1" 500 188 "-" "Mozilla/5.0 (Windows NT 10.0; Win64; x64) AppleWebKit/537.36 (KHTML, like Gecko) Chrome/85.0.4183.102 Safari/537.36"
105.76.187.50 - - [04/Sep/2026:02:33:48 -0500] "GET /wp-includes/blocks/navigation-submenu/wp-login.php HTTP/1.1" 500 188 "-" "Mozilla/5.0 (Windows NT 10.0; Win64; x64) AppleWebKit/537.36 (KHTML, like Gecko) Chrome/85.0.4183.102 Safari/537.36"
105.76.187.50 - - [04/Sep/2026:02:36:16 -0500] "GET /wp-includes/blocks/navigation-submenu/index.php HTTP/1.1" 500 188 "-" "Mozilla/5.0 (Windows NT 10.0; Win64; x64) AppleWebKit/537.36 (KHTML, like Gecko) Chrome/85.0.4183.102 Safari/537.36"
105.76.187.50 - - [04/Sep/2026:02:36:56 -0500] "GET /wp-includes/blocks/navigation-submenu/alfa-rex.PHP HTTP/1.1" 500 188 "-" "Mozilla/5.0 (Windows NT 10.0; Win64; x64) AppleWebKit/537.36 (KHTML, like Gecko) Chrome/85.0.4183.102 Safari/537.36"
105.76.187.50 - - [04/Sep/2026:02:38:07 -0500] "GET /wp-includes/blocks/navigation-submenu/about.php HTTP/1.1" 500 188 "-" "Mozilla/5.0 (Windows NT 10.0; Win64; x64) AppleWebKit/537.36 (KHTML, like Gecko) Chrome/85.0.4183.102 Safari/537.36"
120.133.60.156 - - [04/Sep/2026:02:38:17 -0500] "POST /wp-login.php HTTP/1.1" 500 188 "https://effefe.com/wp-login.php" "Mozilla/5.0 (Windows NT 10.0; Win64; x64) AppleWebKit/537.36 (KHTML, like Gecko) Chrome/125.0.0.0 Safari/537.36"
105.76.187.50 - - [04/Sep/2026:02:39:37 -0500] "GET /wp-includes/blocks/list/wp-login.php HTTP/1.1" 500 2704 "-" "Mozilla/5.0 (Windows NT 10.0; Win64; x64) AppleWebKit/537.36 (KHTML, like Gecko) Chrome/85.0.4183.102 Safari/537.36"
105.76.187.50 - - [04/Sep/2026:02:40:43 -0500] "GET /wp-includes/blocks/list/index.php HTTP/1.1" 500 188 "-" "Mozilla/5.0 (Windows NT 10.0; Win64; x64) AppleWebKit/537.36 (KHTML, like Gecko) Chrome/85.0.4183.102 Safari/537.36"
105.76.187.50 - - [04/Sep/2026:02:41:37 -0500] "GET /wp-includes/blocks/list/alfa-rex.PHP HTTP/1.1" 500 188 "-" "Mozilla/5.0 (Windows NT 10.0; Win64; x64) AppleWebKit/537.36 (KHTML, like Gecko) Chrome/85.0.4183.102 Safari/537.36"
105.76.187.50 - - [04/Sep/2026:02:43:06 -0500] "GET /wp-includes/blocks/list/about.php HTTP/1.1" 500 188 "-" "Mozilla/5.0 (Windows NT 10.0; Win64; x64) AppleWebKit/537.36 (KHTML, like Gecko) Chrome/85.0.4183.102 Safari/537.36"
52.167.144.66 - - [04/Sep/2026:02:43:28 -0500] "GET /robots.txt HTTP/1.1" 500 188 "-" "Mozilla/5.0 AppleWebKit/537.36 (KHTML, like Gecko; compatible; bingbot/2.0; +http://www.bing.com/bingbot.htm) Chrome/116.0.1938.76 Safari/537.36"
40.77.167.2 - - [04/Sep/2026:02:43:33 -0500] "GET /news/elB091.html HTTP/1.1" 500 188 "-" "Mozilla/5.0 AppleWebKit/537.36 (KHTML, like Gecko; compatible; bingbot/2.0; +http://www.bing.com/bingbot.htm) Chrome/116.0.1938.76 Safari/537.36"
105.76.187.50 - - [04/Sep/2026:02:44:33 -0500] "GET /wp-includes/blocks/gallery/alfa-rex.PHP HTTP/1.1" 500 188 "-" "Mozilla/5.0 (Windows NT 10.0; Win64; x64) AppleWebKit/537.36 (KHTML, like Gecko) Chrome/85.0.4183.102 Safari/537.36"
105.76.187.50 - - [04/Sep/2026:02:45:35 -0500] "GET /wp-includes/blocks/gallery/about.php HTTP/1.1" 500 188 "-" "Mozilla/5.0 (Windows NT 10.0; Win64; x64) AppleWebKit/537.36 (KHTML, like Gecko) Chrome/85.0.4183.102 Safari/537.36"
105.76.187.50 - - [04/Sep/2026:02:46:37 -0500] "GET /wp-includes/blocks/gallery/index.php HTTP/1.1" 500 188 "-" "Mozilla/5.0 (Windows NT 10.0; Win64; x64) AppleWebKit/537.36 (KHTML, like Gecko) Chrome/85.0.4183.102 Safari/537.36"
114.119.142.39 - - [04/Sep/2026:02:47:34 -0500] "GET /creative-studio/ HTTP/1.1" 500 188 "https://effefe.com/creative-studio/" "Mozilla/5.0 (Linux; Android 7.0;) AppleWebKit/537.36 (HTML, like Gecko) Mobile Safari/537.36 (compatible; PetalBot;+https://webmaster.petalsearch.com/site/petalbot)"
105.76.187.50 - - [04/Sep/2026:02:47:50 -0500] "GET /wp-includes/blocks/gallery/wp-login.php HTTP/1.1" 500 188 "-" "Mozilla/5.0 (Windows NT 10.0; Win64; x64) AppleWebKit/537.36 (KHTML, like Gecko) Chrome/85.0.4183.102 Safari/537.36"
105.76.187.50 - - [04/Sep/2026:02:49:00 -0500] "GET /wp-includes/rest-api.php HTTP/1.1" 200 - "-" "Mozilla/5.0 (Windows NT 10.0; Win64; x64) AppleWebKit/537.36 (KHTML, like Gecko) Chrome/85.0.4183.102 Safari/537.36"
114.119.152.47 - - [04/Sep/2026:02:49:19 -0500] "GET /?id=839207.html HTTP/1.1" 500 - "http://www.effefe.com?id=839207.html" "Mozilla/5.0 (Linux; Android 7.0;) AppleWebKit/537.36 (HTML, like Gecko) Mobile Safari/537.36 (compatible; PetalBot;+https://webmaster.petalsearch.com/site/petalbot)"
114.119.148.64 - - [04/Sep/2026:02:50:15 -0500] "GET /?id=571362 HTTP/1.1" 500 188 "http://www.baisentong.com/shuo/7412.html" "Mozilla/5.0 (Linux; Android 7.0;) AppleWebKit/537.36 (HTML, like Gecko) Mobile Safari/537.36 (compatible; PetalBot;+https://webmaster.petalsearch.com/site/petalbot)"
114.119.148.64 - - [04/Sep/2026:02:51:05 -0500] "GET /?id=672767 HTTP/1.1" 500 - "http://www.effefe.com?id=672767" "Mozilla/5.0 (Linux; Android 7.0;) AppleWebKit/537.36 (HTML, like Gecko) Mobile Safari/537.36 (compatible; PetalBot;+https://webmaster.petalsearch.com/site/petalbot)"
105.76.187.50 - - [04/Sep/2026:02:51:15 -0500] "GET /wp-content/languages/themes/admin.php HTTP/1.1" 500 188 "-" "Mozilla/5.0 (Windows NT 10.0; Win64; x64) AppleWebKit/537.36 (KHTML, like Gecko) Chrome/85.0.4183.102 Safari/537.36"
105.76.187.50 - - [04/Sep/2026:02:51:59 -0500] "GET /wp-includes/blocks/comments-pagination-previous/wp-login.php HTTP/1.1" 500 188 "-" "Mozilla/5.0 (Windows NT 10.0; Win64; x64) AppleWebKit/537.36 (KHTML, like Gecko) Chrome/85.0.4183.102 Safari/537.36"
105.76.187.50 - - [04/Sep/2026:02:53:51 -0500] "GET /wp-includes/blocks/comments-pagination-previous/index.php HTTP/1.1" 500 188 "-" "Mozilla/5.0 (Windows NT 10.0; Win64; x64) AppleWebKit/537.36 (KHTML, like Gecko) Chrome/85.0.4183.102 Safari/537.36"
105.76.187.50 - - [04/Sep/2026:02:55:16 -0500] "GET /wp-includes/blocks/comments-pagination-previous/alfa-rex.PHP HTTP/1.1" 500 188 "-" "Mozilla/5.0 (Windows NT 10.0; Win64; x64) AppleWebKit/537.36 (KHTML, like Gecko) Chrome/85.0.4183.102 Safari/537.36"
34.123.11.123 - - [04/Sep/2026:02:55:40 -0500] "GET /.git/config HTTP/1.1" 403 199 "-" "Mozilla/5.0 (Windows NT 10.0; Win64; x64) AppleWebKit/537.36 (KHTML, like Gecko) Chrome/128.0.0.0 Safari/537.36"
105.76.187.50 - - [04/Sep/2026:02:56:37 -0500] "GET /wp-includes/blocks/comments-pagination-previous/about.php HTTP/1.1" 500 188 "-" "Mozilla/5.0 (Windows NT 10.0; Win64; x64) AppleWebKit/537.36 (KHTML, like Gecko) Chrome/85.0.4183.102 Safari/537.36"
105.76.187.50 - - [04/Sep/2026:02:57:31 -0500] "GET /wp-includes/blocks/comments-pagination-numbers/wp-login.php HTTP/1.1" 500 188 "-" "Mozilla/5.0 (Windows NT 10.0; Win64; x64) AppleWebKit/537.36 (KHTML, like Gecko) Chrome/85.0.4183.102 Safari/537.36"
105.76.187.50 - - [04/Sep/2026:02:58:16 -0500] "GET /wp-includes/blocks/comments-pagination-numbers/index.php HTTP/1.1" 500 188 "-" "Mozilla/5.0 (Windows NT 10.0; Win64; x64) AppleWebKit/537.36 (KHTML, like Gecko) Chrome/85.0.4183.102 Safari/537.36"
105.76.187.50 - - [04/Sep/2026:02:59:17 -0500] "GET /wp-includes/blocks/comments-pagination-numbers/about.php HTTP/1.1" 500 188 "-" "Mozilla/5.0 (Windows NT 10.0; Win64; x64) AppleWebKit/537.36 (KHTML, like Gecko) Chrome/85.0.4183.102 Safari/537.36"
105.76.187.50 - - [04/Sep/2026:02:59:54 -0500] "GET /wp-includes/blocks/comment-author-name/wp-login.php HTTP/1.1" 500 188 "-" "Mozilla/5.0 (Windows NT 10.0; Win64; x64) AppleWebKit/537.36 (KHTML, like Gecko) Chrome/85.0.4183.102 Safari/537.36"
105.76.187.50 - - [04/Sep/2026:03:00:28 -0500] "GET /wp-includes/blocks/comments-pagination-numbers/alfa-rex.PHP HTTP/1.1" 500 188 "-" "Mozilla/5.0 (Windows NT 10.0; Win64; x64) AppleWebKit/537.36 (KHTML, like Gecko) Chrome/85.0.4183.102 Safari/537.36"
114.119.135.63 - - [04/Sep/2026:03:00:32 -0500] "GET /blog/ HTTP/1.1" 500 188 "https://effefe.com/blog/" "Mozilla/5.0 (Linux; Android 7.0;) AppleWebKit/537.36 (HTML, like Gecko) Mobile Safari/537.36 (compatible; PetalBot;+https://webmaster.petalsearch.com/site/petalbot)"
105.76.187.50 - - [04/Sep/2026:03:01:06 -0500] "GET /wp-includes/blocks/comment-author-name/index.php HTTP/1.1" 500 188 "-" "Mozilla/5.0 (Windows NT 10.0; Win64; x64) AppleWebKit/537.36 (KHTML, like Gecko) Chrome/85.0.4183.102 Safari/537.36"
105.76.187.50 - - [04/Sep/2026:03:01:48 -0500] "GET /wp-includes/blocks/comment-author-name/alfa-rex.PHP HTTP/1.1" 500 188 "-" "Mozilla/5.0 (Windows NT 10.0; Win64; x64) AppleWebKit/537.36 (KHTML, like Gecko) Chrome/85.0.4183.102 Safari/537.36"
114.119.148.64 - - [04/Sep/2026:03:02:18 -0500] "GET /?id=492034 HTTP/1.1" 500 188 "https://effefe.com/?id=492034" "Mozilla/5.0 (Linux; Android 7.0;) AppleWebKit/537.36 (HTML, like Gecko) Mobile Safari/537.36 (compatible; PetalBot;+https://webmaster.petalsearch.com/site/petalbot)"
105.76.187.50 - - [04/Sep/2026:03:02:22 -0500] "GET /wp-includes/blocks/comment-author-name/about.php HTTP/1.1" 500 188 "-" "Mozilla/5.0 (Windows NT 10.0; Win64; x64) AppleWebKit/537.36 (KHTML, like Gecko) Chrome/85.0.4183.102 Safari/537.36"
105.76.187.50 - - [04/Sep/2026:03:03:11 -0500] "GET /wp-includes/js/imgareaselect/alfa-rex.PHP HTTP/1.1" 500 188 "-" "Mozilla/5.0 (Windows NT 10.0; Win64; x64) AppleWebKit/537.36 (KHTML, like Gecko) Chrome/85.0.4183.102 Safari/537.36"
105.76.187.50 - - [04/Sep/2026:03:03:45 -0500] "GET /wp-includes/assets/wp-login.php HTTP/1.1" 500 188 "-" "Mozilla/5.0 (Windows NT 10.0; Win64; x64) AppleWebKit/537.36 (KHTML, like Gecko) Chrome/85.0.4183.102 Safari/537.36"
105.76.187.50 - - [04/Sep/2026:03:04:13 -0500] "GET /wp-includes/assets/index.php HTTP/1.1" 500 188 "-" "Mozilla/5.0 (Windows NT 10.0; Win64; x64) AppleWebKit/537.36 (KHTML, like Gecko) Chrome/85.0.4183.102 Safari/537.36"
105.76.187.50 - - [04/Sep/2026:03:04:43 -0500] "GET /wp-includes/assets/alfa-rex.PHP HTTP/1.1" 500 188 "-" "Mozilla/5.0 (Windows NT 10.0; Win64; x64) AppleWebKit/537.36 (KHTML, like Gecko) Chrome/85.0.4183.102 Safari/537.36"
105.76.187.50 - - [04/Sep/2026:03:05:27 -0500] "GET /wp-includes/assets/about.php HTTP/1.1" 500 188 "-" "Mozilla/5.0 (Windows NT 10.0; Win64; x64) AppleWebKit/537.36 (KHTML, like Gecko) Chrome/85.0.4183.102 Safari/537.36"
105.76.187.50 - - [04/Sep/2026:03:06:09 -0500] "GET /wp-includes/js/imgareaselect/about.php HTTP/1.1" 500 188 "-" "Mozilla/5.0 (Windows NT 10.0; Win64; x64) AppleWebKit/537.36 (KHTML, like Gecko) Chrome/85.0.4183.102 Safari/537.36"
105.76.187.50 - - [04/Sep/2026:03:06:42 -0500] "GET /wp-includes/js/jcrop/wp-login.php HTTP/1.1" 500 188 "-" "Mozilla/5.0 (Windows NT 10.0; Win64; x64) AppleWebKit/537.36 (KHTML, like Gecko) Chrome/85.0.4183.102 Safari/537.36"
105.76.187.50 - - [04/Sep/2026:03:07:18 -0500] "GET /wp-includes/js/jcrop/index.php HTTP/1.1" 500 188 "-" "Mozilla/5.0 (Windows NT 10.0; Win64; x64) AppleWebKit/537.36 (KHTML, like Gecko) Chrome/85.0.4183.102 Safari/537.36"
105.76.187.50 - - [04/Sep/2026:03:07:52 -0500] "GET /wp-includes/js/jcrop/alfa-rex.PHP HTTP/1.1" 500 188 "-" "Mozilla/5.0 (Windows NT 10.0; Win64; x64) AppleWebKit/537.36 (KHTML, like Gecko) Chrome/85.0.4183.102 Safari/537.36"
105.76.187.50 - - [04/Sep/2026:03:08:15 -0500] "GET /wp-includes/js/jcrop/about.php HTTP/1.1" 500 188 "-" "Mozilla/5.0 (Windows NT 10.0; Win64; x64) AppleWebKit/537.36 (KHTML, like Gecko) Chrome/85.0.4183.102 Safari/537.36"
105.76.187.50 - - [04/Sep/2026:03:08:42 -0500] "GET /wp-includes/js/jquery/ui/wp-login.php HTTP/1.1" 500 188 "-" "Mozilla/5.0 (Windows NT 10.0; Win64; x64) AppleWebKit/537.36 (KHTML, like Gecko) Chrome/85.0.4183.102 Safari/537.36"
74.7.227.175 - - [04/Sep/2026:03:08:53 -0500] "GET / HTTP/1.1" 403 199 "-" "Mozilla/5.0 AppleWebKit/537.36 (KHTML, like Gecko; compatible; GPTBot/1.4; +https://openai.com/gptbot)"
74.7.175.151 - - [04/Sep/2026:03:08:53 -0500] "GET /robots.txt HTTP/1.1" 500 188 "-" "Mozilla/5.0 (Macintosh; Intel Mac OS X 10_15_7) AppleWebKit/537.36 (KHTML, like Gecko) Chrome/131.0.0.0 Safari/537.36; compatible; OAI-SearchBot/1.4; robots.txt; +https://openai.com/searchbot"
105.76.187.50 - - [04/Sep/2026:03:09:07 -0500] "GET /wp-includes/js/jquery/ui/index.php HTTP/1.1" 500 188 "-" "Mozilla/5.0 (Windows NT 10.0; Win64; x64) AppleWebKit/537.36 (KHTML, like Gecko) Chrome/85.0.4183.102 Safari/537.36"
105.76.187.50 - - [04/Sep/2026:03:09:36 -0500] "GET /wp-includes/js/jquery/ui/alfa-rex.PHP HTTP/1.1" 500 188 "-" "Mozilla/5.0 (Windows NT 10.0; Win64; x64) AppleWebKit/537.36 (KHTML, like Gecko) Chrome/85.0.4183.102 Safari/537.36"
105.76.187.50 - - [04/Sep/2026:03:10:17 -0500] "GET /wp-includes/js/jquery/ui/about.php HTTP/1.1" 500 2704 "-" "Mozilla/5.0 (Windows NT 10.0; Win64; x64) AppleWebKit/537.36 (KHTML, like Gecko) Chrome/85.0.4183.102 Safari/537.36"
105.76.187.50 - - [04/Sep/2026:03:10:51 -0500] "GET /wp-includes/js/jquery/wp-login.php HTTP/1.1" 500 188 "-" "Mozilla/5.0 (Windows NT 10.0; Win64; x64) AppleWebKit/537.36 (KHTML, like Gecko) Chrome/85.0.4183.102 Safari/537.36"
105.76.187.50 - - [04/Sep/2026:03:11:16 -0500] "GET /includes/cache/about.php HTTP/1.1" 500 188 "-" "Mozilla/5.0 (Windows NT 10.0; Win64; x64) AppleWebKit/537.36 (KHTML, like Gecko) Chrome/85.0.4183.102 Safari/537.36"
105.76.187.50 - - [04/Sep/2026:03:11:39 -0500] "GET /includes/cache/wp-login.php HTTP/1.1" 500 188 "-" "Mozilla/5.0 (Windows NT 10.0; Win64; x64) AppleWebKit/537.36 (KHTML, like Gecko) Chrome/85.0.4183.102 Safari/537.36"
105.76.187.50 - - [04/Sep/2026:03:12:02 -0500] "GET /images/handler-loader.php HTTP/1.1" 500 188 "-" "Mozilla/5.0 (Windows NT 10.0; Win64; x64) AppleWebKit/537.36 (KHTML, like Gecko) Chrome/85.0.4183.102 Safari/537.36"
105.76.187.50 - - [04/Sep/2026:03:12:22 -0500] "GET /includes/cache/index.php HTTP/1.1" 500 188 "-" "Mozilla/5.0 (Windows NT 10.0; Win64; x64) AppleWebKit/537.36 (KHTML, like Gecko) Chrome/85.0.4183.102 Safari/537.36"
105.76.187.50 - - [04/Sep/2026:03:13:12 -0500] "GET /wp-includes/style-engine/wp-login.php HTTP/1.1" 500 188 "-" "Mozilla/5.0 (Windows NT 10.0; Win64; x64) AppleWebKit/537.36 (KHTML, like Gecko) Chrome/85.0.4183.102 Safari/537.36"
114.119.148.64 - - [04/Sep/2026:03:13:37 -0500] "GET /?id=335729 HTTP/1.1" 500 188 "http://ffazf.com/2021/06/13/%e7%8e%8b%e4%b9%8b%e9%80%86%e8%a2%ad%e6%89%8b%e6%b8%b8%e8%8b%b1%e9%9b%84-%e5%90%8d%e4%be%a6%e6%8e%a2%e6%af%94%e5%88%a9%e9%98%b4%e8%b0%8b%e6%98%9f%e6%9c%9f%e5%9b%9b%e6%94%bb%e7%95%a5-%e5%a5%b3%e5%ad%90/" "Mozilla/5.0 (Linux; Android 7.0;) AppleWebKit/537.36 (HTML, like Gecko) Mobile Safari/537.36 (compatible; PetalBot;+https://webmaster.petalsearch.com/site/petalbot)"
66.249.78.100 - - [04/Sep/2026:03:13:41 -0500] "GET /robots.txt HTTP/1.1" 500 188 "-" "Mozilla/5.0 (compatible; Googlebot/2.1; +http://www.google.com/bot.html)"
105.76.187.50 - - [04/Sep/2026:03:13:42 -0500] "GET /wp-content/cache/all/embed/wp-login.php HTTP/1.1" 500 188 "-" "Mozilla/5.0 (Windows NT 10.0; Win64; x64) AppleWebKit/537.36 (KHTML, like Gecko) Chrome/85.0.4183.102 Safari/537.36"
105.76.187.50 - - [04/Sep/2026:03:14:23 -0500] "GET /wp-includes/style-engine/index.php HTTP/1.1" 500 188 "-" "Mozilla/5.0 (Windows NT 10.0; Win64; x64) AppleWebKit/537.36 (KHTML, like Gecko) Chrome/85.0.4183.102 Safari/537.36"
105.76.187.50 - - [04/Sep/2026:03:14:53 -0500] "GET /wp-content/cache/all/embed/about.php HTTP/1.1" 500 188 "-" "Mozilla/5.0 (Windows NT 10.0; Win64; x64) AppleWebKit/537.36 (KHTML, like Gecko) Chrome/85.0.4183.102 Safari/537.36"
105.76.187.50 - - [04/Sep/2026:03:15:34 -0500] "GET /wp-content/cache/all/embed/index.php HTTP/1.1" 500 188 "-" "Mozilla/5.0 (Windows NT 10.0; Win64; x64) AppleWebKit/537.36 (KHTML, like Gecko) Chrome/85.0.4183.102 Safari/537.36"
105.76.187.50 - - [04/Sep/2026:03:16:09 -0500] "GET /wp-content/cache/admin.php HTTP/1.1" 500 188 "-" "Mozilla/5.0 (Windows NT 10.0; Win64; x64) AppleWebKit/537.36 (KHTML, like Gecko) Chrome/85.0.4183.102 Safari/537.36"
105.76.187.50 - - [04/Sep/2026:03:16:51 -0500] "GET /wp-includes/style-engine/about.php HTTP/1.1" 500 188 "-" "Mozilla/5.0 (Windows NT 10.0; Win64; x64) AppleWebKit/537.36 (KHTML, like Gecko) Chrome/85.0.4183.102 Safari/537.36"
105.76.187.50 - - [04/Sep/2026:03:17:26 -0500] "GET /wp-content/languages/plugins/index.php HTTP/1.1" 500 188 "-" "Mozilla/5.0 (Windows NT 10.0; Win64; x64) AppleWebKit/537.36 (KHTML, like Gecko) Chrome/85.0.4183.102 Safari/537.36"
105.76.187.50 - - [04/Sep/2026:03:18:02 -0500] "GET /wp-includes/html-api/index.php HTTP/1.1" 500 188 "-" "Mozilla/5.0 (Windows NT 10.0; Win64; x64) AppleWebKit/537.36 (KHTML, like Gecko) Chrome/85.0.4183.102 Safari/537.36"
105.76.187.50 - - [04/Sep/2026:03:18:55 -0500] "GET /wp-admin/network/user-new.php HTTP/1.1" 500 - "-" "Mozilla/5.0 (Windows NT 10.0; Win64; x64) AppleWebKit/537.36 (KHTML, like Gecko) Chrome/85.0.4183.102 Safari/537.36"
105.76.187.50 - - [04/Sep/2026:03:19:26 -0500] "GET /wp-includes/html-api/about.php HTTP/1.1" 500 188 "-" "Mozilla/5.0 (Windows NT 10.0; Win64; x64) AppleWebKit/537.36 (KHTML, like Gecko) Chrome/85.0.4183.102 Safari/537.36"
105.76.187.50 - - [04/Sep/2026:03:19:54 -0500] "GET /wp-admin/css/colors/sunrise/wp-login.php HTTP/1.1" 500 188 "-" "Mozilla/5.0 (Windows NT 10.0; Win64; x64) AppleWebKit/537.36 (KHTML, like Gecko) Chrome/85.0.4183.102 Safari/537.36"
54.152.163.42 - - [04/Sep/2026:03:19:56 -0500] "GET /wp-json/oembed/1.0/embed?format=xml&url=https://effefe.com/faq/ HTTP/1.1" 500 2704 "-" "Mozilla/5.0 AppleWebKit/537.36 (KHTML, like Gecko; compatible; Amazonbot/0.1; +https://developer.amazon.com/support/amazonbot) Chrome/119.0.6045.214 Safari/537.36"
105.76.187.50 - - [04/Sep/2026:03:20:41 -0500] "GET /wp-admin/network/plugin-install.php HTTP/1.1" 500 - "-" "Mozilla/5.0 (Windows NT 10.0; Win64; x64) AppleWebKit/537.36 (KHTML, like Gecko) Chrome/85.0.4183.102 Safari/537.36"
105.76.187.50 - - [04/Sep/2026:03:21:03 -0500] "GET /wp-admin/css/colors/sunrise/about.php HTTP/1.1" 500 188 "-" "Mozilla/5.0 (Windows NT 10.0; Win64; x64) AppleWebKit/537.36 (KHTML, like Gecko) Chrome/85.0.4183.102 Safari/537.36"
105.76.187.50 - - [04/Sep/2026:03:21:19 -0500] "GET /wp-admin/css/colors/sunrise/index.php HTTP/1.1" 500 188 "-" "Mozilla/5.0 (Windows NT 10.0; Win64; x64) AppleWebKit/537.36 (KHTML, like Gecko) Chrome/85.0.4183.102 Safari/537.36"
105.76.187.50 - - [04/Sep/2026:03:21:38 -0500] "GET /wp-admin/network/plugin-editor.php HTTP/1.1" 500 - "-" "Mozilla/5.0 (Windows NT 10.0; Win64; x64) AppleWebKit/537.36 (KHTML, like Gecko) Chrome/85.0.4183.102 Safari/537.36"
105.76.187.50 - - [04/Sep/2026:03:21:55 -0500] "GET /wp-admin/network/index.php HTTP/1.1" 500 - "-" "Mozilla/5.0 (Windows NT 10.0; Win64; x64) AppleWebKit/537.36 (KHTML, like Gecko) Chrome/85.0.4183.102 Safari/537.36"
105.76.187.50 - - [04/Sep/2026:03:22:15 -0500] "GET /wp-admin/network/about.php HTTP/1.1" 500 - "-" "Mozilla/5.0 (Windows NT 10.0; Win64; x64) AppleWebKit/537.36 (KHTML, like Gecko) Chrome/85.0.4183.102 Safari/537.36"
105.76.187.50 - - [04/Sep/2026:03:23:06 -0500] "GET /wp-admin/network/edit.php HTTP/1.1" 500 - "-" "Mozilla/5.0 (Windows NT 10.0; Win64; x64) AppleWebKit/537.36 (KHTML, like Gecko) Chrome/85.0.4183.102 Safari/537.36"
105.76.187.50 - - [04/Sep/2026:03:23:40 -0500] "GET /wp-admin/network/admin.php HTTP/1.1" 500 - "-" "Mozilla/5.0 (Windows NT 10.0; Win64; x64) AppleWebKit/537.36 (KHTML, like Gecko) Chrome/85.0.4183.102 Safari/537.36"
105.76.187.50 - - [04/Sep/2026:03:24:02 -0500] "GET /wp-admin/network/themes.php HTTP/1.1" 500 2880 "-" "Mozilla/5.0 (Windows NT 10.0; Win64; x64) AppleWebKit/537.36 (KHTML, like Gecko) Chrome/85.0.4183.102 Safari/537.36"
105.76.187.50 - - [04/Sep/2026:03:24:17 -0500] "GET /wp-admin/network/theme-editor.php HTTP/1.1" 500 - "-" "Mozilla/5.0 (Windows NT 10.0; Win64; x64) AppleWebKit/537.36 (KHTML, like Gecko) Chrome/85.0.4183.102 Safari/537.36"
105.76.187.50 - - [04/Sep/2026:03:24:38 -0500] "GET /wp-admin/network/profile.php HTTP/1.1" 500 - "-" "Mozilla/5.0 (Windows NT 10.0; Win64; x64) AppleWebKit/537.36 (KHTML, like Gecko) Chrome/85.0.4183.102 Safari/537.36"
105.76.187.50 - - [04/Sep/2026:03:25:00 -0500] "GET /wp-admin/network/plugins.php HTTP/1.1" 500 - "-" "Mozilla/5.0 (Windows NT 10.0; Win64; x64) AppleWebKit/537.36 (KHTML, like Gecko) Chrome/85.0.4183.102 Safari/537.36"
105.76.187.50 - - [04/Sep/2026:03:25:30 -0500] "GET /wp-admin/network/update-core.php HTTP/1.1" 500 - "-" "Mozilla/5.0 (Windows NT 10.0; Win64; x64) AppleWebKit/537.36 (KHTML, like Gecko) Chrome/85.0.4183.102 Safari/537.36"
114.119.144.15 - - [04/Sep/2026:03:25:49 -0500] "GET /?id=896376 HTTP/1.1" 500 188 "http://www.boomint.cn/English/m/bqWs/MY/qI/index.asp" "Mozilla/5.0 (Linux; Android 7.0;) AppleWebKit/537.36 (HTML, like Gecko) Mobile Safari/537.36 (compatible; PetalBot;+https://webmaster.petalsearch.com/site/petalbot)"
105.76.187.50 - - [04/Sep/2026:03:25:54 -0500] "GET /wp-admin/network/users.php HTTP/1.1" 500 - "-" "Mozilla/5.0 (Windows NT 10.0; Win64; x64) AppleWebKit/537.36 (KHTML, like Gecko) Chrome/85.0.4183.102 Safari/537.36"
105.76.187.50 - - [04/Sep/2026:03:26:27 -0500] "GET /includes/includes/includes/worksec.php HTTP/1.1" 500 188 "-" "Mozilla/5.0 (Windows NT 10.0; Win64; x64) AppleWebKit/537.36 (KHTML, like Gecko) Chrome/85.0.4183.102 Safari/537.36"
105.76.187.50 - - [04/Sep/2026:03:26:46 -0500] "GET /includes/includes/worksec.php HTTP/1.1" 500 188 "-" "Mozilla/5.0 (Windows NT 10.0; Win64; x64) AppleWebKit/537.36 (KHTML, like Gecko) Chrome/85.0.4183.102 Safari/537.36"
105.76.187.50 - - [04/Sep/2026:03:27:05 -0500] "GET /wp-includes/SimplePie/plugins/xmlrpc.php HTTP/1.1" 500 188 "-" "Mozilla/5.0 (Windows NT 10.0; Win64; x64) AppleWebKit/537.36 (KHTML, like Gecko) Chrome/85.0.4183.102 Safari/537.36"
105.76.187.50 - - [04/Sep/2026:03:27:24 -0500] "GET /wp-includes/SimplePie/plugins/wp-signup.php HTTP/1.1" 500 188 "-" "Mozilla/5.0 (Windows NT 10.0; Win64; x64) AppleWebKit/537.36 (KHTML, like Gecko) Chrome/85.0.4183.102 Safari/537.36"
105.76.187.50 - - [04/Sep/2026:03:27:39 -0500] "GET /wp-includes/SimplePie/plugins/wp-settings.php HTTP/1.1" 500 188 "-" "Mozilla/5.0 (Windows NT 10.0; Win64; x64) AppleWebKit/537.36 (KHTML, like Gecko) Chrome/85.0.4183.102 Safari/537.36"
105.76.187.50 - - [04/Sep/2026:03:27:55 -0500] "GET /wp-includes/SimplePie/plugins/wp-load.php HTTP/1.1" 500 188 "-" "Mozilla/5.0 (Windows NT 10.0; Win64; x64) AppleWebKit/537.36 (KHTML, like Gecko) Chrome/85.0.4183.102 Safari/537.36"
105.76.187.50 - - [04/Sep/2026:03:28:24 -0500] "GET /wp-includes/SimplePie/plugins/wp-links-opml.php HTTP/1.1" 500 188 "-" "Mozilla/5.0 (Windows NT 10.0; Win64; x64) AppleWebKit/537.36 (KHTML, like Gecko) Chrome/85.0.4183.102 Safari/537.36"
105.76.187.50 - - [04/Sep/2026:03:28:42 -0500] "GET /wp-includes/SimplePie/plugins/wp-cron.php HTTP/1.1" 500 188 "-" "Mozilla/5.0 (Windows NT 10.0; Win64; x64) AppleWebKit/537.36 (KHTML, like Gecko) Chrome/85.0.4183.102 Safari/537.36"
105.76.187.50 - - [04/Sep/2026:03:29:02 -0500] "GET /wp-includes/SimplePie/plugins/wp-blog-header.php HTTP/1.1" 500 188 "-" "Mozilla/5.0 (Windows NT 10.0; Win64; x64) AppleWebKit/537.36 (KHTML, like Gecko) Chrome/85.0.4183.102 Safari/537.36"
105.76.187.50 - - [04/Sep/2026:03:29:21 -0500] "GET /wp-includes/SimplePie/plugins/wp-activate.php HTTP/1.1" 500 188 "-" "Mozilla/5.0 (Windows NT 10.0; Win64; x64) AppleWebKit/537.36 (KHTML, like Gecko) Chrome/85.0.4183.102 Safari/537.36"
105.76.187.50 - - [04/Sep/2026:03:29:40 -0500] "GET /wp-includes/SimplePie/plugins/test.php HTTP/1.1" 500 188 "-" "Mozilla/5.0 (Windows NT 10.0; Win64; x64) AppleWebKit/537.36 (KHTML, like Gecko) Chrome/85.0.4183.102 Safari/537.36"
105.76.187.50 - - [04/Sep/2026:03:30:02 -0500] "GET /wp-includes/SimplePie/plugins/security.php HTTP/1.1" 500 188 "-" "Mozilla/5.0 (Windows NT 10.0; Win64; x64) AppleWebKit/537.36 (KHTML, like Gecko) Chrome/85.0.4183.102 Safari/537.36"
105.76.187.50 - - [04/Sep/2026:03:30:19 -0500] "GET /wp-includes/SimplePie/plugins/plugin-install.php HTTP/1.1" 500 188 "-" "Mozilla/5.0 (Windows NT 10.0; Win64; x64) AppleWebKit/537.36 (KHTML, like Gecko) Chrome/85.0.4183.102 Safari/537.36"
105.76.187.50 - - [04/Sep/2026:03:30:37 -0500] "GET /wp-includes/SimplePie/plugins/panel.php HTTP/1.1" 500 188 "-" "Mozilla/5.0 (Windows NT 10.0; Win64; x64) AppleWebKit/537.36 (KHTML, like Gecko) Chrome/85.0.4183.102 Safari/537.36"
105.76.187.50 - - [04/Sep/2026:03:30:54 -0500] "GET /wp-includes/SimplePie/plugins/options.php HTTP/1.1" 500 188 "-" "Mozilla/5.0 (Windows NT 10.0; Win64; x64) AppleWebKit/537.36 (KHTML, like Gecko) Chrome/85.0.4183.102 Safari/537.36"
105.76.187.50 - - [04/Sep/2026:03:31:13 -0500] "GET /wp-includes/SimplePie/plugins/ms-files.php HTTP/1.1" 500 188 "-" "Mozilla/5.0 (Windows NT 10.0; Win64; x64) AppleWebKit/537.36 (KHTML, like Gecko) Chrome/85.0.4183.102 Safari/537.36"
114.119.152.47 - - [04/Sep/2026:03:31:19 -0500] "GET /?id=408523.html HTTP/1.1" 500 - "http://www.effefe.com?id=408523.html" "Mozilla/5.0 (Linux; Android 7.0;) AppleWebKit/537.36 (HTML, like Gecko) Mobile Safari/537.36 (compatible; PetalBot;+https://webmaster.petalsearch.com/site/petalbot)"
105.76.187.50 - - [04/Sep/2026:03:31:31 -0500] "GET /wp-includes/SimplePie/plugins/maintenance.php HTTP/1.1" 500 188 "-" "Mozilla/5.0 (Windows NT 10.0; Win64; x64) AppleWebKit/537.36 (KHTML, like Gecko) Chrome/85.0.4183.102 Safari/537.36"
105.76.187.50 - - [04/Sep/2026:03:31:46 -0500] "GET /wp-includes/SimplePie/plugins/login.php HTTP/1.1" 500 188 "-" "Mozilla/5.0 (Windows NT 10.0; Win64; x64) AppleWebKit/537.36 (KHTML, like Gecko) Chrome/85.0.4183.102 Safari/537.36"
105.76.187.50 - - [04/Sep/2026:03:32:03 -0500] "GET /wp-includes/SimplePie/plugins/load.php HTTP/1.1" 500 188 "-" "Mozilla/5.0 (Windows NT 10.0; Win64; x64) AppleWebKit/537.36 (KHTML, like Gecko) Chrome/85.0.4183.102 Safari/537.36"
105.76.187.50 - - [04/Sep/2026:03:32:18 -0500] "GET /wp-includes/SimplePie/plugins/index.php HTTP/1.1" 500 188 "-" "Mozilla/5.0 (Windows NT 10.0; Win64; x64) AppleWebKit/537.36 (KHTML, like Gecko) Chrome/85.0.4183.102 Safari/537.36"
105.76.187.50 - - [04/Sep/2026:03:32:39 -0500] "GET /wp-includes/SimplePie/plugins/home.php HTTP/1.1" 500 188 "-" "Mozilla/5.0 (Windows NT 10.0; Win64; x64) AppleWebKit/537.36 (KHTML, like Gecko) Chrome/85.0.4183.102 Safari/537.36"
105.76.187.50 - - [04/Sep/2026:03:32:59 -0500] "GET /wp-includes/SimplePie/plugins/core.php HTTP/1.1" 500 188 "-" "Mozilla/5.0 (Windows NT 10.0; Win64; x64) AppleWebKit/537.36 (KHTML, like Gecko) Chrome/85.0.4183.102 Safari/537.36"
105.76.187.50 - - [04/Sep/2026:03:33:14 -0500] "GET /wp-includes/SimplePie/plugins/config.php HTTP/1.1" 500 188 "-" "Mozilla/5.0 (Windows NT 10.0; Win64; x64) AppleWebKit/537.36 (KHTML, like Gecko) Chrome/85.0.4183.102 Safari/537.36"
105.76.187.50 - - [04/Sep/2026:03:33:32 -0500] "GET /wp-includes/SimplePie/plugins/api.php HTTP/1.1" 500 188 "-" "Mozilla/5.0 (Windows NT 10.0; Win64; x64) AppleWebKit/537.36 (KHTML, like Gecko) Chrome/85.0.4183.102 Safari/537.36"
105.76.187.50 - - [04/Sep/2026:03:33:48 -0500] "GET /wp-includes/SimplePie/plugins/admin.php HTTP/1.1" 500 188 "-" "Mozilla/5.0 (Windows NT 10.0; Win64; x64) AppleWebKit/537.36 (KHTML, like Gecko) Chrome/85.0.4183.102 Safari/537.36"
105.76.187.50 - - [04/Sep/2026:03:34:06 -0500] "GET /wp-includes/SimplePie/plugins/about.php HTTP/1.1" 500 188 "-" "Mozilla/5.0 (Windows NT 10.0; Win64; x64) AppleWebKit/537.36 (KHTML, like Gecko) Chrome/85.0.4183.102 Safari/537.36"
105.76.187.50 - - [04/Sep/2026:03:34:25 -0500] "GET /wp-content/themes/xmlrpc.php HTTP/1.1" 403 199 "-" "Mozilla/5.0 (Windows NT 10.0; Win64; x64) AppleWebKit/537.36 (KHTML, like Gecko) Chrome/85.0.4183.102 Safari/537.36"
105.76.187.50 - - [04/Sep/2026:03:34:40 -0500] "GET /wp-content/themes/wp-settings.php HTTP/1.1" 500 188 "-" "Mozilla/5.0 (Windows NT 10.0; Win64; x64) AppleWebKit/537.36 (KHTML, like Gecko) Chrome/85.0.4183.102 Safari/537.36"
105.76.187.50 - - [04/Sep/2026:03:34:59 -0500] "GET /wp-content/themes/wp-mail.php HTTP/1.1" 500 188 "-" "Mozilla/5.0 (Windows NT 10.0; Win64; x64) AppleWebKit/537.36 (KHTML, like Gecko) Chrome/85.0.4183.102 Safari/537.36"
105.76.187.50 - - [04/Sep/2026:03:35:17 -0500] "GET /wp-includes/SimplePie/plugins/db-status.php HTTP/1.1" 500 188 "-" "Mozilla/5.0 (Windows NT 10.0; Win64; x64) AppleWebKit/537.36 (KHTML, like Gecko) Chrome/85.0.4183.102 Safari/537.36"
105.76.187.50 - - [04/Sep/2026:03:35:33 -0500] "GET /wp-includes/SimplePie/plugins/data.php HTTP/1.1" 500 188 "-" "Mozilla/5.0 (Windows NT 10.0; Win64; x64) AppleWebKit/537.36 (KHTML, like Gecko) Chrome/85.0.4183.102 Safari/537.36"
105.76.187.50 - - [04/Sep/2026:03:35:53 -0500] "GET /includes/worksec.php HTTP/1.1" 500 188 "-" "Mozilla/5.0 (Windows NT 10.0; Win64; x64) AppleWebKit/537.36 (KHTML, like Gecko) Chrome/85.0.4183.102 Safari/537.36"
105.76.187.50 - - [04/Sep/2026:03:36:08 -0500] "GET /wp-content/themes/wp-load.php HTTP/1.1" 500 188 "-" "Mozilla/5.0 (Windows NT 10.0; Win64; x64) AppleWebKit/537.36 (KHTML, like Gecko) Chrome/85.0.4183.102 Safari/537.36"
105.76.187.50 - - [04/Sep/2026:03:36:23 -0500] "GET /wp-content/themes/wp-cron.php HTTP/1.1" 500 188 "-" "Mozilla/5.0 (Windows NT 10.0; Win64; x64) AppleWebKit/537.36 (KHTML, like Gecko) Chrome/85.0.4183.102 Safari/537.36"
105.76.187.50 - - [04/Sep/2026:03:36:41 -0500] "GET /wp-content/themes/wp-blog-header.php HTTP/1.1" 500 188 "-" "Mozilla/5.0 (Windows NT 10.0; Win64; x64) AppleWebKit/537.36 (KHTML, like Gecko) Chrome/85.0.4183.102 Safari/537.36"
105.76.187.50 - - [04/Sep/2026:03:36:59 -0500] "GET /wp-content/themes/wp-activate.php HTTP/1.1" 500 188 "-" "Mozilla/5.0 (Windows NT 10.0; Win64; x64) AppleWebKit/537.36 (KHTML, like Gecko) Chrome/85.0.4183.102 Safari/537.36"
105.76.187.50 - - [04/Sep/2026:03:37:13 -0500] "GET /wp-content/themes/users.php HTTP/1.1" 500 188 "-" "Mozilla/5.0 (Windows NT 10.0; Win64; x64) AppleWebKit/537.36 (KHTML, like Gecko) Chrome/85.0.4183.102 Safari/537.36"
105.76.187.50 - - [04/Sep/2026:03:37:26 -0500] "GET /wp-content/themes/test.php HTTP/1.1" 500 188 "-" "Mozilla/5.0 (Windows NT 10.0; Win64; x64) AppleWebKit/537.36 (KHTML, like Gecko) Chrome/85.0.4183.102 Safari/537.36"
105.76.187.50 - - [04/Sep/2026:03:37:30 -0500] "GET /wp-content/themes/system.php HTTP/1.1" 500 188 "-" "Mozilla/5.0 (Windows NT 10.0; Win64; x64) AppleWebKit/537.36 (KHTML, like Gecko) Chrome/85.0.4183.102 Safari/537.36"
165.154.207.71 - - [04/Sep/2026:03:37:33 -0500] "GET / HTTP/1.1" 500 188 "-" "Embarcadero URI Client/1.0"
105.76.187.50 - - [04/Sep/2026:03:37:36 -0500] "GET /wp-content/themes/security.php HTTP/1.1" 500 188 "-" "Mozilla/5.0 (Windows NT 10.0; Win64; x64) AppleWebKit/537.36 (KHTML, like Gecko) Chrome/85.0.4183.102 Safari/537.36"
105.76.187.50 - - [04/Sep/2026:03:37:43 -0500] "GET /wp-content/themes/plugin-install.php HTTP/1.1" 500 188 "-" "Mozilla/5.0 (Windows NT 10.0; Win64; x64) AppleWebKit/537.36 (KHTML, like Gecko) Chrome/85.0.4183.102 Safari/537.36"
105.76.187.50 - - [04/Sep/2026:03:37:56 -0500] "GET /wp-content/themes/panel.php HTTP/1.1" 500 188 "-" "Mozilla/5.0 (Windows NT 10.0; Win64; x64) AppleWebKit/537.36 (KHTML, like Gecko) Chrome/85.0.4183.102 Safari/537.36"
