157.90.185.123 - - [03/Sep/2026:16:25:06 -0500] "POST /wp-cron.php?doing_wp_cron=1788470706.8670599460601806640625 HTTP/1.1" 200 - "-" "WordPress/7.1; https://effefe.com"
194.127.199.107 - - [03/Sep/2026:16:25:03 -0500] "POST /wp-json/batch/v1 HTTP/1.1" 207 16 "-" "Mozilla/5.0 (Windows NT 10.0; Win64; x64) AppleWebKit/537.36 (KHTML, like Gecko) Chrome/131.0.0.0 Safari/537.36"
194.127.199.107 - - [03/Sep/2026:16:25:07 -0500] "POST /wp-json/batch/v1 HTTP/1.1" 207 478 "-" "Mozilla/5.0 (Windows NT 10.0; Win64; x64) AppleWebKit/537.36 (KHTML, like Gecko) Chrome/131.0.0.0 Safari/537.36"
194.127.199.107 - - [03/Sep/2026:16:25:10 -0500] "POST /wp-json/batch/v1 HTTP/1.1" 500 538 "-" "Mozilla/5.0 (Windows NT 10.0; Win64; x64) AppleWebKit/537.36 (KHTML, like Gecko) Chrome/131.0.0.0 Safari/537.36"
194.127.199.107 - - [03/Sep/2026:16:25:12 -0500] "POST /wp-json/batch/v1 HTTP/1.1" 500 538 "-" "Mozilla/5.0 (Windows NT 10.0; Win64; x64) AppleWebKit/537.36 (KHTML, like Gecko) Chrome/131.0.0.0 Safari/537.36"
194.127.199.107 - - [03/Sep/2026:16:25:14 -0500] "POST /wp-json/batch/v1 HTTP/1.1" 207 478 "-" "Mozilla/5.0 (Windows NT 10.0; Win64; x64) AppleWebKit/537.36 (KHTML, like Gecko) Chrome/131.0.0.0 Safari/537.36"
194.127.199.107 - - [03/Sep/2026:16:25:17 -0500] "POST /wp-json/batch/v1 HTTP/1.1" 500 538 "-" "Mozilla/5.0 (Windows NT 10.0; Win64; x64) AppleWebKit/537.36 (KHTML, like Gecko) Chrome/131.0.0.0 Safari/537.36"
194.127.199.107 - - [03/Sep/2026:16:25:20 -0500] "POST /wp-json/batch/v1 HTTP/1.1" 207 478 "-" "Mozilla/5.0 (Windows NT 10.0; Win64; x64) AppleWebKit/537.36 (KHTML, like Gecko) Chrome/131.0.0.0 Safari/537.36"
40.77.167.224 - - [03/Sep/2026:16:30:41 -0500] "GET /news/R91EDd.html HTTP/1.1" 500 188 "-" "Mozilla/5.0 AppleWebKit/537.36 (KHTML, like Gecko; compatible; bingbot/2.0; +http://www.bing.com/bingbot.htm) Chrome/116.0.1938.76 Safari/537.36"
161.35.164.93 - - [03/Sep/2026:16:30:42 -0500] "POST /wp-login.php HTTP/1.1" 500 188 "-" "Mozilla/5.0"
161.35.164.93 - - [03/Sep/2026:16:39:46 -0500] "POST /wp-login.php HTTP/1.1" 500 2880 "-" "Mozilla/5.0"
157.254.127.139 - - [03/Sep/2026:16:39:58 -0500] "GET / HTTP/1.1" 500 188 "-" "Mozilla/5.0 (Windows NT 10.0; Win64; x64) AppleWebKit/537.36 (KHTML, like Gecko) Chrome/145.0.0.0 Safari/537.36"
157.254.125.230 - - [03/Sep/2026:16:40:04 -0500] "GET /about/ HTTP/1.1" 500 188 "-" "Mozilla/5.0 (Windows NT 10.0; Win64; x64) AppleWebKit/537.36 (KHTML, like Gecko) Chrome/145.0.0.0 Safari/537.36"
64.144.218.34 - - [03/Sep/2026:16:40:04 -0500] "GET /privacy-policy/ HTTP/1.1" 500 188 "-" "Mozilla/5.0 (Windows NT 10.0; Win64; x64) AppleWebKit/537.36 (KHTML, like Gecko) Chrome/145.0.0.0 Safari/537.36"
69.3.158.102 - - [03/Sep/2026:16:40:04 -0500] "GET /contact/ HTTP/1.1" 500 188 "-" "Mozilla/5.0 (Windows NT 10.0; Win64; x64) AppleWebKit/537.36 (KHTML, like Gecko) Chrome/145.0.0.0 Safari/537.36"
54.174.62.140 - - [03/Sep/2026:16:40:19 -0500] "GET /sitemap.xml HTTP/1.1" 500 188 "-" "Flywheel-AI-Enrichment"
54.174.62.167 - - [03/Sep/2026:16:40:21 -0500] "HEAD /about HTTP/1.1" 500 - "-" "Flywheel-AI-Enrichment"
54.174.62.160 - - [03/Sep/2026:16:40:23 -0500] "HEAD /about-us HTTP/1.1" 500 - "-" "Flywheel-AI-Enrichment"
54.174.62.140 - - [03/Sep/2026:16:40:25 -0500] "HEAD /about.html HTTP/1.1" 500 - "-" "Flywheel-AI-Enrichment"
54.174.62.136 - - [03/Sep/2026:16:40:28 -0500] "HEAD /contact HTTP/1.1" 500 - "-" "Flywheel-AI-Enrichment"
54.174.62.132 - - [03/Sep/2026:16:40:16 -0500] "GET / HTTP/1.1" 500 188 "-" "Flywheel-AI-Enrichment"
54.174.62.180 - - [03/Sep/2026:16:40:30 -0500] "HEAD /contact-us HTTP/1.1" 500 - "-" "Flywheel-AI-Enrichment"
54.174.62.163 - - [03/Sep/2026:16:40:32 -0500] "HEAD /contacto HTTP/1.1" 500 - "-" "Flywheel-AI-Enrichment"
54.174.62.136 - - [03/Sep/2026:16:40:34 -0500] "HEAD / HTTP/1.1" 500 - "-" "Flywheel-AI-Enrichment"
54.174.62.167 - - [03/Sep/2026:16:40:37 -0500] "HEAD / HTTP/1.1" 500 - "-" "Flywheel-AI-Enrichment"
54.174.62.140 - - [03/Sep/2026:16:40:43 -0500] "HEAD / HTTP/1.1" 500 - "-" "Flywheel-AI-Enrichment"
54.174.62.167 - - [03/Sep/2026:16:40:55 -0500] "HEAD / HTTP/1.1" 500 - "-" "Flywheel-AI-Enrichment"
54.174.62.167 - - [03/Sep/2026:16:40:57 -0500] "GET /robots.txt HTTP/1.1" 500 188 "-" "Flywheel-AI-Enrichment"
54.174.62.140 - - [03/Sep/2026:16:41:00 -0500] "GET /robots.txt HTTP/1.1" 500 188 "-" "Flywheel-AI-Enrichment"
54.174.62.175 - - [03/Sep/2026:16:41:06 -0500] "GET /robots.txt HTTP/1.1" 500 188 "-" "Flywheel-AI-Enrichment"
54.174.62.128 - - [03/Sep/2026:16:41:17 -0500] "GET /robots.txt HTTP/1.1" 500 188 "-" "Flywheel-AI-Enrichment"
54.174.58.254 - - [03/Sep/2026:16:41:20 -0500] "GET / HTTP/1.1" 500 188 "-" "Mozilla/5.0 (X11; Linux x86_64) AppleWebKit/537.36 (KHTML, like Gecko) HeadlessChrome/152.0.0.0 Safari/537.36"
54.174.58.245 - - [03/Sep/2026:16:41:22 -0500] "GET /favicon.ico HTTP/1.1" 500 188 "https://effefe.com/" "Mozilla/5.0 (X11; Linux x86_64) AppleWebKit/537.36 (KHTML, like Gecko) HeadlessChrome/152.0.0.0 Safari/537.36"
44.195.30.193 - - [03/Sep/2026:16:41:55 -0500] "POST / HTTP/1.1" 500 188 "https://www.effefe.com/" "Mozilla/5.0 (Windows NT 10.0; Win64; x64) AppleWebKit/537.36 (KHTML, like Gecko) Chrome/144.0.0.0 Safari/537.36"
185.218.86.3 - - [03/Sep/2026:16:42:45 -0500] "GET / HTTP/1.1" 500 539 "-" "Mozilla/5.0 (Windows NT 10.0; Win64; x64) AppleWebKit/537.36 (KHTML, like Gecko) Chrome/131.0.0.0 Safari/537.36"
161.35.164.93 - - [03/Sep/2026:16:48:54 -0500] "POST /wp-login.php HTTP/1.1" 500 188 "-" "Mozilla/5.0"
61.156.90.213 - - [03/Sep/2026:16:51:39 -0500] "GET / HTTP/1.1" 500 188 "-" "Mozilla/5.0 (Linux; Android 13; SM-G981B) AppleWebKit/537.36 (KHTML, like Gecko) Chrome/135.0.0.0 Mobile Safari/537.36 Edg/135.0.0.0Mozilla/5.0 (Linux; U; Android 14; en-us; SM-S901U Build/UP1A.231005.007) AppleWebKit/537.36 (KHTML, like Gecko) Version/4.0 Chrome/124.0.6367.78 Mobile Safari/537.36"
61.156.90.213 - - [03/Sep/2026:16:51:42 -0500] "GET / HTTP/1.1" 500 188 "-" "Mozilla/5.0 (Linux; Android 13; SM-G981B) AppleWebKit/537.36 (KHTML, like Gecko) Chrome/135.0.0.0 Mobile Safari/537.36 Edg/135.0.0.0Mozilla/5.0 (Linux; U; Android 14; en-us; SM-S901U Build/UP1A.231005.007) AppleWebKit/537.36 (KHTML, like Gecko) Version/4.0 Chrome/124.0.6367.78 Mobile Safari/537.36"
114.119.152.47 - - [03/Sep/2026:17:03:58 -0500] "GET /?id=775722 HTTP/1.1" 500 188 "http://www.boomint.cn/95041/cloth/8r8/FK/YRgs/k5t8/index.asp" "Mozilla/5.0 (Linux; Android 7.0;) AppleWebKit/537.36 (HTML, like Gecko) Mobile Safari/537.36 (compatible; PetalBot;+https://webmaster.petalsearch.com/site/petalbot)"
44.217.155.218 - - [03/Sep/2026:17:04:38 -0500] "GET /robots.txt HTTP/1.1" 500 188 "-" "Mozilla/5.0 (Macintosh; Intel Mac OS X 10_10_1) AppleWebKit/600.2.5 (KHTML, like Gecko) Version/8.0.2 Safari/600.2.5 (Gort)"
66.249.78.101 - - [03/Sep/2026:17:06:37 -0500] "GET /category/uncategorized/ HTTP/1.1" 500 188 "-" "Mozilla/5.0 (Linux; Android 6.0.1; Nexus 5X Build/MMB29P) AppleWebKit/537.36 (KHTML, like Gecko) Chrome/151.0.7922.173 Mobile Safari/537.36 (compatible; Googlebot/2.1; +http://www.google.com/bot.html)"
120.133.60.156 - - [03/Sep/2026:17:08:22 -0500] "POST /wp-login.php HTTP/1.1" 500 188 "https://effefe.com/wp-login.php" "Mozilla/5.0 (Windows NT 10.0; Win64; x64) AppleWebKit/537.36 (KHTML, like Gecko) Chrome/125.0.0.0 Safari/537.36"
136.65.125.244 - - [03/Sep/2026:17:12:27 -0500] "GET /.git/config HTTP/1.1" 403 199 "-" "Mozilla/5.0 (Windows NT 10.0; Win64; x64) AppleWebKit/537.36 (KHTML, like Gecko) Chrome/128.0.0.0 Safari/537.36"
114.119.158.46 - - [03/Sep/2026:17:23:32 -0500] "GET / HTTP/1.1" 500 2704 "https://effefe.com/" "Mozilla/5.0 (Linux; Android 7.0;) AppleWebKit/537.36 (HTML, like Gecko) Mobile Safari/537.36 (compatible; PetalBot;+https://webmaster.petalsearch.com/site/petalbot)"
114.119.148.64 - - [03/Sep/2026:17:25:19 -0500] "GET /product-category/accessories/?stock_status=instock%2Consale HTTP/1.1" 500 188 "https://effefe.com/product-category/accessories/?stock_status=instock" "Mozilla/5.0 (Linux; Android 7.0;) AppleWebKit/537.36 (HTML, like Gecko) Mobile Safari/537.36 (compatible; PetalBot;+https://webmaster.petalsearch.com/site/petalbot)"
114.119.152.47 - - [03/Sep/2026:17:27:05 -0500] "GET /?id=435605 HTTP/1.1" 500 188 "http://www.effefe.com?id=435605" "Mozilla/5.0 (Linux; Android 7.0;) AppleWebKit/537.36 (HTML, like Gecko) Mobile Safari/537.36 (compatible; PetalBot;+https://webmaster.petalsearch.com/site/petalbot)"
172.252.10.74 - - [03/Sep/2026:17:36:22 -0500] "GET / HTTP/1.1" 500 188 "-" "Mozilla/5.0 (Macintosh; Intel Mac OS X 10_15_7) AppleWebKit/537.36 (KHTML, like Gecko) Chrome/150.0.0.0 Safari/537.36"
216.252.238.151 - - [03/Sep/2026:17:38:58 -0500] "GET /wp-login.php HTTP/1.1" 500 188 "-" "Mozilla/5.0 (Windows NT 10.0; Win64; x64) AppleWebKit/537.36 (KHTML, like Gecko) Chrome/120.0.0.0 Safari/537.36"
157.90.185.123 - - [03/Sep/2026:17:52:23 -0500] "POST /wp-cron.php?doing_wp_cron=1788475943.2318809032440185546875 HTTP/1.1" 200 - "-" "WordPress/7.1; https://effefe.com"
114.119.154.166 - - [03/Sep/2026:17:52:19 -0500] "GET /shop/ HTTP/1.1" 200 111393 "https://effefe.com/shop/" "Mozilla/5.0 (Linux; Android 7.0;) AppleWebKit/537.36 (HTML, like Gecko) Mobile Safari/537.36 (compatible; PetalBot;+https://webmaster.petalsearch.com/site/petalbot)"
114.119.158.46 - - [03/Sep/2026:17:54:05 -0500] "GET /home/ HTTP/1.1" 500 2704 "https://effefe.com/home/" "Mozilla/5.0 (Linux; Android 7.0;) AppleWebKit/537.36 (HTML, like Gecko) Mobile Safari/537.36 (compatible; PetalBot;+https://webmaster.petalsearch.com/site/petalbot)"
45.148.10.120 - - [03/Sep/2026:18:11:01 -0500] "GET /.env.production HTTP/1.1" 403 199 "-" "Mozilla/5.0 (Windows NT 10.0; Win64; x64; rv:122.0) Gecko/20100101 Firefox/122.0"
45.148.10.120 - - [03/Sep/2026:18:11:01 -0500] "GET /.env HTTP/1.1" 403 199 "-" "Mozilla/5.0 (Windows NT 10.0; Win64; x64; rv:128.0) Gecko/20100101 Firefox/128.0"
45.148.10.120 - - [03/Sep/2026:18:11:01 -0500] "GET /.aws/credentials HTTP/1.1" 500 188 "-" "Mozilla/5.0 (Windows NT 10.0; Win64; x64) AppleWebKit/537.36 (KHTML, like Gecko) Chrome/90.0.4430.93 Safari/537.36"
157.90.185.123 - - [03/Sep/2026:18:11:05 -0500] "POST /wp-cron.php?doing_wp_cron=1788477065.7902801036834716796875 HTTP/1.1" 200 - "-" "WordPress/7.1; https://effefe.com"
45.148.10.120 - - [03/Sep/2026:18:11:01 -0500] "GET /aws.env HTTP/1.1" 404 99636 "-" "Mozilla/5.0 (Kubuntu; Linux i686) AppleWebKit/537.36 (KHTML, like Gecko) Chrome/138.0.0.0 Safari/537.36"
185.191.171.6 - - [03/Sep/2026:18:16:51 -0500] "GET /robots.txt HTTP/1.1" 500 188 "-" "Mozilla/5.0 (compatible; SemrushBot/7~bl; +http://www.semrush.com/bot.html)"
85.208.96.211 - - [03/Sep/2026:18:16:53 -0500] "GET /our-services-2/ HTTP/1.1" 500 434 "-" "Mozilla/5.0 (compatible; SemrushBot/7~bl; +http://www.semrush.com/bot.html)"
157.90.185.123 - - [03/Sep/2026:18:29:52 -0500] "POST /wp-cron.php?doing_wp_cron=1788478192.4392859935760498046875 HTTP/1.1" 200 - "-" "WordPress/7.1; https://effefe.com"
20.98.104.241 - - [03/Sep/2026:18:29:49 -0500] "GET / HTTP/1.1" 301 - "-" "Mozilla/5.0 (Windows NT 6.1; WOW64) AppleWebKit/534.24 (KHTML, like Gecko) Chrome/11.0.696.71 Safari/534.24"
20.98.104.241 - - [03/Sep/2026:18:29:53 -0500] "GET / HTTP/1.1" 200 208374 "-" "Mozilla/5.0 (Windows NT 6.1; WOW64) AppleWebKit/534.24 (KHTML, like Gecko) Chrome/11.0.696.71 Safari/534.24"
66.249.72.225 - - [03/Sep/2026:18:35:37 -0500] "GET /ads.txt HTTP/1.1" 500 188 "-" "Mozilla/5.0 (compatible; Googlebot/2.1; +http://www.google.com/bot.html)"
66.249.72.231 - - [03/Sep/2026:18:35:37 -0500] "GET /robots.txt HTTP/1.1" 500 188 "-" "Mozilla/5.0 (compatible; Googlebot/2.1; +http://www.google.com/bot.html)"
66.249.72.232 - - [03/Sep/2026:18:35:40 -0500] "GET /ads.txt HTTP/1.1" 500 188 "-" "Mozilla/5.0 (compatible; Googlebot/2.1; +http://www.google.com/bot.html)"
52.167.144.66 - - [03/Sep/2026:19:10:14 -0500] "GET /robots.txt HTTP/1.1" 500 2704 "-" "Mozilla/5.0 AppleWebKit/537.36 (KHTML, like Gecko; compatible; bingbot/2.0; +http://www.bing.com/bingbot.htm) Chrome/116.0.1938.76 Safari/537.36"
136.65.125.244 - - [03/Sep/2026:19:11:40 -0500] "GET /.git/config HTTP/1.1" 403 199 "-" "Mozilla/5.0 (Windows NT 10.0; Win64; x64) AppleWebKit/537.36 (KHTML, like Gecko) Chrome/128.0.0.0 Safari/537.36"
136.65.125.244 - - [03/Sep/2026:19:11:41 -0500] "GET /.git/config HTTP/1.1" 403 199 "-" "Mozilla/5.0 (Windows NT 10.0; Win64; x64) AppleWebKit/537.36 (KHTML, like Gecko) Chrome/128.0.0.0 Safari/537.36"
134.199.219.160 - - [03/Sep/2026:19:18:35 -0500] "GET /blog-2/ HTTP/1.1" 500 188 "https://www.google.com/search?q=effefe" "Mozilla/5.0 (Macintosh; Intel Mac OS X 10_15_7) AppleWebKit/537.36 (KHTML, like Gecko) Chrome/146.0.0.0 Safari/537.36"
46.101.149.186 - - [03/Sep/2026:19:19:40 -0500] "GET / HTTP/1.1" 500 188 "-" "Mozilla/5.0 (X11; Linux x86_64) AppleWebKit/537.36 (KHTML, like Gecko) Chrome/142.0.0.0 Safari/537.36"
46.101.149.186 - - [03/Sep/2026:19:19:42 -0500] "GET /favicon.ico HTTP/1.1" 500 188 "http://www.effefe.com/" "Mozilla/5.0 (X11; Linux x86_64) AppleWebKit/537.36 (KHTML, like Gecko) Chrome/142.0.0.0 Safari/537.36"
46.101.149.186 - - [03/Sep/2026:19:19:44 -0500] "GET / HTTP/1.1" 500 188 "-" "Mozilla/5.0 (X11; Linux x86_64) AppleWebKit/537.36 (KHTML, like Gecko) Chrome/142.0.0.0 Safari/537.36"
46.101.149.186 - - [03/Sep/2026:19:19:46 -0500] "GET /favicon.ico HTTP/1.1" 500 188 "https://www.effefe.com/" "Mozilla/5.0 (X11; Linux x86_64) AppleWebKit/537.36 (KHTML, like Gecko) Chrome/142.0.0.0 Safari/537.36"
158.173.79.46 - - [03/Sep/2026:19:32:14 -0500] "GET /contact-us-2/ HTTP/1.0" 500 188 "https://effefe.com/contact-us-2/" "Mozilla/5.0 (Windows NT 10.0; Win64; x64) AppleWebKit/537.36 (KHTML, like Gecko) Chrome/130.0.0.0 Safari/537.36"
158.173.79.46 - - [03/Sep/2026:19:32:17 -0500] "GET / HTTP/1.0" 500 188 "https://effefe.com/" "Mozilla/5.0 (Windows NT 10.0; Win64; x64) AppleWebKit/537.36 (KHTML, like Gecko) Chrome/130.0.0.0 Safari/537.36"
52.167.144.66 - - [03/Sep/2026:19:40:02 -0500] "GET /robots.txt HTTP/1.1" 500 188 "-" "Mozilla/5.0 AppleWebKit/537.36 (KHTML, like Gecko; compatible; bingbot/2.0; +http://www.bing.com/bingbot.htm) Chrome/116.0.1938.76 Safari/537.36"
185.191.171.10 - - [03/Sep/2026:19:44:53 -0500] "GET /robots.txt HTTP/1.1" 500 2704 "-" "Mozilla/5.0 (compatible; SemrushBot/7~bl; +http://www.semrush.com/bot.html)"
185.191.171.12 - - [03/Sep/2026:19:44:57 -0500] "GET /checkout-2/ HTTP/1.1" 500 434 "-" "Mozilla/5.0 (compatible; SemrushBot/7~bl; +http://www.semrush.com/bot.html)"
120.133.60.156 - - [03/Sep/2026:19:49:14 -0500] "POST /wp-login.php HTTP/1.1" 500 188 "https://effefe.com/wp-login.php" "Mozilla/5.0 (Windows NT 10.0; Win64; x64) AppleWebKit/537.36 (KHTML, like Gecko) Chrome/125.0.0.0 Safari/537.36"
52.167.144.66 - - [03/Sep/2026:19:51:35 -0500] "GET /robots.txt HTTP/1.1" 500 188 "-" "Mozilla/5.0 AppleWebKit/537.36 (KHTML, like Gecko; compatible; bingbot/2.0; +http://www.bing.com/bingbot.htm) Chrome/116.0.1938.76 Safari/537.36"
52.167.144.231 - - [03/Sep/2026:19:51:45 -0500] "GET /project-cat/bulls/ HTTP/1.1" 500 188 "-" "Mozilla/5.0 AppleWebKit/537.36 (KHTML, like Gecko; compatible; bingbot/2.0; +http://www.bing.com/bingbot.htm) Chrome/116.0.1938.76 Safari/537.36"
105.76.187.50 - - [03/Sep/2026:20:03:25 -0500] "GET /wp-includes/js/tinymce/plugins/textcolor/wp-login.php HTTP/1.1" 500 188 "-" "Mozilla/5.0 (Windows NT 10.0; Win64; x64) AppleWebKit/537.36 (KHTML, like Gecko) Chrome/85.0.4183.102 Safari/537.36"
34.123.205.245 - - [03/Sep/2026:20:09:17 -0500] "GET /.git/config HTTP/1.1" 403 199 "-" "Mozilla/5.0 (Windows NT 10.0; Win64; x64) AppleWebKit/537.36 (KHTML, like Gecko) Chrome/128.0.0.0 Safari/537.36"
49.233.45.47 - - [03/Sep/2026:20:13:19 -0500] "GET / HTTP/1.1" 403 199 "-" "Mozilla/5.0 (iPhone; CPU iPhone OS 13_2_3 like Mac OS X) AppleWebKit/605.1.15 (KHTML, like Gecko) Version/13.0.3 Mobile/15E148 Safari/604.1"
114.119.158.46 - - [03/Sep/2026:20:13:42 -0500] "GET /?id=721945.html HTTP/1.1" 500 188 "http://www.effefe.com?id=721945.html" "Mozilla/5.0 (Linux; Android 7.0;) AppleWebKit/537.36 (HTML, like Gecko) Mobile Safari/537.36 (compatible; PetalBot;+https://webmaster.petalsearch.com/site/petalbot)"
114.119.152.47 - - [03/Sep/2026:20:17:21 -0500] "GET /?id=923833 HTTP/1.1" 500 2704 "http://www.effefe.com?id=923833" "Mozilla/5.0 (Linux; Android 7.0;) AppleWebKit/537.36 (HTML, like Gecko) Mobile Safari/537.36 (compatible; PetalBot;+https://webmaster.petalsearch.com/site/petalbot)"
114.119.137.116 - - [03/Sep/2026:20:17:37 -0500] "GET /?id=842462 HTTP/1.1" 500 188 "http://baisentong.com/tag/1698/" "Mozilla/5.0 (Linux; Android 7.0;) AppleWebKit/537.36 (HTML, like Gecko) Mobile Safari/537.36 (compatible; PetalBot;+https://webmaster.petalsearch.com/site/petalbot)"
85.208.96.195 - - [03/Sep/2026:20:17:56 -0500] "GET /shop-2/ HTTP/1.1" 500 434 "-" "Mozilla/5.0 (compatible; SemrushBot/7~bl; +http://www.semrush.com/bot.html)"
114.119.154.166 - - [03/Sep/2026:20:19:07 -0500] "GET /?id=460019 HTTP/1.1" 500 188 "https://effefe.com/?id=460019" "Mozilla/5.0 (Linux; Android 7.0;) AppleWebKit/537.36 (HTML, like Gecko) Mobile Safari/537.36 (compatible; PetalBot;+https://webmaster.petalsearch.com/site/petalbot)"
114.119.152.47 - - [03/Sep/2026:20:22:48 -0500] "GET /?id=202890 HTTP/1.1" 500 188 "http://www.ziasteelmills.com/www-com/ziast-gindabestari-ll8.html" "Mozilla/5.0 (Linux; Android 7.0;) AppleWebKit/537.36 (HTML, like Gecko) Mobile Safari/537.36 (compatible; PetalBot;+https://webmaster.petalsearch.com/site/petalbot)"
35.212.110.76 - - [03/Sep/2026:20:25:20 -0500] "GET /ads.txt HTTP/1.1" 500 188 "-" "Mozilla/5.0 (Macintosh; Intel Mac OS X 10_12_6) AppleWebKit/537.36 (KHTML, like Gecko) Chrome/63.0.3239.84 Safari/537.36"
35.212.110.76 - - [03/Sep/2026:20:25:22 -0500] "GET /ads.txt HTTP/1.1" 500 188 "-" "Mozilla/5.0 (Macintosh; Intel Mac OS X 10_12_6) AppleWebKit/537.36 (KHTML, like Gecko) Chrome/63.0.3239.84 Safari/537.36"
114.119.152.47 - - [03/Sep/2026:20:27:52 -0500] "GET /?id=239530.html HTTP/1.1" 500 188 "http://www.boomint.cn/English/m/19/nHoA/Xt/" "Mozilla/5.0 (Linux; Android 7.0;) AppleWebKit/537.36 (HTML, like Gecko) Mobile Safari/537.36 (compatible; PetalBot;+https://webmaster.petalsearch.com/site/petalbot)"
114.119.135.63 - - [03/Sep/2026:20:27:58 -0500] "GET /wp-content/uploads/2026/08/Volpe_a_colori_Effefe.png HTTP/1.1" 200 643032 "http://www.effefe.com?id=744020" "Mozilla/5.0 (Linux; Android 7.0;) AppleWebKit/537.36 (HTML, like Gecko) Mobile Safari/537.36 (compatible; PetalBot;+https://webmaster.petalsearch.com/site/petalbot)"
114.119.142.39 - - [03/Sep/2026:20:28:52 -0500] "GET /?id=839207.html HTTP/1.1" 500 188 "http://ffazf.com/2021/06/13/cf%E6%89%8B%E6%B8%B8%E4%B8%AD%E8%8B%B1%E9%9B%84%E7%BA%A7%E6%AD%A6%E5%99%A8%E5%B1%9E%E6%80%A7-%E4%BB%99%E5%89%91%E5%A5%87%E4%BE%A0%E4%BC%A0%E6%89%8B%E6%B8%B8%E4%B8%87%E7%8E%89%E6%9E%9D%E5%A5%BD/" "Mozilla/5.0 (Linux; Android 7.0;) AppleWebKit/537.36 (HTML, like Gecko) Mobile Safari/537.36 (compatible; PetalBot;+https://webmaster.petalsearch.com/site/petalbot)"
114.119.137.116 - - [03/Sep/2026:20:29:46 -0500] "GET /portfolio-2/page/3/ HTTP/1.1" 500 188 "https://effefe.com/portfolio-2/page/2/" "Mozilla/5.0 (Linux; Android 7.0;) AppleWebKit/537.36 (HTML, like Gecko) Mobile Safari/537.36 (compatible; PetalBot;+https://webmaster.petalsearch.com/site/petalbot)"
54.219.96.70 - - [03/Sep/2026:20:30:37 -0500] "GET / HTTP/1.1" 500 188 "-" "Mozilla/5.0 (Windows NT 10.0; Win64; x64) AppleWebKit/537.36 (KHTML, like Gecko) Chrome/120.0.0.0 Safari/537.36"
114.119.135.63 - - [03/Sep/2026:20:30:44 -0500] "GET /?id=402657 HTTP/1.1" 500 188 "http://www.boomint.cn/author/fhaini1943/page/14" "Mozilla/5.0 (Linux; Android 7.0;) AppleWebKit/537.36 (HTML, like Gecko) Mobile Safari/537.36 (compatible; PetalBot;+https://webmaster.petalsearch.com/site/petalbot)"
114.119.137.116 - - [03/Sep/2026:20:31:33 -0500] "GET /portfolio-2/page/2/ HTTP/1.1" 500 188 "https://effefe.com/portfolio-2/page/2/" "Mozilla/5.0 (Linux; Android 7.0;) AppleWebKit/537.36 (HTML, like Gecko) Mobile Safari/537.36 (compatible; PetalBot;+https://webmaster.petalsearch.com/site/petalbot)"
43.165.7.74 - - [03/Sep/2026:20:32:54 -0500] "GET / HTTP/1.1" 403 199 "-" "Mozilla/5.0 (iPhone; CPU iPhone OS 13_2_3 like Mac OS X) AppleWebKit/605.1.15 (KHTML, like Gecko) Version/13.0.3 Mobile/15E148 Safari/604.1"
114.119.148.64 - - [03/Sep/2026:20:33:20 -0500] "GET /?id=751263 HTTP/1.1" 500 188 "http://www.effefe.com?id=751263" "Mozilla/5.0 (Linux; Android 7.0;) AppleWebKit/537.36 (HTML, like Gecko) Mobile Safari/537.36 (compatible; PetalBot;+https://webmaster.petalsearch.com/site/petalbot)"
114.119.152.47 - - [03/Sep/2026:20:35:07 -0500] "GET /?id=778717.html HTTP/1.1" 500 188 "https://effefe.com/?id=778717.html" "Mozilla/5.0 (Linux; Android 7.0;) AppleWebKit/537.36 (HTML, like Gecko) Mobile Safari/537.36 (compatible; PetalBot;+https://webmaster.petalsearch.com/site/petalbot)"
114.119.158.46 - - [03/Sep/2026:20:36:37 -0500] "GET /?id=159220 HTTP/1.1" 500 188 "http://www.idbcn.net/zhaopin/929.html" "Mozilla/5.0 (Linux; Android 7.0;) AppleWebKit/537.36 (HTML, like Gecko) Mobile Safari/537.36 (compatible; PetalBot;+https://webmaster.petalsearch.com/site/petalbot)"
114.119.152.47 - - [03/Sep/2026:20:36:56 -0500] "GET /wp-content/uploads/2021/10/about-us-3-team-member-3.jpg HTTP/1.1" 200 46375 "https://effefe.com/about-us-3/" "Mozilla/5.0 (Linux; Android 7.0;) AppleWebKit/537.36 (HTML, like Gecko) Mobile Safari/537.36 (compatible; PetalBot;+https://webmaster.petalsearch.com/site/petalbot)"
114.119.154.166 - - [03/Sep/2026:20:38:15 -0500] "GET /?id=621192 HTTP/1.1" 500 188 "http://www.boomint.cn/images/nike/Nikev7/" "Mozilla/5.0 (Linux; Android 7.0;) AppleWebKit/537.36 (HTML, like Gecko) Mobile Safari/537.36 (compatible; PetalBot;+https://webmaster.petalsearch.com/site/petalbot)"
114.119.148.64 - - [03/Sep/2026:20:38:41 -0500] "GET /?id=701429 HTTP/1.1" 500 188 "http://www.effefe.com?id=701429" "Mozilla/5.0 (Linux; Android 7.0;) AppleWebKit/537.36 (HTML, like Gecko) Mobile Safari/537.36 (compatible; PetalBot;+https://webmaster.petalsearch.com/site/petalbot)"
114.119.154.166 - - [03/Sep/2026:20:40:28 -0500] "GET /?id=669643.html HTTP/1.1" 500 188 "https://effefe.com/?id=669643.html" "Mozilla/5.0 (Linux; Android 7.0;) AppleWebKit/537.36 (HTML, like Gecko) Mobile Safari/537.36 (compatible; PetalBot;+https://webmaster.petalsearch.com/site/petalbot)"
93.123.109.165 - - [03/Sep/2026:20:41:51 -0500] "POST /?rest_route=/batch/v1 HTTP/1.1" 500 538 "-" "Mozilla/5.0 (Windows NT 10.0; Win64; x64) AppleWebKit/537.36 (KHTML, like Gecko) Chrome/120.0.0.0 Safari/537.36"
93.123.109.165 - - [03/Sep/2026:20:41:56 -0500] "GET /wp-json/ HTTP/1.1" 500 2704 "-" "Mozilla/5.0 (Windows NT 10.0; Win64; x64) AppleWebKit/537.36 (KHTML, like Gecko) Chrome/120.0.0.0 Safari/537.36"
157.90.185.123 - - [03/Sep/2026:20:41:59 -0500] "POST /wp-cron.php?doing_wp_cron=1788486119.7092449665069580078125 HTTP/1.1" 200 - "-" "WordPress/7.1; https://effefe.com"
93.123.109.165 - - [03/Sep/2026:20:41:58 -0500] "POST /index.php?rest_route=/batch/v1 HTTP/1.1" 500 538 "-" "Mozilla/5.0 (Windows NT 10.0; Win64; x64) AppleWebKit/537.36 (KHTML, like Gecko) Chrome/120.0.0.0 Safari/537.36"
93.123.109.165 - - [03/Sep/2026:20:42:03 -0500] "POST /index.php?rest_route=%2Fbatch%2Fv1 HTTP/1.1" 500 538 "-" "Mozilla/5.0 (Windows NT 10.0; Win64; x64) AppleWebKit/537.36 (KHTML, like Gecko) Chrome/120.0.0.0 Safari/537.36"
93.123.109.165 - - [03/Sep/2026:20:42:08 -0500] "POST /?rest_route=%2Fbatch%2Fv1 HTTP/1.1" 500 538 "-" "Mozilla/5.0 (Windows NT 10.0; Win64; x64) AppleWebKit/537.36 (KHTML, like Gecko) Chrome/120.0.0.0 Safari/537.36"
93.123.109.165 - - [03/Sep/2026:20:42:11 -0500] "POST /?rest_route=/batch%2Fv1 HTTP/1.1" 500 538 "-" "Mozilla/5.0 (Windows NT 10.0; Win64; x64) AppleWebKit/537.36 (KHTML, like Gecko) Chrome/120.0.0.0 Safari/537.36"
93.123.109.165 - - [03/Sep/2026:20:42:13 -0500] "POST /?rest_route=/batch/v1 HTTP/1.1" 500 538 "-" "Mozilla/5.0 (Windows NT 10.0; Win64; x64) AppleWebKit/537.36 (KHTML, like Gecko) Chrome/120.0.0.0 Safari/537.36"
114.119.154.166 - - [03/Sep/2026:20:42:14 -0500] "GET /?id=630686 HTTP/1.1" 500 188 "http://www.effefe.com?id=630686" "Mozilla/5.0 (Linux; Android 7.0;) AppleWebKit/537.36 (HTML, like Gecko) Mobile Safari/537.36 (compatible; PetalBot;+https://webmaster.petalsearch.com/site/petalbot)"
93.123.109.165 - - [03/Sep/2026:20:42:16 -0500] "POST /wp-json/batch/v1 HTTP/1.1" 500 538 "-" "Mozilla/5.0 (Windows NT 10.0; Win64; x64) AppleWebKit/537.36 (KHTML, like Gecko) Chrome/120.0.0.0 Safari/537.36"
93.123.109.165 - - [03/Sep/2026:20:42:19 -0500] "POST /wp-json/Batch/v1 HTTP/1.1" 500 538 "-" "Mozilla/5.0 (Windows NT 10.0; Win64; x64) AppleWebKit/537.36 (KHTML, like Gecko) Chrome/120.0.0.0 Safari/537.36"
93.123.109.165 - - [03/Sep/2026:20:42:26 -0500] "POST //wp-json/batch/v1 HTTP/1.1" 500 538 "-" "Mozilla/5.0 (Windows NT 10.0; Win64; x64) AppleWebKit/537.36 (KHTML, like Gecko) Chrome/120.0.0.0 Safari/537.36"
93.123.109.165 - - [03/Sep/2026:20:42:33 -0500] "POST / HTTP/1.1" 403 199 "-" "Mozilla/5.0 (Windows NT 10.0; Win64; x64) Chrome/120.0.0.0"
93.123.109.165 - - [03/Sep/2026:20:42:32 -0500] "GET / HTTP/1.1" 500 188 "-" "Mozilla/5.0 (Windows NT 10.0; Win64; x64) AppleWebKit/537.36 (KHTML, like Gecko) Chrome/131.0.0.0 Safari/537.36"
93.123.109.165 - - [03/Sep/2026:20:42:34 -0500] "GET /livewire/update HTTP/1.1" 500 188 "-" "Mozilla/5.0"
93.123.109.165 - - [03/Sep/2026:20:42:39 -0500] "POST / HTTP/1.1" 403 199 "-" "Mozilla/5.0 (Windows NT 10.0; Win64; x64) Chrome/120.0.0.0"
93.123.109.165 - - [03/Sep/2026:20:42:38 -0500] "GET /wp-json/gravitysmtp/v1/tests/mock-data?page=gravitysmtp-settings HTTP/1.1" 500 538 "-" "Mozilla/5.0 (Windows NT 10.0; Win64; x64) AppleWebKit/537.36 (KHTML, like Gecko) Chrome/120.0.0.0 Safari/537.36"
93.123.109.165 - - [03/Sep/2026:20:42:43 -0500] "GET /?rest_route=/gravitysmtp/v1/tests/mock-data&page=gravitysmtp-settings HTTP/1.1" 500 538 "-" "Mozilla/5.0 (Macintosh; Intel Mac OS X 10_15_7) AppleWebKit/605.1.15 (KHTML, like Gecko) Version/17.0 Safari/605.1.15"
93.123.109.165 - - [03/Sep/2026:20:42:47 -0500] "POST / HTTP/1.1" 403 199 "-" "Mozilla/5.0 (Windows NT 10.0; Win64; x64) Chrome/120.0.0.0"
93.123.109.165 - - [03/Sep/2026:20:42:46 -0500] "GET /wp-json/gravitysmtp/v1/tests/mock-data?page=gravitysmtp-connections HTTP/1.1" 500 538 "-" "Mozilla/5.0 (X11; Linux x86_64; rv:121.0) Gecko/20100101 Firefox/121.0"
93.123.109.165 - - [03/Sep/2026:20:42:50 -0500] "GET /?rest_route=/gravitysmtp/v1/tests/mock-data&page=gravitysmtp-connections HTTP/1.1" 500 538 "-" "Mozilla/5.0 (Windows NT 10.0; Win64; x64; rv:121.0) Gecko/20100101 Firefox/121.0"
93.123.109.165 - - [03/Sep/2026:20:42:57 -0500] "GET /index.php?rest_route=/gravitysmtp/v1/tests/mock-data&page=gravitysmtp-settings HTTP/1.1" 500 538 "-" "Mozilla/5.0 (iPhone; CPU iPhone OS 17_0 like Mac OS X) AppleWebKit/605.1.15 (KHTML, like Gecko) Version/17.0 Mobile/15E148 Safari/604.1"
93.123.109.165 - - [03/Sep/2026:20:42:59 -0500] "GET /wp-json/gravitysmtp/v1/tests/mock-data HTTP/1.1" 500 538 "-" "Mozilla/5.0 (Linux; Android 13; SM-S918B) AppleWebKit/537.36 (KHTML, like Gecko) Chrome/120.0.0.0 Mobile Safari/537.36"
93.123.109.165 - - [03/Sep/2026:20:43:04 -0500] "POST / HTTP/1.1" 403 199 "-" "Mozilla/5.0 (Windows NT 10.0; Win64; x64) Chrome/120.0.0.0"
93.123.109.165 - - [03/Sep/2026:20:43:11 -0500] "POST /login HTTP/1.1" 403 199 "-" "Mozilla/5.0 (Windows NT 10.0; Win64; x64) Chrome/120.0.0.0"
93.123.109.165 - - [03/Sep/2026:20:43:19 -0500] "POST /login HTTP/1.1" 403 199 "-" "Mozilla/5.0 (Windows NT 10.0; Win64; x64) Chrome/120.0.0.0"
93.123.109.165 - - [03/Sep/2026:20:43:29 -0500] "POST /signin HTTP/1.1" 403 199 "-" "Mozilla/5.0 (Windows NT 10.0; Win64; x64) Chrome/120.0.0.0"
93.123.109.165 - - [03/Sep/2026:20:43:38 -0500] "POST /signup HTTP/1.1" 403 199 "-" "Mozilla/5.0 (Windows NT 10.0; Win64; x64) Chrome/120.0.0.0"
93.123.109.165 - - [03/Sep/2026:20:43:48 -0500] "POST /register HTTP/1.1" 403 199 "-" "Mozilla/5.0 (Windows NT 10.0; Win64; x64) Chrome/120.0.0.0"
93.123.109.165 - - [03/Sep/2026:20:43:50 -0500] "POST /register HTTP/1.1" 403 199 "-" "Mozilla/5.0 (Windows NT 10.0; Win64; x64) Chrome/120.0.0.0"
93.123.109.165 - - [03/Sep/2026:20:43:58 -0500] "POST /api/auth/signin HTTP/1.1" 403 199 "-" "Mozilla/5.0 (Windows NT 10.0; Win64; x64) Chrome/120.0.0.0"
93.123.109.165 - - [03/Sep/2026:20:44:00 -0500] "POST /api/auth/signin HTTP/1.1" 403 199 "-" "Mozilla/5.0 (Windows NT 10.0; Win64; x64) Chrome/120.0.0.0"
114.119.158.46 - - [03/Sep/2026:20:44:03 -0500] "GET /?id=939346.html HTTP/1.1" 500 188 "http://www.ziasteelmills.com/www-com/ziast-gsddh-2-ll8.html?28797.xml" "Mozilla/5.0 (Linux; Android 7.0;) AppleWebKit/537.36 (HTML, like Gecko) Mobile Safari/537.36 (compatible; PetalBot;+https://webmaster.petalsearch.com/site/petalbot)"
114.119.148.64 - - [03/Sep/2026:20:44:06 -0500] "GET /?id=540837.html HTTP/1.1" 500 188 "https://effefe.com/?id=540837.html" "Mozilla/5.0 (Linux; Android 7.0;) AppleWebKit/537.36 (HTML, like Gecko) Mobile Safari/537.36 (compatible; PetalBot;+https://webmaster.petalsearch.com/site/petalbot)"
93.123.109.165 - - [03/Sep/2026:20:44:12 -0500] "POST /dashboard HTTP/1.1" 403 199 "-" "Mozilla/5.0 (Windows NT 10.0; Win64; x64) Chrome/120.0.0.0"
93.123.109.165 - - [03/Sep/2026:20:44:45 -0500] "POST /account HTTP/1.1" 403 199 "-" "Mozilla/5.0 (Windows NT 10.0; Win64; x64) Chrome/120.0.0.0"
93.123.109.165 - - [03/Sep/2026:20:44:47 -0500] "POST /account HTTP/1.1" 403 199 "-" "Mozilla/5.0 (Windows NT 10.0; Win64; x64) Chrome/120.0.0.0"
93.123.109.165 - - [03/Sep/2026:20:44:57 -0500] "POST /auth/callback HTTP/1.1" 403 199 "-" "Mozilla/5.0 (Windows NT 10.0; Win64; x64) Chrome/120.0.0.0"
93.123.109.165 - - [03/Sep/2026:20:45:06 -0500] "POST / HTTP/1.1" 403 199 "-" "Mozilla/5.0 (Windows NT 10.0; Win64; x64) Chrome/120.0.0.0"
93.123.109.165 - - [03/Sep/2026:20:45:19 -0500] "GET / HTTP/1.1" 500 188 "-" "Mozilla/5.0 (Windows NT 10.0; Win64; x64) AppleWebKit/537.36 (KHTML, like Gecko) Chrome/120.0.0.0 Safari/537.36"
157.90.185.123 - - [03/Sep/2026:20:45:24 -0500] "POST /wp-cron.php?doing_wp_cron=1788486324.5315389633178710937500 HTTP/1.1" 200 - "-" "WordPress/7.1; https://effefe.com"
93.123.109.165 - - [03/Sep/2026:20:45:22 -0500] "POST /wp/index.php?rest_route=/batch/v1 HTTP/1.1" 500 538 "-" "Mozilla/5.0 (Windows NT 10.0; Win64; x64) AppleWebKit/537.36 (KHTML, like Gecko) Chrome/120.0.0.0 Safari/537.36"
93.123.109.165 - - [03/Sep/2026:20:45:26 -0500] "POST /wp/index.php?rest_route=%2Fbatch%2Fv1 HTTP/1.1" 500 538 "-" "Mozilla/5.0 (Windows NT 10.0; Win64; x64) AppleWebKit/537.36 (KHTML, like Gecko) Chrome/120.0.0.0 Safari/537.36"
93.123.109.165 - - [03/Sep/2026:20:45:28 -0500] "POST /wp/?rest_route=%2Fbatch%2Fv1 HTTP/1.1" 500 538 "-" "Mozilla/5.0 (Windows NT 10.0; Win64; x64) AppleWebKit/537.36 (KHTML, like Gecko) Chrome/120.0.0.0 Safari/537.36"
93.123.109.165 - - [03/Sep/2026:20:45:31 -0500] "POST /wp/?rest_route=/batch%2Fv1 HTTP/1.1" 500 538 "-" "Mozilla/5.0 (Windows NT 10.0; Win64; x64) AppleWebKit/537.36 (KHTML, like Gecko) Chrome/120.0.0.0 Safari/537.36"
93.123.109.165 - - [03/Sep/2026:20:45:38 -0500] "POST /wp/?rest_route=/batch/v1 HTTP/1.1" 500 538 "-" "Mozilla/5.0 (Windows NT 10.0; Win64; x64) AppleWebKit/537.36 (KHTML, like Gecko) Chrome/120.0.0.0 Safari/537.36"
93.123.109.165 - - [03/Sep/2026:20:45:41 -0500] "POST /wp/wp-json/batch/v1 HTTP/1.1" 500 538 "-" "Mozilla/5.0 (Windows NT 10.0; Win64; x64) AppleWebKit/537.36 (KHTML, like Gecko) Chrome/120.0.0.0 Safari/537.36"
93.123.109.165 - - [03/Sep/2026:20:45:43 -0500] "POST /wp/wp-json/Batch/v1 HTTP/1.1" 500 538 "-" "Mozilla/5.0 (Windows NT 10.0; Win64; x64) AppleWebKit/537.36 (KHTML, like Gecko) Chrome/120.0.0.0 Safari/537.36"
114.119.152.47 - - [03/Sep/2026:20:45:50 -0500] "GET /?id=478843.html HTTP/1.1" 500 188 "https://effefe.com/?id=478843.html" "Mozilla/5.0 (Linux; Android 7.0;) AppleWebKit/537.36 (HTML, like Gecko) Mobile Safari/537.36 (compatible; PetalBot;+https://webmaster.petalsearch.com/site/petalbot)"
93.123.109.165 - - [03/Sep/2026:20:45:50 -0500] "POST /wp//wp-json/batch/v1 HTTP/1.1" 500 538 "-" "Mozilla/5.0 (Windows NT 10.0; Win64; x64) AppleWebKit/537.36 (KHTML, like Gecko) Chrome/120.0.0.0 Safari/537.36"
93.123.109.165 - - [03/Sep/2026:20:45:55 -0500] "POST /wp/wp-json/batch/v1/ HTTP/1.1" 500 538 "-" "Mozilla/5.0 (Windows NT 10.0; Win64; x64) AppleWebKit/537.36 (KHTML, like Gecko) Chrome/120.0.0.0 Safari/537.36"
93.123.109.165 - - [03/Sep/2026:20:45:57 -0500] "POST /wp/blog/wp-json/batch/v1 HTTP/1.1" 500 538 "-" "Mozilla/5.0 (Windows NT 10.0; Win64; x64) AppleWebKit/537.36 (KHTML, like Gecko) Chrome/120.0.0.0 Safari/537.36"
93.123.109.165 - - [03/Sep/2026:20:46:05 -0500] "POST /wp/wordpress/wp-json/batch/v1 HTTP/1.1" 500 538 "-" "Mozilla/5.0 (Windows NT 10.0; Win64; x64) AppleWebKit/537.36 (KHTML, like Gecko) Chrome/120.0.0.0 Safari/537.36"
93.123.109.165 - - [03/Sep/2026:20:46:08 -0500] "POST /wp/index.php?rest_route=/batch/v1 HTTP/1.1" 500 538 "https://effefe.com/wp/wp-admin/" "Mozilla/5.0 (Windows NT 10.0; Win64; x64) AppleWebKit/537.36 (KHTML, like Gecko) Chrome/120.0.0.0 Safari/537.36"
93.123.109.165 - - [03/Sep/2026:20:46:13 -0500] "POST /wp/index.php?rest_route=%2Fbatch%2Fv1 HTTP/1.1" 500 538 "https://effefe.com/wp/wp-admin/" "Mozilla/5.0 (Windows NT 10.0; Win64; x64) AppleWebKit/537.36 (KHTML, like Gecko) Chrome/120.0.0.0 Safari/537.36"
93.123.109.165 - - [03/Sep/2026:20:46:16 -0500] "POST /wp/?rest_route=%2Fbatch%2Fv1 HTTP/1.1" 500 538 "https://effefe.com/wp/wp-admin/" "Mozilla/5.0 (Windows NT 10.0; Win64; x64) AppleWebKit/537.36 (KHTML, like Gecko) Chrome/120.0.0.0 Safari/537.36"
93.123.109.165 - - [03/Sep/2026:20:46:20 -0500] "POST /wp/?rest_route=/batch%2Fv1 HTTP/1.1" 500 538 "https://effefe.com/wp/wp-admin/" "Mozilla/5.0 (Windows NT 10.0; Win64; x64) AppleWebKit/537.36 (KHTML, like Gecko) Chrome/120.0.0.0 Safari/537.36"
157.90.185.123 - - [03/Sep/2026:20:46:25 -0500] "POST /wp-cron.php?doing_wp_cron=1788486385.0214960575103759765625 HTTP/1.1" 200 - "-" "WordPress/7.1; https://effefe.com"
93.123.109.165 - - [03/Sep/2026:20:46:23 -0500] "POST /wp/?rest_route=/batch/v1 HTTP/1.1" 500 538 "https://effefe.com/wp/wp-admin/" "Mozilla/5.0 (Windows NT 10.0; Win64; x64) AppleWebKit/537.36 (KHTML, like Gecko) Chrome/120.0.0.0 Safari/537.36"
93.123.109.165 - - [03/Sep/2026:20:46:27 -0500] "POST /wp/wp-json/batch/v1 HTTP/1.1" 500 538 "https://effefe.com/wp/wp-admin/" "Mozilla/5.0 (Windows NT 10.0; Win64; x64) AppleWebKit/537.36 (KHTML, like Gecko) Chrome/120.0.0.0 Safari/537.36"
93.123.109.165 - - [03/Sep/2026:20:46:32 -0500] "POST /wp/wp-json/Batch/v1 HTTP/1.1" 500 538 "https://effefe.com/wp/wp-admin/" "Mozilla/5.0 (Windows NT 10.0; Win64; x64) AppleWebKit/537.36 (KHTML, like Gecko) Chrome/120.0.0.0 Safari/537.36"
93.123.109.165 - - [03/Sep/2026:20:46:34 -0500] "POST /wp//wp-json/batch/v1 HTTP/1.1" 500 538 "https://effefe.com/wp/wp-admin/" "Mozilla/5.0 (Windows NT 10.0; Win64; x64) AppleWebKit/537.36 (KHTML, like Gecko) Chrome/120.0.0.0 Safari/537.36"
93.123.109.165 - - [03/Sep/2026:20:46:38 -0500] "POST /wp/wp-json/batch/v1/ HTTP/1.1" 500 538 "https://effefe.com/wp/wp-admin/" "Mozilla/5.0 (Windows NT 10.0; Win64; x64) AppleWebKit/537.36 (KHTML, like Gecko) Chrome/120.0.0.0 Safari/537.36"
93.123.109.165 - - [03/Sep/2026:20:46:43 -0500] "POST /wp/blog/wp-json/batch/v1 HTTP/1.1" 500 538 "https://effefe.com/wp/wp-admin/" "Mozilla/5.0 (Windows NT 10.0; Win64; x64) AppleWebKit/537.36 (KHTML, like Gecko) Chrome/120.0.0.0 Safari/537.36"
93.123.109.165 - - [03/Sep/2026:20:46:47 -0500] "POST /wp/wordpress/wp-json/batch/v1 HTTP/1.1" 500 538 "https://effefe.com/wp/wp-admin/" "Mozilla/5.0 (Windows NT 10.0; Win64; x64) AppleWebKit/537.36 (KHTML, like Gecko) Chrome/120.0.0.0 Safari/537.36"
93.123.109.165 - - [03/Sep/2026:20:46:50 -0500] "POST /wp/index.php?rest_route=/batch/v1 HTTP/1.1" 500 538 "https://effefe.com/wp/wp-admin/" "Mozilla/5.0 (Windows NT 10.0; Win64; x64) AppleWebKit/537.36 (KHTML, like Gecko) Chrome/120.0.0.0 Safari/537.36"
93.123.109.165 - - [03/Sep/2026:20:46:59 -0500] "POST /wp/?rest_route=%2Fbatch%2Fv1 HTTP/1.1" 500 538 "https://effefe.com/wp/wp-admin/" "Mozilla/5.0 (Windows NT 10.0; Win64; x64) AppleWebKit/537.36 (KHTML, like Gecko) Chrome/120.0.0.0 Safari/537.36"
93.123.109.165 - - [03/Sep/2026:20:47:01 -0500] "POST /wp/?rest_route=/batch%2Fv1 HTTP/1.1" 500 538 "https://effefe.com/wp/wp-admin/" "Mozilla/5.0 (Windows NT 10.0; Win64; x64) AppleWebKit/537.36 (KHTML, like Gecko) Chrome/120.0.0.0 Safari/537.36"
93.123.109.165 - - [03/Sep/2026:20:47:04 -0500] "POST /wp/?rest_route=/batch/v1 HTTP/1.1" 500 538 "https://effefe.com/wp/wp-admin/" "Mozilla/5.0 (Windows NT 10.0; Win64; x64) AppleWebKit/537.36 (KHTML, like Gecko) Chrome/120.0.0.0 Safari/537.36"
93.123.109.165 - - [03/Sep/2026:20:47:07 -0500] "POST /wp/wp-json/batch/v1 HTTP/1.1" 500 538 "https://effefe.com/wp/wp-admin/" "Mozilla/5.0 (Windows NT 10.0; Win64; x64) AppleWebKit/537.36 (KHTML, like Gecko) Chrome/120.0.0.0 Safari/537.36"
93.123.109.165 - - [03/Sep/2026:20:47:14 -0500] "POST /wp/wp-json/Batch/v1 HTTP/1.1" 500 538 "https://effefe.com/wp/wp-admin/" "Mozilla/5.0 (Windows NT 10.0; Win64; x64) AppleWebKit/537.36 (KHTML, like Gecko) Chrome/120.0.0.0 Safari/537.36"
93.123.109.165 - - [03/Sep/2026:20:47:18 -0500] "POST /wp//wp-json/batch/v1 HTTP/1.1" 500 538 "https://effefe.com/wp/wp-admin/" "Mozilla/5.0 (Windows NT 10.0; Win64; x64) AppleWebKit/537.36 (KHTML, like Gecko) Chrome/120.0.0.0 Safari/537.36"
93.123.109.165 - - [03/Sep/2026:20:47:22 -0500] "POST /wp/wp-json/batch/v1/ HTTP/1.1" 500 538 "https://effefe.com/wp/wp-admin/" "Mozilla/5.0 (Windows NT 10.0; Win64; x64) AppleWebKit/537.36 (KHTML, like Gecko) Chrome/120.0.0.0 Safari/537.36"
93.123.109.165 - - [03/Sep/2026:20:47:25 -0500] "POST /wp/blog/wp-json/batch/v1 HTTP/1.1" 500 538 "https://effefe.com/wp/wp-admin/" "Mozilla/5.0 (Windows NT 10.0; Win64; x64) AppleWebKit/537.36 (KHTML, like Gecko) Chrome/120.0.0.0 Safari/537.36"
93.123.109.165 - - [03/Sep/2026:20:47:30 -0500] "POST /wp/wordpress/wp-json/batch/v1 HTTP/1.1" 500 538 "https://effefe.com/wp/wp-admin/" "Mozilla/5.0 (Windows NT 10.0; Win64; x64) AppleWebKit/537.36 (KHTML, like Gecko) Chrome/120.0.0.0 Safari/537.36"
114.119.142.39 - - [03/Sep/2026:20:47:34 -0500] "GET /?id=445955.html HTTP/1.1" 500 188 "https://effefe.com/?id=445955.html" "Mozilla/5.0 (Linux; Android 7.0;) AppleWebKit/537.36 (HTML, like Gecko) Mobile Safari/537.36 (compatible; PetalBot;+https://webmaster.petalsearch.com/site/petalbot)"
93.123.109.165 - - [03/Sep/2026:20:47:34 -0500] "POST /wp/index.php?rest_route=/batch/v1 HTTP/1.1" 500 538 "https://effefe.com/wp/wp-admin/" "Mozilla/5.0 (Windows NT 10.0; Win64; x64) AppleWebKit/537.36 (KHTML, like Gecko) Chrome/120.0.0.0 Safari/537.36"
93.123.109.165 - - [03/Sep/2026:20:47:39 -0500] "POST /wp/index.php?rest_route=%2Fbatch%2Fv1 HTTP/1.1" 500 538 "https://effefe.com/wp/wp-admin/" "Mozilla/5.0 (Windows NT 10.0; Win64; x64) AppleWebKit/537.36 (KHTML, like Gecko) Chrome/120.0.0.0 Safari/537.36"
93.123.109.165 - - [03/Sep/2026:20:47:42 -0500] "POST /wp/?rest_route=%2Fbatch%2Fv1 HTTP/1.1" 500 538 "https://effefe.com/wp/wp-admin/" "Mozilla/5.0 (Windows NT 10.0; Win64; x64) AppleWebKit/537.36 (KHTML, like Gecko) Chrome/120.0.0.0 Safari/537.36"
93.123.109.165 - - [03/Sep/2026:20:47:44 -0500] "POST /wp/?rest_route=/batch%2Fv1 HTTP/1.1" 500 538 "https://effefe.com/wp/wp-admin/" "Mozilla/5.0 (Windows NT 10.0; Win64; x64) AppleWebKit/537.36 (KHTML, like Gecko) Chrome/120.0.0.0 Safari/537.36"
93.123.109.165 - - [03/Sep/2026:20:47:46 -0500] "POST /wp/?rest_route=/batch/v1 HTTP/1.1" 500 538 "https://effefe.com/wp/wp-admin/" "Mozilla/5.0 (Windows NT 10.0; Win64; x64) AppleWebKit/537.36 (KHTML, like Gecko) Chrome/120.0.0.0 Safari/537.36"
93.123.109.165 - - [03/Sep/2026:20:47:51 -0500] "POST /wp/wp-json/batch/v1 HTTP/1.1" 500 538 "https://effefe.com/wp/wp-admin/" "Mozilla/5.0 (Windows NT 10.0; Win64; x64) AppleWebKit/537.36 (KHTML, like Gecko) Chrome/120.0.0.0 Safari/537.36"
93.123.109.165 - - [03/Sep/2026:20:47:53 -0500] "POST /wp/wp-json/Batch/v1 HTTP/1.1" 500 538 "https://effefe.com/wp/wp-admin/" "Mozilla/5.0 (Windows NT 10.0; Win64; x64) AppleWebKit/537.36 (KHTML, like Gecko) Chrome/120.0.0.0 Safari/537.36"
93.123.109.165 - - [03/Sep/2026:20:47:55 -0500] "POST /wp//wp-json/batch/v1 HTTP/1.1" 500 538 "https://effefe.com/wp/wp-admin/" "Mozilla/5.0 (Windows NT 10.0; Win64; x64) AppleWebKit/537.36 (KHTML, like Gecko) Chrome/120.0.0.0 Safari/537.36"
93.123.109.165 - - [03/Sep/2026:20:48:00 -0500] "POST /wp/wp-json/batch/v1/ HTTP/1.1" 500 538 "https://effefe.com/wp/wp-admin/" "Mozilla/5.0 (Windows NT 10.0; Win64; x64) AppleWebKit/537.36 (KHTML, like Gecko) Chrome/120.0.0.0 Safari/537.36"
93.123.109.165 - - [03/Sep/2026:20:48:04 -0500] "POST /wp/blog/wp-json/batch/v1 HTTP/1.1" 500 538 "https://effefe.com/wp/wp-admin/" "Mozilla/5.0 (Windows NT 10.0; Win64; x64) AppleWebKit/537.36 (KHTML, like Gecko) Chrome/120.0.0.0 Safari/537.36"
93.123.109.165 - - [03/Sep/2026:20:48:09 -0500] "POST /wp/wordpress/wp-json/batch/v1 HTTP/1.1" 500 538 "https://effefe.com/wp/wp-admin/" "Mozilla/5.0 (Windows NT 10.0; Win64; x64) AppleWebKit/537.36 (KHTML, like Gecko) Chrome/120.0.0.0 Safari/537.36"
93.123.109.165 - - [03/Sep/2026:20:48:12 -0500] "POST /wp/index.php?rest_route=/batch/v1 HTTP/1.1" 500 538 "https://effefe.com/wp/wp-admin/" "Mozilla/5.0 (Windows NT 10.0; Win64; x64) AppleWebKit/537.36 (KHTML, like Gecko) Chrome/120.0.0.0 Safari/537.36"
93.123.109.165 - - [03/Sep/2026:20:48:15 -0500] "POST /wp/index.php?rest_route=%2Fbatch%2Fv1 HTTP/1.1" 500 528 "https://effefe.com/wp/wp-admin/" "Mozilla/5.0 (Windows NT 10.0; Win64; x64) AppleWebKit/537.36 (KHTML, like Gecko) Chrome/120.0.0.0 Safari/537.36"
114.119.152.47 - - [03/Sep/2026:20:49:22 -0500] "GET /?id=372230.html HTTP/1.1" 500 188 "http://www.effefe.com?id=372230.html" "Mozilla/5.0 (Linux; Android 7.0;) AppleWebKit/537.36 (HTML, like Gecko) Mobile Safari/537.36 (compatible; PetalBot;+https://webmaster.petalsearch.com/site/petalbot)"
114.119.137.116 - - [03/Sep/2026:20:51:08 -0500] "GET /?id=322640.html HTTP/1.1" 500 188 "http://www.effefe.com?id=322640.html" "Mozilla/5.0 (Linux; Android 7.0;) AppleWebKit/537.36 (HTML, like Gecko) Mobile Safari/537.36 (compatible; PetalBot;+https://webmaster.petalsearch.com/site/petalbot)"
114.119.135.63 - - [03/Sep/2026:20:52:54 -0500] "GET /?id=905998.html HTTP/1.1" 500 188 "http://www.effefe.com?id=905998.html" "Mozilla/5.0 (Linux; Android 7.0;) AppleWebKit/537.36 (HTML, like Gecko) Mobile Safari/537.36 (compatible; PetalBot;+https://webmaster.petalsearch.com/site/petalbot)"
114.119.137.116 - - [03/Sep/2026:20:54:40 -0500] "GET /?id=313940 HTTP/1.1" 500 188 "http://www.effefe.com?id=313940" "Mozilla/5.0 (Linux; Android 7.0;) AppleWebKit/537.36 (HTML, like Gecko) Mobile Safari/537.36 (compatible; PetalBot;+https://webmaster.petalsearch.com/site/petalbot)"
114.119.142.39 - - [03/Sep/2026:20:56:27 -0500] "GET /?id=269090.html HTTP/1.1" 500 188 "https://effefe.com/?id=269090.html" "Mozilla/5.0 (Linux; Android 7.0;) AppleWebKit/537.36 (HTML, like Gecko) Mobile Safari/537.36 (compatible; PetalBot;+https://webmaster.petalsearch.com/site/petalbot)"
114.119.142.39 - - [03/Sep/2026:20:58:14 -0500] "GET /?id=617735.html HTTP/1.1" 500 188 "https://effefe.com/?id=617735.html" "Mozilla/5.0 (Linux; Android 7.0;) AppleWebKit/537.36 (HTML, like Gecko) Mobile Safari/537.36 (compatible; PetalBot;+https://webmaster.petalsearch.com/site/petalbot)"
85.208.96.201 - - [03/Sep/2026:20:58:30 -0500] "GET /robots.txt HTTP/1.1" 500 188 "-" "Mozilla/5.0 (compatible; SemrushBot/7~bl; +http://www.semrush.com/bot.html)"
85.208.96.207 - - [03/Sep/2026:20:58:33 -0500] "GET /grid-blog/ HTTP/1.1" 500 434 "-" "Mozilla/5.0 (compatible; SemrushBot/7~bl; +http://www.semrush.com/bot.html)"
114.119.158.46 - - [03/Sep/2026:21:00:00 -0500] "GET /?id=249075.html HTTP/1.1" 500 188 "http://www.effefe.com?id=249075.html" "Mozilla/5.0 (Linux; Android 7.0;) AppleWebKit/537.36 (HTML, like Gecko) Mobile Safari/537.36 (compatible; PetalBot;+https://webmaster.petalsearch.com/site/petalbot)"
114.119.148.64 - - [03/Sep/2026:21:02:28 -0500] "GET /?id=171924.html HTTP/1.1" 500 188 "http://www.effefe.com?id=171924.html" "Mozilla/5.0 (Linux; Android 7.0;) AppleWebKit/537.36 (HTML, like Gecko) Mobile Safari/537.36 (compatible; PetalBot;+https://webmaster.petalsearch.com/site/petalbot)"
114.119.154.166 - - [03/Sep/2026:21:03:40 -0500] "GET /?id=159220 HTTP/1.1" 500 188 "http://www.effefe.com?id=159220" "Mozilla/5.0 (Linux; Android 7.0;) AppleWebKit/537.36 (HTML, like Gecko) Mobile Safari/537.36 (compatible; PetalBot;+https://webmaster.petalsearch.com/site/petalbot)"
114.119.154.166 - - [03/Sep/2026:21:05:27 -0500] "GET /?id=123977.html HTTP/1.1" 500 188 "http://www.effefe.com?id=123977.html" "Mozilla/5.0 (Linux; Android 7.0;) AppleWebKit/537.36 (HTML, like Gecko) Mobile Safari/537.36 (compatible; PetalBot;+https://webmaster.petalsearch.com/site/petalbot)"
105.76.187.50 - - [03/Sep/2026:21:05:54 -0500] "GET /includes/includes/includes/includes/includes/includes/wp-login.php HTTP/1.1" 500 188 "-" "Mozilla/5.0 (Windows NT 10.0; Win64; x64) AppleWebKit/537.36 (KHTML, like Gecko) Chrome/85.0.4183.102 Safari/537.36"
120.133.60.156 - - [03/Sep/2026:21:06:00 -0500] "POST /wp-login.php HTTP/1.1" 500 188 "https://effefe.com/wp-login.php" "Mozilla/5.0 (Windows NT 10.0; Win64; x64) AppleWebKit/537.36 (KHTML, like Gecko) Chrome/125.0.0.0 Safari/537.36"
136.64.32.244 - - [03/Sep/2026:21:06:45 -0500] "GET /.git/config HTTP/1.1" 403 199 "-" "Mozilla/5.0 (Windows NT 10.0; Win64; x64) AppleWebKit/537.36 (KHTML, like Gecko) Chrome/128.0.0.0 Safari/537.36"
40.77.167.76 - - [03/Sep/2026:21:11:41 -0500] "GET /article/mlJYex.html HTTP/1.1" 500 188 "-" "Mozilla/5.0 AppleWebKit/537.36 (KHTML, like Gecko; compatible; bingbot/2.0; +http://www.bing.com/bingbot.htm) Chrome/116.0.1938.76 Safari/537.36"
93.123.109.166 - - [03/Sep/2026:21:14:30 -0500] "POST /?rest_route=/batch/v1 HTTP/1.1" 500 538 "-" "Mozilla/5.0 (Windows NT 10.0; Win64; x64) AppleWebKit/537.36 (KHTML, like Gecko) Chrome/120.0.0.0 Safari/537.36"
93.123.109.166 - - [03/Sep/2026:21:14:37 -0500] "POST /index.php?rest_route=%2Fbatch%2Fv1 HTTP/1.1" 500 538 "-" "Mozilla/5.0 (Windows NT 10.0; Win64; x64) AppleWebKit/537.36 (KHTML, like Gecko) Chrome/120.0.0.0 Safari/537.36"
157.90.185.123 - - [03/Sep/2026:21:14:44 -0500] "POST /wp-cron.php?doing_wp_cron=1788488084.0303049087524414062500 HTTP/1.1" 200 - "-" "WordPress/7.1; https://effefe.com"
93.123.109.166 - - [03/Sep/2026:21:14:42 -0500] "POST /?rest_route=%2Fbatch%2Fv1 HTTP/1.1" 500 538 "-" "Mozilla/5.0 (Windows NT 10.0; Win64; x64) AppleWebKit/537.36 (KHTML, like Gecko) Chrome/120.0.0.0 Safari/537.36"
93.123.109.166 - - [03/Sep/2026:21:14:46 -0500] "POST /?rest_route=/batch%2Fv1 HTTP/1.1" 500 538 "-" "Mozilla/5.0 (Windows NT 10.0; Win64; x64) AppleWebKit/537.36 (KHTML, like Gecko) Chrome/120.0.0.0 Safari/537.36"
93.123.109.166 - - [03/Sep/2026:21:14:49 -0500] "POST /?rest_route=/batch/v1 HTTP/1.1" 500 538 "-" "Mozilla/5.0 (Windows NT 10.0; Win64; x64) AppleWebKit/537.36 (KHTML, like Gecko) Chrome/120.0.0.0 Safari/537.36"
93.123.109.166 - - [03/Sep/2026:21:14:53 -0500] "POST /wp-json/batch/v1 HTTP/1.1" 500 538 "-" "Mozilla/5.0 (Windows NT 10.0; Win64; x64) AppleWebKit/537.36 (KHTML, like Gecko) Chrome/120.0.0.0 Safari/537.36"
93.123.109.166 - - [03/Sep/2026:21:14:57 -0500] "POST /wp-json/Batch/v1 HTTP/1.1" 500 538 "-" "Mozilla/5.0 (Windows NT 10.0; Win64; x64) AppleWebKit/537.36 (KHTML, like Gecko) Chrome/120.0.0.0 Safari/537.36"
93.123.109.166 - - [03/Sep/2026:21:15:01 -0500] "POST //wp-json/batch/v1 HTTP/1.1" 500 538 "-" "Mozilla/5.0 (Windows NT 10.0; Win64; x64) AppleWebKit/537.36 (KHTML, like Gecko) Chrome/120.0.0.0 Safari/537.36"
93.123.109.166 - - [03/Sep/2026:21:15:08 -0500] "POST /wp-json/batch/v1/ HTTP/1.1" 500 538 "-" "Mozilla/5.0 (Windows NT 10.0; Win64; x64) AppleWebKit/537.36 (KHTML, like Gecko) Chrome/120.0.0.0 Safari/537.36"
93.123.109.166 - - [03/Sep/2026:21:15:15 -0500] "GET /wp-json/gravitysmtp/v1/tests/mock-data?page=gravitysmtp-settings HTTP/1.1" 500 538 "-" "Mozilla/5.0 (Windows NT 10.0; Win64; x64) AppleWebKit/537.36 (KHTML, like Gecko) Chrome/120.0.0.0 Safari/537.36"
93.123.109.166 - - [03/Sep/2026:21:15:18 -0500] "POST / HTTP/1.1" 403 199 "-" "Mozilla/5.0 (Windows NT 10.0; Win64; x64) Chrome/120.0.0.0"
93.123.109.166 - - [03/Sep/2026:21:15:18 -0500] "GET /?rest_route=/gravitysmtp/v1/tests/mock-data&page=gravitysmtp-settings HTTP/1.1" 500 538 "-" "Mozilla/5.0 (Macintosh; Intel Mac OS X 10_15_7) AppleWebKit/605.1.15 (KHTML, like Gecko) Version/17.0 Safari/605.1.15"
93.123.109.166 - - [03/Sep/2026:21:15:15 -0500] "GET / HTTP/1.1" 200 170815 "-" "Mozilla/5.0 (Windows NT 10.0; Win64; x64) AppleWebKit/537.36 (KHTML, like Gecko) Chrome/131.0.0.0 Safari/537.36"
93.123.109.166 - - [03/Sep/2026:21:15:22 -0500] "GET / HTTP/1.1" 500 188 "-" "Mozilla/5.0 (Windows NT 10.0; Win64; x64) AppleWebKit/537.36 (KHTML, like Gecko) Chrome/131.0.0.0 Safari/537.36"
93.123.109.166 - - [03/Sep/2026:21:15:22 -0500] "GET /wp-json/gravitysmtp/v1/tests/mock-data?page=gravitysmtp-connections HTTP/1.1" 404 114 "-" "Mozilla/5.0 (X11; Linux x86_64; rv:121.0) Gecko/20100101 Firefox/121.0"
93.123.109.166 - - [03/Sep/2026:21:15:25 -0500] "GET /?rest_route=/gravitysmtp/v1/tests/mock-data&page=gravitysmtp-connections HTTP/1.1" 500 538 "-" "Mozilla/5.0 (Windows NT 10.0; Win64; x64; rv:121.0) Gecko/20100101 Firefox/121.0"
93.123.109.166 - - [03/Sep/2026:21:15:24 -0500] "GET /livewire/update HTTP/1.1" 404 99410 "-" "Mozilla/5.0"
93.123.109.166 - - [03/Sep/2026:21:15:29 -0500] "GET /index.php?rest_route=/gravitysmtp/v1/tests/mock-data&page=gravitysmtp-settings HTTP/1.1" 500 538 "-" "Mozilla/5.0 (iPhone; CPU iPhone OS 17_0 like Mac OS X) AppleWebKit/605.1.15 (KHTML, like Gecko) Version/17.0 Mobile/15E148 Safari/604.1"
