66.249.78.101 - - [02/Sep/2026:18:06:17 -0500] "GET /wp-content/themes/woodmart/css/parts/mod-transform.css?ver=8.5.7 HTTP/1.1" 200 806 "https://effefe.com/contact-us-2/" "Mozilla/5.0 (Linux; Android 6.0.1; Nexus 5X Build/MMB29P) AppleWebKit/537.36 (KHTML, like Gecko) Chrome/151.0.7922.173 Mobile Safari/537.36 (compatible; Googlebot/2.1; +http://www.google.com/bot.html)"
66.249.70.105 - - [02/Sep/2026:18:06:27 -0500] "GET /wp-content/uploads/elementor/css/post-15326.css?ver=1785888000 HTTP/1.1" 200 1536 "https://effefe.com/contact-us-2/" "Mozilla/5.0 (Linux; Android 6.0.1; Nexus 5X Build/MMB29P) AppleWebKit/537.36 (KHTML, like Gecko) Chrome/151.0.7922.173 Mobile Safari/537.36 (compatible; Googlebot/2.1; +http://www.google.com/bot.html)"
66.249.78.101 - - [02/Sep/2026:18:06:30 -0500] "GET /wp-content/themes/woodmart/css/parts/el-social-icons.css?ver=8.5.7 HTTP/1.1" 200 3840 "https://effefe.com/contact-us-2/" "Mozilla/5.0 (Linux; Android 6.0.1; Nexus 5X Build/MMB29P) AppleWebKit/537.36 (KHTML, like Gecko) Chrome/151.0.7922.173 Mobile Safari/537.36 (compatible; Googlebot/2.1; +http://www.google.com/bot.html)"
64.44.59.158 - - [02/Sep/2026:18:06:46 -0500] "POST /wp-includes/html-api/ewsphuq/ymhpljc/fzjktc1/index.php HTTP/1.1" 200 12836 "-" "Mozilla/5.0 (Windows NT 10.0; Win64; x64) AppleWebKit/537.36 (KHTML, like Gecko) Chrome/127.0.0.0 Safari/537.36"
5.230.133.129 - - [02/Sep/2026:18:06:46 -0500] "POST /wp-includes/html-api/ewsphuq/ymhpljc/fzjktc1/index.php HTTP/1.1" 200 13564 "-" "Mozilla/5.0 (Windows NT 10.0; Win64; x64) AppleWebKit/537.36 (KHTML, like Gecko) Chrome/127.0.0.0 Safari/537.36"
107.175.5.247 - - [02/Sep/2026:18:06:47 -0500] "POST /wp-includes/html-api/ewsphuq/ymhpljc/fzjktc1/.093080866984561.php?to=netsnew1@gmail.com HTTP/1.1" 200 8 "-" "Mozilla/5.0 (Windows NT 10.0; Win64; x64) AppleWebKit/537.36 (KHTML, like Gecko) Chrome/127.0.0.0 Safari/537.36"
66.249.70.105 - - [02/Sep/2026:18:07:33 -0500] "GET /wp-content/uploads/2026/07/cropped-Af_Isotipo_effefe_Negro-192x192.png HTTP/1.1" 200 3491 "-" "Googlebot-Image/1.0"
66.249.78.101 - - [02/Sep/2026:18:07:35 -0500] "GET /favicon.ico HTTP/1.1" 500 2704 "-" "Googlebot-Image/1.0"
66.249.70.106 - - [02/Sep/2026:18:07:43 -0500] "GET /favicon.ico HTTP/1.1" 500 - "-" "Googlebot-Image/1.0"
66.249.70.105 - - [02/Sep/2026:18:07:47 -0500] "GET /wp-content/uploads/2026/07/cropped-Af_Isotipo_effefe_Negro-32x32.png HTTP/1.1" 200 590 "-" "Googlebot-Image/1.0"
66.249.70.105 - - [02/Sep/2026:18:07:53 -0500] "GET /wp-content/uploads/2026/07/cropped-Af_Isotipo_effefe_Negro-180x180.png HTTP/1.1" 200 3279 "-" "Googlebot-Image/1.0"
173.211.88.200 - - [02/Sep/2026:18:14:50 -0500] "GET /wp-includes/sitemaps/zlumxjk/mafhkzn/sf1ypjr/index.php?pass=K6hkO2zwH3E HTTP/1.1" 200 5704 "-" "Mozilla/5.0 (Windows NT 10.0; Win64; x64) AppleWebKit/537.36 (KHTML, like Gecko) Chrome/127.0.0.0 Safari/537.36"
5.230.133.200 - - [02/Sep/2026:18:14:56 -0500] "POST /wp-includes/sitemaps/zlumxjk/mafhkzn/sf1ypjr/index.php?pass=K6hkO2zwH3E HTTP/1.1" 200 45978 "-" "Mozilla/5.0 (Windows NT 10.0; Win64; x64) AppleWebKit/537.36 (KHTML, like Gecko) Chrome/127.0.0.0 Safari/537.36"
120.133.60.156 - - [02/Sep/2026:18:22:13 -0500] "POST /wp-login.php HTTP/1.1" 500 - "https://effefe.com/wp-login.php" "Mozilla/5.0 (Windows NT 10.0; Win64; x64) AppleWebKit/537.36 (KHTML, like Gecko) Chrome/125.0.0.0 Safari/537.36"
114.119.135.63 - - [02/Sep/2026:18:23:34 -0500] "GET /?id=438352.html HTTP/1.1" 200 208302 "http://www.effefe.com?id=438352.html" "Mozilla/5.0 (Linux; Android 7.0;) AppleWebKit/537.36 (HTML, like Gecko) Mobile Safari/537.36 (compatible; PetalBot;+https://webmaster.petalsearch.com/site/petalbot)"
157.90.185.123 - - [02/Sep/2026:18:23:48 -0500] "POST /wp-cron.php?doing_wp_cron=1788391428.1017189025878906250000 HTTP/1.1" 200 - "-" "WordPress/7.1; https://effefe.com"
46.138.250.165 - - [02/Sep/2026:18:23:59 -0500] "GET / HTTP/1.1" 301 - "-" "-"
46.138.250.165 - - [02/Sep/2026:18:24:06 -0500] "GET / HTTP/1.1" 500 2704 "-" "-"
85.208.96.200 - - [02/Sep/2026:18:24:18 -0500] "GET /robots.txt HTTP/1.1" 200 313 "-" "Mozilla/5.0 (compatible; SemrushBot/7~bl; +http://www.semrush.com/bot.html)"
157.90.185.123 - - [02/Sep/2026:18:24:20 -0500] "POST /wp-cron.php?doing_wp_cron=1788391460.7890050411224365234375 HTTP/1.1" 200 - "-" "WordPress/7.1; https://effefe.com"
185.191.171.16 - - [02/Sep/2026:18:24:22 -0500] "GET /creative-studio/ HTTP/1.1" 200 137624 "-" "Mozilla/5.0 (compatible; SemrushBot/7~bl; +http://www.semrush.com/bot.html)"
66.249.72.225 - - [02/Sep/2026:18:35:21 -0500] "GET /robots.txt HTTP/1.1" 301 - "-" "Mozilla/5.0 (compatible; Googlebot/2.1; +http://www.google.com/bot.html)"
157.90.185.123 - - [02/Sep/2026:18:35:34 -0500] "POST /wp-cron.php?doing_wp_cron=1788392134.4158771038055419921875 HTTP/1.1" 200 - "-" "WordPress/7.1; https://effefe.com"
66.249.78.105 - - [02/Sep/2026:18:35:35 -0500] "GET /robots.txt HTTP/1.1" 200 313 "-" "Mozilla/5.0 (compatible; Googlebot/2.1; +http://www.google.com/bot.html)"
66.249.72.224 - - [02/Sep/2026:18:35:48 -0500] "GET /ads.txt HTTP/1.1" 301 - "-" "Mozilla/5.0 (compatible; Googlebot/2.1; +http://www.google.com/bot.html)"
114.119.142.39 - - [02/Sep/2026:18:45:41 -0500] "GET /?id=969474 HTTP/1.1" 301 - "http://www.czcrcgas.com/meishipinchangshi/" "Mozilla/5.0 (Linux; Android 7.0;) AppleWebKit/537.36 (HTML, like Gecko) Mobile Safari/537.36 (compatible; PetalBot;+https://webmaster.petalsearch.com/site/petalbot)"
157.90.185.123 - - [02/Sep/2026:18:45:52 -0500] "POST /wp-cron.php?doing_wp_cron=1788392752.2185740470886230468750 HTTP/1.1" 200 - "-" "WordPress/7.1; https://effefe.com"
114.119.142.39 - - [02/Sep/2026:18:45:54 -0500] "GET /?id=969474 HTTP/1.1" 200 208302 "http://www.czcrcgas.com/meishipinchangshi/" "Mozilla/5.0 (Linux; Android 7.0;) AppleWebKit/537.36 (HTML, like Gecko) Mobile Safari/537.36 (compatible; PetalBot;+https://webmaster.petalsearch.com/site/petalbot)"
20.104.81.161 - - [02/Sep/2026:18:47:16 -0500] "GET /wp-includes/Text/Diff/ HTTP/1.1" 403 199 "-" "Mozilla/5.0 (Windows NT 10.0; Win64; x64) AppleWebKit/537.36 (KHTML, like Gecko) Chrome/120.0.0.0 Safari/537.36"
20.104.81.161 - - [02/Sep/2026:18:47:01 -0500] "GET / HTTP/1.1" 200 170815 "-" "Mozilla/5.0 (Windows NT 10.0; Win64; x64) AppleWebKit/537.36 (KHTML, like Gecko) Chrome/120.0.0.0 Safari/537.36"
20.104.81.161 - - [02/Sep/2026:18:47:16 -0500] "GET /adminfuns.php/.well-known/acme-challenge/file.php HTTP/1.1" 404 67675 "-" "Mozilla/5.0 (Windows NT 10.0; Win64; x64) AppleWebKit/537.36 (KHTML, like Gecko) Chrome/120.0.0.0 Safari/537.36"
157.90.185.123 - - [02/Sep/2026:18:47:19 -0500] "POST /wp-cron.php?doing_wp_cron=1788392839.3450200557708740234375 HTTP/1.1" 200 - "-" "WordPress/7.1; https://effefe.com"
114.119.135.63 - - [02/Sep/2026:18:50:17 -0500] "GET /robots.txt HTTP/1.1" 200 313 "https://effefe.com/robots.txt" "Mozilla/5.0 (compatible;PetalBot;+https://webmaster.petalsearch.com/site/petalbot)"
157.90.185.123 - - [02/Sep/2026:18:50:34 -0500] "POST /wp-cron.php?doing_wp_cron=1788393034.5359780788421630859375 HTTP/1.1" 200 - "-" "WordPress/7.1; https://effefe.com"
52.167.144.209 - - [02/Sep/2026:18:51:20 -0500] "GET /artice/2023081003/EXFmWyqCtCbM.html HTTP/1.1" 301 - "-" "Mozilla/5.0 AppleWebKit/537.36 (KHTML, like Gecko; compatible; bingbot/2.0; +http://www.bing.com/bingbot.htm) Chrome/116.0.1938.76 Safari/537.36"
157.90.185.123 - - [02/Sep/2026:18:51:33 -0500] "POST /wp-cron.php?doing_wp_cron=1788393093.5853619575500488281250 HTTP/1.1" 200 - "-" "WordPress/7.1; https://effefe.com"
114.119.148.64 - - [02/Sep/2026:18:58:04 -0500] "GET /?id=966901 HTTP/1.1" 200 64031 "https://effefe.com/?id=966901" "Mozilla/5.0 (Linux; Android 7.0;) AppleWebKit/537.36 (HTML, like Gecko) Mobile Safari/537.36 (compatible; PetalBot;+https://webmaster.petalsearch.com/site/petalbot)"
157.90.185.123 - - [02/Sep/2026:18:58:27 -0500] "POST /wp-cron.php?doing_wp_cron=1788393507.3517260551452636718750 HTTP/1.1" 200 - "-" "WordPress/7.1; https://effefe.com"
66.249.72.233 - - [02/Sep/2026:19:05:21 -0500] "GET /robots.txt HTTP/1.1" 500 2704 "-" "Mozilla/5.0 (compatible; Googlebot/2.1; +http://www.google.com/bot.html)"
66.249.72.232 - - [02/Sep/2026:19:05:27 -0500] "GET /ads.txt HTTP/1.1" 500 - "-" "Mozilla/5.0 (compatible; Googlebot/2.1; +http://www.google.com/bot.html)"
89.37.63.136 - - [02/Sep/2026:19:06:22 -0500] "GET / HTTP/1.1" 500 - "-" "Mozilla/5.0 (Windows NT 10.0; Win64; x64) Chrome/120.0.0.0 Safari/537.36"
205.169.39.47 - - [02/Sep/2026:19:06:45 -0500] "GET / HTTP/1.1" 500 2704 "-" "Mozilla/5.0 (Windows NT 10.0) AppleWebKit/537.36 (KHTML, like Gecko) Chrome/106.0.0.0 Safari/537.36"
89.37.63.136 - - [02/Sep/2026:19:06:46 -0500] "GET / HTTP/1.1" 500 - "-" "Mozilla/5.0 (Windows NT 10.0; Win64; x64) Chrome/120.0.0.0 Safari/537.36"
154.81.166.10 - - [02/Sep/2026:19:08:57 -0500] "GET /runtime/reodme.php/ HTTP/1.1" 500 2704 "-" "Python/3.12 aiohttp/3.14.3"
66.249.70.106 - - [02/Sep/2026:19:09:24 -0500] "GET /portfolio/limitless-today/ HTTP/1.1" 500 2704 "-" "Mozilla/5.0 (Linux; Android 6.0.1; Nexus 5X Build/MMB29P) AppleWebKit/537.36 (KHTML, like Gecko) Chrome/151.0.7922.173 Mobile Safari/537.36 (compatible; Googlebot/2.1; +http://www.google.com/bot.html)"
114.119.142.39 - - [02/Sep/2026:19:13:13 -0500] "GET /?id=530757 HTTP/1.1" 500 - "http://www.effefe.com?id=530757" "Mozilla/5.0 (Linux; Android 7.0;) AppleWebKit/537.36 (HTML, like Gecko) Mobile Safari/537.36 (compatible; PetalBot;+https://webmaster.petalsearch.com/site/petalbot)"
114.119.154.166 - - [02/Sep/2026:19:15:33 -0500] "GET /wp-content/uploads/2021/10/about-us-3-video-2.jpg HTTP/1.1" 200 46024 "https://effefe.com/about-us-3/" "Mozilla/5.0 (Linux; Android 7.0;) AppleWebKit/537.36 (HTML, like Gecko) Mobile Safari/537.36 (compatible; PetalBot;+https://webmaster.petalsearch.com/site/petalbot)"
66.249.70.107 - - [02/Sep/2026:19:17:53 -0500] "GET /ads.txt HTTP/1.1" 500 2704 "-" "Mozilla/5.0 (compatible; Googlebot/2.1; +http://www.google.com/bot.html)"
114.119.144.15 - - [02/Sep/2026:19:17:55 -0500] "GET /?id=440026 HTTP/1.1" 500 - "http://www.effefe.com?id=440026" "Mozilla/5.0 (Linux; Android 7.0;) AppleWebKit/537.36 (HTML, like Gecko) Mobile Safari/537.36 (compatible; PetalBot;+https://webmaster.petalsearch.com/site/petalbot)"
159.69.59.83 - - [02/Sep/2026:19:18:01 -0500] "GET /wp-includes/cgialfa/ HTTP/1.1" 500 2704 "-" "python-requests/2.34.2"
159.69.59.83 - - [02/Sep/2026:19:18:35 -0500] "GET /demo/ HTTP/1.1" 500 2704 "-" "python-requests/2.34.2"
159.69.59.83 - - [02/Sep/2026:19:19:17 -0500] "GET /mt/ HTTP/1.1" 500 2704 "-" "python-requests/2.34.2"
52.203.152.231 - - [02/Sep/2026:19:19:31 -0500] "GET /about-us/embed/ HTTP/1.1" 500 2704 "-" "Mozilla/5.0 AppleWebKit/537.36 (KHTML, like Gecko; compatible; Amazonbot/0.1; +https://developer.amazon.com/support/amazonbot) Chrome/119.0.6045.214 Safari/537.36"
41.204.225.6 - - [02/Sep/2026:19:21:27 -0500] "GET /wp-includes/sitemaps/zlumxjk/mafhkzn/sf1ypjr/index.php?pass=K6hkO2zwH3E HTTP/1.1" 200 5704 "-" "Mozilla/5.0 (Windows NT 10.0; Win64; x64) AppleWebKit/537.36 (KHTML, like Gecko) Chrome/152.0.0.0 Safari/537.36"
41.204.225.6 - - [02/Sep/2026:19:21:41 -0500] "GET /favicon.ico HTTP/1.1" 500 - "https://effefe.com/wp-includes/sitemaps/zlumxjk/mafhkzn/sf1ypjr/index.php?pass=K6hkO2zwH3E" "Mozilla/5.0 (Windows NT 10.0; Win64; x64) AppleWebKit/537.36 (KHTML, like Gecko) Chrome/152.0.0.0 Safari/537.36"
41.204.225.6 - - [02/Sep/2026:19:22:08 -0500] "POST /wp-includes/sitemaps/zlumxjk/mafhkzn/sf1ypjr/index.php?pass=K6hkO2zwH3E HTTP/1.1" 403 199 "https://effefe.com/wp-includes/sitemaps/zlumxjk/mafhkzn/sf1ypjr/index.php?pass=K6hkO2zwH3E" "Mozilla/5.0 (Windows NT 10.0; Win64; x64) AppleWebKit/537.36 (KHTML, like Gecko) Chrome/152.0.0.0 Safari/537.36"
41.204.225.6 - - [02/Sep/2026:19:22:08 -0500] "GET /favicon.ico HTTP/1.1" 500 - "https://effefe.com/wp-includes/sitemaps/zlumxjk/mafhkzn/sf1ypjr/index.php?pass=K6hkO2zwH3E" "Mozilla/5.0 (Windows NT 10.0; Win64; x64) AppleWebKit/537.36 (KHTML, like Gecko) Chrome/152.0.0.0 Safari/537.36"
41.204.225.6 - - [02/Sep/2026:19:22:12 -0500] "POST /wp-includes/sitemaps/zlumxjk/mafhkzn/sf1ypjr/index.php?pass=K6hkO2zwH3E HTTP/1.1" 403 199 "https://effefe.com/wp-includes/sitemaps/zlumxjk/mafhkzn/sf1ypjr/index.php?pass=K6hkO2zwH3E" "Mozilla/5.0 (Windows NT 10.0; Win64; x64) AppleWebKit/537.36 (KHTML, like Gecko) Chrome/152.0.0.0 Safari/537.36"
41.204.225.6 - - [02/Sep/2026:19:22:12 -0500] "GET /favicon.ico HTTP/1.1" 500 - "https://effefe.com/wp-includes/sitemaps/zlumxjk/mafhkzn/sf1ypjr/index.php?pass=K6hkO2zwH3E" "Mozilla/5.0 (Windows NT 10.0; Win64; x64) AppleWebKit/537.36 (KHTML, like Gecko) Chrome/152.0.0.0 Safari/537.36"
41.204.225.6 - - [02/Sep/2026:19:22:15 -0500] "GET /wp-includes/sitemaps/zlumxjk/mafhkzn/sf1ypjr/index.php?pass=K6hkO2zwH3E HTTP/1.1" 200 5704 "-" "Mozilla/5.0 (Windows NT 10.0; Win64; x64) AppleWebKit/537.36 (KHTML, like Gecko) Chrome/152.0.0.0 Safari/537.36"
41.204.225.6 - - [02/Sep/2026:19:22:19 -0500] "GET /favicon.ico HTTP/1.1" 500 - "https://effefe.com/wp-includes/sitemaps/zlumxjk/mafhkzn/sf1ypjr/index.php?pass=K6hkO2zwH3E" "Mozilla/5.0 (Windows NT 10.0; Win64; x64) AppleWebKit/537.36 (KHTML, like Gecko) Chrome/152.0.0.0 Safari/537.36"
41.204.225.6 - - [02/Sep/2026:19:22:34 -0500] "POST /wp-includes/sitemaps/zlumxjk/mafhkzn/sf1ypjr/index.php?pass=K6hkO2zwH3E HTTP/1.1" 403 199 "https://effefe.com/wp-includes/sitemaps/zlumxjk/mafhkzn/sf1ypjr/index.php?pass=K6hkO2zwH3E" "Mozilla/5.0 (Windows NT 10.0; Win64; x64) AppleWebKit/537.36 (KHTML, like Gecko) Chrome/152.0.0.0 Safari/537.36"
41.204.225.6 - - [02/Sep/2026:19:22:35 -0500] "GET /favicon.ico HTTP/1.1" 500 - "https://effefe.com/wp-includes/sitemaps/zlumxjk/mafhkzn/sf1ypjr/index.php?pass=K6hkO2zwH3E" "Mozilla/5.0 (Windows NT 10.0; Win64; x64) AppleWebKit/537.36 (KHTML, like Gecko) Chrome/152.0.0.0 Safari/537.36"
159.69.59.83 - - [02/Sep/2026:19:23:05 -0500] "GET /pdf/ HTTP/1.1" 500 2704 "-" "python-requests/2.34.2"
159.69.59.83 - - [02/Sep/2026:19:23:07 -0500] "GET /WordPress/ HTTP/1.1" 500 2704 "-" "python-requests/2.34.2"
159.69.59.83 - - [02/Sep/2026:19:24:43 -0500] "GET /phpmyadmin/ HTTP/1.1" 301 239 "-" "python-requests/2.34.2"
159.69.59.83 - - [02/Sep/2026:19:25:05 -0500] "GET /phpmyadmin/ HTTP/1.1" 301 239 "-" "python-requests/2.34.2"
114.119.152.47 - - [02/Sep/2026:19:25:46 -0500] "GET /project-cat/animali/ HTTP/1.1" 200 113469 "http://www.effefe.com?id=304095" "Mozilla/5.0 (Linux; Android 7.0;) AppleWebKit/537.36 (HTML, like Gecko) Mobile Safari/537.36 (compatible; PetalBot;+https://webmaster.petalsearch.com/site/petalbot)"
157.90.185.123 - - [02/Sep/2026:19:25:49 -0500] "POST /wp-cron.php?doing_wp_cron=1788395149.5613238811492919921875 HTTP/1.1" 200 - "-" "WordPress/7.1; https://effefe.com"
159.69.59.83 - - [02/Sep/2026:19:26:13 -0500] "GET /phpinfo/ HTTP/1.1" 500 2704 "-" "python-requests/2.34.2"
114.119.148.64 - - [02/Sep/2026:19:26:19 -0500] "GET /?id=491838 HTTP/1.1" 301 - "http://www.ztflooring.com/zhaopin/6182.html" "Mozilla/5.0 (Linux; Android 7.0;) AppleWebKit/537.36 (HTML, like Gecko) Mobile Safari/537.36 (compatible; PetalBot;+https://webmaster.petalsearch.com/site/petalbot)"
157.90.185.123 - - [02/Sep/2026:19:26:23 -0500] "POST /wp-cron.php?doing_wp_cron=1788395183.3372089862823486328125 HTTP/1.1" 200 - "-" "WordPress/7.1; https://effefe.com"
114.119.148.64 - - [02/Sep/2026:19:26:25 -0500] "GET /?id=491838 HTTP/1.1" 200 208302 "http://www.ztflooring.com/zhaopin/6182.html" "Mozilla/5.0 (Linux; Android 7.0;) AppleWebKit/537.36 (HTML, like Gecko) Mobile Safari/537.36 (compatible; PetalBot;+https://webmaster.petalsearch.com/site/petalbot)"
167.17.71.189 - - [02/Sep/2026:19:27:53 -0500] "GET /feed/ HTTP/1.1" 500 2704 "-" "Mozilla/5.0 (Windows NT 10.0; Win64; x64) AppleWebKit/537.36 (KHTML, like Gecko) Chrome/151.0.0.0 Safari/537.36, Mozilla/5.0 (Macintosh; Intel Mac OS X 10_15_7) AppleWebKit/537.36 (KHTML, like Gecko) Chrome/151.0.0.0 Safari/537.36"
159.69.59.83 - - [02/Sep/2026:19:27:53 -0500] "GET /staging/rss/ HTTP/1.1" 500 2704 "-" "python-requests/2.34.2"
23.88.64.223 - - [02/Sep/2026:19:27:54 -0500] "GET /wp-json/wc/v3/customers?per_page=100&_fields=username,email HTTP/1.1" 500 512 "-" "Mozilla/5.0 (Windows NT 10.0; Win64; x64) AppleWebKit/537.36 (KHTML, like Gecko) Chrome/151.0.0.0 Safari/537.36, Mozilla/5.0 (X11; Linux x86_64) AppleWebKit/537.36 (KHTML, like Gecko) Chrome/151.0.0.0 Safari/537.36"
162.144.20.85 - - [02/Sep/2026:19:27:54 -0500] "GET / HTTP/1.1" 500 2704 "-" "Mozilla/5.0 (Windows NT 10.0; Win64; x64) AppleWebKit/537.36 (KHTML, like Gecko) Chrome/151.0.0.0 Safari/537.36, Mozilla/5.0 (Macintosh; Intel Mac OS X 10_15_7) AppleWebKit/537.36 (KHTML, like Gecko) Chrome/151.0.0.0 Safari/537.36"
190.92.174.21 - - [02/Sep/2026:19:27:55 -0500] "GET /wp-json/wp/v2/posts?per_page=20&_embed=author&_fields=_embedded HTTP/1.1" 500 512 "-" "Mozilla/5.0 (Windows NT 10.0; Win64; x64) AppleWebKit/537.36 (KHTML, like Gecko) Chrome/151.0.0.0 Safari/537.36, Mozilla/5.0 (Macintosh; Intel Mac OS X 10_15_7) AppleWebKit/537.36 (KHTML, like Gecko) Chrome/151.0.0.0 Safari/537.36"
37.186.221.181 - - [02/Sep/2026:19:27:55 -0500] "GET /author-sitemap.xml HTTP/1.1" 500 2704 "-" "Mozilla/5.0 (Windows NT 10.0; Win64; x64) AppleWebKit/537.36 (KHTML, like Gecko) Chrome/151.0.0.0 Safari/537.36, Mozilla/5.0 (Windows NT 10.0; Win64; x64) AppleWebKit/537.36 (KHTML, like Gecko) Chrome/151.0.0.0 Safari/537.36"
162.144.20.85 - - [02/Sep/2026:19:27:56 -0500] "GET /?rest_route=/wp/v2/users&_jsonp=callback&per_page=100&_fields=id,slug HTTP/1.1" 500 513 "-" "Mozilla/5.0 (Windows NT 10.0; Win64; x64) AppleWebKit/537.36 (KHTML, like Gecko) Chrome/151.0.0.0 Safari/537.36, Mozilla/5.0 (Windows NT 10.0; Win64; x64) AppleWebKit/537.36 (KHTML, like Gecko) Chrome/151.0.0.0 Safari/537.36"
20.232.65.209 - - [02/Sep/2026:19:27:56 -0500] "GET /wp-json/buddyboss/v1/members?per_page=100&_fields=user_login HTTP/1.1" 500 512 "-" "Mozilla/5.0 (Windows NT 10.0; Win64; x64) AppleWebKit/537.36 (KHTML, like Gecko) Chrome/151.0.0.0 Safari/537.36, Mozilla/5.0 (Macintosh; Intel Mac OS X 10_15_7) AppleWebKit/537.36 (KHTML, like Gecko) Chrome/151.0.0.0 Safari/537.36"
50.6.207.27 - - [02/Sep/2026:19:27:56 -0500] "GET /?author=1 HTTP/1.1" 500 - "-" "Mozilla/5.0 (Windows NT 10.0; Win64; x64) AppleWebKit/537.36 (KHTML, like Gecko) Chrome/151.0.0.0 Safari/537.36, Mozilla/5.0 (X11; Linux x86_64) AppleWebKit/537.36 (KHTML, like Gecko) Chrome/151.0.0.0 Safari/537.36"
37.186.221.181 - - [02/Sep/2026:19:27:57 -0500] "GET /wp-json/wp/v2/comments?per_page=100&_fields=author_name,author_url HTTP/1.1" 500 512 "-" "Mozilla/5.0 (Windows NT 10.0; Win64; x64) AppleWebKit/537.36 (KHTML, like Gecko) Chrome/151.0.0.0 Safari/537.36, Mozilla/5.0 (X11; Linux x86_64) AppleWebKit/537.36 (KHTML, like Gecko) Chrome/151.0.0.0 Safari/537.36"
159.69.59.83 - - [02/Sep/2026:19:27:57 -0500] "GET /admin/editor/ HTTP/1.1" 500 2704 "-" "python-requests/2.34.2"
159.69.59.83 - - [02/Sep/2026:19:28:07 -0500] "GET /admin/editor/ HTTP/1.1" 404 51307 "-" "python-requests/2.34.2"
69.16.218.67 - - [02/Sep/2026:19:28:10 -0500] "GET /wp-json/buddypress/v1/members HTTP/1.1" 404 114 "-" "Mozilla/5.0 (Windows NT 10.0; Win64; x64) AppleWebKit/537.36 (KHTML, like Gecko) Chrome/151.0.0.0 Safari/537.36, Mozilla/5.0 (X11; Linux x86_64) AppleWebKit/537.36 (KHTML, like Gecko) Chrome/151.0.0.0 Safari/537.36"
159.69.59.83 - - [02/Sep/2026:19:28:20 -0500] "GET /sito/ HTTP/1.1" 404 99410 "-" "python-requests/2.34.2"
209.42.21.221 - - [02/Sep/2026:19:28:27 -0500] "GET /wp-json/bbp-api/v1/users HTTP/1.1" 404 114 "-" "Mozilla/5.0 (Windows NT 10.0; Win64; x64) AppleWebKit/537.36 (KHTML, like Gecko) Chrome/151.0.0.0 Safari/537.36, Mozilla/5.0 (Windows NT 10.0; Win64; x64) AppleWebKit/537.36 (KHTML, like Gecko) Chrome/151.0.0.0 Safari/537.36"
159.69.59.83 - - [02/Sep/2026:19:28:47 -0500] "GET /downloader/ HTTP/1.1" 500 2704 "-" "python-requests/2.34.2"
114.119.158.46 - - [02/Sep/2026:19:29:31 -0500] "GET /?id=682470 HTTP/1.1" 500 2704 "http://www.ziasteelmills.com/www-com/ziast-orleanssoapbox-ll8.html" "Mozilla/5.0 (Linux; Android 7.0;) AppleWebKit/537.36 (HTML, like Gecko) Mobile Safari/537.36 (compatible; PetalBot;+https://webmaster.petalsearch.com/site/petalbot)"
159.69.59.83 - - [02/Sep/2026:19:31:52 -0500] "GET /tmb/ HTTP/1.1" 500 2704 "-" "python-requests/2.34.2"
159.69.59.83 - - [02/Sep/2026:19:32:00 -0500] "GET /tmb/ HTTP/1.1" 500 2704 "-" "python-requests/2.34.2"
159.69.59.83 - - [02/Sep/2026:19:33:51 -0500] "GET /home/ HTTP/1.1" 200 131191 "-" "python-requests/2.34.2"
157.90.185.123 - - [02/Sep/2026:19:33:55 -0500] "POST /wp-cron.php?doing_wp_cron=1788395634.9673941135406494140625 HTTP/1.1" 200 - "-" "WordPress/7.1; https://effefe.com"
159.69.59.83 - - [02/Sep/2026:19:34:40 -0500] "GET /bk/ HTTP/1.1" 500 2704 "-" "python-requests/2.34.2"
173.211.88.240 - - [02/Sep/2026:19:35:23 -0500] "POST /wp-includes/html-api/ewsphuq/ymhpljc/fzjktc1/index.php HTTP/1.1" 200 12838 "-" "Mozilla/5.0 (Windows NT 10.0; Win64; x64) AppleWebKit/537.36 (KHTML, like Gecko) Chrome/127.0.0.0 Safari/537.36"
159.69.59.83 - - [02/Sep/2026:19:35:28 -0500] "GET /blog/feed/ HTTP/1.1" 200 1060 "-" "python-requests/2.34.2"
107.175.5.133 - - [02/Sep/2026:19:35:28 -0500] "POST /wp-includes/html-api/ewsphuq/ymhpljc/fzjktc1/index.php HTTP/1.1" 200 13564 "-" "Mozilla/5.0 (Windows NT 10.0; Win64; x64) AppleWebKit/537.36 (KHTML, like Gecko) Chrome/127.0.0.0 Safari/537.36"
45.58.50.70 - - [02/Sep/2026:19:35:34 -0500] "POST /wp-includes/html-api/ewsphuq/ymhpljc/fzjktc1/.804061480804166.php?to=jeuneneuf1@gmail.com HTTP/1.1" 200 8 "-" "Mozilla/5.0 (Windows NT 10.0; Win64; x64) AppleWebKit/537.36 (KHTML, like Gecko) Chrome/127.0.0.0 Safari/537.36"
159.69.59.83 - - [02/Sep/2026:19:35:35 -0500] "GET /sites/default/files/ HTTP/1.1" 500 2704 "-" "python-requests/2.34.2"
159.69.59.83 - - [02/Sep/2026:19:35:38 -0500] "GET /wp-admin/ALFA_DATA/ HTTP/1.1" 500 2704 "-" "python-requests/2.34.2"
159.69.59.83 - - [02/Sep/2026:19:35:40 -0500] "GET /modules/ HTTP/1.1" 500 2704 "-" "python-requests/2.34.2"
159.69.59.83 - - [02/Sep/2026:19:35:42 -0500] "GET /network/ HTTP/1.1" 500 2704 "-" "python-requests/2.34.2"
159.69.59.83 - - [02/Sep/2026:19:35:44 -0500] "GET /tmps/ HTTP/1.1" 500 2704 "-" "python-requests/2.34.2"
159.69.59.83 - - [02/Sep/2026:19:35:48 -0500] "GET /php/ HTTP/1.1" 500 2704 "-" "python-requests/2.34.2"
159.69.59.83 - - [02/Sep/2026:19:35:57 -0500] "GET /jars/upload/ HTTP/1.1" 500 2704 "-" "python-requests/2.34.2"
159.69.59.83 - - [02/Sep/2026:19:35:59 -0500] "GET /wp-admin/maint/ HTTP/1.1" 403 199 "-" "python-requests/2.34.2"
159.69.59.83 - - [02/Sep/2026:19:36:16 -0500] "GET /public/_ignition/health-check/ HTTP/1.1" 500 2704 "-" "python-requests/2.34.2"
159.69.59.83 - - [02/Sep/2026:19:36:57 -0500] "GET /public/_ignition/health-check/ HTTP/1.1" 500 2704 "-" "python-requests/2.34.2"
159.69.59.83 - - [02/Sep/2026:19:37:39 -0500] "GET /includes/ HTTP/1.1" 500 2704 "-" "python-requests/2.34.2"
159.69.59.83 - - [02/Sep/2026:19:37:56 -0500] "GET /posts/wp-json/ HTTP/1.1" 500 2704 "-" "python-requests/2.34.2"
159.69.59.83 - - [02/Sep/2026:19:38:15 -0500] "GET /SHOP/ HTTP/1.1" 200 51949 "-" "python-requests/2.34.2"
120.133.60.156 - - [02/Sep/2026:19:38:27 -0500] "POST /wp-login.php HTTP/1.1" 200 7561 "https://effefe.com/wp-login.php" "Mozilla/5.0 (Windows NT 10.0; Win64; x64) AppleWebKit/537.36 (KHTML, like Gecko) Chrome/125.0.0.0 Safari/537.36"
159.69.59.83 - - [02/Sep/2026:19:38:49 -0500] "GET /SHOP/ HTTP/1.1" 200 111392 "-" "python-requests/2.34.2"
157.90.185.123 - - [02/Sep/2026:19:38:52 -0500] "POST /wp-cron.php?doing_wp_cron=1788395909.9764990806579589843750 HTTP/1.1" 200 - "-" "WordPress/7.1; https://effefe.com"
159.69.59.83 - - [02/Sep/2026:19:39:01 -0500] "GET /mysqladmin/ HTTP/1.1" 404 99410 "-" "python-requests/2.34.2"
159.69.59.83 - - [02/Sep/2026:19:39:13 -0500] "GET /wp-admin/alfacgiapi/ HTTP/1.1" 404 99410 "-" "python-requests/2.34.2"
159.69.59.83 - - [02/Sep/2026:19:39:19 -0500] "GET /wp-includes/css/ HTTP/1.1" 403 199 "-" "python-requests/2.34.2"
157.90.185.123 - - [02/Sep/2026:19:39:17 -0500] "POST /wp-cron.php?doing_wp_cron=1788395956.7662758827209472656250 HTTP/1.1" 200 - "-" "WordPress/7.1; https://effefe.com"
159.69.59.83 - - [02/Sep/2026:19:39:21 -0500] "GET /certificates/ HTTP/1.1" 404 99410 "-" "python-requests/2.34.2"
159.69.59.83 - - [02/Sep/2026:19:39:29 -0500] "GET /wp-content/plugins/formcraft/file-upload/server/php/ HTTP/1.1" 404 99410 "-" "python-requests/2.34.2"
159.69.59.83 - - [02/Sep/2026:19:39:35 -0500] "GET /feed/ HTTP/1.1" 200 1029 "-" "python-requests/2.34.2"
159.69.59.83 - - [02/Sep/2026:19:39:41 -0500] "GET /old/rss/ HTTP/1.1" 301 - "-" "python-requests/2.34.2"
159.69.59.83 - - [02/Sep/2026:19:39:44 -0500] "GET /old/feed/ HTTP/1.1" 200 685 "-" "python-requests/2.34.2"
159.69.59.83 - - [02/Sep/2026:19:39:50 -0500] "GET /.env/ HTTP/1.1" 403 199 "-" "python-requests/2.34.2"
159.69.59.83 - - [02/Sep/2026:19:39:56 -0500] "GET /docs/ HTTP/1.1" 404 99410 "-" "python-requests/2.34.2"
159.69.59.83 - - [02/Sep/2026:19:40:11 -0500] "GET /shop/rss/ HTTP/1.1" 301 - "-" "python-requests/2.34.2"
159.69.59.83 - - [02/Sep/2026:19:40:14 -0500] "GET /shop/feed/ HTTP/1.1" 200 690 "-" "python-requests/2.34.2"
157.90.185.123 - - [02/Sep/2026:19:40:18 -0500] "POST /wp-cron.php?doing_wp_cron=1788396016.8379209041595458984375 HTTP/1.1" 200 - "-" "WordPress/7.1; https://effefe.com"
159.69.59.83 - - [02/Sep/2026:19:40:21 -0500] "GET /forum/ HTTP/1.1" 404 99410 "-" "python-requests/2.34.2"
159.69.59.83 - - [02/Sep/2026:19:40:35 -0500] "GET /97bwag/ HTTP/1.1" 404 43112 "-" "python-requests/2.34.2"
159.69.59.83 - - [02/Sep/2026:19:41:07 -0500] "GET /ALFA_DATA/ HTTP/1.1" 500 2704 "-" "python-requests/2.34.2"
159.69.59.83 - - [02/Sep/2026:19:42:17 -0500] "GET /js/ HTTP/1.1" 500 2704 "-" "python-requests/2.34.2"
159.69.59.83 - - [02/Sep/2026:19:42:22 -0500] "GET /credentials/ HTTP/1.1" 500 2704 "-" "python-requests/2.34.2"
159.69.59.83 - - [02/Sep/2026:19:42:40 -0500] "GET /credentials/ HTTP/1.1" 500 2704 "-" "python-requests/2.34.2"
123.207.65.62 - - [02/Sep/2026:19:42:49 -0500] "GET / HTTP/1.1" 403 199 "-" "Mozilla/5.0 (iPhone; CPU iPhone OS 13_2_3 like Mac OS X) AppleWebKit/605.1.15 (KHTML, like Gecko) Version/13.0.3 Mobile/15E148 Safari/604.1"
159.69.59.83 - - [02/Sep/2026:19:42:45 -0500] "GET /components/ HTTP/1.1" 404 99636 "-" "python-requests/2.34.2"
159.69.59.83 - - [02/Sep/2026:19:42:49 -0500] "GET /components/ HTTP/1.1" 404 51296 "-" "python-requests/2.34.2"
159.69.59.83 - - [02/Sep/2026:19:42:55 -0500] "GET /upload/image/ HTTP/1.1" 404 99410 "-" "python-requests/2.34.2"
159.69.59.83 - - [02/Sep/2026:19:43:04 -0500] "GET /server/php/ HTTP/1.1" 500 2704 "-" "python-requests/2.34.2"
159.69.59.83 - - [02/Sep/2026:19:43:09 -0500] "GET /wp-includes/sitemaps/ HTTP/1.1" 403 199 "-" "python-requests/2.34.2"
159.69.59.83 - - [02/Sep/2026:19:43:09 -0500] "GET /wp-content/plugins/ HTTP/1.1" 200 - "-" "python-requests/2.34.2"
159.69.59.83 - - [02/Sep/2026:19:43:11 -0500] "GET /rss/order/new/ HTTP/1.1" 500 2704 "-" "python-requests/2.34.2"
159.69.59.83 - - [02/Sep/2026:19:43:13 -0500] "GET /wp-includes/widgets/ HTTP/1.1" 403 199 "-" "python-requests/2.34.2"
159.69.59.83 - - [02/Sep/2026:19:43:14 -0500] "GET /myadmin/ HTTP/1.1" 301 239 "-" "python-requests/2.34.2"
159.69.59.83 - - [02/Sep/2026:19:43:24 -0500] "GET /myadmin/ HTTP/1.1" 301 239 "-" "python-requests/2.34.2"
159.69.59.83 - - [02/Sep/2026:19:43:35 -0500] "GET /wordpress/ HTTP/1.1" 500 2704 "-" "python-requests/2.34.2"
159.69.59.83 - - [02/Sep/2026:19:43:37 -0500] "GET /db/ HTTP/1.1" 500 2704 "-" "python-requests/2.34.2"
159.69.59.83 - - [02/Sep/2026:19:43:39 -0500] "GET /forums/ HTTP/1.1" 500 2704 "-" "python-requests/2.34.2"
159.69.59.83 - - [02/Sep/2026:19:43:41 -0500] "GET /BLOG/ HTTP/1.1" 500 2704 "-" "python-requests/2.34.2"
159.69.59.83 - - [02/Sep/2026:19:43:46 -0500] "GET /img/ HTTP/1.1" 500 2704 "-" "python-requests/2.34.2"
159.69.59.83 - - [02/Sep/2026:19:43:48 -0500] "GET /2020/ HTTP/1.1" 500 2704 "-" "python-requests/2.34.2"
159.69.59.83 - - [02/Sep/2026:19:43:50 -0500] "GET /wp-admin/ HTTP/1.1" 500 - "-" "python-requests/2.34.2"
159.69.59.83 - - [02/Sep/2026:19:43:52 -0500] "GET /wp-includes/Text/ HTTP/1.1" 403 199 "-" "python-requests/2.34.2"
159.69.59.83 - - [02/Sep/2026:19:43:52 -0500] "GET /wp-includes/Requests/ HTTP/1.1" 403 199 "-" "python-requests/2.34.2"
159.69.59.83 - - [02/Sep/2026:19:43:53 -0500] "GET /Site/ HTTP/1.1" 500 2704 "-" "python-requests/2.34.2"
159.69.59.83 - - [02/Sep/2026:19:43:56 -0500] "GET /amember/admin-users/ HTTP/1.1" 500 2704 "-" "python-requests/2.34.2"
159.69.59.83 - - [02/Sep/2026:19:43:57 -0500] "GET /wp-content/alfacgiapi/ HTTP/1.1" 500 2704 "-" "python-requests/2.34.2"
159.69.59.83 - - [02/Sep/2026:19:43:59 -0500] "GET /assets/plugins/jquery-file-upload/server/php/ HTTP/1.1" 500 2704 "-" "python-requests/2.34.2"
159.69.59.83 - - [02/Sep/2026:19:44:01 -0500] "GET /upload/ HTTP/1.1" 404 43112 "-" "python-requests/2.34.2"
159.69.59.83 - - [02/Sep/2026:19:44:12 -0500] "GET /upload/ HTTP/1.1" 404 51307 "-" "python-requests/2.34.2"
159.69.59.83 - - [02/Sep/2026:19:44:22 -0500] "GET /customers/1/ HTTP/1.1" 500 2704 "-" "python-requests/2.34.2"
159.69.59.83 - - [02/Sep/2026:19:44:32 -0500] "GET /customers/1/ HTTP/1.1" 500 2704 "-" "python-requests/2.34.2"
159.69.59.83 - - [02/Sep/2026:19:43:44 -0500] "GET /category/feed/ HTTP/1.1" 500 2704 "-" "python-requests/2.34.2"
159.69.59.83 - - [02/Sep/2026:19:44:35 -0500] "GET /plesk-stat/ HTTP/1.1" 404 99410 "-" "python-requests/2.34.2"
157.90.185.123 - - [02/Sep/2026:19:44:43 -0500] "POST /wp-cron.php?doing_wp_cron=1788396283.2746870517730712890625 HTTP/1.1" 200 - "-" "WordPress/7.1; https://effefe.com"
159.69.59.83 - - [02/Sep/2026:19:45:08 -0500] "GET /wp/ HTTP/1.1" 500 2704 "-" "python-requests/2.34.2"
159.69.59.83 - - [02/Sep/2026:19:46:23 -0500] "GET /up/ HTTP/1.1" 500 2704 "-" "python-requests/2.34.2"
159.69.59.83 - - [02/Sep/2026:19:49:35 -0500] "GET /web/ HTTP/1.1" 500 2704 "-" "python-requests/2.34.2"
159.69.59.83 - - [02/Sep/2026:19:52:15 -0500] "GET /backup/ HTTP/1.1" 500 2704 "-" "python-requests/2.34.2"
66.249.78.102 - - [02/Sep/2026:19:53:29 -0500] "GET /portfolio/teenage-gems/ HTTP/1.1" 500 2704 "-" "Mozilla/5.0 (Linux; Android 6.0.1; Nexus 5X Build/MMB29P) AppleWebKit/537.36 (KHTML, like Gecko) Chrome/151.0.7922.173 Mobile Safari/537.36 (compatible; Googlebot/2.1; +http://www.google.com/bot.html)"
159.69.59.83 - - [02/Sep/2026:19:55:28 -0500] "GET /css/ HTTP/1.1" 404 43112 "-" "python-requests/2.34.2"
159.69.59.83 - - [02/Sep/2026:19:55:39 -0500] "GET /css/ HTTP/1.1" 404 51307 "-" "python-requests/2.34.2"
157.90.185.123 - - [02/Sep/2026:19:55:45 -0500] "POST /wp-cron.php?doing_wp_cron=1788396945.8348538875579833984375 HTTP/1.1" 200 - "-" "WordPress/7.1; https://effefe.com"
159.69.59.83 - - [02/Sep/2026:19:57:41 -0500] "GET /config/ HTTP/1.1" 500 2704 "-" "python-requests/2.34.2"
159.69.59.83 - - [02/Sep/2026:19:59:01 -0500] "GET /admin/uploads/images/ HTTP/1.1" 500 2704 "-" "python-requests/2.34.2"
159.69.59.83 - - [02/Sep/2026:19:59:14 -0500] "GET /back/ HTTP/1.1" 500 2704 "-" "python-requests/2.34.2"
159.69.59.83 - - [02/Sep/2026:19:59:52 -0500] "GET /assets/ HTTP/1.1" 500 2704 "-" "python-requests/2.34.2"
159.69.59.83 - - [02/Sep/2026:20:00:05 -0500] "GET /admin/upload/ HTTP/1.1" 500 2704 "-" "python-requests/2.34.2"
159.69.59.83 - - [02/Sep/2026:20:02:11 -0500] "GET /wp-content/ HTTP/1.1" 200 - "-" "python-requests/2.34.2"
159.69.59.83 - - [02/Sep/2026:20:04:28 -0500] "GET /oldsite/ HTTP/1.1" 500 2704 "-" "python-requests/2.34.2"
159.69.59.83 - - [02/Sep/2026:20:04:39 -0500] "GET /oldsite/ HTTP/1.1" 500 2704 "-" "python-requests/2.34.2"
159.69.59.83 - - [02/Sep/2026:20:05:35 -0500] "GET /wp-admin/images/ HTTP/1.1" 403 199 "-" "python-requests/2.34.2"
159.69.59.83 - - [02/Sep/2026:20:06:37 -0500] "GET /service/extdirect/ HTTP/1.1" 500 2704 "-" "python-requests/2.34.2"
159.69.59.83 - - [02/Sep/2026:20:07:17 -0500] "GET /gallery/ HTTP/1.1" 301 - "-" "python-requests/2.34.2"
159.69.59.83 - - [02/Sep/2026:20:07:44 -0500] "GET /gallery/ HTTP/1.1" 500 2704 "-" "python-requests/2.34.2"
159.69.59.83 - - [02/Sep/2026:20:08:19 -0500] "GET /website/blog/ HTTP/1.1" 500 2704 "-" "python-requests/2.34.2"
159.69.59.83 - - [02/Sep/2026:20:09:25 -0500] "GET /wp-includes/blocks/ HTTP/1.1" 200 - "-" "python-requests/2.34.2"
159.69.59.83 - - [02/Sep/2026:20:09:38 -0500] "GET /wp-admin/css/ HTTP/1.1" 403 199 "-" "python-requests/2.34.2"
159.69.59.83 - - [02/Sep/2026:20:09:38 -0500] "GET /files/ HTTP/1.1" 500 2704 "-" "python-requests/2.34.2"
159.69.59.83 - - [02/Sep/2026:20:10:25 -0500] "GET /include/ HTTP/1.1" 500 2704 "-" "python-requests/2.34.2"
159.69.59.83 - - [02/Sep/2026:20:11:46 -0500] "GET /widwsisw/ HTTP/1.1" 500 2704 "-" "python-requests/2.34.2"
159.69.59.83 - - [02/Sep/2026:20:12:36 -0500] "GET /fonts/ HTTP/1.1" 404 99410 "-" "python-requests/2.34.2"
159.69.59.83 - - [02/Sep/2026:20:14:56 -0500] "GET /cgialfa/ HTTP/1.1" 404 99410 "-" "python-requests/2.34.2"
157.90.185.123 - - [02/Sep/2026:20:14:58 -0500] "POST /wp-cron.php?doing_wp_cron=1788398098.7978260517120361328125 HTTP/1.1" 200 - "-" "WordPress/7.1; https://effefe.com"
20.75.217.64 - - [02/Sep/2026:20:15:46 -0500] "GET /wp-json/wc/v3/customers?per_page=100&_fields=username,email HTTP/1.1" 500 512 "-" "Mozilla/5.0 (Windows NT 10.0; Win64; x64) AppleWebKit/537.36 (KHTML, like Gecko) Chrome/151.0.0.0 Safari/537.36, Mozilla/5.0 (X11; Linux x86_64) AppleWebKit/537.36 (KHTML, like Gecko) Chrome/151.0.0.0 Safari/537.36"
167.172.113.95 - - [02/Sep/2026:20:15:47 -0500] "GET /wp-json/ldlms/v2/users?per_page=100&_fields=user_login HTTP/1.1" 500 512 "-" "Mozilla/5.0 (Windows NT 10.0; Win64; x64) AppleWebKit/537.36 (KHTML, like Gecko) Chrome/151.0.0.0 Safari/537.36, Mozilla/5.0 (X11; Linux x86_64) AppleWebKit/537.36 (KHTML, like Gecko) Chrome/151.0.0.0 Safari/537.36"
167.172.113.95 - - [02/Sep/2026:20:15:52 -0500] "GET /wp-json/wp/v2/users?per_page=100&_fields=slug,locale HTTP/1.1" 403 199 "-" "Mozilla/5.0 (Windows NT 10.0; Win64; x64) AppleWebKit/537.36 (KHTML, like Gecko) Chrome/151.0.0.0 Safari/537.36, Mozilla/5.0 (X11; Linux x86_64) AppleWebKit/537.36 (KHTML, like Gecko) Chrome/151.0.0.0 Safari/537.36"
159.69.59.83 - - [02/Sep/2026:20:15:50 -0500] "GET /aws/config/ HTTP/1.1" 500 2704 "-" "python-requests/2.34.2"
190.92.174.8 - - [02/Sep/2026:20:15:58 -0500] "GET /wp-json/wp/v2/users?per_page=50&_embed&_fields=id,slug,name HTTP/1.1" 403 199 "-" "Mozilla/5.0 (Windows NT 10.0; Win64; x64) AppleWebKit/537.36 (KHTML, like Gecko) Chrome/151.0.0.0 Safari/537.36, Mozilla/5.0 (Macintosh; Intel Mac OS X 10_15_7) AppleWebKit/537.36 (KHTML, like Gecko) Chrome/151.0.0.0 Safari/537.36"
108.167.132.205 - - [02/Sep/2026:20:15:52 -0500] "GET /wp-json/buddypress/v1/members?per_page=100&_fields=user_login HTTP/1.1" 500 512 "-" "Mozilla/5.0 (Windows NT 10.0; Win64; x64) AppleWebKit/537.36 (KHTML, like Gecko) Chrome/151.0.0.0 Safari/537.36, Mozilla/5.0 (X11; Linux x86_64) AppleWebKit/537.36 (KHTML, like Gecko) Chrome/151.0.0.0 Safari/537.36"
50.6.207.27 - - [02/Sep/2026:20:15:55 -0500] "GET /wp-json/buddypress/v1/members HTTP/1.1" 404 114 "-" "Mozilla/5.0 (Windows NT 10.0; Win64; x64) AppleWebKit/537.36 (KHTML, like Gecko) Chrome/151.0.0.0 Safari/537.36, Mozilla/5.0 (Windows NT 10.0; Win64; x64) AppleWebKit/537.36 (KHTML, like Gecko) Chrome/151.0.0.0 Safari/537.36"
159.69.59.83 - - [02/Sep/2026:20:16:39 -0500] "GET /wp-admin/js/ HTTP/1.1" 403 199 "-" "python-requests/2.34.2"
159.69.59.83 - - [02/Sep/2026:20:17:13 -0500] "GET /alfacgiapi/ HTTP/1.1" 500 2704 "-" "python-requests/2.34.2"
159.69.59.83 - - [02/Sep/2026:20:17:17 -0500] "GET /blogs/wp-json/ HTTP/1.1" 500 2704 "-" "python-requests/2.34.2"
159.69.59.83 - - [02/Sep/2026:20:17:21 -0500] "GET /OLD/ HTTP/1.1" 500 2704 "-" "python-requests/2.34.2"
159.69.59.83 - - [02/Sep/2026:20:17:23 -0500] "GET /wp-content/plugins/wp-pinterest-automatic/changelog/ HTTP/1.1" 500 2704 "-" "python-requests/2.34.2"
159.69.59.83 - - [02/Sep/2026:20:17:25 -0500] "GET /user/register/ HTTP/1.1" 500 2704 "-" "python-requests/2.34.2"
159.69.59.83 - - [02/Sep/2026:20:17:26 -0500] "GET /MYzoomsounds/ HTTP/1.1" 500 2704 "-" "python-requests/2.34.2"
159.69.59.83 - - [02/Sep/2026:20:17:28 -0500] "GET /server-status/ HTTP/1.1" 403 199 "-" "python-requests/2.34.2"
159.69.59.83 - - [02/Sep/2026:20:17:28 -0500] "GET /site/ HTTP/1.1" 500 2704 "-" "python-requests/2.34.2"
159.69.59.83 - - [02/Sep/2026:20:17:31 -0500] "GET /wp-includes/customize/ HTTP/1.1" 403 199 "-" "python-requests/2.34.2"
159.69.59.83 - - [02/Sep/2026:20:17:33 -0500] "GET /wp-content/uploads/ HTTP/1.1" 403 199 "-" "python-requests/2.34.2"
159.69.59.83 - - [02/Sep/2026:20:17:33 -0500] "GET /user/ HTTP/1.1" 500 2704 "-" "python-requests/2.34.2"
159.69.59.83 - - [02/Sep/2026:20:17:36 -0500] "GET /administrator/ HTTP/1.1" 500 2704 "-" "python-requests/2.34.2"
159.69.59.83 - - [02/Sep/2026:20:17:46 -0500] "GET /cpanel/ HTTP/1.1" 301 236 "-" "python-requests/2.34.2"
159.69.59.83 - - [02/Sep/2026:20:17:46 -0500] "GET /cpanel/ HTTP/1.1" 301 236 "-" "python-requests/2.34.2"
159.69.59.83 - - [02/Sep/2026:20:17:47 -0500] "GET /customers/ HTTP/1.1" 500 2704 "-" "python-requests/2.34.2"
159.69.59.83 - - [02/Sep/2026:20:17:50 -0500] "GET /rss/catalog/ HTTP/1.1" 500 2704 "-" "python-requests/2.34.2"
159.69.59.83 - - [02/Sep/2026:20:17:52 -0500] "GET /wp-old/ HTTP/1.1" 500 2704 "-" "python-requests/2.34.2"
159.69.59.83 - - [02/Sep/2026:20:17:53 -0500] "GET /database/ HTTP/1.1" 500 2704 "-" "python-requests/2.34.2"
159.69.59.83 - - [02/Sep/2026:20:18:07 -0500] "GET /wp-content/mu-plugins/ HTTP/1.1" 404 99410 "-" "python-requests/2.34.2"
159.69.59.83 - - [02/Sep/2026:20:18:17 -0500] "GET /wp-content/mu-plugins/ HTTP/1.1" 504 247 "-" "python-requests/2.34.2"
157.90.185.123 - - [02/Sep/2026:20:18:29 -0500] "POST /wp-cron.php?doing_wp_cron=1788398309.1107680797576904296875 HTTP/1.1" 200 - "-" "WordPress/7.1; https://effefe.com"
159.69.59.83 - - [02/Sep/2026:20:18:37 -0500] "GET /magento_version/ HTTP/1.1" 500 2704 "-" "python-requests/2.34.2"
159.69.59.83 - - [02/Sep/2026:20:18:48 -0500] "GET /magento_version/ HTTP/1.1" 404 51307 "-" "python-requests/2.34.2"
159.69.59.83 - - [02/Sep/2026:20:19:06 -0500] "GET /wp-content/plugins/ninja-forms/ HTTP/1.1" 404 99410 "-" "python-requests/2.34.2"
159.69.59.83 - - [02/Sep/2026:20:19:17 -0500] "GET /wp-content/themes/classic/inc/ HTTP/1.1" 404 99410 "-" "python-requests/2.34.2"
157.90.185.123 - - [02/Sep/2026:20:19:19 -0500] "POST /wp-cron.php?doing_wp_cron=1788398359.8914110660552978515625 HTTP/1.1" 200 - "-" "WordPress/7.1; https://effefe.com"
159.69.59.83 - - [02/Sep/2026:20:19:21 -0500] "GET /wp-includes/js/ HTTP/1.1" 403 199 "-" "python-requests/2.34.2"
159.69.59.83 - - [02/Sep/2026:20:19:21 -0500] "GET /wp-content/plugins/wp-automatic/changelog/ HTTP/1.1" 404 99410 "-" "python-requests/2.34.2"
159.69.59.83 - - [02/Sep/2026:20:19:42 -0500] "GET /main/ HTTP/1.1" 500 2704 "-" "python-requests/2.34.2"
159.69.59.83 - - [02/Sep/2026:20:19:54 -0500] "GET /main/ HTTP/1.1" 500 2704 "-" "python-requests/2.34.2"
159.69.59.83 - - [02/Sep/2026:20:20:25 -0500] "GET /.git/config/ HTTP/1.1" 403 199 "-" "python-requests/2.34.2"
159.69.59.83 - - [02/Sep/2026:20:21:47 -0500] "GET /wp-includes/fonts/ HTTP/1.1" 403 199 "-" "python-requests/2.34.2"
159.69.59.83 - - [02/Sep/2026:20:22:33 -0500] "GET /wp-includes/ HTTP/1.1" 200 - "-" "python-requests/2.34.2"
159.69.59.83 - - [02/Sep/2026:20:24:42 -0500] "GET /wp-admin/js/widgets/ HTTP/1.1" 403 199 "-" "python-requests/2.34.2"
159.69.59.83 - - [02/Sep/2026:20:24:42 -0500] "GET /wp-includes/sitemaps/providers/ HTTP/1.1" 403 199 "-" "python-requests/2.34.2"
159.69.59.83 - - [02/Sep/2026:20:25:57 -0500] "GET /old/ HTTP/1.1" 500 2704 "-" "python-requests/2.34.2"
159.69.59.83 - - [02/Sep/2026:20:26:36 -0500] "GET /wp-includes/ID3/ HTTP/1.1" 403 199 "-" "python-requests/2.34.2"
159.69.59.83 - - [02/Sep/2026:20:26:36 -0500] "GET /ALFA_DATA/alfacgiapi/ HTTP/1.1" 500 2704 "-" "python-requests/2.34.2"
159.69.59.83 - - [02/Sep/2026:20:26:39 -0500] "GET /TEST/ HTTP/1.1" 500 2704 "-" "python-requests/2.34.2"
159.69.59.83 - - [02/Sep/2026:20:26:42 -0500] "GET /.tmb/ HTTP/1.1" 500 2704 "-" "python-requests/2.34.2"
159.69.59.83 - - [02/Sep/2026:20:26:45 -0500] "GET /pma/ HTTP/1.1" 500 2704 "-" "python-requests/2.34.2"
159.69.59.83 - - [02/Sep/2026:20:26:47 -0500] "GET /.wp-cli/ HTTP/1.1" 500 2704 "-" "python-requests/2.34.2"
159.69.59.83 - - [02/Sep/2026:20:26:52 -0500] "GET /debug/default/view/ HTTP/1.1" 500 2704 "-" "python-requests/2.34.2"
159.69.59.83 - - [02/Sep/2026:20:26:54 -0500] "GET /wp-admin/cgialfa/ HTTP/1.1" 500 2704 "-" "python-requests/2.34.2"
159.69.59.83 - - [02/Sep/2026:20:26:58 -0500] "GET /WP/ HTTP/1.1" 500 2704 "-" "python-requests/2.34.2"
159.69.59.83 - - [02/Sep/2026:20:27:00 -0500] "GET /magento/rss/ HTTP/1.1" 500 2704 "-" "python-requests/2.34.2"
159.69.59.83 - - [02/Sep/2026:20:27:02 -0500] "GET /wp-content/themes/ HTTP/1.1" 200 - "-" "python-requests/2.34.2"
159.69.59.83 - - [02/Sep/2026:20:27:03 -0500] "GET /wp-admin/meta/ HTTP/1.1" 500 2704 "-" "python-requests/2.34.2"
159.69.59.83 - - [02/Sep/2026:20:27:10 -0500] "GET /wp-admin/user/ HTTP/1.1" 500 - "-" "python-requests/2.34.2"
159.69.59.83 - - [02/Sep/2026:20:27:15 -0500] "GET /wp-includes/IXR/ HTTP/1.1" 403 199 "-" "python-requests/2.34.2"
159.69.59.83 - - [02/Sep/2026:20:27:16 -0500] "GET /sitio/ HTTP/1.1" 500 2704 "-" "python-requests/2.34.2"
159.69.59.83 - - [02/Sep/2026:20:27:26 -0500] "GET /sitio/ HTTP/1.1" 404 51307 "-" "python-requests/2.34.2"
159.69.59.83 - - [02/Sep/2026:20:27:36 -0500] "GET /portal/ HTTP/1.1" 404 43112 "-" "python-requests/2.34.2"
159.69.59.83 - - [02/Sep/2026:20:27:46 -0500] "GET /portal/ HTTP/1.1" 404 34939 "-" "python-requests/2.34.2"
159.69.59.83 - - [02/Sep/2026:20:27:57 -0500] "GET /block-patterns/ HTTP/1.1" 500 2704 "-" "python-requests/2.34.2"
159.69.59.83 - - [02/Sep/2026:20:28:07 -0500] "GET /block-patterns/ HTTP/1.1" 500 2704 "-" "python-requests/2.34.2"
157.90.185.123 - - [02/Sep/2026:20:28:07 -0500] "POST /wp-cron.php?doing_wp_cron=1788398887.7861449718475341796875 HTTP/1.1" 200 - "-" "WordPress/7.1; https://effefe.com"
159.69.59.83 - - [02/Sep/2026:20:28:38 -0500] "GET /wp-content/upgrade/ HTTP/1.1" 403 199 "-" "python-requests/2.34.2"
159.69.59.83 - - [02/Sep/2026:20:28:38 -0500] "GET /blocks/ HTTP/1.1" 404 99410 "-" "python-requests/2.34.2"
159.69.59.83 - - [02/Sep/2026:20:29:44 -0500] "GET /wp-content/ALFA_DATA/ HTTP/1.1" 500 2704 "-" "python-requests/2.34.2"
159.69.59.83 - - [02/Sep/2026:20:30:44 -0500] "GET /wp-content/ALFA_DATA/alfacgiapi/ HTTP/1.1" 404 99410 "-" "python-requests/2.34.2"
157.90.185.123 - - [02/Sep/2026:20:30:47 -0500] "POST /wp-cron.php?doing_wp_cron=1788399047.4297070503234863281250 HTTP/1.1" 200 - "-" "WordPress/7.1; https://effefe.com"
159.69.59.83 - - [02/Sep/2026:20:32:36 -0500] "GET /graphql/ HTTP/1.1" 500 2704 "-" "python-requests/2.34.2"
159.69.59.83 - - [02/Sep/2026:20:33:37 -0500] "GET /admin/login/ HTTP/1.1" 404 99410 "-" "python-requests/2.34.2"
157.90.185.123 - - [02/Sep/2026:20:33:40 -0500] "POST /wp-cron.php?doing_wp_cron=1788399220.8755791187286376953125 HTTP/1.1" 200 - "-" "WordPress/7.1; https://effefe.com"
124.234.193.6 - - [02/Sep/2026:20:34:35 -0500] "GET /wp-json/wp/v2/users/me HTTP/1.1" 403 199 "-" "Mozilla/5.0 (Windows NT 10.0; Win64; x64) AppleWebKit/537.36 (KHTML, like Gecko) Chrome/151.0.0.0 Safari/537.36"
124.234.193.6 - - [02/Sep/2026:20:34:28 -0500] "GET /wp-login.php HTTP/1.1" 500 2880 "-" "Mozilla/5.0 (Windows NT 10.0; Win64; x64) AppleWebKit/537.36 (KHTML, like Gecko) Chrome/151.0.0.0 Safari/537.36"
114.119.135.63 - - [02/Sep/2026:20:34:56 -0500] "GET /?id=716541 HTTP/1.1" 500 2704 "http://www.yijielace.com/zhaopin/2550.html" "Mozilla/5.0 (Linux; Android 7.0;) AppleWebKit/537.36 (HTML, like Gecko) Mobile Safari/537.36 (compatible; PetalBot;+https://webmaster.petalsearch.com/site/petalbot)"
159.69.59.83 - - [02/Sep/2026:20:35:16 -0500] "GET /wp-includes/alfacgiapi/ HTTP/1.1" 404 99410 "-" "python-requests/2.34.2"
159.69.59.83 - - [02/Sep/2026:20:35:40 -0500] "GET /status/ HTTP/1.1" 404 99410 "-" "python-requests/2.34.2"
159.69.59.83 - - [02/Sep/2026:20:36:10 -0500] "GET /2019/ HTTP/1.1" 404 43112 "-" "python-requests/2.34.2"
159.69.59.83 - - [02/Sep/2026:20:36:20 -0500] "GET /2019/ HTTP/1.1" 404 99636 "-" "python-requests/2.34.2"
157.90.185.123 - - [02/Sep/2026:20:36:24 -0500] "POST /wp-cron.php?doing_wp_cron=1788399384.8835549354553222656250 HTTP/1.1" 200 - "-" "WordPress/7.1; https://effefe.com"
114.119.152.47 - - [02/Sep/2026:20:37:27 -0500] "GET /?id=764053.html HTTP/1.1" 500 2704 "http://www.ziasteelmills.com/www-com/ziast-holahellokitty-ll8.html?11678.xml" "Mozilla/5.0 (Linux; Android 7.0;) AppleWebKit/537.36 (HTML, like Gecko) Mobile Safari/537.36 (compatible; PetalBot;+https://webmaster.petalsearch.com/site/petalbot)"
167.71.193.206 - - [02/Sep/2026:20:37:52 -0500] "GET /wp-admin/install.php HTTP/1.1" 200 1329 "-" "Mozilla/5.0 (Macintosh; Intel Mac OS X 10_10_1) AppleWebKit/537.36 (KHTML, like Gecko) Chrome/39.0.2171.95 Safari/537.36"
157.90.185.123 - - [02/Sep/2026:20:37:53 -0500] "POST /wp-cron.php?doing_wp_cron=1788399473.1885440349578857421875 HTTP/1.1" 200 - "-" "WordPress/7.1; https://effefe.com"
159.69.59.83 - - [02/Sep/2026:20:41:29 -0500] "GET /wp-includes/SimplePie/ HTTP/1.1" 403 199 "-" "python-requests/2.34.2"
159.69.59.83 - - [02/Sep/2026:20:43:03 -0500] "GET /tmp/ HTTP/1.1" 404 99410 "-" "python-requests/2.34.2"
157.90.185.123 - - [02/Sep/2026:20:43:10 -0500] "POST /wp-cron.php?doing_wp_cron=1788399790.0034561157226562500000 HTTP/1.1" 200 - "-" "WordPress/7.1; https://effefe.com"
159.69.59.83 - - [02/Sep/2026:20:44:31 -0500] "GET /image/ HTTP/1.1" 500 2704 "-" "python-requests/2.34.2"
159.69.59.83 - - [02/Sep/2026:20:45:31 -0500] "GET /admin/ HTTP/1.1" 302 - "-" "python-requests/2.34.2"
159.69.59.83 - - [02/Sep/2026:20:45:51 -0500] "GET /wp-includes/images/ HTTP/1.1" 403 199 "-" "python-requests/2.34.2"
159.69.59.83 - - [02/Sep/2026:20:45:51 -0500] "GET /wp-includes/certificates/ HTTP/1.1" 403 199 "-" "python-requests/2.34.2"
159.69.59.83 - - [02/Sep/2026:20:45:52 -0500] "GET /wp-includes/pomo/ HTTP/1.1" 403 199 "-" "python-requests/2.34.2"
51.68.107.151 - - [02/Sep/2026:20:45:34 -0500] "GET /robots.txt HTTP/1.1" 200 313 "-" "Mozilla/5.0 (compatible; MJ12bot/v2.0.5; http://mj12bot.com/)"
159.69.59.83 - - [02/Sep/2026:20:45:41 -0500] "GET /admin/ HTTP/1.1" 302 - "-" "python-requests/2.34.2"
157.90.185.123 - - [02/Sep/2026:20:45:49 -0500] "POST /wp-cron.php?doing_wp_cron=1788399949.2097370624542236328125 HTTP/1.1" 504 247 "-" "WordPress/7.1; https://effefe.com"
159.69.59.83 - - [02/Sep/2026:20:45:52 -0500] "GET /www/ HTTP/1.1" 504 247 "-" "python-requests/2.34.2"
159.69.59.83 - - [02/Sep/2026:20:46:02 -0500] "GET /www/ HTTP/1.1" 504 247 "-" "python-requests/2.34.2"
159.69.59.83 - - [02/Sep/2026:20:46:12 -0500] "GET /.quarantine/ HTTP/1.1" 500 2704 "-" "python-requests/2.34.2"
159.69.59.83 - - [02/Sep/2026:20:46:25 -0500] "GET /.quarantine/ HTTP/1.1" 404 34939 "-" "python-requests/2.34.2"
159.69.59.83 - - [02/Sep/2026:20:46:35 -0500] "GET /bc/ HTTP/1.1" 500 2704 "-" "python-requests/2.34.2"
159.69.59.83 - - [02/Sep/2026:20:46:46 -0500] "GET /bc/ HTTP/1.1" 404 34939 "-" "python-requests/2.34.2"
159.69.59.83 - - [02/Sep/2026:20:47:00 -0500] "GET /2021/ HTTP/1.1" 404 43112 "-" "python-requests/2.34.2"
159.69.59.83 - - [02/Sep/2026:20:47:11 -0500] "GET /2021/ HTTP/1.1" 404 51307 "-" "python-requests/2.34.2"
159.69.59.83 - - [02/Sep/2026:20:47:22 -0500] "GET /uploads/ HTTP/1.1" 500 2704 "-" "python-requests/2.34.2"
159.69.59.83 - - [02/Sep/2026:20:47:47 -0500] "GET /wp-content/languages/ HTTP/1.1" 500 2704 "-" "python-requests/2.34.2"
159.69.59.83 - - [02/Sep/2026:20:47:57 -0500] "GET /wp-content/languages/ HTTP/1.1" 500 2704 "-" "python-requests/2.34.2"
159.69.59.83 - - [02/Sep/2026:20:48:25 -0500] "GET /user/login/ HTTP/1.1" 404 99410 "-" "python-requests/2.34.2"
157.90.185.123 - - [02/Sep/2026:20:48:30 -0500] "POST /wp-cron.php?doing_wp_cron=1788400110.2671830654144287109375 HTTP/1.1" 200 - "-" "WordPress/7.1; https://effefe.com"
159.69.59.83 - - [02/Sep/2026:20:48:42 -0500] "GET /block-supports/ HTTP/1.1" 404 99410 "-" "python-requests/2.34.2"
159.69.59.83 - - [02/Sep/2026:20:49:22 -0500] "GET /file/ HTTP/1.1" 404 99410 "-" "python-requests/2.34.2"
157.90.185.123 - - [02/Sep/2026:20:49:31 -0500] "POST /wp-cron.php?doing_wp_cron=1788400171.4628529548645019531250 HTTP/1.1" 200 - "-" "WordPress/7.1; https://effefe.com"
159.69.59.83 - - [02/Sep/2026:20:49:34 -0500] "GET /bac/ HTTP/1.1" 500 2704 "-" "python-requests/2.34.2"
159.69.59.83 - - [02/Sep/2026:20:49:51 -0500] "GET /article/wp-json/ HTTP/1.1" 404 91876 "-" "python-requests/2.34.2"
159.69.59.83 - - [02/Sep/2026:20:49:57 -0500] "GET /wp-includes/rest-api/ HTTP/1.1" 403 199 "-" "python-requests/2.34.2"
159.69.59.83 - - [02/Sep/2026:20:49:57 -0500] "GET /wp-content/mu-plugins-old/ HTTP/1.1" 404 99410 "-" "python-requests/2.34.2"
159.69.59.83 - - [02/Sep/2026:20:50:01 -0500] "GET /wp-admin/network/ HTTP/1.1" 302 - "-" "python-requests/2.34.2"
159.69.59.83 - - [02/Sep/2026:20:50:07 -0500] "GET /wp-admin/network/ HTTP/1.1" 302 - "-" "python-requests/2.34.2"
159.69.59.83 - - [02/Sep/2026:20:50:15 -0500] "GET /wp-login.php?redirect_to=https%3A%2F%2Feffefe.com%2Fwp-admin%2Fnetwork%2F&reauth=1 HTTP/1.1" 200 7197 "-" "python-requests/2.34.2"
159.69.59.83 - - [02/Sep/2026:20:50:22 -0500] "GET /images/ HTTP/1.1" 404 99410 "-" "python-requests/2.34.2"
159.69.59.83 - - [02/Sep/2026:20:50:30 -0500] "GET /sql/ HTTP/1.1" 404 99410 "-" "python-requests/2.34.2"
157.90.185.123 - - [02/Sep/2026:20:50:37 -0500] "POST /wp-cron.php?doing_wp_cron=1788400237.0439620018005371093750 HTTP/1.1" 200 - "-" "WordPress/7.1; https://effefe.com"
