105.76.187.50 - - [04/Sep/2026:05:11:01 -0500] "GET /cl.php HTTP/1.1" 500 188 "-" "Mozilla/5.0 (Windows NT 10.0; Win64; x64) AppleWebKit/537.36 (KHTML, like Gecko) Chrome/85.0.4183.102 Safari/537.36"
105.76.187.50 - - [04/Sep/2026:05:11:03 -0500] "GET /cl4w.php HTTP/1.1" 404 99410 "-" "Mozilla/5.0 (Windows NT 10.0; Win64; x64) AppleWebKit/537.36 (KHTML, like Gecko) Chrome/85.0.4183.102 Safari/537.36"
105.76.187.50 - - [04/Sep/2026:05:10:57 -0500] "GET /ckmail.php%20%20%20%20%20%20%20%20%20 HTTP/1.1" 301 - "-" "Mozilla/5.0 (Windows NT 10.0; Win64; x64) AppleWebKit/537.36 (KHTML, like Gecko) Chrome/85.0.4183.102 Safari/537.36"
105.76.187.50 - - [04/Sep/2026:05:11:06 -0500] "GET /class-wp-customiza-image.php HTTP/1.1" 500 188 "-" "Mozilla/5.0 (Windows NT 10.0; Win64; x64) AppleWebKit/537.36 (KHTML, like Gecko) Chrome/85.0.4183.102 Safari/537.36"
105.76.187.50 - - [04/Sep/2026:05:11:08 -0500] "GET /class.php HTTP/1.1" 404 99410 "-" "Mozilla/5.0 (Windows NT 10.0; Win64; x64) AppleWebKit/537.36 (KHTML, like Gecko) Chrome/85.0.4183.102 Safari/537.36"
105.76.187.50 - - [04/Sep/2026:05:11:12 -0500] "GET /class.phpmailer.php HTTP/1.1" 404 99410 "-" "Mozilla/5.0 (Windows NT 10.0; Win64; x64) AppleWebKit/537.36 (KHTML, like Gecko) Chrome/85.0.4183.102 Safari/537.36"
105.76.187.50 - - [04/Sep/2026:05:11:16 -0500] "GET /class.smtp.php HTTP/1.1" 404 99410 "-" "Mozilla/5.0 (Windows NT 10.0; Win64; x64) AppleWebKit/537.36 (KHTML, like Gecko) Chrome/85.0.4183.102 Safari/537.36"
105.76.187.50 - - [04/Sep/2026:05:11:19 -0500] "GET /clean%20shell.php HTTP/1.1" 500 188 "-" "Mozilla/5.0 (Windows NT 10.0; Win64; x64) AppleWebKit/537.36 (KHTML, like Gecko) Chrome/85.0.4183.102 Safari/537.36"
105.76.187.50 - - [04/Sep/2026:05:11:21 -0500] "GET /clean.php HTTP/1.1" 404 99410 "-" "Mozilla/5.0 (Windows NT 10.0; Win64; x64) AppleWebKit/537.36 (KHTML, like Gecko) Chrome/85.0.4183.102 Safari/537.36"
105.76.187.50 - - [04/Sep/2026:05:11:25 -0500] "GET /cleanmail.php HTTP/1.1" 404 99410 "-" "Mozilla/5.0 (Windows NT 10.0; Win64; x64) AppleWebKit/537.36 (KHTML, like Gecko) Chrome/85.0.4183.102 Safari/537.36"
105.76.187.50 - - [04/Sep/2026:05:11:28 -0500] "GET /cleanx.php HTTP/1.1" 404 99410 "-" "Mozilla/5.0 (Windows NT 10.0; Win64; x64) AppleWebKit/537.36 (KHTML, like Gecko) Chrome/85.0.4183.102 Safari/537.36"
105.76.187.50 - - [04/Sep/2026:05:11:32 -0500] "GET /cleas.php HTTP/1.1" 500 188 "-" "Mozilla/5.0 (Windows NT 10.0; Win64; x64) AppleWebKit/537.36 (KHTML, like Gecko) Chrome/85.0.4183.102 Safari/537.36"
105.76.187.50 - - [04/Sep/2026:05:11:33 -0500] "GET /clessidra.zip HTTP/1.1" 500 188 "-" "Mozilla/5.0 (Windows NT 10.0; Win64; x64) AppleWebKit/537.36 (KHTML, like Gecko) Chrome/85.0.4183.102 Safari/537.36"
105.76.187.50 - - [04/Sep/2026:05:11:36 -0500] "GET /clessidra/ HTTP/1.1" 404 99410 "-" "Mozilla/5.0 (Windows NT 10.0; Win64; x64) AppleWebKit/537.36 (KHTML, like Gecko) Chrome/85.0.4183.102 Safari/537.36"
157.90.185.123 - - [04/Sep/2026:05:11:43 -0500] "POST /wp-cron.php?doing_wp_cron=1788516703.6866860389709472656250 HTTP/1.1" 200 - "-" "WordPress/7.1; https://effefe.com"
105.76.187.50 - - [04/Sep/2026:05:11:41 -0500] "GET /cli HTTP/1.1" 404 99410 "-" "Mozilla/5.0 (Windows NT 10.0; Win64; x64) AppleWebKit/537.36 (KHTML, like Gecko) Chrome/85.0.4183.102 Safari/537.36"
105.76.187.50 - - [04/Sep/2026:05:11:44 -0500] "GET /clientes HTTP/1.1" 500 188 "-" "Mozilla/5.0 (Windows NT 10.0; Win64; x64) AppleWebKit/537.36 (KHTML, like Gecko) Chrome/85.0.4183.102 Safari/537.36"
105.76.187.50 - - [04/Sep/2026:05:11:45 -0500] "GET /cllsas.php HTTP/1.1" 404 99410 "-" "Mozilla/5.0 (Windows NT 10.0; Win64; x64) AppleWebKit/537.36 (KHTML, like Gecko) Chrome/85.0.4183.102 Safari/537.36"
105.76.187.50 - - [04/Sep/2026:05:11:49 -0500] "GET /cloud HTTP/1.1" 404 99410 "-" "Mozilla/5.0 (Windows NT 10.0; Win64; x64) AppleWebKit/537.36 (KHTML, like Gecko) Chrome/85.0.4183.102 Safari/537.36"
105.76.187.50 - - [04/Sep/2026:05:11:52 -0500] "GET /cloud.php HTTP/1.1" 500 188 "-" "Mozilla/5.0 (Windows NT 10.0; Win64; x64) AppleWebKit/537.36 (KHTML, like Gecko) Chrome/85.0.4183.102 Safari/537.36"
105.76.187.50 - - [04/Sep/2026:05:11:54 -0500] "GET /cloudx.php HTTP/1.1" 500 188 "-" "Mozilla/5.0 (Windows NT 10.0; Win64; x64) AppleWebKit/537.36 (KHTML, like Gecko) Chrome/85.0.4183.102 Safari/537.36"
105.76.187.50 - - [04/Sep/2026:05:11:56 -0500] "GET /cloudxv3.php HTTP/1.1" 404 99410 "-" "Mozilla/5.0 (Windows NT 10.0; Win64; x64) AppleWebKit/537.36 (KHTML, like Gecko) Chrome/85.0.4183.102 Safari/537.36"
105.76.187.50 - - [04/Sep/2026:05:11:59 -0500] "GET /cmd.php HTTP/1.1" 500 188 "-" "Mozilla/5.0 (Windows NT 10.0; Win64; x64) AppleWebKit/537.36 (KHTML, like Gecko) Chrome/85.0.4183.102 Safari/537.36"
105.76.187.50 - - [04/Sep/2026:05:12:01 -0500] "GET /cmdd.php HTTP/1.1" 500 188 "-" "Mozilla/5.0 (Windows NT 10.0; Win64; x64) AppleWebKit/537.36 (KHTML, like Gecko) Chrome/85.0.4183.102 Safari/537.36"
105.76.187.50 - - [04/Sep/2026:05:12:03 -0500] "GET /cn.php HTTP/1.1" 500 188 "-" "Mozilla/5.0 (Windows NT 10.0; Win64; x64) AppleWebKit/537.36 (KHTML, like Gecko) Chrome/85.0.4183.102 Safari/537.36"
105.76.187.50 - - [04/Sep/2026:05:12:08 -0500] "GET /cnf404.php HTTP/1.1" 404 99410 "-" "Mozilla/5.0 (Windows NT 10.0; Win64; x64) AppleWebKit/537.36 (KHTML, like Gecko) Chrome/85.0.4183.102 Safari/537.36"
105.76.187.50 - - [04/Sep/2026:05:12:16 -0500] "GET /cnfg.php HTTP/1.1" 500 188 "-" "Mozilla/5.0 (Windows NT 10.0; Win64; x64) AppleWebKit/537.36 (KHTML, like Gecko) Chrome/85.0.4183.102 Safari/537.36"
105.76.187.50 - - [04/Sep/2026:05:12:18 -0500] "GET /cng.php HTTP/1.1" 500 188 "-" "Mozilla/5.0 (Windows NT 10.0; Win64; x64) AppleWebKit/537.36 (KHTML, like Gecko) Chrome/85.0.4183.102 Safari/537.36"
105.76.187.50 - - [04/Sep/2026:05:12:20 -0500] "GET /cnns.php HTTP/1.1" 404 99410 "-" "Mozilla/5.0 (Windows NT 10.0; Win64; x64) AppleWebKit/537.36 (KHTML, like Gecko) Chrome/85.0.4183.102 Safari/537.36"
105.76.187.50 - - [04/Sep/2026:05:12:27 -0500] "GET /co.php HTTP/1.1" 500 188 "-" "Mozilla/5.0 (Windows NT 10.0; Win64; x64) AppleWebKit/537.36 (KHTML, like Gecko) Chrome/85.0.4183.102 Safari/537.36"
105.76.187.50 - - [04/Sep/2026:05:12:29 -0500] "GET /coco.php HTTP/1.1" 500 188 "-" "Mozilla/5.0 (Windows NT 10.0; Win64; x64) AppleWebKit/537.36 (KHTML, like Gecko) Chrome/85.0.4183.102 Safari/537.36"
105.76.187.50 - - [04/Sep/2026:05:12:31 -0500] "GET /code.php HTTP/1.1" 500 188 "-" "Mozilla/5.0 (Windows NT 10.0; Win64; x64) AppleWebKit/537.36 (KHTML, like Gecko) Chrome/85.0.4183.102 Safari/537.36"
105.76.187.50 - - [04/Sep/2026:05:12:33 -0500] "GET /cof.php HTTP/1.1" 500 188 "-" "Mozilla/5.0 (Windows NT 10.0; Win64; x64) AppleWebKit/537.36 (KHTML, like Gecko) Chrome/85.0.4183.102 Safari/537.36"
105.76.187.50 - - [04/Sep/2026:05:12:37 -0500] "GET /color.php HTTP/1.1" 500 188 "-" "Mozilla/5.0 (Windows NT 10.0; Win64; x64) AppleWebKit/537.36 (KHTML, like Gecko) Chrome/85.0.4183.102 Safari/537.36"
105.76.187.50 - - [04/Sep/2026:05:12:39 -0500] "GET /com.php HTTP/1.1" 500 188 "-" "Mozilla/5.0 (Windows NT 10.0; Win64; x64) AppleWebKit/537.36 (KHTML, like Gecko) Chrome/85.0.4183.102 Safari/537.36"
105.76.187.50 - - [04/Sep/2026:05:12:41 -0500] "GET /com_fabrik HTTP/1.1" 500 188 "-" "Mozilla/5.0 (Windows NT 10.0; Win64; x64) AppleWebKit/537.36 (KHTML, like Gecko) Chrome/85.0.4183.102 Safari/537.36"
105.76.187.50 - - [04/Sep/2026:05:12:43 -0500] "GET /comcast.zip HTTP/1.1" 500 188 "-" "Mozilla/5.0 (Windows NT 10.0; Win64; x64) AppleWebKit/537.36 (KHTML, like Gecko) Chrome/85.0.4183.102 Safari/537.36"
105.76.187.50 - - [04/Sep/2026:05:12:35 -0500] "GET /coleangels3.php HTTP/1.1" 500 188 "-" "Mozilla/5.0 (Windows NT 10.0; Win64; x64) AppleWebKit/537.36 (KHTML, like Gecko) Chrome/85.0.4183.102 Safari/537.36"
105.76.187.50 - - [04/Sep/2026:05:12:46 -0500] "GET /comercial HTTP/1.1" 500 188 "-" "Mozilla/5.0 (Windows NT 10.0; Win64; x64) AppleWebKit/537.36 (KHTML, like Gecko) Chrome/85.0.4183.102 Safari/537.36"
157.90.185.123 - - [04/Sep/2026:05:12:51 -0500] "POST /wp-cron.php?doing_wp_cron=1788516771.4460690021514892578125 HTTP/1.1" 200 - "-" "WordPress/7.1; https://effefe.com"
105.76.187.50 - - [04/Sep/2026:05:12:48 -0500] "GET /comments.php HTTP/1.1" 404 99410 "-" "Mozilla/5.0 (Windows NT 10.0; Win64; x64) AppleWebKit/537.36 (KHTML, like Gecko) Chrome/85.0.4183.102 Safari/537.36"
105.76.187.50 - - [04/Sep/2026:05:12:52 -0500] "GET /comp.php HTTP/1.1" 404 99410 "-" "Mozilla/5.0 (Windows NT 10.0; Win64; x64) AppleWebKit/537.36 (KHTML, like Gecko) Chrome/85.0.4183.102 Safari/537.36"
105.76.187.50 - - [04/Sep/2026:05:12:55 -0500] "GET /component-init.php HTTP/1.1" 500 188 "-" "Mozilla/5.0 (Windows NT 10.0; Win64; x64) AppleWebKit/537.36 (KHTML, like Gecko) Chrome/85.0.4183.102 Safari/537.36"
105.76.187.50 - - [04/Sep/2026:05:12:57 -0500] "GET /components HTTP/1.1" 404 99410 "-" "Mozilla/5.0 (Windows NT 10.0; Win64; x64) AppleWebKit/537.36 (KHTML, like Gecko) Chrome/85.0.4183.102 Safari/537.36"
105.76.187.50 - - [04/Sep/2026:05:13:00 -0500] "GET /con.php HTTP/1.1" 500 188 "-" "Mozilla/5.0 (Windows NT 10.0; Win64; x64) AppleWebKit/537.36 (KHTML, like Gecko) Chrome/85.0.4183.102 Safari/537.36"
105.76.187.50 - - [04/Sep/2026:05:13:02 -0500] "GET /con2.php HTTP/1.1" 404 99410 "-" "Mozilla/5.0 (Windows NT 10.0; Win64; x64) AppleWebKit/537.36 (KHTML, like Gecko) Chrome/85.0.4183.102 Safari/537.36"
105.76.187.50 - - [04/Sep/2026:05:13:05 -0500] "GET /con7m.php HTTP/1.1" 500 188 "-" "Mozilla/5.0 (Windows NT 10.0; Win64; x64) AppleWebKit/537.36 (KHTML, like Gecko) Chrome/85.0.4183.102 Safari/537.36"
105.76.187.50 - - [04/Sep/2026:05:13:07 -0500] "GET /conf.php HTTP/1.1" 404 99410 "-" "Mozilla/5.0 (Windows NT 10.0; Win64; x64) AppleWebKit/537.36 (KHTML, like Gecko) Chrome/85.0.4183.102 Safari/537.36"
105.76.187.50 - - [04/Sep/2026:05:13:12 -0500] "GET /conf.php.jpg HTTP/1.1" 500 188 "-" "Mozilla/5.0 (Windows NT 10.0; Win64; x64) AppleWebKit/537.36 (KHTML, like Gecko) Chrome/85.0.4183.102 Safari/537.36"
105.76.187.50 - - [04/Sep/2026:05:13:14 -0500] "GET /conf.php.phtml HTTP/1.1" 404 99410 "-" "Mozilla/5.0 (Windows NT 10.0; Win64; x64) AppleWebKit/537.36 (KHTML, like Gecko) Chrome/85.0.4183.102 Safari/537.36"
105.76.187.50 - - [04/Sep/2026:05:13:18 -0500] "GET /conf_global.php HTTP/1.1" 500 188 "-" "Mozilla/5.0 (Windows NT 10.0; Win64; x64) AppleWebKit/537.36 (KHTML, like Gecko) Chrome/85.0.4183.102 Safari/537.36"
114.119.142.39 - - [04/Sep/2026:05:13:19 -0500] "GET /?id=445776 HTTP/1.1" 500 188 "https://effefe.com/?id=445776" "Mozilla/5.0 (Linux; Android 7.0;) AppleWebKit/537.36 (HTML, like Gecko) Mobile Safari/537.36 (compatible; PetalBot;+https://webmaster.petalsearch.com/site/petalbot)"
105.76.187.50 - - [04/Sep/2026:05:13:20 -0500] "GET /conf_global.php/ HTTP/1.1" 500 188 "-" "Mozilla/5.0 (Windows NT 10.0; Win64; x64) AppleWebKit/537.36 (KHTML, like Gecko) Chrome/85.0.4183.102 Safari/537.36"
105.76.187.50 - - [04/Sep/2026:05:13:23 -0500] "GET /encrypted.phpencrypted.php HTTP/1.1" 404 99410 "-" "Mozilla/5.0 (Windows NT 10.0; Win64; x64) AppleWebKit/537.36 (KHTML, like Gecko) Chrome/85.0.4183.102 Safari/537.36"
105.76.187.50 - - [04/Sep/2026:05:13:28 -0500] "GET /config.bak.php HTTP/1.1" 500 188 "-" "Mozilla/5.0 (Windows NT 10.0; Win64; x64) AppleWebKit/537.36 (KHTML, like Gecko) Chrome/85.0.4183.102 Safari/537.36"
105.76.187.50 - - [04/Sep/2026:05:13:30 -0500] "GET /config.cfg HTTP/1.1" 403 199 "-" "Mozilla/5.0 (Windows NT 10.0; Win64; x64) AppleWebKit/537.36 (KHTML, like Gecko) Chrome/85.0.4183.102 Safari/537.36"
105.76.187.50 - - [04/Sep/2026:05:13:30 -0500] "GET /config.inc.php HTTP/1.1" 500 188 "-" "Mozilla/5.0 (Windows NT 10.0; Win64; x64) AppleWebKit/537.36 (KHTML, like Gecko) Chrome/85.0.4183.102 Safari/537.36"
105.76.187.50 - - [04/Sep/2026:05:13:32 -0500] "GET /config.php HTTP/1.1" 500 188 "-" "Mozilla/5.0 (Windows NT 10.0; Win64; x64) AppleWebKit/537.36 (KHTML, like Gecko) Chrome/85.0.4183.102 Safari/537.36"
105.76.187.50 - - [04/Sep/2026:05:13:34 -0500] "GET /config.php/ HTTP/1.1" 404 99410 "-" "Mozilla/5.0 (Windows NT 10.0; Win64; x64) AppleWebKit/537.36 (KHTML, like Gecko) Chrome/85.0.4183.102 Safari/537.36"
105.76.187.50 - - [04/Sep/2026:05:13:37 -0500] "GET /config.phtml HTTP/1.1" 500 188 "-" "Mozilla/5.0 (Windows NT 10.0; Win64; x64) AppleWebKit/537.36 (KHTML, like Gecko) Chrome/85.0.4183.102 Safari/537.36"
105.76.187.50 - - [04/Sep/2026:05:13:39 -0500] "GET /config/ HTTP/1.1" 404 99410 "-" "Mozilla/5.0 (Windows NT 10.0; Win64; x64) AppleWebKit/537.36 (KHTML, like Gecko) Chrome/85.0.4183.102 Safari/537.36"
105.76.187.50 - - [04/Sep/2026:05:13:44 -0500] "GET /config_.php HTTP/1.1" 500 188 "-" "Mozilla/5.0 (Windows NT 10.0; Win64; x64) AppleWebKit/537.36 (KHTML, like Gecko) Chrome/85.0.4183.102 Safari/537.36"
105.76.187.50 - - [04/Sep/2026:05:13:46 -0500] "GET /configf.php HTTP/1.1" 500 188 "-" "Mozilla/5.0 (Windows NT 10.0; Win64; x64) AppleWebKit/537.36 (KHTML, like Gecko) Chrome/85.0.4183.102 Safari/537.36"
105.76.187.50 - - [04/Sep/2026:05:13:48 -0500] "GET /configkelwa.php HTTP/1.1" 500 188 "-" "Mozilla/5.0 (Windows NT 10.0; Win64; x64) AppleWebKit/537.36 (KHTML, like Gecko) Chrome/85.0.4183.102 Safari/537.36"
157.90.185.123 - - [04/Sep/2026:05:13:52 -0500] "POST /wp-cron.php?doing_wp_cron=1788516832.8138930797576904296875 HTTP/1.1" 200 - "-" "WordPress/7.1; https://effefe.com"
105.76.187.50 - - [04/Sep/2026:05:13:50 -0500] "GET /configs HTTP/1.1" 404 99410 "-" "Mozilla/5.0 (Windows NT 10.0; Win64; x64) AppleWebKit/537.36 (KHTML, like Gecko) Chrome/85.0.4183.102 Safari/537.36"
105.76.187.50 - - [04/Sep/2026:05:13:53 -0500] "GET /configs.php HTTP/1.1" 500 188 "-" "Mozilla/5.0 (Windows NT 10.0; Win64; x64) AppleWebKit/537.36 (KHTML, like Gecko) Chrome/85.0.4183.102 Safari/537.36"
105.76.187.50 - - [04/Sep/2026:05:13:55 -0500] "GET /configs.php HTTP/1.1" 500 188 "-" "Mozilla/5.0 (Windows NT 10.0; Win64; x64) AppleWebKit/537.36 (KHTML, like Gecko) Chrome/85.0.4183.102 Safari/537.36"
114.119.135.63 - - [04/Sep/2026:05:15:04 -0500] "GET /?id=415637.html HTTP/1.1" 500 188 "http://www.effefe.com?id=415637.html" "Mozilla/5.0 (Linux; Android 7.0;) AppleWebKit/537.36 (HTML, like Gecko) Mobile Safari/537.36 (compatible; PetalBot;+https://webmaster.petalsearch.com/site/petalbot)"
169.40.142.138 - - [04/Sep/2026:05:15:38 -0500] "GET / HTTP/1.1" 500 541 "-" "Mozilla/5.0 (Windows NT 10.0; Win64; x64) AppleWebKit/537.36 (KHTML, like Gecko) Chrome/126.0.0.0 Safari/537.36"
157.90.185.123 - - [04/Sep/2026:05:15:46 -0500] "POST /wp-cron.php?doing_wp_cron=1788516946.3363699913024902343750 HTTP/1.1" 200 - "-" "WordPress/7.1; https://effefe.com"
169.40.142.138 - - [04/Sep/2026:05:15:44 -0500] "POST /?rest_route=/batch/v1 HTTP/1.1" 500 538 "-" "Mozilla/5.0 (Windows NT 10.0; Win64; x64) AppleWebKit/537.36 (KHTML, like Gecko) Chrome/126.0.0.0 Safari/537.36"
169.40.142.138 - - [04/Sep/2026:05:15:47 -0500] "POST /wp-json/batch/v1 HTTP/1.1" 500 538 "-" "Mozilla/5.0 (Windows NT 10.0; Win64; x64) AppleWebKit/537.36 (KHTML, like Gecko) Chrome/126.0.0.0 Safari/537.36"
169.40.142.138 - - [04/Sep/2026:05:15:50 -0500] "POST /index.php?rest_route=/batch/v1 HTTP/1.1" 500 538 "-" "Mozilla/5.0 (Windows NT 10.0; Win64; x64) AppleWebKit/537.36 (KHTML, like Gecko) Chrome/126.0.0.0 Safari/537.36"
169.40.142.138 - - [04/Sep/2026:05:15:56 -0500] "POST /index.php/wp-json/batch/v1 HTTP/1.1" 500 538 "-" "Mozilla/5.0 (Windows NT 10.0; Win64; x64) AppleWebKit/537.36 (KHTML, like Gecko) Chrome/126.0.0.0 Safari/537.36"
169.40.142.138 - - [04/Sep/2026:05:15:58 -0500] "POST / HTTP/1.1" 500 553 "-" "Mozilla/5.0 (Windows NT 10.0; Win64; x64) AppleWebKit/537.36 (KHTML, like Gecko) Chrome/126.0.0.0 Safari/537.36"
169.40.142.138 - - [04/Sep/2026:05:16:00 -0500] "POST /index.php HTTP/1.1" 500 540 "-" "Mozilla/5.0 (Windows NT 10.0; Win64; x64) AppleWebKit/537.36 (KHTML, like Gecko) Chrome/126.0.0.0 Safari/537.36"
114.119.142.39 - - [04/Sep/2026:05:16:57 -0500] "GET /?id=390390.html HTTP/1.1" 500 188 "https://effefe.com/?id=390390.html" "Mozilla/5.0 (Linux; Android 7.0;) AppleWebKit/537.36 (HTML, like Gecko) Mobile Safari/537.36 (compatible; PetalBot;+https://webmaster.petalsearch.com/site/petalbot)"
114.119.158.46 - - [04/Sep/2026:05:18:37 -0500] "GET /?id=538774 HTTP/1.1" 500 188 "http://www.effefe.com?id=538774" "Mozilla/5.0 (Linux; Android 7.0;) AppleWebKit/537.36 (HTML, like Gecko) Mobile Safari/537.36 (compatible; PetalBot;+https://webmaster.petalsearch.com/site/petalbot)"
114.119.135.63 - - [04/Sep/2026:05:30:04 -0500] "GET /?id=761162 HTTP/1.1" 500 188 "https://effefe.com/?id=761162" "Mozilla/5.0 (Linux; Android 7.0;) AppleWebKit/537.36 (HTML, like Gecko) Mobile Safari/537.36 (compatible; PetalBot;+https://webmaster.petalsearch.com/site/petalbot)"
131.226.2.202 - - [04/Sep/2026:05:30:57 -0500] "GET /wp-login.php HTTP/1.1" 500 188 "-" "Mozilla/5.0 (Windows NT 10.0; Win64; x64) AppleWebKit/537.36 (KHTML, like Gecko) Chrome/120.0.0.0 Safari/537.36"
114.119.154.166 - - [04/Sep/2026:05:31:53 -0500] "GET /?id=720841.html HTTP/1.1" 500 188 "http://www.effefe.com?id=720841.html" "Mozilla/5.0 (Linux; Android 7.0;) AppleWebKit/537.36 (HTML, like Gecko) Mobile Safari/537.36 (compatible; PetalBot;+https://webmaster.petalsearch.com/site/petalbot)"
35.212.81.89 - - [04/Sep/2026:05:37:07 -0500] "GET /ads.txt HTTP/1.1" 500 188 "-" "Mozilla/5.0 (Macintosh; Intel Mac OS X 10_12_6) AppleWebKit/537.36 (KHTML, like Gecko) Chrome/63.0.3239.84 Safari/537.36"
35.212.81.89 - - [04/Sep/2026:05:37:10 -0500] "GET /ads.txt HTTP/1.1" 500 188 "-" "Mozilla/5.0 (Macintosh; Intel Mac OS X 10_12_6) AppleWebKit/537.36 (KHTML, like Gecko) Chrome/63.0.3239.84 Safari/537.36"
66.132.172.181 - - [04/Sep/2026:05:41:24 -0500] "GET / HTTP/1.1" 500 2704 "-" "Mozilla/5.0 (compatible; CensysInspect/1.1; +https://about.censys.io/)"
8.217.145.188 - - [04/Sep/2026:05:50:36 -0500] "GET / HTTP/1.1" 500 188 "-" "Mozilla/5.0 (Windows NT 10.0; Win64; x64) AppleWebKit/537.36 (KHTML, like Gecko) Chrome/120.0.0.0 Safari/537.36"
40.77.167.67 - - [04/Sep/2026:05:53:41 -0500] "GET / HTTP/1.1" 500 188 "-" "Mozilla/5.0 AppleWebKit/537.36 (KHTML, like Gecko; compatible; bingbot/2.0; +http://www.bing.com/bingbot.htm) Chrome/116.0.1938.76 Safari/537.36"
98.84.200.43 - - [04/Sep/2026:05:57:20 -0500] "GET /wp-json/oembed/1.0/embed?url=https://effefe.com/horizontal-portfolio/ HTTP/1.1" 500 2704 "-" "Mozilla/5.0 AppleWebKit/537.36 (KHTML, like Gecko; compatible; Amazonbot/0.1; +https://developer.amazon.com/support/amazonbot) Chrome/119.0.6045.214 Safari/537.36"
114.119.142.39 - - [04/Sep/2026:06:06:30 -0500] "GET /?id=995643 HTTP/1.1" 500 188 "http://www.ztflooring.com/zhaopin/4256.html" "Mozilla/5.0 (Linux; Android 7.0;) AppleWebKit/537.36 (HTML, like Gecko) Mobile Safari/537.36 (compatible; PetalBot;+https://webmaster.petalsearch.com/site/petalbot)"
163.123.236.216 - - [04/Sep/2026:06:07:11 -0500] "HEAD / HTTP/1.1" 500 - "-" "Mozilla/5.0 (Windows NT 10.0; Win64; x64) AppleWebKit/537.36 (KHTML, like Gecko) Chrome/140.0.0.0 Safari/537.36"
163.123.236.216 - - [04/Sep/2026:06:07:14 -0500] "GET / HTTP/1.1" 500 188 "-" "Mozilla/5.0 (Windows NT 10.0; Win64; x64) AppleWebKit/537.36 (KHTML, like Gecko) Chrome/140.0.0.0 Safari/537.36"
163.123.236.216 - - [04/Sep/2026:06:07:17 -0500] "HEAD / HTTP/1.1" 500 - "-" "Mozilla/5.0 (Windows NT 10.0; Win64; x64) AppleWebKit/537.36 (KHTML, like Gecko) Chrome/140.0.0.0 Safari/537.36"
163.123.236.216 - - [04/Sep/2026:06:07:19 -0500] "GET / HTTP/1.1" 500 188 "-" "Mozilla/5.0 (Windows NT 10.0; Win64; x64) AppleWebKit/537.36 (KHTML, like Gecko) Chrome/140.0.0.0 Safari/537.36"
114.119.135.63 - - [04/Sep/2026:06:07:36 -0500] "GET /?id=956102.html HTTP/1.1" 500 188 "https://effefe.com/?id=956102.html" "Mozilla/5.0 (Linux; Android 7.0;) AppleWebKit/537.36 (HTML, like Gecko) Mobile Safari/537.36 (compatible; PetalBot;+https://webmaster.petalsearch.com/site/petalbot)"
170.106.35.153 - - [04/Sep/2026:06:09:33 -0500] "GET / HTTP/1.1" 403 199 "-" "Mozilla/5.0 (iPhone; CPU iPhone OS 13_2_3 like Mac OS X) AppleWebKit/605.1.15 (KHTML, like Gecko) Version/13.0.3 Mobile/15E148 Safari/604.1"
44.210.204.255 - - [04/Sep/2026:06:17:12 -0500] "GET /project-cat/bianco-e-nero/ HTTP/1.1" 500 2704 "-" "Mozilla/5.0 AppleWebKit/537.36 (KHTML, like Gecko; compatible; Amazonbot/0.1; +https://developer.amazon.com/support/amazonbot) Chrome/119.0.6045.214 Safari/537.36"
45.79.217.159 - - [04/Sep/2026:06:20:12 -0500] "GET / HTTP/1.1" 500 188 "-" "Mozilla/5.0 (Windows NT 10.0; Win64; x64) AppleWebKit/537.36 (KHTML, like Gecko) Chrome/120.0.0.0 Safari/537.36"
45.79.217.159 - - [04/Sep/2026:06:20:17 -0500] "GET /administrator/ HTTP/1.1" 403 199 "-" "Mozilla/5.0 (Windows NT 10.0; Win64; x64) AppleWebKit/537.36 (KHTML, like Gecko) Chrome/120.0.0.0 Safari/537.36"
45.79.217.159 - - [04/Sep/2026:06:20:18 -0500] "GET /administrator/manifests/files/joomla.xml HTTP/1.1" 403 199 "-" "Mozilla/5.0 (Windows NT 10.0; Win64; x64) AppleWebKit/537.36 (KHTML, like Gecko) Chrome/120.0.0.0 Safari/537.36"
45.79.217.159 - - [04/Sep/2026:06:20:18 -0500] "GET /language/en-GB/en-GB.xml HTTP/1.1" 403 199 "-" "Mozilla/5.0 (Windows NT 10.0; Win64; x64) AppleWebKit/537.36 (KHTML, like Gecko) Chrome/120.0.0.0 Safari/537.36"
45.79.217.159 - - [04/Sep/2026:06:20:19 -0500] "GET /media/system/js/core.js HTTP/1.1" 403 199 "-" "Mozilla/5.0 (Windows NT 10.0; Win64; x64) AppleWebKit/537.36 (KHTML, like Gecko) Chrome/120.0.0.0 Safari/537.36"
120.133.60.156 - - [04/Sep/2026:06:22:12 -0500] "POST /wp-login.php HTTP/1.1" 500 188 "https://effefe.com/wp-login.php" "Mozilla/5.0 (Windows NT 10.0; Win64; x64) AppleWebKit/537.36 (KHTML, like Gecko) Chrome/125.0.0.0 Safari/537.36"
151.243.177.125 - - [04/Sep/2026:06:26:24 -0500] "POST /wp-includes/html-api/zqxivml/wlzpj1t/pwhsnrj/index.php HTTP/1.1" 500 188 "-" "Mozilla/5.0 (Windows NT 10.0; Win64; x64) AppleWebKit/537.36 (KHTML, like Gecko) Chrome/85.0.4183.121 Safari/537.36"
34.48.225.191 - - [04/Sep/2026:06:34:14 -0500] "GET /wp-config.php.bak HTTP/1.1" 403 199 "-" "crusader-worker/1.0"
34.48.225.191 - - [04/Sep/2026:06:34:14 -0500] "GET /.env.production HTTP/1.1" 403 199 "-" "crusader-worker/1.0"
34.48.225.191 - - [04/Sep/2026:06:34:14 -0500] "GET /wp-config.php~ HTTP/1.1" 403 199 "-" "crusader-worker/1.0"
34.48.225.191 - - [04/Sep/2026:06:34:14 -0500] "GET /.env.save HTTP/1.1" 403 199 "-" "crusader-worker/1.0"
34.48.225.191 - - [04/Sep/2026:06:34:14 -0500] "GET /.env.backup HTTP/1.1" 403 199 "-" "crusader-worker/1.0"
34.48.225.191 - - [04/Sep/2026:06:34:14 -0500] "GET /.env.example HTTP/1.1" 403 199 "-" "crusader-worker/1.0"
34.48.225.191 - - [04/Sep/2026:06:34:14 -0500] "GET /.env.local HTTP/1.1" 403 199 "-" "crusader-worker/1.0"
34.48.225.191 - - [04/Sep/2026:06:34:14 -0500] "GET /.env.bak HTTP/1.1" 403 199 "-" "crusader-worker/1.0"
34.48.225.191 - - [04/Sep/2026:06:34:14 -0500] "GET /.env HTTP/1.1" 403 199 "-" "crusader-worker/1.0"
34.48.225.191 - - [04/Sep/2026:06:34:14 -0500] "GET /.env.dev HTTP/1.1" 403 199 "-" "crusader-worker/1.0"
34.48.225.191 - - [04/Sep/2026:06:34:14 -0500] "GET /wp-config.php.swp HTTP/1.1" 403 199 "-" "crusader-worker/1.0"
34.48.225.191 - - [04/Sep/2026:06:34:14 -0500] "GET /.env.prod HTTP/1.1" 403 199 "-" "crusader-worker/1.0"
34.48.225.191 - - [04/Sep/2026:06:34:14 -0500] "GET /.env.old HTTP/1.1" 403 199 "-" "crusader-worker/1.0"
34.48.225.191 - - [04/Sep/2026:06:34:16 -0500] "GET /storage/logs/laravel.log HTTP/1.1" 403 199 "-" "crusader-worker/1.0"
34.48.225.191 - - [04/Sep/2026:06:34:14 -0500] "GET /crusader-404-probe HTTP/1.1" 500 188 "-" "crusader-worker/1.0"
34.48.225.191 - - [04/Sep/2026:06:34:14 -0500] "GET /actuator/configprops HTTP/1.1" 500 188 "-" "crusader-worker/1.0"
34.48.225.191 - - [04/Sep/2026:06:34:14 -0500] "GET /env HTTP/1.1" 500 188 "-" "crusader-worker/1.0"
34.48.225.191 - - [04/Sep/2026:06:34:14 -0500] "GET /actuator/env HTTP/1.1" 500 188 "-" "crusader-worker/1.0"
34.48.225.191 - - [04/Sep/2026:06:34:16 -0500] "GET /crusader-404-probe HTTP/1.1" 500 188 "-" "crusader-worker/1.0"
34.48.225.191 - - [04/Sep/2026:06:34:16 -0500] "GET /_ignition/health-check HTTP/1.1" 500 188 "-" "crusader-worker/1.0"
34.48.225.191 - - [04/Sep/2026:06:34:14 -0500] "GET /_ignition/health-check HTTP/1.1" 500 188 "-" "crusader-worker/1.0"
34.48.225.191 - - [04/Sep/2026:06:34:16 -0500] "GET /actuator/configprops HTTP/1.1" 500 188 "-" "crusader-worker/1.0"
34.48.225.191 - - [04/Sep/2026:06:34:16 -0500] "GET /env HTTP/1.1" 500 188 "-" "crusader-worker/1.0"
34.48.225.191 - - [04/Sep/2026:06:34:16 -0500] "GET /actuator/env HTTP/1.1" 500 188 "-" "crusader-worker/1.0"
34.48.225.191 - - [04/Sep/2026:06:34:30 -0500] "GET //.env HTTP/1.1" 403 199 "-" "crusader-worker/1.0"
34.48.225.191 - - [04/Sep/2026:06:34:30 -0500] "GET /.env. HTTP/1.1" 403 199 "-" "crusader-worker/1.0"
34.48.225.191 - - [04/Sep/2026:06:34:30 -0500] "GET /.env;.png HTTP/1.1" 403 199 "-" "crusader-worker/1.0"
34.48.225.191 - - [04/Sep/2026:06:34:30 -0500] "GET /.ENV HTTP/1.1" 403 199 "-" "crusader-worker/1.0"
34.48.225.191 - - [04/Sep/2026:06:34:30 -0500] "GET /%2eenv HTTP/1.1" 500 188 "-" "crusader-worker/1.0"
34.48.225.191 - - [04/Sep/2026:06:34:30 -0500] "GET / HTTP/1.1" 500 188 "-" "crusader-worker/1.0"
34.48.225.191 - - [04/Sep/2026:06:34:31 -0500] "GET / HTTP/1.1" 500 188 "-" "crusader-worker/1.0"
34.48.225.191 - - [04/Sep/2026:06:34:31 -0500] "GET /%2eenv HTTP/1.1" 500 188 "-" "crusader-worker/1.0"
34.48.225.191 - - [04/Sep/2026:06:34:30 -0500] "GET /.env/ HTTP/1.1" 403 199 "-" "crusader-worker/1.0"
193.34.212.54 - - [04/Sep/2026:06:45:13 -0500] "GET /images/images/cache.php HTTP/1.1" 500 188 "www.google.com" "Mozlila/5.0 (Linux; Android 7.0; SM-G892A Bulid/NRD90M; wv) AppleWebKit/537.36 (KHTML, like Gecko) Version/4.0 Chrome/60.0.3112.107 Moblie Safari/537.36"
193.34.212.54 - - [04/Sep/2026:06:45:38 -0500] "GET /images/images/cache.php HTTP/1.1" 500 188 "www.google.com" "Mozlila/5.0 (Linux; Android 7.0; SM-G892A Bulid/NRD90M; wv) AppleWebKit/537.36 (KHTML, like Gecko) Version/4.0 Chrome/60.0.3112.107 Moblie Safari/537.36"
52.6.97.88 - - [04/Sep/2026:06:47:40 -0500] "GET /shop/ HTTP/1.1" 500 2704 "-" "Mozilla/5.0 AppleWebKit/537.36 (KHTML, like Gecko; compatible; Amazonbot/0.1; +https://developer.amazon.com/support/amazonbot) Chrome/119.0.6045.214 Safari/537.36"
131.226.2.162 - - [04/Sep/2026:06:58:11 -0500] "GET /wp-login.php HTTP/1.1" 500 188 "-" "Mozilla/5.0 (Windows NT 10.0; Win64; x64) AppleWebKit/537.36 (KHTML, like Gecko) Chrome/120.0.0.0 Safari/537.36"
114.119.154.166 - - [04/Sep/2026:07:00:38 -0500] "GET /robots.txt HTTP/1.1" 500 188 "http://effefe.com/robots.txt" "Mozilla/5.0 (compatible;PetalBot;+https://webmaster.petalsearch.com/site/petalbot)"
43.159.128.247 - - [04/Sep/2026:07:02:15 -0500] "GET / HTTP/1.1" 403 199 "-" "Mozilla/5.0 (iPhone; CPU iPhone OS 13_2_3 like Mac OS X) AppleWebKit/605.1.15 (KHTML, like Gecko) Version/13.0.3 Mobile/15E148 Safari/604.1"
157.90.185.123 - - [04/Sep/2026:07:03:19 -0500] "POST /wp-cron.php?doing_wp_cron=1788523399.6789178848266601562500 HTTP/1.1" 200 - "-" "WordPress/7.1; https://effefe.com"
114.119.154.166 - - [04/Sep/2026:07:03:16 -0500] "GET /minimal-portfolio/ HTTP/1.1" 200 112442 "https://effefe.com/minimal-portfolio/" "Mozilla/5.0 (Linux; Android 7.0;) AppleWebKit/537.36 (HTML, like Gecko) Mobile Safari/537.36 (compatible; PetalBot;+https://webmaster.petalsearch.com/site/petalbot)"
107.20.25.33 - - [04/Sep/2026:07:03:32 -0500] "GET /wp-json/oembed/1.0/embed?format=xml&url=https://effefe.com/metro-shop/ HTTP/1.1" 200 2271 "-" "Mozilla/5.0 AppleWebKit/537.36 (KHTML, like Gecko; compatible; Amazonbot/0.1; +https://developer.amazon.com/support/amazonbot) Chrome/119.0.6045.214 Safari/537.36"
100.26.66.245 - - [04/Sep/2026:07:04:01 -0500] "GET /robots.txt HTTP/1.1" 500 188 "-" "Mozilla/5.0 (Macintosh; Intel Mac OS X 10_10_1) AppleWebKit/600.2.5 (KHTML, like Gecko) Version/8.0.2 Safari/600.2.5 (Gort)"
114.119.148.64 - - [04/Sep/2026:07:04:51 -0500] "GET /?id=621378 HTTP/1.1" 500 188 "https://effefe.com/?id=621378" "Mozilla/5.0 (Linux; Android 7.0;) AppleWebKit/537.36 (HTML, like Gecko) Mobile Safari/537.36 (compatible; PetalBot;+https://webmaster.petalsearch.com/site/petalbot)"
114.119.144.15 - - [04/Sep/2026:07:06:38 -0500] "GET /?id=477257 HTTP/1.1" 500 188 "http://www.effefe.com?id=477257" "Mozilla/5.0 (Linux; Android 7.0;) AppleWebKit/537.36 (HTML, like Gecko) Mobile Safari/537.36 (compatible; PetalBot;+https://webmaster.petalsearch.com/site/petalbot)"
114.119.142.39 - - [04/Sep/2026:07:08:49 -0500] "GET /?id=253480 HTTP/1.1" 500 188 "https://effefe.com/?id=253480" "Mozilla/5.0 (Linux; Android 7.0;) AppleWebKit/537.36 (HTML, like Gecko) Mobile Safari/537.36 (compatible; PetalBot;+https://webmaster.petalsearch.com/site/petalbot)"
114.119.152.47 - - [04/Sep/2026:07:10:35 -0500] "GET /?id=203522 HTTP/1.1" 500 188 "http://www.effefe.com?id=203522" "Mozilla/5.0 (Linux; Android 7.0;) AppleWebKit/537.36 (HTML, like Gecko) Mobile Safari/537.36 (compatible; PetalBot;+https://webmaster.petalsearch.com/site/petalbot)"
45.8.196.199 - - [04/Sep/2026:07:37:57 -0500] "GET /wp-includes/js/jquery/jquery.js HTTP/1.1" 200 285334 "-" "-"
120.133.60.156 - - [04/Sep/2026:07:42:42 -0500] "POST /wp-login.php HTTP/1.1" 500 2880 "https://effefe.com/wp-login.php" "Mozilla/5.0 (Windows NT 10.0; Win64; x64) AppleWebKit/537.36 (KHTML, like Gecko) Chrome/125.0.0.0 Safari/537.36"
158.173.67.167 - - [04/Sep/2026:07:59:32 -0500] "GET / HTTP/1.1" 500 188 "-" "Mozilla/5.0 (X11; Linux x86_64) AppleWebKit/537.36 (KHTML, like Gecko) Chrome/125.0.0.0 Safari/537.36"
114.119.144.15 - - [04/Sep/2026:08:04:17 -0500] "GET /?id=335729 HTTP/1.1" 500 188 "https://effefe.com/?id=335729" "Mozilla/5.0 (Linux; Android 7.0;) AppleWebKit/537.36 (HTML, like Gecko) Mobile Safari/537.36 (compatible; PetalBot;+https://webmaster.petalsearch.com/site/petalbot)"
205.210.31.27 - - [04/Sep/2026:08:21:55 -0500] "GET / HTTP/1.1" 500 2704 "-" "Hello from Palo Alto Networks, find out more about our scans in https://docs-cortex.paloaltonetworks.com/r/1/Cortex-Xpanse/Scanning-activity"
129.211.229.121 - - [04/Sep/2026:08:26:07 -0500] "GET / HTTP/1.1" 403 199 "-" "Mozilla/5.0 (iPhone; CPU iPhone OS 13_2_3 like Mac OS X) AppleWebKit/605.1.15 (KHTML, like Gecko) Version/13.0.3 Mobile/15E148 Safari/604.1"
173.252.95.45 - - [04/Sep/2026:08:27:51 -0500] "GET /robots.txt HTTP/1.1" 500 188 "-" "facebookexternalhit/1.1 (+http://www.facebook.com/externalhit_uatext.php)"
94.154.43.146 - - [04/Sep/2026:08:29:59 -0500] "GET /.env HTTP/1.1" 403 199 "-" "Mozilla/5.0 (Windows NT 10.0; Win64; x64) AppleWebKit/537.36 (KHTML, like Gecko) Chrome/147.0.0.0 Safari/537.36"
114.119.135.63 - - [04/Sep/2026:08:36:47 -0500] "GET /?id=573166.html HTTP/1.1" 500 188 "https://effefe.com/?id=573166.html" "Mozilla/5.0 (Linux; Android 7.0;) AppleWebKit/537.36 (HTML, like Gecko) Mobile Safari/537.36 (compatible; PetalBot;+https://webmaster.petalsearch.com/site/petalbot)"
157.90.185.123 - - [04/Sep/2026:08:56:25 -0500] "POST /wp-cron.php?doing_wp_cron=1788530185.8606150150299072265625 HTTP/1.1" 200 - "-" "WordPress/7.1; https://effefe.com"
114.119.154.166 - - [04/Sep/2026:08:56:22 -0500] "GET /?id=500258 HTTP/1.1" 301 - "http://www.ztflooring.com/zhaopin/list-191.html" "Mozilla/5.0 (Linux; Android 7.0;) AppleWebKit/537.36 (HTML, like Gecko) Mobile Safari/537.36 (compatible; PetalBot;+https://webmaster.petalsearch.com/site/petalbot)"
114.119.154.166 - - [04/Sep/2026:08:56:26 -0500] "GET /?id=500258 HTTP/1.1" 200 208302 "http://www.ztflooring.com/zhaopin/list-191.html" "Mozilla/5.0 (Linux; Android 7.0;) AppleWebKit/537.36 (HTML, like Gecko) Mobile Safari/537.36 (compatible; PetalBot;+https://webmaster.petalsearch.com/site/petalbot)"
66.249.70.105 - - [04/Sep/2026:09:08:06 -0500] "GET /robots.txt HTTP/1.1" 500 188 "-" "Mozilla/5.0 (compatible; Googlebot/2.1; +http://www.google.com/bot.html)"
66.249.78.96 - - [04/Sep/2026:09:08:06 -0500] "GET /robots.txt HTTP/1.1" 500 188 "-" "Mozilla/5.0 (compatible; Googlebot/2.1; +http://www.google.com/bot.html)"
120.133.60.156 - - [04/Sep/2026:09:10:03 -0500] "POST /wp-login.php HTTP/1.1" 500 188 "https://effefe.com/wp-login.php" "Mozilla/5.0 (Windows NT 10.0; Win64; x64) AppleWebKit/537.36 (KHTML, like Gecko) Chrome/125.0.0.0 Safari/537.36"
114.119.142.39 - - [04/Sep/2026:09:15:20 -0500] "GET /?id=610847 HTTP/1.1" 500 188 "http://www.effefe.com?id=610847" "Mozilla/5.0 (Linux; Android 7.0;) AppleWebKit/537.36 (HTML, like Gecko) Mobile Safari/537.36 (compatible; PetalBot;+https://webmaster.petalsearch.com/site/petalbot)"
114.119.158.46 - - [04/Sep/2026:09:15:27 -0500] "GET /?id=684351 HTTP/1.1" 500 188 "http://www.yijielace.com/zhaopin/4931.html" "Mozilla/5.0 (Linux; Android 7.0;) AppleWebKit/537.36 (HTML, like Gecko) Mobile Safari/537.36 (compatible; PetalBot;+https://webmaster.petalsearch.com/site/petalbot)"
52.23.112.144 - - [04/Sep/2026:09:18:56 -0500] "GET /project-cat/bulls/ HTTP/1.1" 500 188 "-" "Mozilla/5.0 AppleWebKit/537.36 (KHTML, like Gecko; compatible; Amazonbot/0.1; +https://developer.amazon.com/support/amazonbot) Chrome/119.0.6045.214 Safari/537.36"
114.119.142.39 - - [04/Sep/2026:09:22:44 -0500] "GET /?id=358045.html HTTP/1.1" 500 188 "http://www.baisentong.com/tag/58920/" "Mozilla/5.0 (Linux; Android 7.0;) AppleWebKit/537.36 (HTML, like Gecko) Mobile Safari/537.36 (compatible; PetalBot;+https://webmaster.petalsearch.com/site/petalbot)"
114.119.137.116 - - [04/Sep/2026:09:26:26 -0500] "GET /?id=937736.html HTTP/1.1" 500 2704 "http://www.ziasteelmills.com/www-com/ziast-hotelkikirdub-ll8.html" "Mozilla/5.0 (Linux; Android 7.0;) AppleWebKit/537.36 (HTML, like Gecko) Mobile Safari/537.36 (compatible; PetalBot;+https://webmaster.petalsearch.com/site/petalbot)"
104.30.167.164 - - [04/Sep/2026:09:32:27 -0500] "GET / HTTP/1.1" 500 188 "-" "Mozilla/5.0 (Macintosh; Intel Mac OS X 10_15_7) AppleWebKit/537.36 (KHTML, like Gecko) Chrome/92.0.4515.107 Safari/537.36 (compatible; +https://developers.cloudflare.com/security-center/)"
104.30.167.164 - - [04/Sep/2026:09:32:28 -0500] "GET / HTTP/1.1" 500 188 "-" "Mozilla/5.0 (Macintosh; Intel Mac OS X 10_15_7) AppleWebKit/537.36 (KHTML, like Gecko) Chrome/92.0.4515.107 Safari/537.36 (compatible; +https://developers.cloudflare.com/security-center/)"
84.235.250.94 - - [04/Sep/2026:09:36:56 -0500] "GET / HTTP/1.1" 500 188 "-" "Go-http-client/1.1"
84.235.250.94 - - [04/Sep/2026:09:36:58 -0500] "GET /wp-includes/css/buttons.css HTTP/1.1" 200 13059 "-" "Go-http-client/1.1"
44.212.106.171 - - [04/Sep/2026:09:41:08 -0500] "GET /wp-json/oembed/1.0/embed?format=xml&url=https://effefe.com/about-us/ HTTP/1.1" 500 2704 "-" "Mozilla/5.0 AppleWebKit/537.36 (KHTML, like Gecko; compatible; Amazonbot/0.1; +https://developer.amazon.com/support/amazonbot) Chrome/119.0.6045.214 Safari/537.36"
114.119.158.46 - - [04/Sep/2026:09:43:33 -0500] "GET /product-category/accessories/?stock_status=onsale HTTP/1.1" 500 188 "https://effefe.com/product-category/accessories/?stock_status=instock%2Consale" "Mozilla/5.0 (Linux; Android 7.0;) AppleWebKit/537.36 (HTML, like Gecko) Mobile Safari/537.36 (compatible; PetalBot;+https://webmaster.petalsearch.com/site/petalbot)"
114.119.148.64 - - [04/Sep/2026:09:45:28 -0500] "GET /?id=838819 HTTP/1.1" 500 188 "https://effefe.com/?id=838819" "Mozilla/5.0 (Linux; Android 7.0;) AppleWebKit/537.36 (HTML, like Gecko) Mobile Safari/537.36 (compatible; PetalBot;+https://webmaster.petalsearch.com/site/petalbot)"
114.119.154.166 - - [04/Sep/2026:10:08:17 -0500] "GET /?id=316003.html HTTP/1.1" 500 2704 "http://www.effefe.com?id=316003.html" "Mozilla/5.0 (Linux; Android 7.0;) AppleWebKit/537.36 (HTML, like Gecko) Mobile Safari/537.36 (compatible; PetalBot;+https://webmaster.petalsearch.com/site/petalbot)"
114.119.144.15 - - [04/Sep/2026:10:17:49 -0500] "GET /?id=997962.html HTTP/1.1" 500 188 "http://baisentong.com/tag/1764/" "Mozilla/5.0 (Linux; Android 7.0;) AppleWebKit/537.36 (HTML, like Gecko) Mobile Safari/537.36 (compatible; PetalBot;+https://webmaster.petalsearch.com/site/petalbot)"
64.44.59.17 - - [04/Sep/2026:10:18:36 -0500] "GET /wp-includes/sitemaps/zlumxjk/mafhkzn/sf1ypjr/index.php?pass=K6hkO2zwH3E HTTP/1.1" 500 188 "-" "Mozilla/5.0 (Windows NT 10.0; Win64; x64) AppleWebKit/537.36 (KHTML, like Gecko) Chrome/127.0.0.0 Safari/537.36"
35.212.81.89 - - [04/Sep/2026:10:26:58 -0500] "GET /ads.txt HTTP/1.1" 500 188 "-" "Mozilla/5.0 (Macintosh; Intel Mac OS X 10_12_6) AppleWebKit/537.36 (KHTML, like Gecko) Chrome/63.0.3239.84 Safari/537.36"
35.212.81.89 - - [04/Sep/2026:10:27:01 -0500] "GET /ads.txt HTTP/1.1" 500 188 "-" "Mozilla/5.0 (Macintosh; Intel Mac OS X 10_12_6) AppleWebKit/537.36 (KHTML, like Gecko) Chrome/63.0.3239.84 Safari/537.36"
13.135.71.168 - - [04/Sep/2026:10:28:19 -0500] "HEAD / HTTP/1.1" 500 - "-" "Mozilla/5.0 (compatible; DefaultsExposed/1.0; +https://defaults.exposed/headers)"
13.135.71.168 - - [04/Sep/2026:10:28:19 -0500] "HEAD / HTTP/1.1" 500 - "-" "Mozilla/5.0 (compatible; DefaultsExposed/1.0; +https://defaults.exposed/headers)"
45.83.220.214 - - [04/Sep/2026:10:38:18 -0500] "GET / HTTP/1.1" 500 2704 "-" "Mozilla/5.0 (Windows NT 10.0; Win64; x64) Chrome/120.0.0.0 Safari/537.36"
146.70.194.222 - - [04/Sep/2026:10:40:52 -0500] "GET / HTTP/1.1" 500 188 "-" "Mozilla/5.0 (Windows NT 10.0; Win64; x64) AppleWebKit/537.36 (KHTML, like Gecko) Chrome/78.0.3904.108 Safari/537.36"
146.70.194.222 - - [04/Sep/2026:10:40:54 -0500] "GET / HTTP/1.1" 500 188 "-" "Mozilla/5.0 (Windows NT 10.0; Win64; x64) AppleWebKit/537.36 (KHTML, like Gecko) Chrome/78.0.3904.108 Safari/537.36"
146.70.194.222 - - [04/Sep/2026:10:40:56 -0500] "GET /wp-includes/wlwmanifest.xml HTTP/1.1" 500 188 "-" "Mozilla/5.0 (Windows NT 10.0; Win64; x64) AppleWebKit/537.36 (KHTML, like Gecko) Chrome/78.0.3904.108 Safari/537.36"
146.70.194.222 - - [04/Sep/2026:10:40:58 -0500] "GET /xmlrpc.php?rsd HTTP/1.1" 403 199 "-" "Mozilla/5.0 (Windows NT 10.0; Win64; x64) AppleWebKit/537.36 (KHTML, like Gecko) Chrome/78.0.3904.108 Safari/537.36"
146.70.194.222 - - [04/Sep/2026:10:40:58 -0500] "GET / HTTP/1.1" 500 188 "-" "Mozilla/5.0 (Windows NT 10.0; Win64; x64) AppleWebKit/537.36 (KHTML, like Gecko) Chrome/78.0.3904.108 Safari/537.36"
146.70.194.222 - - [04/Sep/2026:10:41:00 -0500] "GET /blog/wp-includes/wlwmanifest.xml HTTP/1.1" 500 188 "-" "Mozilla/5.0 (Windows NT 10.0; Win64; x64) AppleWebKit/537.36 (KHTML, like Gecko) Chrome/78.0.3904.108 Safari/537.36"
146.70.194.222 - - [04/Sep/2026:10:41:02 -0500] "GET /web/wp-includes/wlwmanifest.xml HTTP/1.1" 500 188 "-" "Mozilla/5.0 (Windows NT 10.0; Win64; x64) AppleWebKit/537.36 (KHTML, like Gecko) Chrome/78.0.3904.108 Safari/537.36"
146.70.194.222 - - [04/Sep/2026:10:41:04 -0500] "GET /wordpress/wp-includes/wlwmanifest.xml HTTP/1.1" 500 188 "-" "Mozilla/5.0 (Windows NT 10.0; Win64; x64) AppleWebKit/537.36 (KHTML, like Gecko) Chrome/78.0.3904.108 Safari/537.36"
146.70.194.222 - - [04/Sep/2026:10:41:05 -0500] "GET /website/wp-includes/wlwmanifest.xml HTTP/1.1" 500 188 "-" "Mozilla/5.0 (Windows NT 10.0; Win64; x64) AppleWebKit/537.36 (KHTML, like Gecko) Chrome/78.0.3904.108 Safari/537.36"
146.70.194.222 - - [04/Sep/2026:10:41:07 -0500] "GET /wp/wp-includes/wlwmanifest.xml HTTP/1.1" 500 188 "-" "Mozilla/5.0 (Windows NT 10.0; Win64; x64) AppleWebKit/537.36 (KHTML, like Gecko) Chrome/78.0.3904.108 Safari/537.36"
146.70.194.222 - - [04/Sep/2026:10:41:09 -0500] "GET /news/wp-includes/wlwmanifest.xml HTTP/1.1" 500 188 "-" "Mozilla/5.0 (Windows NT 10.0; Win64; x64) AppleWebKit/537.36 (KHTML, like Gecko) Chrome/78.0.3904.108 Safari/537.36"
146.70.194.222 - - [04/Sep/2026:10:41:11 -0500] "GET /2018/wp-includes/wlwmanifest.xml HTTP/1.1" 500 188 "-" "Mozilla/5.0 (Windows NT 10.0; Win64; x64) AppleWebKit/537.36 (KHTML, like Gecko) Chrome/78.0.3904.108 Safari/537.36"
146.70.194.222 - - [04/Sep/2026:10:41:13 -0500] "GET /2019/wp-includes/wlwmanifest.xml HTTP/1.1" 500 188 "-" "Mozilla/5.0 (Windows NT 10.0; Win64; x64) AppleWebKit/537.36 (KHTML, like Gecko) Chrome/78.0.3904.108 Safari/537.36"
146.70.194.222 - - [04/Sep/2026:10:41:15 -0500] "GET /shop/wp-includes/wlwmanifest.xml HTTP/1.1" 500 188 "-" "Mozilla/5.0 (Windows NT 10.0; Win64; x64) AppleWebKit/537.36 (KHTML, like Gecko) Chrome/78.0.3904.108 Safari/537.36"
146.70.194.222 - - [04/Sep/2026:10:41:16 -0500] "GET /wp1/wp-includes/wlwmanifest.xml HTTP/1.1" 500 188 "-" "Mozilla/5.0 (Windows NT 10.0; Win64; x64) AppleWebKit/537.36 (KHTML, like Gecko) Chrome/78.0.3904.108 Safari/537.36"
146.70.194.222 - - [04/Sep/2026:10:41:18 -0500] "GET /test/wp-includes/wlwmanifest.xml HTTP/1.1" 500 188 "-" "Mozilla/5.0 (Windows NT 10.0; Win64; x64) AppleWebKit/537.36 (KHTML, like Gecko) Chrome/78.0.3904.108 Safari/537.36"
146.70.194.222 - - [04/Sep/2026:10:41:20 -0500] "GET /media/wp-includes/wlwmanifest.xml HTTP/1.1" 500 188 "-" "Mozilla/5.0 (Windows NT 10.0; Win64; x64) AppleWebKit/537.36 (KHTML, like Gecko) Chrome/78.0.3904.108 Safari/537.36"
146.70.194.222 - - [04/Sep/2026:10:41:22 -0500] "GET /wp2/wp-includes/wlwmanifest.xml HTTP/1.1" 500 188 "-" "Mozilla/5.0 (Windows NT 10.0; Win64; x64) AppleWebKit/537.36 (KHTML, like Gecko) Chrome/78.0.3904.108 Safari/537.36"
146.70.194.222 - - [04/Sep/2026:10:41:24 -0500] "GET /site/wp-includes/wlwmanifest.xml HTTP/1.1" 500 188 "-" "Mozilla/5.0 (Windows NT 10.0; Win64; x64) AppleWebKit/537.36 (KHTML, like Gecko) Chrome/78.0.3904.108 Safari/537.36"
146.70.194.222 - - [04/Sep/2026:10:41:25 -0500] "GET /cms/wp-includes/wlwmanifest.xml HTTP/1.1" 500 188 "-" "Mozilla/5.0 (Windows NT 10.0; Win64; x64) AppleWebKit/537.36 (KHTML, like Gecko) Chrome/78.0.3904.108 Safari/537.36"
146.70.194.222 - - [04/Sep/2026:10:41:27 -0500] "GET /sito/wp-includes/wlwmanifest.xml HTTP/1.1" 500 188 "-" "Mozilla/5.0 (Windows NT 10.0; Win64; x64) AppleWebKit/537.36 (KHTML, like Gecko) Chrome/78.0.3904.108 Safari/537.36"
43.157.38.131 - - [04/Sep/2026:10:41:39 -0500] "GET / HTTP/1.1" 403 199 "-" "Mozilla/5.0 (iPhone; CPU iPhone OS 13_2_3 like Mac OS X) AppleWebKit/605.1.15 (KHTML, like Gecko) Version/13.0.3 Mobile/15E148 Safari/604.1"
120.133.60.156 - - [04/Sep/2026:10:43:24 -0500] "POST /wp-login.php HTTP/1.1" 500 188 "https://effefe.com/wp-login.php" "Mozilla/5.0 (Windows NT 10.0; Win64; x64) AppleWebKit/537.36 (KHTML, like Gecko) Chrome/125.0.0.0 Safari/537.36"
114.119.137.116 - - [04/Sep/2026:10:50:24 -0500] "GET /category/stories/ HTTP/1.1" 500 188 "https://effefe.com/category/stories/" "Mozilla/5.0 (Linux; Android 7.0;) AppleWebKit/537.36 (HTML, like Gecko) Mobile Safari/537.36 (compatible; PetalBot;+https://webmaster.petalsearch.com/site/petalbot)"
34.225.243.131 - - [04/Sep/2026:10:56:48 -0500] "GET /portfolio/basta-corride/ HTTP/1.1" 500 188 "-" "Mozilla/5.0 AppleWebKit/537.36 (KHTML, like Gecko; compatible; Amazonbot/0.1; +https://developer.amazon.com/support/amazonbot) Chrome/119.0.6045.214 Safari/537.36"
52.167.144.20 - - [04/Sep/2026:11:00:30 -0500] "GET /news/FIxeyH.html HTTP/1.1" 500 188 "-" "Mozilla/5.0 AppleWebKit/537.36 (KHTML, like Gecko; compatible; bingbot/2.0; +http://www.bing.com/bingbot.htm) Chrome/116.0.1938.76 Safari/537.36"
38.19.228.228 - - [04/Sep/2026:11:19:17 -0500] "GET /portfolio/cordoba/ HTTP/1.1" 500 2704 "-" "Mozilla/5.0 (Macintosh; Intel Mac OS X 10_15_7) AppleWebKit/537.36 (KHTML, like Gecko) Chrome/133.0.0.0 Safari/537.36"
153.117.29.218 - - [04/Sep/2026:11:19:22 -0500] "GET /portfolio/cordoba/ HTTP/1.1" 500 188 "-" "Mozilla/5.0 (Windows NT 10.0; Win64; x64) AppleWebKit/537.36 (KHTML, like Gecko) Chrome/99.0.4844.51 Safari/537.36"
39.40.148.251 - - [04/Sep/2026:11:19:27 -0500] "GET /portfolio/cordoba/ HTTP/1.1" 500 188 "-" "Mozilla/5.0 (Macintosh; Intel Mac OS X 10_15_7) AppleWebKit/537.36 (KHTML, like Gecko) Chrome/131.0.0.0 Safari/537.36"
157.90.185.123 - - [04/Sep/2026:11:19:40 -0500] "POST /wp-cron.php?doing_wp_cron=1788538780.2785980701446533203125 HTTP/1.1" 200 - "-" "WordPress/7.1; https://effefe.com"
186.109.154.142 - - [04/Sep/2026:11:19:36 -0500] "GET /five-columns-wide-portfolio/ HTTP/1.1" 200 113522 "-" "Mozilla/5.0 (Windows NT 10.0; Win64; x64) AppleWebKit/537.36 (KHTML, like Gecko) Chrome/107.0.0.0 Safari/537.36"
52.167.144.137 - - [04/Sep/2026:11:20:11 -0500] "GET /portfolio/il-canto-del-pavoni-alla-luna/ HTTP/1.1" 500 188 "-" "Mozilla/5.0 AppleWebKit/537.36 (KHTML, like Gecko; compatible; bingbot/2.0; +http://www.bing.com/bingbot.htm) Chrome/116.0.1938.76 Safari/537.36"
196.188.252.84 - - [04/Sep/2026:11:20:52 -0500] "GET /three-columns-wide-portfolio/ HTTP/1.1" 500 188 "-" "Mozilla/5.0 (Macintosh; Intel Mac OS X 10_15_7) AppleWebKit/537.36 (KHTML, like Gecko) Chrome/133.0.0.0 Safari/537.36"
45.33.74.165 - - [04/Sep/2026:11:20:52 -0500] "GET / HTTP/1.1" 500 188 "-" "Mozilla/5.0 (Windows NT 10.0; Win64; x64) AppleWebKit/537.36 (KHTML, like Gecko) Chrome/120.0.0.0 Safari/537.36"
45.33.74.165 - - [04/Sep/2026:11:20:58 -0500] "GET /administrator/ HTTP/1.1" 403 199 "-" "Mozilla/5.0 (Windows NT 10.0; Win64; x64) AppleWebKit/537.36 (KHTML, like Gecko) Chrome/120.0.0.0 Safari/537.36"
45.33.74.165 - - [04/Sep/2026:11:20:59 -0500] "GET /administrator/manifests/files/joomla.xml HTTP/1.1" 403 199 "-" "Mozilla/5.0 (Windows NT 10.0; Win64; x64) AppleWebKit/537.36 (KHTML, like Gecko) Chrome/120.0.0.0 Safari/537.36"
45.33.74.165 - - [04/Sep/2026:11:20:59 -0500] "GET /language/en-GB/en-GB.xml HTTP/1.1" 403 199 "-" "Mozilla/5.0 (Windows NT 10.0; Win64; x64) AppleWebKit/537.36 (KHTML, like Gecko) Chrome/120.0.0.0 Safari/537.36"
45.33.74.165 - - [04/Sep/2026:11:20:59 -0500] "GET /media/system/js/core.js HTTP/1.1" 403 199 "-" "Mozilla/5.0 (Windows NT 10.0; Win64; x64) AppleWebKit/537.36 (KHTML, like Gecko) Chrome/120.0.0.0 Safari/537.36"
38.25.118.0 - - [04/Sep/2026:11:20:59 -0500] "GET /three-columns-wide-portfolio/ HTTP/1.1" 500 188 "-" "Mozilla/5.0 (Macintosh; Intel Mac OS X 10_15_7) AppleWebKit/537.36 (KHTML, like Gecko) Chrome/131.0.0.0 Safari/537.36"
102.203.137.243 - - [04/Sep/2026:11:21:13 -0500] "GET /three-columns-wide-portfolio/ HTTP/1.1" 500 188 "-" "Mozilla/5.0 (Windows NT 10.0; Win64; x64) AppleWebKit/537.36 (KHTML, like Gecko) Chrome/116.0.0.0 Safari/537.36"
3.212.205.90 - - [04/Sep/2026:11:21:56 -0500] "GET /home/embed/ HTTP/1.1" 500 188 "-" "Mozilla/5.0 AppleWebKit/537.36 (KHTML, like Gecko; compatible; Amazonbot/0.1; +https://developer.amazon.com/support/amazonbot) Chrome/119.0.6045.214 Safari/537.36"
114.119.137.116 - - [04/Sep/2026:11:25:07 -0500] "GET /wp-sitemap-posts-portfolio-1.xml HTTP/1.1" 500 188 "https://effefe.com/wp-sitemap-posts-portfolio-1.xml" "Mozilla/5.0 (Linux; Android 7.0;) AppleWebKit/537.36 (HTML, like Gecko) Mobile Safari/537.36 (compatible; PetalBot;+https://webmaster.petalsearch.com/site/petalbot)"
190.17.143.215 - - [04/Sep/2026:11:28:09 -0500] "GET /portfolio/basta-corride-ii/ HTTP/1.1" 500 188 "-" "Mozilla/5.0 (Windows NT 10.0; Win64; x64) AppleWebKit/537.36 (KHTML, like Gecko) Chrome/107.0.0.0 Safari/537.36"
41.123.12.87 - - [04/Sep/2026:11:28:09 -0500] "GET /fluid-shop/ HTTP/1.1" 500 188 "-" "Mozilla/5.0 (Macintosh; Intel Mac OS X 10_15_7) AppleWebKit/537.36 (KHTML, like Gecko) Chrome/120.0.0.0 Safari/537.36"
5.62.151.229 - - [04/Sep/2026:11:28:14 -0500] "GET /portfolio/basta-corride-ii/ HTTP/1.1" 500 188 "-" "Mozilla/5.0 (Windows NT 10.0; Win64; x64) AppleWebKit/537.36 (KHTML, like Gecko) Chrome/104.0.0.0 Safari/537.36"
102.217.242.226 - - [04/Sep/2026:11:28:14 -0500] "GET /fluid-shop/ HTTP/1.1" 500 188 "-" "Mozilla/5.0 (Windows NT 10.0; Win64; x64) AppleWebKit/537.36 (KHTML, like Gecko) Chrome/104.0.0.0 Safari/537.36"
91.73.30.30 - - [04/Sep/2026:11:28:18 -0500] "GET /fluid-shop/ HTTP/1.1" 500 188 "-" "Mozilla/5.0 (Windows NT 10.0; Win64; x64) AppleWebKit/537.36 (KHTML, like Gecko) Chrome/110.0.0.0 Safari/537.36"
105.113.93.252 - - [04/Sep/2026:11:28:20 -0500] "GET /portfolio/basta-corride-ii/ HTTP/1.1" 500 188 "-" "Mozilla/5.0 (Windows NT 10.0; Win64; x64) AppleWebKit/537.36 (KHTML, like Gecko) Chrome/100.0.4896.75 Safari/537.36"
46.197.156.249 - - [04/Sep/2026:11:28:30 -0500] "POST /xmlrpc.php HTTP/1.1" 403 199 "-" "Mozilla/5.0 (Macintosh; Intel Mac OS X 10_15_7; x64) AppleWebKit/537.36 (KHTML, like Gecko) Edge/80.0.0.0 Safari/537.36"
54.157.84.74 - - [04/Sep/2026:11:28:29 -0500] "GET /portfolio/veduta-sul-canal-grande/ HTTP/1.1" 500 188 "-" "Mozilla/5.0 AppleWebKit/537.36 (KHTML, like Gecko; compatible; Amazonbot/0.1; +https://developer.amazon.com/support/amazonbot) Chrome/119.0.6045.214 Safari/537.36"
45.177.77.139 - - [04/Sep/2026:11:34:18 -0500] "GET /masonry-blog/ HTTP/1.1" 500 188 "-" "Mozilla/5.0 (Windows NT 10.0; Win64; x64) AppleWebKit/537.36 (KHTML, like Gecko) Chrome/116.0.0.0 Safari/537.36"
111.92.138.78 - - [04/Sep/2026:11:34:22 -0500] "GET /masonry-blog/ HTTP/1.1" 500 188 "-" "Mozilla/5.0 (Windows NT 10.0; Win64; x64) AppleWebKit/537.36 (KHTML, like Gecko) Chrome/107.0.0.0 Safari/537.36"
190.206.115.73 - - [04/Sep/2026:11:34:27 -0500] "GET /masonry-blog/ HTTP/1.1" 500 188 "-" "Mozilla/5.0 (Windows NT 10.0; Win64; x64) AppleWebKit/537.36 (KHTML, like Gecko) Chrome/101.0.4951.67 Safari/537.36"
52.167.144.16 - - [04/Sep/2026:11:35:26 -0500] "GET /artice/2023082109/A1s3DJhLSiL1.html HTTP/1.1" 500 188 "-" "Mozilla/5.0 AppleWebKit/537.36 (KHTML, like Gecko; compatible; bingbot/2.0; +http://www.bing.com/bingbot.htm) Chrome/116.0.1938.76 Safari/537.36"
181.28.121.38 - - [04/Sep/2026:11:39:22 -0500] "GET /portfolio/toro-che-irrumpe/ HTTP/1.1" 500 188 "-" "Mozilla/5.0 (Macintosh; Intel Mac OS X 10_15_7) AppleWebKit/537.36 (KHTML, like Gecko) Chrome/136.0.0.0 Safari/537.36"
37.220.125.150 - - [04/Sep/2026:11:39:35 -0500] "GET /portfolio/toro-che-irrumpe/ HTTP/1.1" 500 188 "-" "Mozilla/5.0 (Macintosh; Intel Mac OS X 10_15_7) AppleWebKit/537.36 (KHTML, like Gecko) Chrome/123.0.0.0 Safari/537.36"
