158.23.18.78 - - [01/Sep/2026:11:16:12 -0500] "GET /classwithtostring.php?p= HTTP/1.1" 301 - "-" "-"
145.241.116.12 - - [01/Sep/2026:11:16:12 -0500] "GET /wp-admin/index.php HTTP/1.1" 302 - "https://iglesiaerestu.org/wp-login.php" "Mozilla/5.0 (X11; Linux x86_64) AppleWebKit/537.36 (KHTML, like Gecko) Chrome/120.0.0.0 Safari/537.36"
145.241.116.12 - - [01/Sep/2026:11:16:14 -0500] "GET /wp-login.php?redirect_to=https%3A%2F%2Fcampanaarquidiocesana.org%2Fwp-admin%2Findex.php&reauth=1 HTTP/1.1" 200 9325 "https://iglesiaerestu.org/wp-login.php" "Mozilla/5.0 (X11; Linux x86_64) AppleWebKit/537.36 (KHTML, like Gecko) Chrome/120.0.0.0 Safari/537.36"
158.23.18.78 - - [01/Sep/2026:11:16:14 -0500] "GET /classwithtostring.php HTTP/1.1" 404 41678 "-" "-"
145.241.116.12 - - [01/Sep/2026:11:16:15 -0500] "GET /wp-admin/index.php HTTP/1.1" 302 - "https://iglesiaerestu.org/wp-login.php" "Mozilla/5.0 (Windows NT 11.0; Win64; x64; rv:120.0) Gecko/20100101 Firefox/120.0"
158.23.18.78 - - [01/Sep/2026:11:16:15 -0500] "GET /simple.php HTTP/1.1" 404 41678 "-" "-"
158.23.18.78 - - [01/Sep/2026:11:16:17 -0500] "GET /wp-admin/css/colors/modern/ HTTP/1.1" 403 199 "-" "-"
158.23.18.78 - - [01/Sep/2026:11:16:17 -0500] "GET /wp-admin/css/colors/sunrise/ HTTP/1.1" 403 199 "-" "-"
145.241.116.12 - - [01/Sep/2026:11:16:17 -0500] "GET /wp-login.php?redirect_to=https%3A%2F%2Fcampanaarquidiocesana.org%2Fwp-admin%2Findex.php&reauth=1 HTTP/1.1" 200 9325 "https://iglesiaerestu.org/wp-login.php" "Mozilla/5.0 (Windows NT 11.0; Win64; x64; rv:120.0) Gecko/20100101 Firefox/120.0"
158.23.18.78 - - [01/Sep/2026:11:16:18 -0500] "GET /goods.php HTTP/1.1" 404 41678 "-" "-"
145.241.116.12 - - [01/Sep/2026:11:16:18 -0500] "GET /wp-admin/index.php HTTP/1.1" 302 - "https://iglesiaerestu.org/wp-login.php" "Mozilla/5.0 (X11; Linux x86_64) AppleWebKit/537.36 (KHTML, like Gecko) Chrome/120.0.0.0 Safari/537.36"
158.23.18.78 - - [01/Sep/2026:11:16:20 -0500] "GET /btx25.php HTTP/1.1" 404 41678 "-" "-"
145.241.116.12 - - [01/Sep/2026:11:16:20 -0500] "GET /wp-login.php?redirect_to=https%3A%2F%2Fcampanaarquidiocesana.org%2Fwp-admin%2Findex.php&reauth=1 HTTP/1.1" 200 9325 "https://iglesiaerestu.org/wp-login.php" "Mozilla/5.0 (X11; Linux x86_64) AppleWebKit/537.36 (KHTML, like Gecko) Chrome/120.0.0.0 Safari/537.36"
158.23.18.78 - - [01/Sep/2026:11:16:21 -0500] "GET /radio.php HTTP/1.1" 404 41678 "-" "-"
145.241.116.12 - - [01/Sep/2026:11:16:22 -0500] "GET /wp-admin/index.php HTTP/1.1" 302 - "https://iglesiaerestu.org/wp-login.php" "Mozilla/5.0 (X11; Linux x86_64) AppleWebKit/537.36 (KHTML, like Gecko) Chrome/119.0.0.0 Safari/537.36"
158.23.18.78 - - [01/Sep/2026:11:16:23 -0500] "GET /dex.php HTTP/1.1" 404 41678 "-" "-"
145.241.116.12 - - [01/Sep/2026:11:16:23 -0500] "GET /wp-login.php?redirect_to=https%3A%2F%2Fcampanaarquidiocesana.org%2Fwp-admin%2Findex.php&reauth=1 HTTP/1.1" 200 9325 "https://iglesiaerestu.org/wp-login.php" "Mozilla/5.0 (X11; Linux x86_64) AppleWebKit/537.36 (KHTML, like Gecko) Chrome/119.0.0.0 Safari/537.36"
158.23.18.78 - - [01/Sep/2026:11:16:25 -0500] "GET /replace.php HTTP/1.1" 404 41678 "-" "-"
145.241.116.12 - - [01/Sep/2026:11:16:25 -0500] "GET /wp-admin/index.php HTTP/1.1" 302 - "https://iglesiaerestu.org/wp-login.php" "Mozilla/5.0 (Windows NT 10.0; Win64; x64) AppleWebKit/537.36 (KHTML, like Gecko) Chrome/121.0.0.0 Safari/537.36"
145.241.116.12 - - [01/Sep/2026:11:16:27 -0500] "GET /wp-login.php?redirect_to=https%3A%2F%2Fcampanaarquidiocesana.org%2Fwp-admin%2Findex.php&reauth=1 HTTP/1.1" 200 9325 "https://iglesiaerestu.org/wp-login.php" "Mozilla/5.0 (Windows NT 10.0; Win64; x64) AppleWebKit/537.36 (KHTML, like Gecko) Chrome/121.0.0.0 Safari/537.36"
158.23.18.78 - - [01/Sep/2026:11:16:27 -0500] "GET /gulu.php HTTP/1.1" 404 41678 "-" "-"
145.241.116.12 - - [01/Sep/2026:11:16:28 -0500] "GET /wp-admin/index.php HTTP/1.1" 302 - "https://iglesiaerestu.org/wp-login.php" "Mozilla/5.0 (Macintosh; Intel Mac OS X 10_15_7) AppleWebKit/537.36 (KHTML, like Gecko) Chrome/121.0.0.0 Safari/537.36"
158.23.18.78 - - [01/Sep/2026:11:16:29 -0500] "GET /ioxi-o.php HTTP/1.1" 404 41678 "-" "-"
145.241.116.12 - - [01/Sep/2026:11:16:30 -0500] "GET /wp-login.php?redirect_to=https%3A%2F%2Fcampanaarquidiocesana.org%2Fwp-admin%2Findex.php&reauth=1 HTTP/1.1" 200 9325 "https://iglesiaerestu.org/wp-login.php" "Mozilla/5.0 (Macintosh; Intel Mac OS X 10_15_7) AppleWebKit/537.36 (KHTML, like Gecko) Chrome/121.0.0.0 Safari/537.36"
158.23.18.78 - - [01/Sep/2026:11:16:30 -0500] "GET /file.php HTTP/1.1" 404 41678 "-" "-"
145.241.116.12 - - [01/Sep/2026:11:16:32 -0500] "GET /wp-admin/index.php HTTP/1.1" 302 - "https://iglesiaerestu.org/wp-login.php" "Mozilla/5.0 (Macintosh; Intel Mac OS X 13_6_1) AppleWebKit/605.1.15 (KHTML, like Gecko) Version/17.0 Safari/605.1.15"
158.23.18.78 - - [01/Sep/2026:11:16:32 -0500] "GET /bless.php HTTP/1.1" 404 41678 "-" "-"
145.241.116.12 - - [01/Sep/2026:11:16:34 -0500] "GET /wp-login.php?redirect_to=https%3A%2F%2Fcampanaarquidiocesana.org%2Fwp-admin%2Findex.php&reauth=1 HTTP/1.1" 200 9325 "https://iglesiaerestu.org/wp-login.php" "Mozilla/5.0 (Macintosh; Intel Mac OS X 13_6_1) AppleWebKit/605.1.15 (KHTML, like Gecko) Version/17.0 Safari/605.1.15"
158.23.18.78 - - [01/Sep/2026:11:16:34 -0500] "GET /file32.php HTTP/1.1" 404 41678 "-" "-"
158.23.18.78 - - [01/Sep/2026:11:16:36 -0500] "GET /class20.php HTTP/1.1" 404 41678 "-" "-"
145.241.116.12 - - [01/Sep/2026:11:16:36 -0500] "GET /wp-admin/index.php HTTP/1.1" 302 - "https://iglesiaerestu.org/wp-login.php" "Mozilla/5.0 (Macintosh; Intel Mac OS X 10_15_7) AppleWebKit/605.1.15 (KHTML, like Gecko) Version/17.0 Safari/605.1.15"
66.249.64.65 - - [01/Sep/2026:11:16:38 -0500] "GET / HTTP/1.1" 200 19791 "-" "Mozilla/5.0 (Linux; Android 6.0.1; Nexus 5X Build/MMB29P) AppleWebKit/537.36 (KHTML, like Gecko) Chrome/151.0.7922.173 Mobile Safari/537.36 (compatible; Googlebot/2.1; +http://www.google.com/bot.html)"
145.241.116.12 - - [01/Sep/2026:11:16:37 -0500] "GET /wp-login.php?redirect_to=https%3A%2F%2Fcampanaarquidiocesana.org%2Fwp-admin%2Findex.php&reauth=1 HTTP/1.1" 200 9325 "https://iglesiaerestu.org/wp-login.php" "Mozilla/5.0 (Macintosh; Intel Mac OS X 10_15_7) AppleWebKit/605.1.15 (KHTML, like Gecko) Version/17.0 Safari/605.1.15"
158.23.18.78 - - [01/Sep/2026:11:16:38 -0500] "GET /wso.php HTTP/1.1" 404 41678 "-" "-"
145.241.116.12 - - [01/Sep/2026:11:16:39 -0500] "GET /wp-admin/index.php HTTP/1.1" 302 - "https://iglesiaerestu.org/wp-login.php" "Mozilla/5.0 (Macintosh; Intel Mac OS X 13_6_1) AppleWebKit/537.36 (KHTML, like Gecko) Chrome/118.0.0.0 Safari/537.36"
158.23.18.78 - - [01/Sep/2026:11:16:39 -0500] "GET /blurbs.php HTTP/1.1" 404 41678 "-" "-"
145.241.116.12 - - [01/Sep/2026:11:16:41 -0500] "GET /wp-login.php?redirect_to=https%3A%2F%2Fcampanaarquidiocesana.org%2Fwp-admin%2Findex.php&reauth=1 HTTP/1.1" 200 9325 "https://iglesiaerestu.org/wp-login.php" "Mozilla/5.0 (Macintosh; Intel Mac OS X 13_6_1) AppleWebKit/537.36 (KHTML, like Gecko) Chrome/118.0.0.0 Safari/537.36"
158.23.18.78 - - [01/Sep/2026:11:16:41 -0500] "GET //av.php HTTP/1.1" 301 - "-" "-"
145.241.116.12 - - [01/Sep/2026:11:16:43 -0500] "GET /wp-admin/index.php HTTP/1.1" 302 - "https://iglesiaerestu.org/wp-login.php" "Mozilla/5.0 (Windows NT 11.0; Win64; x64) AppleWebKit/537.36 (KHTML, like Gecko) Chrome/120.0.0.0 Safari/537.36"
158.23.18.78 - - [01/Sep/2026:11:16:43 -0500] "GET /av.php HTTP/1.1" 404 41678 "-" "-"
145.241.116.12 - - [01/Sep/2026:11:16:44 -0500] "GET /wp-login.php?redirect_to=https%3A%2F%2Fcampanaarquidiocesana.org%2Fwp-admin%2Findex.php&reauth=1 HTTP/1.1" 200 9325 "https://iglesiaerestu.org/wp-login.php" "Mozilla/5.0 (Windows NT 11.0; Win64; x64) AppleWebKit/537.36 (KHTML, like Gecko) Chrome/120.0.0.0 Safari/537.36"
66.249.64.66 - - [01/Sep/2026:11:16:46 -0500] "GET /wp-content/plugins/elementor/assets/css/widget-divider.min.css?ver=3.33.2 HTTP/1.1" 200 4258 "https://campanaarquidiocesana.org/" "Mozilla/5.0 (Linux; Android 6.0.1; Nexus 5X Build/MMB29P) AppleWebKit/537.36 (KHTML, like Gecko) Chrome/151.0.7922.173 Mobile Safari/537.36 (compatible; Googlebot/2.1; +http://www.google.com/bot.html)"
66.249.64.65 - - [01/Sep/2026:11:16:46 -0500] "GET /wp-content/plugins/elementor/assets/css/conditionals/apple-webkit.min.css?ver=3.33.2 HTTP/1.1" 200 7025 "https://campanaarquidiocesana.org/" "Mozilla/5.0 (Linux; Android 6.0.1; Nexus 5X Build/MMB29P) AppleWebKit/537.36 (KHTML, like Gecko) Chrome/151.0.7922.173 Mobile Safari/537.36 (compatible; Googlebot/2.1; +http://www.google.com/bot.html)"
158.23.18.78 - - [01/Sep/2026:11:16:45 -0500] "GET /abcd.php HTTP/1.1" 404 41678 "-" "-"
145.241.116.12 - - [01/Sep/2026:11:16:46 -0500] "GET /wp-admin/index.php HTTP/1.1" 302 - "https://iglesiaerestu.org/wp-login.php" "Mozilla/5.0 (Macintosh; Intel Mac OS X 10_15_7; rv:119.0) Gecko/20100101 Firefox/119.0"
158.23.18.78 - - [01/Sep/2026:11:16:47 -0500] "GET /wp-includes/pomo/xxx.php HTTP/1.1" 404 51009 "-" "-"
145.241.116.12 - - [01/Sep/2026:11:16:47 -0500] "GET /wp-login.php?redirect_to=https%3A%2F%2Fcampanaarquidiocesana.org%2Fwp-admin%2Findex.php&reauth=1 HTTP/1.1" 200 9325 "https://iglesiaerestu.org/wp-login.php" "Mozilla/5.0 (Macintosh; Intel Mac OS X 10_15_7; rv:119.0) Gecko/20100101 Firefox/119.0"
158.23.18.78 - - [01/Sep/2026:11:16:48 -0500] "GET /cong.php HTTP/1.1" 404 41678 "-" "-"
145.241.116.12 - - [01/Sep/2026:11:16:49 -0500] "GET /wp-admin/index.php HTTP/1.1" 302 - "https://iglesiaerestu.org/wp-login.php" "Mozilla/5.0 (X11; Linux x86_64) AppleWebKit/537.36 (KHTML, like Gecko) Chrome/121.0.0.0 Safari/537.36"
158.23.18.78 - - [01/Sep/2026:11:16:50 -0500] "GET /file61.php HTTP/1.1" 404 41678 "-" "-"
145.241.116.12 - - [01/Sep/2026:11:16:51 -0500] "GET /wp-login.php?redirect_to=https%3A%2F%2Fcampanaarquidiocesana.org%2Fwp-admin%2Findex.php&reauth=1 HTTP/1.1" 200 9325 "https://iglesiaerestu.org/wp-login.php" "Mozilla/5.0 (X11; Linux x86_64) AppleWebKit/537.36 (KHTML, like Gecko) Chrome/121.0.0.0 Safari/537.36"
158.23.18.78 - - [01/Sep/2026:11:16:52 -0500] "GET /file59.php HTTP/1.1" 404 41678 "-" "-"
145.241.116.12 - - [01/Sep/2026:11:16:52 -0500] "GET /wp-admin/index.php HTTP/1.1" 302 - "https://iglesiaerestu.org/wp-login.php" "Mozilla/5.0 (Macintosh; Intel Mac OS X 10_15_7) AppleWebKit/605.1.15 (KHTML, like Gecko) Version/17.2 Safari/605.1.15"
145.241.116.12 - - [01/Sep/2026:11:16:54 -0500] "GET /wp-login.php?redirect_to=https%3A%2F%2Fcampanaarquidiocesana.org%2Fwp-admin%2Findex.php&reauth=1 HTTP/1.1" 200 9325 "https://iglesiaerestu.org/wp-login.php" "Mozilla/5.0 (Macintosh; Intel Mac OS X 10_15_7) AppleWebKit/605.1.15 (KHTML, like Gecko) Version/17.2 Safari/605.1.15"
158.23.18.78 - - [01/Sep/2026:11:16:54 -0500] "GET /test2.php HTTP/1.1" 404 41678 "-" "-"
145.241.116.12 - - [01/Sep/2026:11:16:56 -0500] "GET /wp-admin/index.php HTTP/1.1" 302 - "https://iglesiaerestu.org/wp-login.php" "Mozilla/5.0 (X11; Ubuntu; Linux x86_64) AppleWebKit/537.36 (KHTML, like Gecko) Chrome/121.0.0.0 Safari/537.36"
158.23.18.78 - - [01/Sep/2026:11:16:56 -0500] "GET /test01.php HTTP/1.1" 404 41678 "-" "-"
145.241.116.12 - - [01/Sep/2026:11:16:57 -0500] "GET /wp-login.php?redirect_to=https%3A%2F%2Fcampanaarquidiocesana.org%2Fwp-admin%2Findex.php&reauth=1 HTTP/1.1" 200 9325 "https://iglesiaerestu.org/wp-login.php" "Mozilla/5.0 (X11; Ubuntu; Linux x86_64) AppleWebKit/537.36 (KHTML, like Gecko) Chrome/121.0.0.0 Safari/537.36"
158.23.18.78 - - [01/Sep/2026:11:16:58 -0500] "GET /file31.php HTTP/1.1" 404 41678 "-" "-"
145.241.116.12 - - [01/Sep/2026:11:16:58 -0500] "GET /wp-admin/index.php HTTP/1.1" 302 - "https://iglesiaerestu.org/wp-login.php" "Mozilla/5.0 (Macintosh; Intel Mac OS X 10_15_7) AppleWebKit/605.1.15 (KHTML, like Gecko) Version/17.2 Safari/605.1.15"
158.23.18.78 - - [01/Sep/2026:11:16:59 -0500] "GET /file2.php HTTP/1.1" 404 41678 "-" "-"
145.241.116.12 - - [01/Sep/2026:11:17:00 -0500] "GET /wp-login.php?redirect_to=https%3A%2F%2Fcampanaarquidiocesana.org%2Fwp-admin%2Findex.php&reauth=1 HTTP/1.1" 200 9325 "https://iglesiaerestu.org/wp-login.php" "Mozilla/5.0 (Macintosh; Intel Mac OS X 10_15_7) AppleWebKit/605.1.15 (KHTML, like Gecko) Version/17.2 Safari/605.1.15"
158.23.18.78 - - [01/Sep/2026:11:17:01 -0500] "GET /ai.php HTTP/1.1" 404 41678 "-" "-"
145.241.116.12 - - [01/Sep/2026:11:17:02 -0500] "GET /wp-admin/index.php HTTP/1.1" 302 - "https://iglesiaerestu.org/wp-login.php" "Mozilla/5.0 (Macintosh; Intel Mac OS X 13_6_1) AppleWebKit/605.1.15 (KHTML, like Gecko) Version/17.2 Safari/605.1.15"
158.23.18.78 - - [01/Sep/2026:11:17:03 -0500] "GET /133.php HTTP/1.1" 404 41678 "-" "-"
145.241.116.12 - - [01/Sep/2026:11:17:03 -0500] "GET /wp-login.php?redirect_to=https%3A%2F%2Fcampanaarquidiocesana.org%2Fwp-admin%2Findex.php&reauth=1 HTTP/1.1" 200 9325 "https://iglesiaerestu.org/wp-login.php" "Mozilla/5.0 (Macintosh; Intel Mac OS X 13_6_1) AppleWebKit/605.1.15 (KHTML, like Gecko) Version/17.2 Safari/605.1.15"
145.241.116.12 - - [01/Sep/2026:11:17:05 -0500] "GET /wp-admin/index.php HTTP/1.1" 302 - "https://iglesiaerestu.org/wp-login.php" "Mozilla/5.0 (X11; Linux x86_64) AppleWebKit/537.36 (KHTML, like Gecko) Chrome/121.0.0.0 Safari/537.36"
158.23.18.78 - - [01/Sep/2026:11:17:05 -0500] "GET /xx.php HTTP/1.1" 404 41678 "-" "-"
145.241.116.12 - - [01/Sep/2026:11:17:07 -0500] "GET /wp-login.php?redirect_to=https%3A%2F%2Fcampanaarquidiocesana.org%2Fwp-admin%2Findex.php&reauth=1 HTTP/1.1" 200 9325 "https://iglesiaerestu.org/wp-login.php" "Mozilla/5.0 (X11; Linux x86_64) AppleWebKit/537.36 (KHTML, like Gecko) Chrome/121.0.0.0 Safari/537.36"
158.23.18.78 - - [01/Sep/2026:11:17:07 -0500] "GET /222.php HTTP/1.1" 404 41678 "-" "-"
145.241.116.12 - - [01/Sep/2026:11:17:09 -0500] "GET /wp-admin/index.php HTTP/1.1" 302 - "https://iglesiaerestu.org/wp-login.php" "Mozilla/5.0 (Windows NT 10.0; Win64; x64; rv:118.0) Gecko/20100101 Firefox/118.0"
158.23.18.78 - - [01/Sep/2026:11:17:09 -0500] "GET /file5.php HTTP/1.1" 404 41678 "-" "-"
145.241.116.12 - - [01/Sep/2026:11:17:10 -0500] "GET /wp-login.php?redirect_to=https%3A%2F%2Fcampanaarquidiocesana.org%2Fwp-admin%2Findex.php&reauth=1 HTTP/1.1" 200 9325 "https://iglesiaerestu.org/wp-login.php" "Mozilla/5.0 (Windows NT 10.0; Win64; x64; rv:118.0) Gecko/20100101 Firefox/118.0"
158.23.18.78 - - [01/Sep/2026:11:17:11 -0500] "GET /kir.php HTTP/1.1" 404 41678 "-" "-"
145.241.116.12 - - [01/Sep/2026:11:17:12 -0500] "GET /wp-admin/index.php HTTP/1.1" 302 - "https://iglesiaerestu.org/wp-login.php" "Mozilla/5.0 (Windows NT 10.0; Win64; x64; rv:121.0) Gecko/20100101 Firefox/121.0"
158.23.18.78 - - [01/Sep/2026:11:17:12 -0500] "GET /new.php HTTP/1.1" 404 41678 "-" "-"
145.241.116.12 - - [01/Sep/2026:11:17:13 -0500] "GET /wp-login.php?redirect_to=https%3A%2F%2Fcampanaarquidiocesana.org%2Fwp-admin%2Findex.php&reauth=1 HTTP/1.1" 200 9325 "https://iglesiaerestu.org/wp-login.php" "Mozilla/5.0 (Windows NT 10.0; Win64; x64; rv:121.0) Gecko/20100101 Firefox/121.0"
158.23.18.78 - - [01/Sep/2026:11:17:14 -0500] "GET /155.php HTTP/1.1" 404 41678 "-" "-"
145.241.116.12 - - [01/Sep/2026:11:17:15 -0500] "GET /wp-admin/index.php HTTP/1.1" 302 - "https://iglesiaerestu.org/wp-login.php" "Mozilla/5.0 (X11; Ubuntu; Linux x86_64) AppleWebKit/537.36 (KHTML, like Gecko) Chrome/120.0.0.0 Safari/537.36"
145.241.116.12 - - [01/Sep/2026:11:17:17 -0500] "GET /wp-login.php?redirect_to=https%3A%2F%2Fcampanaarquidiocesana.org%2Fwp-admin%2Findex.php&reauth=1 HTTP/1.1" 200 9325 "https://iglesiaerestu.org/wp-login.php" "Mozilla/5.0 (X11; Ubuntu; Linux x86_64) AppleWebKit/537.36 (KHTML, like Gecko) Chrome/120.0.0.0 Safari/537.36"
145.241.116.12 - - [01/Sep/2026:11:17:18 -0500] "GET /wp-admin/index.php HTTP/1.1" 302 - "https://iglesiaerestu.org/wp-login.php" "Mozilla/5.0 (Windows NT 10.0; Win64; x64) AppleWebKit/537.36 (KHTML, like Gecko) Chrome/121.0.0.0 Safari/537.36"
145.241.116.12 - - [01/Sep/2026:11:17:20 -0500] "GET /wp-login.php?redirect_to=https%3A%2F%2Fcampanaarquidiocesana.org%2Fwp-admin%2Findex.php&reauth=1 HTTP/1.1" 200 9325 "https://iglesiaerestu.org/wp-login.php" "Mozilla/5.0 (Windows NT 10.0; Win64; x64) AppleWebKit/537.36 (KHTML, like Gecko) Chrome/121.0.0.0 Safari/537.36"
145.241.116.12 - - [01/Sep/2026:11:17:22 -0500] "GET /wp-admin/index.php HTTP/1.1" 302 - "https://iglesiaerestu.org/wp-login.php" "Mozilla/5.0 (Windows NT 10.0; Win64; x64) AppleWebKit/537.36 (KHTML, like Gecko) Chrome/121.0.0.0 Safari/537.36"
192.145.125.70 - - [01/Sep/2026:11:17:22 -0500] "GET /modules/ HTTP/1.1" 404 41678 "-" "-"
145.241.116.12 - - [01/Sep/2026:11:17:23 -0500] "GET /wp-login.php?redirect_to=https%3A%2F%2Fcampanaarquidiocesana.org%2Fwp-admin%2Findex.php&reauth=1 HTTP/1.1" 200 9325 "https://iglesiaerestu.org/wp-login.php" "Mozilla/5.0 (Windows NT 10.0; Win64; x64) AppleWebKit/537.36 (KHTML, like Gecko) Chrome/121.0.0.0 Safari/537.36"
145.241.116.12 - - [01/Sep/2026:11:17:25 -0500] "GET /wp-admin/index.php HTTP/1.1" 302 - "https://iglesiaerestu.org/wp-login.php" "Mozilla/5.0 (Macintosh; Intel Mac OS X 13_6_1) AppleWebKit/605.1.15 (KHTML, like Gecko) Version/16.6 Safari/605.1.15"
145.241.116.12 - - [01/Sep/2026:11:17:26 -0500] "GET /wp-login.php?redirect_to=https%3A%2F%2Fcampanaarquidiocesana.org%2Fwp-admin%2Findex.php&reauth=1 HTTP/1.1" 200 9325 "https://iglesiaerestu.org/wp-login.php" "Mozilla/5.0 (Macintosh; Intel Mac OS X 13_6_1) AppleWebKit/605.1.15 (KHTML, like Gecko) Version/16.6 Safari/605.1.15"
192.145.125.70 - - [01/Sep/2026:11:17:26 -0500] "GET /Site/ HTTP/1.1" 404 41678 "-" "-"
145.241.116.12 - - [01/Sep/2026:11:17:28 -0500] "GET /wp-admin/index.php HTTP/1.1" 302 - "https://iglesiaerestu.org/wp-login.php" "Mozilla/5.0 (Macintosh; Intel Mac OS X 10_15_7) AppleWebKit/537.36 (KHTML, like Gecko) Chrome/120.0.0.0 Safari/537.36"
145.241.116.12 - - [01/Sep/2026:11:17:29 -0500] "GET /wp-login.php?redirect_to=https%3A%2F%2Fcampanaarquidiocesana.org%2Fwp-admin%2Findex.php&reauth=1 HTTP/1.1" 200 9325 "https://iglesiaerestu.org/wp-login.php" "Mozilla/5.0 (Macintosh; Intel Mac OS X 10_15_7) AppleWebKit/537.36 (KHTML, like Gecko) Chrome/120.0.0.0 Safari/537.36"
145.241.116.12 - - [01/Sep/2026:11:17:31 -0500] "GET /wp-admin/index.php HTTP/1.1" 302 - "https://iglesiaerestu.org/wp-login.php" "Mozilla/5.0 (Macintosh; Intel Mac OS X 10_15_7) AppleWebKit/605.1.15 (KHTML, like Gecko) Version/17.0 Safari/605.1.15"
145.241.116.12 - - [01/Sep/2026:11:17:32 -0500] "GET /wp-login.php?redirect_to=https%3A%2F%2Fcampanaarquidiocesana.org%2Fwp-admin%2Findex.php&reauth=1 HTTP/1.1" 200 9325 "https://iglesiaerestu.org/wp-login.php" "Mozilla/5.0 (Macintosh; Intel Mac OS X 10_15_7) AppleWebKit/605.1.15 (KHTML, like Gecko) Version/17.0 Safari/605.1.15"
145.241.116.12 - - [01/Sep/2026:11:17:42 -0500] "GET /wp-admin/index.php HTTP/1.1" 302 - "https://iglesiaerestu.org/wp-login.php" "Mozilla/5.0 (X11; Ubuntu; Linux x86_64) AppleWebKit/537.36 (KHTML, like Gecko) Chrome/121.0.0.0 Safari/537.36"
145.241.116.12 - - [01/Sep/2026:11:17:43 -0500] "GET /wp-login.php?redirect_to=https%3A%2F%2Fcampanaarquidiocesana.org%2Fwp-admin%2Findex.php&reauth=1 HTTP/1.1" 200 9325 "https://iglesiaerestu.org/wp-login.php" "Mozilla/5.0 (X11; Ubuntu; Linux x86_64) AppleWebKit/537.36 (KHTML, like Gecko) Chrome/121.0.0.0 Safari/537.36"
145.241.116.12 - - [01/Sep/2026:11:17:45 -0500] "GET /wp-admin/index.php HTTP/1.1" 302 - "https://iglesiaerestu.org/wp-login.php" "Mozilla/5.0 (Windows NT 10.0; Win64; x64; rv:120.0) Gecko/20100101 Firefox/120.0"
145.241.116.12 - - [01/Sep/2026:11:17:47 -0500] "GET /wp-login.php?redirect_to=https%3A%2F%2Fcampanaarquidiocesana.org%2Fwp-admin%2Findex.php&reauth=1 HTTP/1.1" 200 9325 "https://iglesiaerestu.org/wp-login.php" "Mozilla/5.0 (Windows NT 10.0; Win64; x64; rv:120.0) Gecko/20100101 Firefox/120.0"
145.241.116.12 - - [01/Sep/2026:11:17:48 -0500] "GET /wp-admin/index.php HTTP/1.1" 302 - "https://iglesiaerestu.org/wp-login.php" "Mozilla/5.0 (Windows NT 11.0; Win64; x64) AppleWebKit/537.36 (KHTML, like Gecko) Chrome/119.0.0.0 Safari/537.36"
145.241.116.12 - - [01/Sep/2026:11:17:50 -0500] "GET /wp-login.php?redirect_to=https%3A%2F%2Fcampanaarquidiocesana.org%2Fwp-admin%2Findex.php&reauth=1 HTTP/1.1" 200 9325 "https://iglesiaerestu.org/wp-login.php" "Mozilla/5.0 (Windows NT 11.0; Win64; x64) AppleWebKit/537.36 (KHTML, like Gecko) Chrome/119.0.0.0 Safari/537.36"
145.241.116.12 - - [01/Sep/2026:11:17:51 -0500] "GET /wp-admin/index.php HTTP/1.1" 302 - "https://iglesiaerestu.org/wp-login.php" "Mozilla/5.0 (Windows NT 11.0; Win64; x64; rv:121.0) Gecko/20100101 Firefox/121.0"
145.241.116.12 - - [01/Sep/2026:11:17:53 -0500] "GET /wp-login.php?redirect_to=https%3A%2F%2Fcampanaarquidiocesana.org%2Fwp-admin%2Findex.php&reauth=1 HTTP/1.1" 200 9325 "https://iglesiaerestu.org/wp-login.php" "Mozilla/5.0 (Windows NT 11.0; Win64; x64; rv:121.0) Gecko/20100101 Firefox/121.0"
145.241.116.12 - - [01/Sep/2026:11:17:55 -0500] "GET /wp-admin/index.php HTTP/1.1" 302 - "https://iglesiaerestu.org/wp-login.php" "Mozilla/5.0 (Macintosh; Intel Mac OS X 13_6_1) AppleWebKit/605.1.15 (KHTML, like Gecko) Version/17.2 Safari/605.1.15"
145.241.116.12 - - [01/Sep/2026:11:17:56 -0500] "GET /wp-login.php?redirect_to=https%3A%2F%2Fcampanaarquidiocesana.org%2Fwp-admin%2Findex.php&reauth=1 HTTP/1.1" 200 9325 "https://iglesiaerestu.org/wp-login.php" "Mozilla/5.0 (Macintosh; Intel Mac OS X 13_6_1) AppleWebKit/605.1.15 (KHTML, like Gecko) Version/17.2 Safari/605.1.15"
145.241.116.12 - - [01/Sep/2026:11:17:58 -0500] "GET /wp-admin/index.php HTTP/1.1" 302 - "https://iglesiaerestu.org/wp-login.php" "Mozilla/5.0 (Macintosh; Intel Mac OS X 10_15_7) AppleWebKit/605.1.15 (KHTML, like Gecko) Version/17.0 Safari/605.1.15"
145.241.116.12 - - [01/Sep/2026:11:17:59 -0500] "GET /wp-login.php?redirect_to=https%3A%2F%2Fcampanaarquidiocesana.org%2Fwp-admin%2Findex.php&reauth=1 HTTP/1.1" 200 9325 "https://iglesiaerestu.org/wp-login.php" "Mozilla/5.0 (Macintosh; Intel Mac OS X 10_15_7) AppleWebKit/605.1.15 (KHTML, like Gecko) Version/17.0 Safari/605.1.15"
145.241.116.12 - - [01/Sep/2026:11:18:01 -0500] "GET /wp-admin/index.php HTTP/1.1" 302 - "https://iglesiaerestu.org/wp-login.php" "Mozilla/5.0 (Macintosh; Intel Mac OS X 13_6_1) AppleWebKit/605.1.15 (KHTML, like Gecko) Version/16.6 Safari/605.1.15"
145.241.116.12 - - [01/Sep/2026:11:18:03 -0500] "GET /wp-login.php?redirect_to=https%3A%2F%2Fcampanaarquidiocesana.org%2Fwp-admin%2Findex.php&reauth=1 HTTP/1.1" 200 9325 "https://iglesiaerestu.org/wp-login.php" "Mozilla/5.0 (Macintosh; Intel Mac OS X 13_6_1) AppleWebKit/605.1.15 (KHTML, like Gecko) Version/16.6 Safari/605.1.15"
145.241.116.12 - - [01/Sep/2026:11:18:04 -0500] "GET /wp-admin/index.php HTTP/1.1" 302 - "https://iglesiaerestu.org/wp-login.php" "Mozilla/5.0 (Windows NT 11.0; Win64; x64) AppleWebKit/537.36 (KHTML, like Gecko) Chrome/120.0.0.0 Safari/537.36"
145.241.116.12 - - [01/Sep/2026:11:18:06 -0500] "GET /wp-login.php?redirect_to=https%3A%2F%2Fcampanaarquidiocesana.org%2Fwp-admin%2Findex.php&reauth=1 HTTP/1.1" 200 9325 "https://iglesiaerestu.org/wp-login.php" "Mozilla/5.0 (Windows NT 11.0; Win64; x64) AppleWebKit/537.36 (KHTML, like Gecko) Chrome/120.0.0.0 Safari/537.36"
145.241.116.12 - - [01/Sep/2026:11:18:08 -0500] "GET /wp-admin/index.php HTTP/1.1" 302 - "https://iglesiaerestu.org/wp-login.php" "Mozilla/5.0 (X11; Ubuntu; Linux x86_64) AppleWebKit/537.36 (KHTML, like Gecko) Chrome/121.0.0.0 Safari/537.36"
145.241.116.12 - - [01/Sep/2026:11:18:09 -0500] "GET /wp-login.php?redirect_to=https%3A%2F%2Fcampanaarquidiocesana.org%2Fwp-admin%2Findex.php&reauth=1 HTTP/1.1" 200 9325 "https://iglesiaerestu.org/wp-login.php" "Mozilla/5.0 (X11; Ubuntu; Linux x86_64) AppleWebKit/537.36 (KHTML, like Gecko) Chrome/121.0.0.0 Safari/537.36"
145.241.116.12 - - [01/Sep/2026:11:18:11 -0500] "GET /wp-admin/index.php HTTP/1.1" 302 - "https://iglesiaerestu.org/wp-login.php" "Mozilla/5.0 (X11; Ubuntu; Linux x86_64) AppleWebKit/537.36 (KHTML, like Gecko) Chrome/121.0.0.0 Safari/537.36"
145.241.116.12 - - [01/Sep/2026:11:18:13 -0500] "GET /wp-login.php?redirect_to=https%3A%2F%2Fcampanaarquidiocesana.org%2Fwp-admin%2Findex.php&reauth=1 HTTP/1.1" 200 9325 "https://iglesiaerestu.org/wp-login.php" "Mozilla/5.0 (X11; Ubuntu; Linux x86_64) AppleWebKit/537.36 (KHTML, like Gecko) Chrome/121.0.0.0 Safari/537.36"
145.241.116.12 - - [01/Sep/2026:11:18:14 -0500] "GET /wp-admin/index.php HTTP/1.1" 302 - "https://iglesiaerestu.org/wp-login.php" "Mozilla/5.0 (Macintosh; Intel Mac OS X 10_15_7) AppleWebKit/537.36 (KHTML, like Gecko) Chrome/119.0.0.0 Safari/537.36"
145.241.116.12 - - [01/Sep/2026:11:18:16 -0500] "GET /wp-login.php?redirect_to=https%3A%2F%2Fcampanaarquidiocesana.org%2Fwp-admin%2Findex.php&reauth=1 HTTP/1.1" 200 9325 "https://iglesiaerestu.org/wp-login.php" "Mozilla/5.0 (Macintosh; Intel Mac OS X 10_15_7) AppleWebKit/537.36 (KHTML, like Gecko) Chrome/119.0.0.0 Safari/537.36"
145.241.116.12 - - [01/Sep/2026:11:18:18 -0500] "GET /wp-admin/index.php HTTP/1.1" 302 - "https://iglesiaerestu.org/wp-login.php" "Mozilla/5.0 (Windows NT 11.0; Win64; x64) AppleWebKit/537.36 (KHTML, like Gecko) Chrome/118.0.0.0 Safari/537.36"
145.241.116.12 - - [01/Sep/2026:11:18:19 -0500] "GET /wp-login.php?redirect_to=https%3A%2F%2Fcampanaarquidiocesana.org%2Fwp-admin%2Findex.php&reauth=1 HTTP/1.1" 200 9325 "https://iglesiaerestu.org/wp-login.php" "Mozilla/5.0 (Windows NT 11.0; Win64; x64) AppleWebKit/537.36 (KHTML, like Gecko) Chrome/118.0.0.0 Safari/537.36"
145.241.116.12 - - [01/Sep/2026:11:18:21 -0500] "GET /wp-admin/index.php HTTP/1.1" 302 - "https://iglesiaerestu.org/wp-login.php" "Mozilla/5.0 (Macintosh; Intel Mac OS X 13_6_1; rv:118.0) Gecko/20100101 Firefox/118.0"
145.241.116.12 - - [01/Sep/2026:11:18:22 -0500] "GET /wp-login.php?redirect_to=https%3A%2F%2Fcampanaarquidiocesana.org%2Fwp-admin%2Findex.php&reauth=1 HTTP/1.1" 200 9325 "https://iglesiaerestu.org/wp-login.php" "Mozilla/5.0 (Macintosh; Intel Mac OS X 13_6_1; rv:118.0) Gecko/20100101 Firefox/118.0"
145.241.116.12 - - [01/Sep/2026:11:18:24 -0500] "GET /wp-admin/index.php HTTP/1.1" 302 - "https://iglesiaerestu.org/wp-login.php" "Mozilla/5.0 (Macintosh; Intel Mac OS X 10_15_7; rv:120.0) Gecko/20100101 Firefox/120.0"
145.241.116.12 - - [01/Sep/2026:11:18:26 -0500] "GET /wp-login.php?redirect_to=https%3A%2F%2Fcampanaarquidiocesana.org%2Fwp-admin%2Findex.php&reauth=1 HTTP/1.1" 200 9325 "https://iglesiaerestu.org/wp-login.php" "Mozilla/5.0 (Macintosh; Intel Mac OS X 10_15_7; rv:120.0) Gecko/20100101 Firefox/120.0"
145.241.116.12 - - [01/Sep/2026:11:18:27 -0500] "GET /wp-admin/index.php HTTP/1.1" 302 - "https://iglesiaerestu.org/wp-login.php" "Mozilla/5.0 (Windows NT 10.0; Win64; x64; rv:119.0) Gecko/20100101 Firefox/119.0"
145.241.116.12 - - [01/Sep/2026:11:18:29 -0500] "GET /wp-login.php?redirect_to=https%3A%2F%2Fcampanaarquidiocesana.org%2Fwp-admin%2Findex.php&reauth=1 HTTP/1.1" 200 9325 "https://iglesiaerestu.org/wp-login.php" "Mozilla/5.0 (Windows NT 10.0; Win64; x64; rv:119.0) Gecko/20100101 Firefox/119.0"
145.241.116.12 - - [01/Sep/2026:11:18:31 -0500] "GET /wp-admin/index.php HTTP/1.1" 302 - "https://iglesiaerestu.org/wp-login.php" "Mozilla/5.0 (Macintosh; Intel Mac OS X 10_15_7) AppleWebKit/537.36 (KHTML, like Gecko) Chrome/120.0.0.0 Safari/537.36"
145.241.116.12 - - [01/Sep/2026:11:18:32 -0500] "GET /wp-login.php?redirect_to=https%3A%2F%2Fcampanaarquidiocesana.org%2Fwp-admin%2Findex.php&reauth=1 HTTP/1.1" 200 9325 "https://iglesiaerestu.org/wp-login.php" "Mozilla/5.0 (Macintosh; Intel Mac OS X 10_15_7) AppleWebKit/537.36 (KHTML, like Gecko) Chrome/120.0.0.0 Safari/537.36"
145.241.116.12 - - [01/Sep/2026:11:18:34 -0500] "GET /wp-admin/index.php HTTP/1.1" 302 - "https://iglesiaerestu.org/wp-login.php" "Mozilla/5.0 (Windows NT 11.0; Win64; x64; rv:120.0) Gecko/20100101 Firefox/120.0"
145.241.116.12 - - [01/Sep/2026:11:18:36 -0500] "GET /wp-login.php?redirect_to=https%3A%2F%2Fcampanaarquidiocesana.org%2Fwp-admin%2Findex.php&reauth=1 HTTP/1.1" 200 9325 "https://iglesiaerestu.org/wp-login.php" "Mozilla/5.0 (Windows NT 11.0; Win64; x64; rv:120.0) Gecko/20100101 Firefox/120.0"
145.241.116.12 - - [01/Sep/2026:11:18:37 -0500] "GET /wp-admin/index.php HTTP/1.1" 302 - "https://iglesiaerestu.org/wp-login.php" "Mozilla/5.0 (Macintosh; Intel Mac OS X 13_6_1) AppleWebKit/605.1.15 (KHTML, like Gecko) Version/17.0 Safari/605.1.15"
145.241.116.12 - - [01/Sep/2026:11:18:39 -0500] "GET /wp-login.php?redirect_to=https%3A%2F%2Fcampanaarquidiocesana.org%2Fwp-admin%2Findex.php&reauth=1 HTTP/1.1" 200 9325 "https://iglesiaerestu.org/wp-login.php" "Mozilla/5.0 (Macintosh; Intel Mac OS X 13_6_1) AppleWebKit/605.1.15 (KHTML, like Gecko) Version/17.0 Safari/605.1.15"
145.241.116.12 - - [01/Sep/2026:11:18:41 -0500] "GET /wp-admin/index.php HTTP/1.1" 302 - "https://iglesiaerestu.org/wp-login.php" "Mozilla/5.0 (Macintosh; Intel Mac OS X 13_6_1; rv:119.0) Gecko/20100101 Firefox/119.0"
145.241.116.12 - - [01/Sep/2026:11:18:42 -0500] "GET /wp-login.php?redirect_to=https%3A%2F%2Fcampanaarquidiocesana.org%2Fwp-admin%2Findex.php&reauth=1 HTTP/1.1" 200 9325 "https://iglesiaerestu.org/wp-login.php" "Mozilla/5.0 (Macintosh; Intel Mac OS X 13_6_1; rv:119.0) Gecko/20100101 Firefox/119.0"
145.241.116.12 - - [01/Sep/2026:11:18:44 -0500] "GET /wp-admin/index.php HTTP/1.1" 302 - "https://iglesiaerestu.org/wp-login.php" "Mozilla/5.0 (Macintosh; Intel Mac OS X 10_15_7; rv:121.0) Gecko/20100101 Firefox/121.0"
145.241.116.12 - - [01/Sep/2026:11:18:46 -0500] "GET /wp-login.php?redirect_to=https%3A%2F%2Fcampanaarquidiocesana.org%2Fwp-admin%2Findex.php&reauth=1 HTTP/1.1" 200 9325 "https://iglesiaerestu.org/wp-login.php" "Mozilla/5.0 (Macintosh; Intel Mac OS X 10_15_7; rv:121.0) Gecko/20100101 Firefox/121.0"
145.241.116.12 - - [01/Sep/2026:11:18:47 -0500] "GET /wp-admin/index.php HTTP/1.1" 302 - "https://iglesiaerestu.org/wp-login.php" "Mozilla/5.0 (Macintosh; Intel Mac OS X 13_6_1; rv:119.0) Gecko/20100101 Firefox/119.0"
145.241.116.12 - - [01/Sep/2026:11:18:49 -0500] "GET /wp-login.php?redirect_to=https%3A%2F%2Fcampanaarquidiocesana.org%2Fwp-admin%2Findex.php&reauth=1 HTTP/1.1" 200 9325 "https://iglesiaerestu.org/wp-login.php" "Mozilla/5.0 (Macintosh; Intel Mac OS X 13_6_1; rv:119.0) Gecko/20100101 Firefox/119.0"
145.241.116.12 - - [01/Sep/2026:11:18:50 -0500] "GET /wp-admin/index.php HTTP/1.1" 302 - "https://iglesiaerestu.org/wp-login.php" "Mozilla/5.0 (Macintosh; Intel Mac OS X 13_6_1) AppleWebKit/537.36 (KHTML, like Gecko) Chrome/120.0.0.0 Safari/537.36"
145.241.116.12 - - [01/Sep/2026:11:18:52 -0500] "GET /wp-login.php?redirect_to=https%3A%2F%2Fcampanaarquidiocesana.org%2Fwp-admin%2Findex.php&reauth=1 HTTP/1.1" 200 9325 "https://iglesiaerestu.org/wp-login.php" "Mozilla/5.0 (Macintosh; Intel Mac OS X 13_6_1) AppleWebKit/537.36 (KHTML, like Gecko) Chrome/120.0.0.0 Safari/537.36"
145.241.116.12 - - [01/Sep/2026:11:18:53 -0500] "GET /wp-admin/index.php HTTP/1.1" 302 - "https://iglesiaerestu.org/wp-login.php" "Mozilla/5.0 (Macintosh; Intel Mac OS X 10_15_7) AppleWebKit/537.36 (KHTML, like Gecko) Chrome/121.0.0.0 Safari/537.36"
145.241.116.12 - - [01/Sep/2026:11:18:55 -0500] "GET /wp-login.php?redirect_to=https%3A%2F%2Fcampanaarquidiocesana.org%2Fwp-admin%2Findex.php&reauth=1 HTTP/1.1" 200 9325 "https://iglesiaerestu.org/wp-login.php" "Mozilla/5.0 (Macintosh; Intel Mac OS X 10_15_7) AppleWebKit/537.36 (KHTML, like Gecko) Chrome/121.0.0.0 Safari/537.36"
145.241.116.12 - - [01/Sep/2026:11:18:56 -0500] "GET /wp-admin/index.php HTTP/1.1" 302 - "https://iglesiaerestu.org/wp-login.php" "Mozilla/5.0 (X11; Ubuntu; Linux x86_64) AppleWebKit/537.36 (KHTML, like Gecko) Chrome/118.0.0.0 Safari/537.36"
192.145.125.70 - - [01/Sep/2026:11:18:57 -0500] "GET /system/ HTTP/1.1" 404 41678 "-" "-"
145.241.116.12 - - [01/Sep/2026:11:18:58 -0500] "GET /wp-login.php?redirect_to=https%3A%2F%2Fcampanaarquidiocesana.org%2Fwp-admin%2Findex.php&reauth=1 HTTP/1.1" 200 9325 "https://iglesiaerestu.org/wp-login.php" "Mozilla/5.0 (X11; Ubuntu; Linux x86_64) AppleWebKit/537.36 (KHTML, like Gecko) Chrome/118.0.0.0 Safari/537.36"
145.241.116.12 - - [01/Sep/2026:11:19:00 -0500] "GET /wp-admin/index.php HTTP/1.1" 302 - "https://iglesiaerestu.org/wp-login.php" "Mozilla/5.0 (Macintosh; Intel Mac OS X 13_6_1) AppleWebKit/605.1.15 (KHTML, like Gecko) Version/17.2 Safari/605.1.15"
145.241.116.12 - - [01/Sep/2026:11:19:01 -0500] "GET /wp-login.php?redirect_to=https%3A%2F%2Fcampanaarquidiocesana.org%2Fwp-admin%2Findex.php&reauth=1 HTTP/1.1" 200 9325 "https://iglesiaerestu.org/wp-login.php" "Mozilla/5.0 (Macintosh; Intel Mac OS X 13_6_1) AppleWebKit/605.1.15 (KHTML, like Gecko) Version/17.2 Safari/605.1.15"
62.60.130.247 - - [01/Sep/2026:11:19:02 -0500] "GET /wp-login.php HTTP/1.1" 200 9201 "-" "Mozilla/5.0 (Windows NT 10.0; Win64; x64; rv:118.0) Gecko/20100101 Firefox/118.0"
192.145.125.70 - - [01/Sep/2026:11:19:02 -0500] "GET /template/ HTTP/1.1" 404 41678 "-" "-"
145.241.116.12 - - [01/Sep/2026:11:19:03 -0500] "GET /wp-admin/index.php HTTP/1.1" 302 - "https://iglesiaerestu.org/wp-login.php" "Mozilla/5.0 (Windows NT 11.0; Win64; x64) AppleWebKit/537.36 (KHTML, like Gecko) Chrome/120.0.0.0 Safari/537.36"
62.60.130.247 - - [01/Sep/2026:11:19:04 -0500] "GET /?author=1 HTTP/1.1" 404 - "-" "Mozilla/5.0 (Windows NT 11.0; Win64; x64; rv:121.0) Gecko/20100101 Firefox/121.0"
145.241.116.12 - - [01/Sep/2026:11:19:04 -0500] "GET /wp-login.php?redirect_to=https%3A%2F%2Fcampanaarquidiocesana.org%2Fwp-admin%2Findex.php&reauth=1 HTTP/1.1" 200 9325 "https://iglesiaerestu.org/wp-login.php" "Mozilla/5.0 (Windows NT 11.0; Win64; x64) AppleWebKit/537.36 (KHTML, like Gecko) Chrome/120.0.0.0 Safari/537.36"
62.60.130.247 - - [01/Sep/2026:11:19:05 -0500] "GET /?author=2 HTTP/1.1" 404 - "-" "Mozilla/5.0 (Macintosh; Intel Mac OS X 13_6_1; rv:120.0) Gecko/20100101 Firefox/120.0"
145.241.116.12 - - [01/Sep/2026:11:19:06 -0500] "GET /wp-admin/index.php HTTP/1.1" 302 - "https://iglesiaerestu.org/wp-login.php" "Mozilla/5.0 (Macintosh; Intel Mac OS X 10_15_7) AppleWebKit/537.36 (KHTML, like Gecko) Chrome/120.0.0.0 Safari/537.36"
62.60.130.247 - - [01/Sep/2026:11:19:06 -0500] "GET /?author=3 HTTP/1.1" 404 - "-" "Mozilla/5.0 (X11; Ubuntu; Linux x86_64) AppleWebKit/537.36 (KHTML, like Gecko) Chrome/119.0.0.0 Safari/537.36"
62.60.130.247 - - [01/Sep/2026:11:19:08 -0500] "GET /?author=4 HTTP/1.1" 404 - "-" "Mozilla/5.0 (Windows NT 11.0; Win64; x64) AppleWebKit/537.36 (KHTML, like Gecko) Chrome/120.0.0.0 Safari/537.36"
145.241.116.12 - - [01/Sep/2026:11:19:08 -0500] "GET /wp-login.php?redirect_to=https%3A%2F%2Fcampanaarquidiocesana.org%2Fwp-admin%2Findex.php&reauth=1 HTTP/1.1" 200 9325 "https://iglesiaerestu.org/wp-login.php" "Mozilla/5.0 (Macintosh; Intel Mac OS X 10_15_7) AppleWebKit/537.36 (KHTML, like Gecko) Chrome/120.0.0.0 Safari/537.36"
62.60.130.247 - - [01/Sep/2026:11:19:09 -0500] "GET /?author=5 HTTP/1.1" 404 - "-" "Mozilla/5.0 (Macintosh; Intel Mac OS X 13_6_1) AppleWebKit/605.1.15 (KHTML, like Gecko) Version/17.1 Safari/605.1.15"
62.60.130.247 - - [01/Sep/2026:11:19:11 -0500] "GET /wp-json/wp/v2/users HTTP/1.1" 403 199 "https://duckduckgo.com/" "Mozilla/5.0 (Windows NT 11.0; Win64; x64; rv:119.0) Gecko/20100101 Firefox/119.0"
145.241.116.12 - - [01/Sep/2026:11:19:10 -0500] "GET /wp-admin/index.php HTTP/1.1" 302 - "https://iglesiaerestu.org/wp-login.php" "Mozilla/5.0 (Macintosh; Intel Mac OS X 10_15_7) AppleWebKit/605.1.15 (KHTML, like Gecko) Version/17.1 Safari/605.1.15"
145.241.116.12 - - [01/Sep/2026:11:19:11 -0500] "GET /wp-login.php?redirect_to=https%3A%2F%2Fcampanaarquidiocesana.org%2Fwp-admin%2Findex.php&reauth=1 HTTP/1.1" 200 9325 "https://iglesiaerestu.org/wp-login.php" "Mozilla/5.0 (Macintosh; Intel Mac OS X 10_15_7) AppleWebKit/605.1.15 (KHTML, like Gecko) Version/17.1 Safari/605.1.15"
145.241.116.12 - - [01/Sep/2026:11:19:13 -0500] "GET /wp-admin/index.php HTTP/1.1" 302 - "https://iglesiaerestu.org/wp-login.php" "Mozilla/5.0 (Macintosh; Intel Mac OS X 13_6_1; rv:119.0) Gecko/20100101 Firefox/119.0"
145.241.116.12 - - [01/Sep/2026:11:19:16 -0500] "GET /wp-login.php?redirect_to=https%3A%2F%2Fcampanaarquidiocesana.org%2Fwp-admin%2Findex.php&reauth=1 HTTP/1.1" 200 9325 "https://iglesiaerestu.org/wp-login.php" "Mozilla/5.0 (Macintosh; Intel Mac OS X 13_6_1; rv:119.0) Gecko/20100101 Firefox/119.0"
62.60.130.247 - - [01/Sep/2026:11:19:11 -0500] "GET /wp-admin/index.php HTTP/1.1" 302 - "https://xn--campaaarquidiocesana-76b.org/wp-login.php" "Mozilla/5.0 (Windows NT 10.0; Win64; x64; rv:121.0) Gecko/20100101 Firefox/121.0"
145.241.116.12 - - [01/Sep/2026:11:19:20 -0500] "GET /wp-admin/index.php HTTP/1.1" 302 - "https://iglesiaerestu.org/wp-login.php" "Mozilla/5.0 (Macintosh; Intel Mac OS X 13_6_1) AppleWebKit/537.36 (KHTML, like Gecko) Chrome/120.0.0.0 Safari/537.36"
62.60.130.247 - - [01/Sep/2026:11:19:21 -0500] "GET /wp-login.php?redirect_to=https%3A%2F%2Fcampanaarquidiocesana.org%2Fwp-admin%2Findex.php&reauth=1 HTTP/1.1" 200 9325 "https://xn--campaaarquidiocesana-76b.org/wp-login.php" "Mozilla/5.0 (Windows NT 10.0; Win64; x64; rv:121.0) Gecko/20100101 Firefox/121.0"
145.241.116.12 - - [01/Sep/2026:11:19:22 -0500] "GET /wp-login.php?redirect_to=https%3A%2F%2Fcampanaarquidiocesana.org%2Fwp-admin%2Findex.php&reauth=1 HTTP/1.1" 200 9325 "https://iglesiaerestu.org/wp-login.php" "Mozilla/5.0 (Macintosh; Intel Mac OS X 13_6_1) AppleWebKit/537.36 (KHTML, like Gecko) Chrome/120.0.0.0 Safari/537.36"
62.60.130.247 - - [01/Sep/2026:11:19:23 -0500] "GET /wp-admin/profile.php HTTP/1.1" 302 - "https://xn--campaaarquidiocesana-76b.org/wp-login.php" "Mozilla/5.0 (Windows NT 10.0; Win64; x64; rv:121.0) Gecko/20100101 Firefox/121.0"
62.60.130.247 - - [01/Sep/2026:11:19:25 -0500] "GET /wp-login.php?redirect_to=https%3A%2F%2Fcampanaarquidiocesana.org%2Fwp-admin%2Fprofile.php&reauth=1 HTTP/1.1" 200 9329 "https://xn--campaaarquidiocesana-76b.org/wp-login.php" "Mozilla/5.0 (Windows NT 10.0; Win64; x64; rv:121.0) Gecko/20100101 Firefox/121.0"
145.241.116.12 - - [01/Sep/2026:11:19:25 -0500] "GET /wp-admin/index.php HTTP/1.1" 302 - "https://iglesiaerestu.org/wp-login.php" "Mozilla/5.0 (Macintosh; Intel Mac OS X 10_15_7) AppleWebKit/605.1.15 (KHTML, like Gecko) Version/17.1 Safari/605.1.15"
62.60.130.247 - - [01/Sep/2026:11:19:27 -0500] "GET /wp-admin/index.php HTTP/1.1" 302 - "https://xn--campaaarquidiocesana-76b.org/wp-login.php" "Mozilla/5.0 (Windows NT 10.0; Win64; x64) AppleWebKit/537.36 (KHTML, like Gecko) Chrome/120.0.0.0 Safari/537.36"
145.241.116.12 - - [01/Sep/2026:11:19:27 -0500] "GET /wp-login.php?redirect_to=https%3A%2F%2Fcampanaarquidiocesana.org%2Fwp-admin%2Findex.php&reauth=1 HTTP/1.1" 200 9325 "https://iglesiaerestu.org/wp-login.php" "Mozilla/5.0 (Macintosh; Intel Mac OS X 10_15_7) AppleWebKit/605.1.15 (KHTML, like Gecko) Version/17.1 Safari/605.1.15"
62.60.130.247 - - [01/Sep/2026:11:19:29 -0500] "GET /wp-login.php?redirect_to=https%3A%2F%2Fcampanaarquidiocesana.org%2Fwp-admin%2Findex.php&reauth=1 HTTP/1.1" 200 9325 "https://xn--campaaarquidiocesana-76b.org/wp-login.php" "Mozilla/5.0 (Windows NT 10.0; Win64; x64) AppleWebKit/537.36 (KHTML, like Gecko) Chrome/120.0.0.0 Safari/537.36"
145.241.116.12 - - [01/Sep/2026:11:19:30 -0500] "GET /wp-admin/index.php HTTP/1.1" 302 - "https://iglesiaerestu.org/wp-login.php" "Mozilla/5.0 (X11; Linux x86_64) AppleWebKit/537.36 (KHTML, like Gecko) Chrome/118.0.0.0 Safari/537.36"
62.60.130.247 - - [01/Sep/2026:11:19:31 -0500] "GET /wp-admin/index.php HTTP/1.1" 302 - "https://xn--campaaarquidiocesana-76b.org/wp-login.php" "Mozilla/5.0 (X11; Linux x86_64) AppleWebKit/537.36 (KHTML, like Gecko) Chrome/121.0.0.0 Safari/537.36"
145.241.116.12 - - [01/Sep/2026:11:19:32 -0500] "GET /wp-login.php?redirect_to=https%3A%2F%2Fcampanaarquidiocesana.org%2Fwp-admin%2Findex.php&reauth=1 HTTP/1.1" 200 9325 "https://iglesiaerestu.org/wp-login.php" "Mozilla/5.0 (X11; Linux x86_64) AppleWebKit/537.36 (KHTML, like Gecko) Chrome/118.0.0.0 Safari/537.36"
62.60.130.247 - - [01/Sep/2026:11:19:33 -0500] "GET /wp-login.php?redirect_to=https%3A%2F%2Fcampanaarquidiocesana.org%2Fwp-admin%2Findex.php&reauth=1 HTTP/1.1" 200 9325 "https://xn--campaaarquidiocesana-76b.org/wp-login.php" "Mozilla/5.0 (X11; Linux x86_64) AppleWebKit/537.36 (KHTML, like Gecko) Chrome/121.0.0.0 Safari/537.36"
145.241.116.12 - - [01/Sep/2026:11:19:34 -0500] "GET /wp-admin/index.php HTTP/1.1" 302 - "https://iglesiaerestu.org/wp-login.php" "Mozilla/5.0 (Macintosh; Intel Mac OS X 10_15_7; rv:121.0) Gecko/20100101 Firefox/121.0"
62.60.130.247 - - [01/Sep/2026:11:19:35 -0500] "GET /wp-admin/index.php HTTP/1.1" 302 - "https://xn--campaaarquidiocesana-76b.org/wp-login.php" "Mozilla/5.0 (Windows NT 11.0; Win64; x64) AppleWebKit/537.36 (KHTML, like Gecko) Chrome/121.0.0.0 Safari/537.36"
145.241.116.12 - - [01/Sep/2026:11:19:37 -0500] "GET /wp-login.php?redirect_to=https%3A%2F%2Fcampanaarquidiocesana.org%2Fwp-admin%2Findex.php&reauth=1 HTTP/1.1" 200 9325 "https://iglesiaerestu.org/wp-login.php" "Mozilla/5.0 (Macintosh; Intel Mac OS X 10_15_7; rv:121.0) Gecko/20100101 Firefox/121.0"
146.70.160.222 - - [01/Sep/2026:11:19:37 -0500] "GET /images/ HTTP/1.1" 404 41678 "-" "-"
62.60.130.247 - - [01/Sep/2026:11:19:38 -0500] "GET /wp-login.php?redirect_to=https%3A%2F%2Fcampanaarquidiocesana.org%2Fwp-admin%2Findex.php&reauth=1 HTTP/1.1" 200 9325 "https://xn--campaaarquidiocesana-76b.org/wp-login.php" "Mozilla/5.0 (Windows NT 11.0; Win64; x64) AppleWebKit/537.36 (KHTML, like Gecko) Chrome/121.0.0.0 Safari/537.36"
145.241.116.12 - - [01/Sep/2026:11:19:39 -0500] "GET /wp-admin/index.php HTTP/1.1" 302 - "https://iglesiaerestu.org/wp-login.php" "Mozilla/5.0 (Macintosh; Intel Mac OS X 13_6_1; rv:119.0) Gecko/20100101 Firefox/119.0"
62.60.130.247 - - [01/Sep/2026:11:19:39 -0500] "GET /wp-admin/index.php HTTP/1.1" 302 - "https://xn--campaaarquidiocesana-76b.org/wp-login.php" "Mozilla/5.0 (Windows NT 10.0; Win64; x64) AppleWebKit/537.36 (KHTML, like Gecko) Chrome/120.0.0.0 Safari/537.36"
145.241.116.12 - - [01/Sep/2026:11:19:41 -0500] "GET /wp-login.php?redirect_to=https%3A%2F%2Fcampanaarquidiocesana.org%2Fwp-admin%2Findex.php&reauth=1 HTTP/1.1" 200 9325 "https://iglesiaerestu.org/wp-login.php" "Mozilla/5.0 (Macintosh; Intel Mac OS X 13_6_1; rv:119.0) Gecko/20100101 Firefox/119.0"
62.60.130.247 - - [01/Sep/2026:11:19:41 -0500] "GET /wp-login.php?redirect_to=https%3A%2F%2Fcampanaarquidiocesana.org%2Fwp-admin%2Findex.php&reauth=1 HTTP/1.1" 200 9325 "https://xn--campaaarquidiocesana-76b.org/wp-login.php" "Mozilla/5.0 (Windows NT 10.0; Win64; x64) AppleWebKit/537.36 (KHTML, like Gecko) Chrome/120.0.0.0 Safari/537.36"
62.60.130.247 - - [01/Sep/2026:11:19:42 -0500] "GET /wp-admin/index.php HTTP/1.1" 302 - "https://xn--campaaarquidiocesana-76b.org/wp-login.php" "Mozilla/5.0 (X11; Ubuntu; Linux x86_64) AppleWebKit/537.36 (KHTML, like Gecko) Chrome/120.0.0.0 Safari/537.36"
145.241.116.12 - - [01/Sep/2026:11:19:42 -0500] "GET /wp-admin/index.php HTTP/1.1" 302 - "https://iglesiaerestu.org/wp-login.php" "Mozilla/5.0 (X11; Linux x86_64) AppleWebKit/537.36 (KHTML, like Gecko) Chrome/118.0.0.0 Safari/537.36"
62.60.130.247 - - [01/Sep/2026:11:19:44 -0500] "GET /wp-login.php?redirect_to=https%3A%2F%2Fcampanaarquidiocesana.org%2Fwp-admin%2Findex.php&reauth=1 HTTP/1.1" 200 9325 "https://xn--campaaarquidiocesana-76b.org/wp-login.php" "Mozilla/5.0 (X11; Ubuntu; Linux x86_64) AppleWebKit/537.36 (KHTML, like Gecko) Chrome/120.0.0.0 Safari/537.36"
145.241.116.12 - - [01/Sep/2026:11:19:44 -0500] "GET /wp-login.php?redirect_to=https%3A%2F%2Fcampanaarquidiocesana.org%2Fwp-admin%2Findex.php&reauth=1 HTTP/1.1" 200 9325 "https://iglesiaerestu.org/wp-login.php" "Mozilla/5.0 (X11; Linux x86_64) AppleWebKit/537.36 (KHTML, like Gecko) Chrome/118.0.0.0 Safari/537.36"
62.60.130.247 - - [01/Sep/2026:11:19:45 -0500] "GET /wp-admin/index.php HTTP/1.1" 302 - "https://xn--campaaarquidiocesana-76b.org/wp-login.php" "Mozilla/5.0 (Windows NT 10.0; Win64; x64; rv:119.0) Gecko/20100101 Firefox/119.0"
145.241.116.12 - - [01/Sep/2026:11:19:46 -0500] "GET /wp-admin/index.php HTTP/1.1" 302 - "https://iglesiaerestu.org/wp-login.php" "Mozilla/5.0 (Macintosh; Intel Mac OS X 10_15_7) AppleWebKit/605.1.15 (KHTML, like Gecko) Version/17.1 Safari/605.1.15"
62.60.130.247 - - [01/Sep/2026:11:19:47 -0500] "GET /wp-login.php?redirect_to=https%3A%2F%2Fcampanaarquidiocesana.org%2Fwp-admin%2Findex.php&reauth=1 HTTP/1.1" 200 9325 "https://xn--campaaarquidiocesana-76b.org/wp-login.php" "Mozilla/5.0 (Windows NT 10.0; Win64; x64; rv:119.0) Gecko/20100101 Firefox/119.0"
145.241.116.12 - - [01/Sep/2026:11:19:47 -0500] "GET /wp-login.php?redirect_to=https%3A%2F%2Fcampanaarquidiocesana.org%2Fwp-admin%2Findex.php&reauth=1 HTTP/1.1" 200 9325 "https://iglesiaerestu.org/wp-login.php" "Mozilla/5.0 (Macintosh; Intel Mac OS X 10_15_7) AppleWebKit/605.1.15 (KHTML, like Gecko) Version/17.1 Safari/605.1.15"
62.60.130.247 - - [01/Sep/2026:11:19:48 -0500] "GET /wp-admin/index.php HTTP/1.1" 302 - "https://xn--campaaarquidiocesana-76b.org/wp-login.php" "Mozilla/5.0 (Macintosh; Intel Mac OS X 10_15_7) AppleWebKit/605.1.15 (KHTML, like Gecko) Version/17.2 Safari/605.1.15"
145.241.116.12 - - [01/Sep/2026:11:19:48 -0500] "GET /wp-admin/index.php HTTP/1.1" 302 - "https://iglesiaerestu.org/wp-login.php" "Mozilla/5.0 (Macintosh; Intel Mac OS X 13_6_1) AppleWebKit/605.1.15 (KHTML, like Gecko) Version/17.2 Safari/605.1.15"
62.60.130.247 - - [01/Sep/2026:11:19:49 -0500] "GET /wp-login.php?redirect_to=https%3A%2F%2Fcampanaarquidiocesana.org%2Fwp-admin%2Findex.php&reauth=1 HTTP/1.1" 200 9325 "https://xn--campaaarquidiocesana-76b.org/wp-login.php" "Mozilla/5.0 (Macintosh; Intel Mac OS X 10_15_7) AppleWebKit/605.1.15 (KHTML, like Gecko) Version/17.2 Safari/605.1.15"
145.241.116.12 - - [01/Sep/2026:11:19:50 -0500] "GET /wp-login.php?redirect_to=https%3A%2F%2Fcampanaarquidiocesana.org%2Fwp-admin%2Findex.php&reauth=1 HTTP/1.1" 200 9325 "https://iglesiaerestu.org/wp-login.php" "Mozilla/5.0 (Macintosh; Intel Mac OS X 13_6_1) AppleWebKit/605.1.15 (KHTML, like Gecko) Version/17.2 Safari/605.1.15"
62.60.130.247 - - [01/Sep/2026:11:19:51 -0500] "GET /wp-admin/index.php HTTP/1.1" 302 - "https://xn--campaaarquidiocesana-76b.org/wp-login.php" "Mozilla/5.0 (Macintosh; Intel Mac OS X 10_15_7) AppleWebKit/537.36 (KHTML, like Gecko) Chrome/119.0.0.0 Safari/537.36"
145.241.116.12 - - [01/Sep/2026:11:19:52 -0500] "GET /wp-admin/index.php HTTP/1.1" 302 - "https://iglesiaerestu.org/wp-login.php" "Mozilla/5.0 (Macintosh; Intel Mac OS X 13_6_1) AppleWebKit/537.36 (KHTML, like Gecko) Chrome/119.0.0.0 Safari/537.36"
62.60.130.247 - - [01/Sep/2026:11:19:52 -0500] "GET /wp-login.php?redirect_to=https%3A%2F%2Fcampanaarquidiocesana.org%2Fwp-admin%2Findex.php&reauth=1 HTTP/1.1" 200 9325 "https://xn--campaaarquidiocesana-76b.org/wp-login.php" "Mozilla/5.0 (Macintosh; Intel Mac OS X 10_15_7) AppleWebKit/537.36 (KHTML, like Gecko) Chrome/119.0.0.0 Safari/537.36"
145.241.116.12 - - [01/Sep/2026:11:19:53 -0500] "GET /wp-login.php?redirect_to=https%3A%2F%2Fcampanaarquidiocesana.org%2Fwp-admin%2Findex.php&reauth=1 HTTP/1.1" 200 9325 "https://iglesiaerestu.org/wp-login.php" "Mozilla/5.0 (Macintosh; Intel Mac OS X 13_6_1) AppleWebKit/537.36 (KHTML, like Gecko) Chrome/119.0.0.0 Safari/537.36"
62.60.130.247 - - [01/Sep/2026:11:19:54 -0500] "GET /wp-admin/index.php HTTP/1.1" 302 - "https://xn--campaaarquidiocesana-76b.org/wp-login.php" "Mozilla/5.0 (Macintosh; Intel Mac OS X 10_15_7) AppleWebKit/605.1.15 (KHTML, like Gecko) Version/17.2 Safari/605.1.15"
202.51.202.242 - - [01/Sep/2026:11:19:55 -0500] "GET /wp-login.php HTTP/1.1" 200 9201 "https://iglesiaerestu.org/wp-login.php" "Mozilla/5.0 (Windows NT 10.0; Win64; x64) AppleWebKit/537.36 (KHTML, like Gecko) Chrome/151.0.0.0 Safari/537.36"
145.241.116.12 - - [01/Sep/2026:11:19:55 -0500] "GET /wp-admin/index.php HTTP/1.1" 302 - "https://iglesiaerestu.org/wp-login.php" "Mozilla/5.0 (Windows NT 11.0; Win64; x64; rv:118.0) Gecko/20100101 Firefox/118.0"
62.60.130.247 - - [01/Sep/2026:11:19:55 -0500] "GET /wp-login.php?redirect_to=https%3A%2F%2Fcampanaarquidiocesana.org%2Fwp-admin%2Findex.php&reauth=1 HTTP/1.1" 200 9325 "https://xn--campaaarquidiocesana-76b.org/wp-login.php" "Mozilla/5.0 (Macintosh; Intel Mac OS X 10_15_7) AppleWebKit/605.1.15 (KHTML, like Gecko) Version/17.2 Safari/605.1.15"
145.241.116.12 - - [01/Sep/2026:11:19:56 -0500] "GET /wp-login.php?redirect_to=https%3A%2F%2Fcampanaarquidiocesana.org%2Fwp-admin%2Findex.php&reauth=1 HTTP/1.1" 200 9325 "https://iglesiaerestu.org/wp-login.php" "Mozilla/5.0 (Windows NT 11.0; Win64; x64; rv:118.0) Gecko/20100101 Firefox/118.0"
62.60.130.247 - - [01/Sep/2026:11:19:57 -0500] "GET /wp-admin/index.php HTTP/1.1" 302 - "https://xn--campaaarquidiocesana-76b.org/wp-login.php" "Mozilla/5.0 (X11; Ubuntu; Linux x86_64) AppleWebKit/537.36 (KHTML, like Gecko) Chrome/120.0.0.0 Safari/537.36"
145.241.116.12 - - [01/Sep/2026:11:19:58 -0500] "GET /wp-admin/index.php HTTP/1.1" 302 - "https://iglesiaerestu.org/wp-login.php" "Mozilla/5.0 (X11; Linux x86_64) AppleWebKit/537.36 (KHTML, like Gecko) Chrome/118.0.0.0 Safari/537.36"
62.60.130.247 - - [01/Sep/2026:11:19:59 -0500] "GET /wp-login.php?redirect_to=https%3A%2F%2Fcampanaarquidiocesana.org%2Fwp-admin%2Findex.php&reauth=1 HTTP/1.1" 200 9325 "https://xn--campaaarquidiocesana-76b.org/wp-login.php" "Mozilla/5.0 (X11; Ubuntu; Linux x86_64) AppleWebKit/537.36 (KHTML, like Gecko) Chrome/120.0.0.0 Safari/537.36"
202.51.202.242 - - [01/Sep/2026:11:19:59 -0500] "GET /wp-login.php HTTP/1.1" 200 9201 "https://iglesiaerestu.org/wp-login.php" "Mozilla/5.0 (Windows NT 10.0; Win64; x64) AppleWebKit/537.36 (KHTML, like Gecko) Chrome/151.0.0.0 Safari/537.36"
145.241.116.12 - - [01/Sep/2026:11:20:00 -0500] "GET /wp-login.php?redirect_to=https%3A%2F%2Fcampanaarquidiocesana.org%2Fwp-admin%2Findex.php&reauth=1 HTTP/1.1" 200 9325 "https://iglesiaerestu.org/wp-login.php" "Mozilla/5.0 (X11; Linux x86_64) AppleWebKit/537.36 (KHTML, like Gecko) Chrome/118.0.0.0 Safari/537.36"
