158.23.184.117 - - [01/Sep/2026:15:10:09 -0500] "GET /wp-content/themes/twenty-twenty-four//colour.php HTTP/1.1" 301 - "-" "Mozilla/5.0 (Windows NT 10.0; Win64; x64) AppleWebKit/537.36 (KHTML, like Gecko) Chrome/120.0.0.0 Safari/537.36"
158.23.184.117 - - [01/Sep/2026:15:10:11 -0500] "GET /register.php HTTP/1.1" 404 41721 "-" "Mozilla/5.0 (Windows NT 10.0; Win64; x64) AppleWebKit/537.36 (KHTML, like Gecko) Chrome/120.0.0.0 Safari/537.36"
158.23.184.117 - - [01/Sep/2026:15:10:12 -0500] "GET /.well-known/classwithtostring.php HTTP/1.1" 404 41721 "-" "Mozilla/5.0 (Windows NT 10.0; Win64; x64) AppleWebKit/537.36 (KHTML, like Gecko) Chrome/120.0.0.0 Safari/537.36"
158.23.184.117 - - [01/Sep/2026:15:10:14 -0500] "GET /wp-admin/includes/template.php HTTP/1.1" 500 - "-" "Mozilla/5.0 (Windows NT 10.0; Win64; x64) AppleWebKit/537.36 (KHTML, like Gecko) Chrome/120.0.0.0 Safari/537.36"
209.87.169.95 - - [01/Sep/2026:15:10:19 -0500] "POST /wp-login.php HTTP/1.1" 503 18282 "https://campanaarquidiocesana.org/wp-login.php" "Mozilla/5.0 (X11; Linux x86_64) AppleWebKit/537.36 (KHTML, like Gecko) Chrome/119.0.0.0 Safari/537.36"
158.23.184.117 - - [01/Sep/2026:15:10:15 -0500] "GET /public/vx.php HTTP/1.1" 404 41721 "-" "Mozilla/5.0 (Windows NT 10.0; Win64; x64) AppleWebKit/537.36 (KHTML, like Gecko) Chrome/120.0.0.0 Safari/537.36"
157.90.185.123 - - [01/Sep/2026:15:10:28 -0500] "POST /?wordfence_syncAttackData=1788293427.9413 HTTP/1.1" 200 - "-" "WordPress/6.6.7; https://campanaarquidiocesana.org"
158.23.184.117 - - [01/Sep/2026:15:10:26 -0500] "GET /motu.php HTTP/1.1" 404 41721 "-" "Mozilla/5.0 (Windows NT 10.0; Win64; x64) AppleWebKit/537.36 (KHTML, like Gecko) Chrome/120.0.0.0 Safari/537.36"
209.87.169.108 - - [01/Sep/2026:15:10:29 -0500] "GET /wp-admin/index.php HTTP/1.1" 302 - "https://campanaarquidiocesana.org/wp-login.php" "Mozilla/5.0 (X11; Ubuntu; Linux x86_64) AppleWebKit/537.36 (KHTML, like Gecko) Chrome/120.0.0.0 Safari/537.36"
209.87.169.108 - - [01/Sep/2026:15:10:31 -0500] "GET /wp-login.php?redirect_to=https%3A%2F%2Fcampanaarquidiocesana.org%2Fwp-admin%2Findex.php&reauth=1 HTTP/1.1" 200 9325 "https://campanaarquidiocesana.org/wp-login.php" "Mozilla/5.0 (X11; Ubuntu; Linux x86_64) AppleWebKit/537.36 (KHTML, like Gecko) Chrome/120.0.0.0 Safari/537.36"
158.23.184.117 - - [01/Sep/2026:15:10:31 -0500] "GET /1.php HTTP/1.1" 404 41721 "-" "Mozilla/5.0 (Windows NT 10.0; Win64; x64) AppleWebKit/537.36 (KHTML, like Gecko) Chrome/120.0.0.0 Safari/537.36"
158.23.184.117 - - [01/Sep/2026:15:10:34 -0500] "GET /wp-includes/js/tinymce/theme.php HTTP/1.1" 404 51052 "-" "Mozilla/5.0 (Windows NT 10.0; Win64; x64) AppleWebKit/537.36 (KHTML, like Gecko) Chrome/120.0.0.0 Safari/537.36"
209.87.169.108 - - [01/Sep/2026:15:10:35 -0500] "POST /wp-login.php HTTP/1.1" 503 19284 "https://campanaarquidiocesana.org/wp-login.php" "Mozilla/5.0 (Windows NT 11.0; Win64; x64; rv:120.0) Gecko/20100101 Firefox/120.0"
158.23.184.117 - - [01/Sep/2026:15:10:38 -0500] "GET /wp-includes/random_compat/chosen.php HTTP/1.1" 404 51052 "-" "Mozilla/5.0 (Windows NT 10.0; Win64; x64) AppleWebKit/537.36 (KHTML, like Gecko) Chrome/120.0.0.0 Safari/537.36"
209.87.169.117 - - [01/Sep/2026:15:10:41 -0500] "GET /wp-admin/index.php HTTP/1.1" 302 - "https://campanaarquidiocesana.org/wp-login.php" "Mozilla/5.0 (Macintosh; Intel Mac OS X 10_15_7; rv:120.0) Gecko/20100101 Firefox/120.0"
158.23.184.117 - - [01/Sep/2026:15:10:41 -0500] "GET /wp-content/themes/twentytwentyfive/functions.php HTTP/1.1" 404 51052 "-" "Mozilla/5.0 (Windows NT 10.0; Win64; x64) AppleWebKit/537.36 (KHTML, like Gecko) Chrome/120.0.0.0 Safari/537.36"
158.23.184.117 - - [01/Sep/2026:15:10:45 -0500] "GET /wp-admin/wp-admins.php HTTP/1.1" 404 41721 "-" "Mozilla/5.0 (Windows NT 10.0; Win64; x64) AppleWebKit/537.36 (KHTML, like Gecko) Chrome/120.0.0.0 Safari/537.36"
209.87.169.117 - - [01/Sep/2026:15:10:46 -0500] "GET /wp-login.php?redirect_to=https%3A%2F%2Fcampanaarquidiocesana.org%2Fwp-admin%2Findex.php&reauth=1 HTTP/1.1" 200 9325 "https://campanaarquidiocesana.org/wp-login.php" "Mozilla/5.0 (Macintosh; Intel Mac OS X 10_15_7; rv:120.0) Gecko/20100101 Firefox/120.0"
158.23.184.117 - - [01/Sep/2026:15:10:48 -0500] "GET /wp-admin/user/profile.php HTTP/1.1" 302 - "-" "Mozilla/5.0 (Windows NT 10.0; Win64; x64) AppleWebKit/537.36 (KHTML, like Gecko) Chrome/120.0.0.0 Safari/537.36"
209.87.169.117 - - [01/Sep/2026:15:10:49 -0500] "POST /wp-login.php HTTP/1.1" 503 19284 "https://campanaarquidiocesana.org/wp-login.php" "Mozilla/5.0 (Windows NT 11.0; Win64; x64; rv:121.0) Gecko/20100101 Firefox/121.0"
158.23.184.117 - - [01/Sep/2026:15:10:50 -0500] "GET /admin/admin.php HTTP/1.1" 404 41721 "-" "Mozilla/5.0 (Windows NT 10.0; Win64; x64) AppleWebKit/537.36 (KHTML, like Gecko) Chrome/120.0.0.0 Safari/537.36"
158.23.184.117 - - [01/Sep/2026:15:10:53 -0500] "GET /wp-content/languages/plugins/admin.php HTTP/1.1" 404 51052 "-" "Mozilla/5.0 (Windows NT 10.0; Win64; x64) AppleWebKit/537.36 (KHTML, like Gecko) Chrome/120.0.0.0 Safari/537.36"
158.23.184.117 - - [01/Sep/2026:15:10:56 -0500] "GET /storage/ HTTP/1.1" 404 41721 "-" "Mozilla/5.0 (Windows NT 10.0; Win64; x64) AppleWebKit/537.36 (KHTML, like Gecko) Chrome/120.0.0.0 Safari/537.36"
158.23.184.117 - - [01/Sep/2026:15:10:58 -0500] "GET /user.php HTTP/1.1" 404 41721 "-" "Mozilla/5.0 (Windows NT 10.0; Win64; x64) AppleWebKit/537.36 (KHTML, like Gecko) Chrome/120.0.0.0 Safari/537.36"
158.23.184.117 - - [01/Sep/2026:15:11:00 -0500] "GET /wp-admin/css/colors/midnight/ HTTP/1.1" 403 199 "-" "Mozilla/5.0 (Windows NT 10.0; Win64; x64) AppleWebKit/537.36 (KHTML, like Gecko) Chrome/120.0.0.0 Safari/537.36"
158.23.184.117 - - [01/Sep/2026:15:11:01 -0500] "GET /public.php HTTP/1.1" 404 41721 "-" "Mozilla/5.0 (Windows NT 10.0; Win64; x64) AppleWebKit/537.36 (KHTML, like Gecko) Chrome/120.0.0.0 Safari/537.36"
158.23.184.117 - - [01/Sep/2026:15:11:03 -0500] "GET /wp-includes/images/media/ HTTP/1.1" 403 199 "-" "Mozilla/5.0 (Windows NT 10.0; Win64; x64) AppleWebKit/537.36 (KHTML, like Gecko) Chrome/120.0.0.0 Safari/537.36"
158.23.184.117 - - [01/Sep/2026:15:11:03 -0500] "GET /colors.php HTTP/1.1" 404 41721 "-" "Mozilla/5.0 (Windows NT 10.0; Win64; x64) AppleWebKit/537.36 (KHTML, like Gecko) Chrome/120.0.0.0 Safari/537.36"
209.87.169.101 - - [01/Sep/2026:15:11:05 -0500] "GET /wp-admin/index.php HTTP/1.1" 302 - "https://campanaarquidiocesana.org/wp-login.php" "Mozilla/5.0 (Macintosh; Intel Mac OS X 13_6_1) AppleWebKit/605.1.15 (KHTML, like Gecko) Version/16.6 Safari/605.1.15"
158.23.184.117 - - [01/Sep/2026:15:11:05 -0500] "GET /wp-include.php HTTP/1.1" 404 41721 "-" "Mozilla/5.0 (Windows NT 10.0; Win64; x64) AppleWebKit/537.36 (KHTML, like Gecko) Chrome/120.0.0.0 Safari/537.36"
209.87.169.101 - - [01/Sep/2026:15:11:08 -0500] "GET /wp-login.php?redirect_to=https%3A%2F%2Fcampanaarquidiocesana.org%2Fwp-admin%2Findex.php&reauth=1 HTTP/1.1" 200 9325 "https://campanaarquidiocesana.org/wp-login.php" "Mozilla/5.0 (Macintosh; Intel Mac OS X 13_6_1) AppleWebKit/605.1.15 (KHTML, like Gecko) Version/16.6 Safari/605.1.15"
158.23.184.117 - - [01/Sep/2026:15:11:08 -0500] "GET /wp-admin/checker.php HTTP/1.1" 404 41721 "-" "Mozilla/5.0 (Windows NT 10.0; Win64; x64) AppleWebKit/537.36 (KHTML, like Gecko) Chrome/120.0.0.0 Safari/537.36"
158.23.184.117 - - [01/Sep/2026:15:11:11 -0500] "GET /wp-admin/css/colors/coffee/ HTTP/1.1" 403 199 "-" "Mozilla/5.0 (Windows NT 10.0; Win64; x64) AppleWebKit/537.36 (KHTML, like Gecko) Chrome/120.0.0.0 Safari/537.36"
158.23.184.117 - - [01/Sep/2026:15:11:12 -0500] "GET /wp-logs.php HTTP/1.1" 404 41721 "-" "Mozilla/5.0 (Windows NT 10.0; Win64; x64) AppleWebKit/537.36 (KHTML, like Gecko) Chrome/120.0.0.0 Safari/537.36"
158.23.184.117 - - [01/Sep/2026:15:11:14 -0500] "GET /wp-content/themes/file.php HTTP/1.1" 404 51052 "-" "Mozilla/5.0 (Windows NT 10.0; Win64; x64) AppleWebKit/537.36 (KHTML, like Gecko) Chrome/120.0.0.0 Safari/537.36"
158.23.184.117 - - [01/Sep/2026:15:11:17 -0500] "GET /.well-known/rk2.php HTTP/1.1" 404 41721 "-" "Mozilla/5.0 (Windows NT 10.0; Win64; x64) AppleWebKit/537.36 (KHTML, like Gecko) Chrome/120.0.0.0 Safari/537.36"
158.23.184.117 - - [01/Sep/2026:15:11:19 -0500] "GET /gecko-new.php HTTP/1.1" 404 41721 "-" "Mozilla/5.0 (Windows NT 10.0; Win64; x64) AppleWebKit/537.36 (KHTML, like Gecko) Chrome/120.0.0.0 Safari/537.36"
158.23.184.117 - - [01/Sep/2026:15:11:22 -0500] "GET /wp-admin/health.php HTTP/1.1" 404 41721 "-" "Mozilla/5.0 (Windows NT 10.0; Win64; x64) AppleWebKit/537.36 (KHTML, like Gecko) Chrome/120.0.0.0 Safari/537.36"
158.23.184.117 - - [01/Sep/2026:15:11:24 -0500] "GET /inc.php HTTP/1.1" 404 41721 "-" "Mozilla/5.0 (Windows NT 10.0; Win64; x64) AppleWebKit/537.36 (KHTML, like Gecko) Chrome/120.0.0.0 Safari/537.36"
158.23.184.117 - - [01/Sep/2026:15:11:26 -0500] "GET /s.php HTTP/1.1" 404 41721 "-" "Mozilla/5.0 (Windows NT 10.0; Win64; x64) AppleWebKit/537.36 (KHTML, like Gecko) Chrome/120.0.0.0 Safari/537.36"
158.23.184.117 - - [01/Sep/2026:15:11:29 -0500] "GET /uploads/index.php HTTP/1.1" 301 - "-" "Mozilla/5.0 (Windows NT 10.0; Win64; x64) AppleWebKit/537.36 (KHTML, like Gecko) Chrome/120.0.0.0 Safari/537.36"
209.87.169.83 - - [01/Sep/2026:15:11:31 -0500] "POST /wp-login.php HTTP/1.1" 503 19284 "https://campanaarquidiocesana.org/wp-login.php" "Mozilla/5.0 (Macintosh; Intel Mac OS X 10_15_7) AppleWebKit/605.1.15 (KHTML, like Gecko) Version/16.6 Safari/605.1.15"
158.23.184.117 - - [01/Sep/2026:15:11:32 -0500] "GET /shop.php HTTP/1.1" 404 41721 "-" "Mozilla/5.0 (Windows NT 10.0; Win64; x64) AppleWebKit/537.36 (KHTML, like Gecko) Chrome/120.0.0.0 Safari/537.36"
158.23.184.117 - - [01/Sep/2026:15:11:35 -0500] "GET /data.php HTTP/1.1" 404 41721 "-" "Mozilla/5.0 (Windows NT 10.0; Win64; x64) AppleWebKit/537.36 (KHTML, like Gecko) Chrome/120.0.0.0 Safari/537.36"
158.23.184.117 - - [01/Sep/2026:15:11:38 -0500] "GET /wp-admin/task.php HTTP/1.1" 404 41721 "-" "Mozilla/5.0 (Windows NT 10.0; Win64; x64) AppleWebKit/537.36 (KHTML, like Gecko) Chrome/120.0.0.0 Safari/537.36"
158.23.184.117 - - [01/Sep/2026:15:11:41 -0500] "GET /radio.php HTTP/1.1" 404 41721 "-" "Mozilla/5.0 (Windows NT 10.0; Win64; x64) AppleWebKit/537.36 (KHTML, like Gecko) Chrome/120.0.0.0 Safari/537.36"
158.23.184.117 - - [01/Sep/2026:15:11:44 -0500] "GET /admin.php HTTP/1.1" 404 41721 "-" "Mozilla/5.0 (Windows NT 10.0; Win64; x64) AppleWebKit/537.36 (KHTML, like Gecko) Chrome/120.0.0.0 Safari/537.36"
209.87.169.115 - - [01/Sep/2026:15:11:43 -0500] "POST /wp-login.php HTTP/1.1" 503 19284 "https://campanaarquidiocesana.org/wp-login.php" "Mozilla/5.0 (Windows NT 11.0; Win64; x64) AppleWebKit/537.36 (KHTML, like Gecko) Chrome/118.0.0.0 Safari/537.36"
158.23.184.117 - - [01/Sep/2026:15:11:46 -0500] "GET /wp-includes/header.php HTTP/1.1" 404 41721 "-" "Mozilla/5.0 (Windows NT 10.0; Win64; x64) AppleWebKit/537.36 (KHTML, like Gecko) Chrome/120.0.0.0 Safari/537.36"
158.23.184.117 - - [01/Sep/2026:15:11:48 -0500] "GET /wp-content/languages/chosen.php HTTP/1.1" 404 51052 "-" "Mozilla/5.0 (Windows NT 10.0; Win64; x64) AppleWebKit/537.36 (KHTML, like Gecko) Chrome/120.0.0.0 Safari/537.36"
158.23.184.117 - - [01/Sep/2026:15:11:52 -0500] "GET /.bod/.ll/ HTTP/1.1" 404 41721 "-" "Mozilla/5.0 (Windows NT 10.0; Win64; x64) AppleWebKit/537.36 (KHTML, like Gecko) Chrome/120.0.0.0 Safari/537.36"
209.87.169.80 - - [01/Sep/2026:15:11:56 -0500] "GET /wp-admin/index.php HTTP/1.1" 503 19284 "https://campanaarquidiocesana.org/wp-login.php" "Mozilla/5.0 (Macintosh; Intel Mac OS X 10_15_7) AppleWebKit/605.1.15 (KHTML, like Gecko) Version/17.2 Safari/605.1.15"
158.23.184.117 - - [01/Sep/2026:15:11:55 -0500] "GET /wp-admin.php HTTP/1.1" 404 41721 "-" "Mozilla/5.0 (Windows NT 10.0; Win64; x64) AppleWebKit/537.36 (KHTML, like Gecko) Chrome/120.0.0.0 Safari/537.36"
209.87.169.108 - - [01/Sep/2026:15:13:03 -0500] "POST /wp-login.php HTTP/1.1" 503 18282 "https://campanaarquidiocesana.org/wp-login.php" "Mozilla/5.0 (Macintosh; Intel Mac OS X 10_15_7) AppleWebKit/605.1.15 (KHTML, like Gecko) Version/16.6 Safari/605.1.15"
209.87.169.102 - - [01/Sep/2026:15:13:23 -0500] "GET /wp-admin/profile.php HTTP/1.1" 302 - "https://campanaarquidiocesana.org/wp-login.php" "Mozilla/5.0 (Macintosh; Intel Mac OS X 13_6_1; rv:120.0) Gecko/20100101 Firefox/120.0"
157.90.185.123 - - [01/Sep/2026:15:13:25 -0500] "POST /?wordfence_syncAttackData=1788293604.916 HTTP/1.1" 200 - "-" "WordPress/6.6.7; https://campanaarquidiocesana.org"
209.87.169.102 - - [01/Sep/2026:15:13:26 -0500] "GET /wp-login.php?redirect_to=https%3A%2F%2Fcampanaarquidiocesana.org%2Fwp-admin%2Fprofile.php&reauth=1 HTTP/1.1" 200 9329 "https://campanaarquidiocesana.org/wp-login.php" "Mozilla/5.0 (Macintosh; Intel Mac OS X 13_6_1; rv:120.0) Gecko/20100101 Firefox/120.0"
209.87.169.102 - - [01/Sep/2026:15:13:28 -0500] "POST /wp-login.php HTTP/1.1" 503 19284 "https://campanaarquidiocesana.org/wp-login.php" "Mozilla/5.0 (Macintosh; Intel Mac OS X 10_15_7; rv:119.0) Gecko/20100101 Firefox/119.0"
209.87.169.121 - - [01/Sep/2026:15:13:51 -0500] "GET /wp-admin/profile.php HTTP/1.1" 302 - "https://campanaarquidiocesana.org/wp-login.php" "Mozilla/5.0 (Macintosh; Intel Mac OS X 10_15_7) AppleWebKit/605.1.15 (KHTML, like Gecko) Version/17.2 Safari/605.1.15"
209.87.169.121 - - [01/Sep/2026:15:13:52 -0500] "GET /wp-login.php?redirect_to=https%3A%2F%2Fcampanaarquidiocesana.org%2Fwp-admin%2Fprofile.php&reauth=1 HTTP/1.1" 200 9329 "https://campanaarquidiocesana.org/wp-login.php" "Mozilla/5.0 (Macintosh; Intel Mac OS X 10_15_7) AppleWebKit/605.1.15 (KHTML, like Gecko) Version/17.2 Safari/605.1.15"
209.87.169.121 - - [01/Sep/2026:15:13:54 -0500] "POST /wp-login.php HTTP/1.1" 503 19284 "https://campanaarquidiocesana.org/wp-login.php" "Mozilla/5.0 (X11; Linux x86_64) AppleWebKit/537.36 (KHTML, like Gecko) Chrome/118.0.0.0 Safari/537.36"
209.87.169.92 - - [01/Sep/2026:15:14:00 -0500] "GET /wp-admin/index.php HTTP/1.1" 302 - "https://campanaarquidiocesana.org/wp-login.php" "Mozilla/5.0 (Windows NT 10.0; Win64; x64; rv:118.0) Gecko/20100101 Firefox/118.0"
209.87.169.92 - - [01/Sep/2026:15:14:02 -0500] "GET /wp-login.php?redirect_to=https%3A%2F%2Fcampanaarquidiocesana.org%2Fwp-admin%2Findex.php&reauth=1 HTTP/1.1" 200 9325 "https://campanaarquidiocesana.org/wp-login.php" "Mozilla/5.0 (Windows NT 10.0; Win64; x64; rv:118.0) Gecko/20100101 Firefox/118.0"
209.87.169.92 - - [01/Sep/2026:15:14:04 -0500] "POST /wp-login.php HTTP/1.1" 503 19284 "https://campanaarquidiocesana.org/wp-login.php" "Mozilla/5.0 (Macintosh; Intel Mac OS X 13_6_1) AppleWebKit/537.36 (KHTML, like Gecko) Chrome/118.0.0.0 Safari/537.36"
209.87.169.109 - - [01/Sep/2026:15:14:34 -0500] "GET /wp-admin/edit.php HTTP/1.1" 302 - "https://campanaarquidiocesana.org/wp-login.php" "Mozilla/5.0 (Macintosh; Intel Mac OS X 10_15_7) AppleWebKit/537.36 (KHTML, like Gecko) Chrome/121.0.0.0 Safari/537.36"
209.87.169.109 - - [01/Sep/2026:15:14:36 -0500] "GET /wp-login.php?redirect_to=https%3A%2F%2Fcampanaarquidiocesana.org%2Fwp-admin%2Fedit.php&reauth=1 HTTP/1.1" 200 9323 "https://campanaarquidiocesana.org/wp-login.php" "Mozilla/5.0 (Macintosh; Intel Mac OS X 10_15_7) AppleWebKit/537.36 (KHTML, like Gecko) Chrome/121.0.0.0 Safari/537.36"
209.87.169.109 - - [01/Sep/2026:15:14:40 -0500] "POST /wp-login.php HTTP/1.1" 503 19284 "https://campanaarquidiocesana.org/wp-login.php" "Mozilla/5.0 (Windows NT 10.0; Win64; x64) AppleWebKit/537.36 (KHTML, like Gecko) Chrome/119.0.0.0 Safari/537.36"
209.87.169.92 - - [01/Sep/2026:15:14:45 -0500] "GET /wp-admin/index.php HTTP/1.1" 503 19284 "https://campanaarquidiocesana.org/wp-login.php" "Mozilla/5.0 (Windows NT 11.0; Win64; x64; rv:120.0) Gecko/20100101 Firefox/120.0"
146.70.160.222 - - [01/Sep/2026:15:14:56 -0500] "GET /admin/controller/extension/extension/ HTTP/1.1" 404 51009 "-" "-"
209.87.169.84 - - [01/Sep/2026:15:15:02 -0500] "GET /wp-admin/profile.php HTTP/1.1" 302 - "https://campanaarquidiocesana.org/wp-login.php" "Mozilla/5.0 (Windows NT 11.0; Win64; x64; rv:120.0) Gecko/20100101 Firefox/120.0"
209.87.169.84 - - [01/Sep/2026:15:15:03 -0500] "GET /wp-login.php?redirect_to=https%3A%2F%2Fcampanaarquidiocesana.org%2Fwp-admin%2Fprofile.php&reauth=1 HTTP/1.1" 200 9329 "https://campanaarquidiocesana.org/wp-login.php" "Mozilla/5.0 (Windows NT 11.0; Win64; x64; rv:120.0) Gecko/20100101 Firefox/120.0"
209.87.169.84 - - [01/Sep/2026:15:15:06 -0500] "POST /wp-login.php HTTP/1.1" 503 19284 "https://campanaarquidiocesana.org/wp-login.php" "Mozilla/5.0 (Macintosh; Intel Mac OS X 10_15_7) AppleWebKit/537.36 (KHTML, like Gecko) Chrome/119.0.0.0 Safari/537.36"
209.87.169.100 - - [01/Sep/2026:15:15:15 -0500] "GET /wp-admin/index.php HTTP/1.1" 302 - "https://campanaarquidiocesana.org/wp-login.php" "Mozilla/5.0 (Macintosh; Intel Mac OS X 10_15_7) AppleWebKit/605.1.15 (KHTML, like Gecko) Version/17.0 Safari/605.1.15"
209.87.169.100 - - [01/Sep/2026:15:15:17 -0500] "GET /wp-login.php?redirect_to=https%3A%2F%2Fcampanaarquidiocesana.org%2Fwp-admin%2Findex.php&reauth=1 HTTP/1.1" 200 9325 "https://campanaarquidiocesana.org/wp-login.php" "Mozilla/5.0 (Macintosh; Intel Mac OS X 10_15_7) AppleWebKit/605.1.15 (KHTML, like Gecko) Version/17.0 Safari/605.1.15"
209.87.169.100 - - [01/Sep/2026:15:15:20 -0500] "POST /wp-login.php HTTP/1.1" 503 19284 "https://campanaarquidiocesana.org/wp-login.php" "Mozilla/5.0 (Windows NT 10.0; Win64; x64) AppleWebKit/537.36 (KHTML, like Gecko) Chrome/118.0.0.0 Safari/537.36"
209.87.169.103 - - [01/Sep/2026:15:15:28 -0500] "GET /wp-admin/index.php HTTP/1.1" 302 - "https://campanaarquidiocesana.org/wp-login.php" "Mozilla/5.0 (Macintosh; Intel Mac OS X 10_15_7) AppleWebKit/605.1.15 (KHTML, like Gecko) Version/17.0 Safari/605.1.15"
209.87.169.103 - - [01/Sep/2026:15:15:31 -0500] "GET /wp-login.php?redirect_to=https%3A%2F%2Fcampanaarquidiocesana.org%2Fwp-admin%2Findex.php&reauth=1 HTTP/1.1" 200 9325 "https://campanaarquidiocesana.org/wp-login.php" "Mozilla/5.0 (Macintosh; Intel Mac OS X 10_15_7) AppleWebKit/605.1.15 (KHTML, like Gecko) Version/17.0 Safari/605.1.15"
209.87.169.103 - - [01/Sep/2026:15:15:34 -0500] "POST /wp-login.php HTTP/1.1" 503 19284 "https://campanaarquidiocesana.org/wp-login.php" "Mozilla/5.0 (X11; Linux x86_64) AppleWebKit/537.36 (KHTML, like Gecko) Chrome/121.0.0.0 Safari/537.36"
108.179.192.20 - - [01/Sep/2026:15:15:37 -0500] "GET /wp-login.php HTTP/1.1" 200 9201 "https://iglesiaerestu.org/wp-login.php" "Mozilla/5.0 (Windows NT 10.0; Win64; x64) AppleWebKit/537.36 (KHTML, like Gecko) Chrome/151.0.0.0 Safari/537.36"
108.179.192.20 - - [01/Sep/2026:15:15:39 -0500] "GET /wp-login.php HTTP/1.1" 200 9201 "https://iglesiaerestu.org/wp-login.php" "Mozilla/5.0 (Windows NT 10.0; Win64; x64) AppleWebKit/537.36 (KHTML, like Gecko) Chrome/151.0.0.0 Safari/537.36"
216.244.66.231 - - [01/Sep/2026:15:15:39 -0500] "GET /72?module=textos&i=3&k=0 HTTP/1.1" 404 41678 "-" "Mozilla/5.0 (compatible; DotBot/1.2; +https://opensiteexplorer.org/dotbot; help@moz.com)"
209.87.169.115 - - [01/Sep/2026:15:16:00 -0500] "POST /wp-login.php HTTP/1.1" 503 18281 "https://campanaarquidiocesana.org/wp-login.php" "Mozilla/5.0 (Macintosh; Intel Mac OS X 10_15_7; rv:119.0) Gecko/20100101 Firefox/119.0"
157.90.185.123 - - [01/Sep/2026:15:16:10 -0500] "POST /?wordfence_syncAttackData=1788293770.0311 HTTP/1.1" 200 - "-" "WordPress/6.6.7; https://campanaarquidiocesana.org"
209.87.169.125 - - [01/Sep/2026:15:16:09 -0500] "GET /wp-admin/index.php HTTP/1.1" 302 - "https://campanaarquidiocesana.org/wp-login.php" "Mozilla/5.0 (Macintosh; Intel Mac OS X 10_15_7) AppleWebKit/537.36 (KHTML, like Gecko) Chrome/119.0.0.0 Safari/537.36"
209.87.169.125 - - [01/Sep/2026:15:16:12 -0500] "GET /wp-login.php?redirect_to=https%3A%2F%2Fcampanaarquidiocesana.org%2Fwp-admin%2Findex.php&reauth=1 HTTP/1.1" 200 9325 "https://campanaarquidiocesana.org/wp-login.php" "Mozilla/5.0 (Macintosh; Intel Mac OS X 10_15_7) AppleWebKit/537.36 (KHTML, like Gecko) Chrome/119.0.0.0 Safari/537.36"
209.87.169.125 - - [01/Sep/2026:15:16:13 -0500] "POST /wp-login.php HTTP/1.1" 503 19284 "https://campanaarquidiocesana.org/wp-login.php" "Mozilla/5.0 (Macintosh; Intel Mac OS X 10_15_7) AppleWebKit/537.36 (KHTML, like Gecko) Chrome/119.0.0.0 Safari/537.36"
209.87.169.99 - - [01/Sep/2026:15:16:21 -0500] "GET /wp-admin/index.php HTTP/1.1" 302 - "https://campanaarquidiocesana.org/wp-login.php" "Mozilla/5.0 (Macintosh; Intel Mac OS X 10_15_7) AppleWebKit/537.36 (KHTML, like Gecko) Chrome/121.0.0.0 Safari/537.36"
209.87.169.99 - - [01/Sep/2026:15:16:23 -0500] "GET /wp-login.php?redirect_to=https%3A%2F%2Fcampanaarquidiocesana.org%2Fwp-admin%2Findex.php&reauth=1 HTTP/1.1" 200 9325 "https://campanaarquidiocesana.org/wp-login.php" "Mozilla/5.0 (Macintosh; Intel Mac OS X 10_15_7) AppleWebKit/537.36 (KHTML, like Gecko) Chrome/121.0.0.0 Safari/537.36"
209.87.169.99 - - [01/Sep/2026:15:16:24 -0500] "POST /wp-login.php HTTP/1.1" 503 19284 "https://campanaarquidiocesana.org/wp-login.php" "Mozilla/5.0 (Macintosh; Intel Mac OS X 10_15_7; rv:118.0) Gecko/20100101 Firefox/118.0"
209.87.169.87 - - [01/Sep/2026:15:16:50 -0500] "POST /wp-login.php HTTP/1.1" 503 19284 "https://campanaarquidiocesana.org/wp-login.php" "Mozilla/5.0 (Macintosh; Intel Mac OS X 13_6_1) AppleWebKit/537.36 (KHTML, like Gecko) Chrome/118.0.0.0 Safari/537.36"
209.87.169.95 - - [01/Sep/2026:15:17:09 -0500] "POST /wp-login.php HTTP/1.1" 503 18282 "https://campanaarquidiocesana.org/wp-login.php" "Mozilla/5.0 (Macintosh; Intel Mac OS X 10_15_7) AppleWebKit/605.1.15 (KHTML, like Gecko) Version/17.1 Safari/605.1.15"
157.90.185.123 - - [01/Sep/2026:15:17:25 -0500] "POST /?wordfence_syncAttackData=1788293845.0439 HTTP/1.1" 200 - "-" "WordPress/6.6.7; https://campanaarquidiocesana.org"
209.87.169.98 - - [01/Sep/2026:15:17:24 -0500] "GET /wp-admin/index.php HTTP/1.1" 302 - "https://campanaarquidiocesana.org/wp-login.php" "Mozilla/5.0 (Windows NT 11.0; Win64; x64; rv:118.0) Gecko/20100101 Firefox/118.0"
209.87.169.98 - - [01/Sep/2026:15:17:27 -0500] "GET /wp-login.php?redirect_to=https%3A%2F%2Fcampanaarquidiocesana.org%2Fwp-admin%2Findex.php&reauth=1 HTTP/1.1" 200 9325 "https://campanaarquidiocesana.org/wp-login.php" "Mozilla/5.0 (Windows NT 11.0; Win64; x64; rv:118.0) Gecko/20100101 Firefox/118.0"
209.87.169.98 - - [01/Sep/2026:15:17:29 -0500] "POST /wp-login.php HTTP/1.1" 503 19284 "https://campanaarquidiocesana.org/wp-login.php" "Mozilla/5.0 (Macintosh; Intel Mac OS X 13_6_1; rv:119.0) Gecko/20100101 Firefox/119.0"
209.87.169.112 - - [01/Sep/2026:15:17:37 -0500] "GET /wp-admin/index.php HTTP/1.1" 302 - "https://campanaarquidiocesana.org/wp-login.php" "Mozilla/5.0 (Windows NT 10.0; Win64; x64; rv:119.0) Gecko/20100101 Firefox/119.0"
209.87.169.112 - - [01/Sep/2026:15:17:39 -0500] "GET /wp-login.php?redirect_to=https%3A%2F%2Fcampanaarquidiocesana.org%2Fwp-admin%2Findex.php&reauth=1 HTTP/1.1" 200 9325 "https://campanaarquidiocesana.org/wp-login.php" "Mozilla/5.0 (Windows NT 10.0; Win64; x64; rv:119.0) Gecko/20100101 Firefox/119.0"
209.87.169.112 - - [01/Sep/2026:15:17:41 -0500] "POST /wp-login.php HTTP/1.1" 503 19284 "https://campanaarquidiocesana.org/wp-login.php" "Mozilla/5.0 (Macintosh; Intel Mac OS X 13_6_1) AppleWebKit/605.1.15 (KHTML, like Gecko) Version/17.0 Safari/605.1.15"
209.87.169.91 - - [01/Sep/2026:15:17:51 -0500] "GET /wp-admin/index.php HTTP/1.1" 302 - "https://campanaarquidiocesana.org/wp-login.php" "Mozilla/5.0 (X11; Ubuntu; Linux x86_64) AppleWebKit/537.36 (KHTML, like Gecko) Chrome/121.0.0.0 Safari/537.36"
209.87.169.91 - - [01/Sep/2026:15:17:52 -0500] "GET /wp-login.php?redirect_to=https%3A%2F%2Fcampanaarquidiocesana.org%2Fwp-admin%2Findex.php&reauth=1 HTTP/1.1" 200 9325 "https://campanaarquidiocesana.org/wp-login.php" "Mozilla/5.0 (X11; Ubuntu; Linux x86_64) AppleWebKit/537.36 (KHTML, like Gecko) Chrome/121.0.0.0 Safari/537.36"
209.87.169.90 - - [01/Sep/2026:15:18:13 -0500] "GET /wp-admin/profile.php HTTP/1.1" 302 - "https://campanaarquidiocesana.org/wp-login.php" "Mozilla/5.0 (X11; Ubuntu; Linux x86_64) AppleWebKit/537.36 (KHTML, like Gecko) Chrome/121.0.0.0 Safari/537.36"
209.87.169.93 - - [01/Sep/2026:15:18:21 -0500] "GET /wp-admin/edit.php HTTP/1.1" 302 - "https://campanaarquidiocesana.org/wp-login.php" "Mozilla/5.0 (X11; Ubuntu; Linux x86_64) AppleWebKit/537.36 (KHTML, like Gecko) Chrome/121.0.0.0 Safari/537.36"
209.87.169.93 - - [01/Sep/2026:15:18:24 -0500] "GET /wp-login.php?redirect_to=https%3A%2F%2Fcampanaarquidiocesana.org%2Fwp-admin%2Fedit.php&reauth=1 HTTP/1.1" 200 9323 "https://campanaarquidiocesana.org/wp-login.php" "Mozilla/5.0 (X11; Ubuntu; Linux x86_64) AppleWebKit/537.36 (KHTML, like Gecko) Chrome/121.0.0.0 Safari/537.36"
209.87.169.93 - - [01/Sep/2026:15:18:25 -0500] "POST /wp-login.php HTTP/1.1" 503 19284 "https://campanaarquidiocesana.org/wp-login.php" "Mozilla/5.0 (Macintosh; Intel Mac OS X 10_15_7) AppleWebKit/605.1.15 (KHTML, like Gecko) Version/17.0 Safari/605.1.15"
209.87.169.83 - - [01/Sep/2026:15:18:34 -0500] "GET /wp-admin/index.php HTTP/1.1" 503 19284 "https://campanaarquidiocesana.org/wp-login.php" "Mozilla/5.0 (Windows NT 10.0; Win64; x64) AppleWebKit/537.36 (KHTML, like Gecko) Chrome/118.0.0.0 Safari/537.36"
209.87.169.94 - - [01/Sep/2026:15:19:00 -0500] "GET /wp-admin/edit.php HTTP/1.1" 302 - "https://campanaarquidiocesana.org/wp-login.php" "Mozilla/5.0 (Windows NT 10.0; Win64; x64) AppleWebKit/537.36 (KHTML, like Gecko) Chrome/118.0.0.0 Safari/537.36"
209.87.169.94 - - [01/Sep/2026:15:19:02 -0500] "GET /wp-login.php?redirect_to=https%3A%2F%2Fcampanaarquidiocesana.org%2Fwp-admin%2Fedit.php&reauth=1 HTTP/1.1" 200 9323 "https://campanaarquidiocesana.org/wp-login.php" "Mozilla/5.0 (Windows NT 10.0; Win64; x64) AppleWebKit/537.36 (KHTML, like Gecko) Chrome/118.0.0.0 Safari/537.36"
209.87.169.94 - - [01/Sep/2026:15:19:04 -0500] "POST /wp-login.php HTTP/1.1" 503 19284 "https://campanaarquidiocesana.org/wp-login.php" "Mozilla/5.0 (Macintosh; Intel Mac OS X 13_6_1) AppleWebKit/605.1.15 (KHTML, like Gecko) Version/16.6 Safari/605.1.15"
209.87.169.81 - - [01/Sep/2026:15:19:21 -0500] "POST /wp-login.php HTTP/1.1" 503 19284 "https://campanaarquidiocesana.org/wp-login.php" "Mozilla/5.0 (X11; Ubuntu; Linux x86_64) AppleWebKit/537.36 (KHTML, like Gecko) Chrome/118.0.0.0 Safari/537.36"
209.87.169.93 - - [01/Sep/2026:15:19:28 -0500] "GET /wp-admin/index.php HTTP/1.1" 503 19284 "https://campanaarquidiocesana.org/wp-login.php" "Mozilla/5.0 (X11; Linux x86_64) AppleWebKit/537.36 (KHTML, like Gecko) Chrome/120.0.0.0 Safari/537.36"
209.87.169.123 - - [01/Sep/2026:15:19:42 -0500] "GET /wp-admin/profile.php HTTP/1.1" 302 - "https://campanaarquidiocesana.org/wp-login.php" "Mozilla/5.0 (X11; Linux x86_64) AppleWebKit/537.36 (KHTML, like Gecko) Chrome/120.0.0.0 Safari/537.36"
209.87.169.123 - - [01/Sep/2026:15:19:45 -0500] "GET /wp-login.php?redirect_to=https%3A%2F%2Fcampanaarquidiocesana.org%2Fwp-admin%2Fprofile.php&reauth=1 HTTP/1.1" 200 9329 "https://campanaarquidiocesana.org/wp-login.php" "Mozilla/5.0 (X11; Linux x86_64) AppleWebKit/537.36 (KHTML, like Gecko) Chrome/120.0.0.0 Safari/537.36"
209.87.169.123 - - [01/Sep/2026:15:19:47 -0500] "POST /wp-login.php HTTP/1.1" 503 19284 "https://campanaarquidiocesana.org/wp-login.php" "Mozilla/5.0 (Macintosh; Intel Mac OS X 10_15_7) AppleWebKit/605.1.15 (KHTML, like Gecko) Version/17.2 Safari/605.1.15"
209.87.169.114 - - [01/Sep/2026:15:20:03 -0500] "GET /wp-admin/profile.php HTTP/1.1" 302 - "https://campanaarquidiocesana.org/wp-login.php" "Mozilla/5.0 (Windows NT 11.0; Win64; x64; rv:120.0) Gecko/20100101 Firefox/120.0"
209.87.169.114 - - [01/Sep/2026:15:20:06 -0500] "GET /wp-login.php?redirect_to=https%3A%2F%2Fcampanaarquidiocesana.org%2Fwp-admin%2Fprofile.php&reauth=1 HTTP/1.1" 200 9329 "https://campanaarquidiocesana.org/wp-login.php" "Mozilla/5.0 (Windows NT 11.0; Win64; x64; rv:120.0) Gecko/20100101 Firefox/120.0"
209.87.169.114 - - [01/Sep/2026:15:20:09 -0500] "POST /wp-login.php HTTP/1.1" 503 19284 "https://campanaarquidiocesana.org/wp-login.php" "Mozilla/5.0 (Macintosh; Intel Mac OS X 13_6_1; rv:119.0) Gecko/20100101 Firefox/119.0"
209.87.169.76 - - [01/Sep/2026:15:20:18 -0500] "GET /wp-admin/index.php HTTP/1.1" 302 - "https://campanaarquidiocesana.org/wp-login.php" "Mozilla/5.0 (Windows NT 11.0; Win64; x64) AppleWebKit/537.36 (KHTML, like Gecko) Chrome/121.0.0.0 Safari/537.36"
209.87.169.76 - - [01/Sep/2026:15:20:20 -0500] "GET /wp-login.php?redirect_to=https%3A%2F%2Fcampanaarquidiocesana.org%2Fwp-admin%2Findex.php&reauth=1 HTTP/1.1" 200 9325 "https://campanaarquidiocesana.org/wp-login.php" "Mozilla/5.0 (Windows NT 11.0; Win64; x64) AppleWebKit/537.36 (KHTML, like Gecko) Chrome/121.0.0.0 Safari/537.36"
209.87.169.76 - - [01/Sep/2026:15:20:22 -0500] "POST /wp-login.php HTTP/1.1" 503 19284 "https://campanaarquidiocesana.org/wp-login.php" "Mozilla/5.0 (Macintosh; Intel Mac OS X 13_6_1) AppleWebKit/605.1.15 (KHTML, like Gecko) Version/17.1 Safari/605.1.15"
209.87.169.109 - - [01/Sep/2026:15:20:32 -0500] "GET /wp-admin/index.php HTTP/1.1" 503 19284 "https://campanaarquidiocesana.org/wp-login.php" "Mozilla/5.0 (Windows NT 10.0; Win64; x64; rv:120.0) Gecko/20100101 Firefox/120.0"
209.87.169.83 - - [01/Sep/2026:15:21:07 -0500] "GET /wp-admin/plugins.php HTTP/1.1" 503 19284 "https://campanaarquidiocesana.org/wp-login.php" "Mozilla/5.0 (Windows NT 10.0; Win64; x64; rv:120.0) Gecko/20100101 Firefox/120.0"
209.87.169.123 - - [01/Sep/2026:15:21:25 -0500] "POST /wp-login.php HTTP/1.1" 503 18282 "https://campanaarquidiocesana.org/wp-login.php" "Mozilla/5.0 (Windows NT 11.0; Win64; x64) AppleWebKit/537.36 (KHTML, like Gecko) Chrome/119.0.0.0 Safari/537.36"
157.90.185.123 - - [01/Sep/2026:15:21:37 -0500] "POST /?wordfence_syncAttackData=1788294097.4896 HTTP/1.1" 200 - "-" "WordPress/6.6.7; https://campanaarquidiocesana.org"
4.205.62.107 - - [01/Sep/2026:15:21:36 -0500] "GET /wp-content/plugins/hellopress/wp_filemanager.php HTTP/1.1" 404 51009 "-" "-"
4.205.62.107 - - [01/Sep/2026:15:21:39 -0500] "GET /this_is_a_new_hello_world.php HTTP/1.1" 404 41678 "-" "-"
4.205.62.107 - - [01/Sep/2026:15:21:41 -0500] "GET /bb.php HTTP/1.1" 404 41678 "-" "-"
209.87.169.95 - - [01/Sep/2026:15:21:43 -0500] "GET /wp-admin/profile.php HTTP/1.1" 302 - "https://campanaarquidiocesana.org/wp-login.php" "Mozilla/5.0 (X11; Ubuntu; Linux x86_64) AppleWebKit/537.36 (KHTML, like Gecko) Chrome/119.0.0.0 Safari/537.36"
4.205.62.107 - - [01/Sep/2026:15:21:43 -0500] "GET /params.php HTTP/1.1" 404 41678 "-" "-"
4.205.62.107 - - [01/Sep/2026:15:21:45 -0500] "GET /setup-config.php HTTP/1.1" 404 41678 "-" "-"
4.205.62.107 - - [01/Sep/2026:15:21:47 -0500] "GET /phpinfo01.php HTTP/1.1" 404 41678 "-" "-"
209.87.169.95 - - [01/Sep/2026:15:21:47 -0500] "GET /wp-login.php?redirect_to=https%3A%2F%2Fcampanaarquidiocesana.org%2Fwp-admin%2Fprofile.php&reauth=1 HTTP/1.1" 200 9329 "https://campanaarquidiocesana.org/wp-login.php" "Mozilla/5.0 (X11; Ubuntu; Linux x86_64) AppleWebKit/537.36 (KHTML, like Gecko) Chrome/119.0.0.0 Safari/537.36"
4.205.62.107 - - [01/Sep/2026:15:21:48 -0500] "GET /product.php HTTP/1.1" 404 41678 "-" "-"
4.205.62.107 - - [01/Sep/2026:15:21:50 -0500] "GET /test.config.php HTTP/1.1" 404 41678 "-" "-"
4.205.62.107 - - [01/Sep/2026:15:21:52 -0500] "GET /phpversion.php HTTP/1.1" 404 41678 "-" "-"
4.205.62.107 - - [01/Sep/2026:15:21:54 -0500] "GET /gk.php HTTP/1.1" 404 41678 "-" "-"
4.205.62.107 - - [01/Sep/2026:15:21:56 -0500] "GET //w.php HTTP/1.1" 301 - "-" "-"
4.205.62.107 - - [01/Sep/2026:15:21:57 -0500] "GET /w.php HTTP/1.1" 404 41678 "-" "-"
4.205.62.107 - - [01/Sep/2026:15:21:59 -0500] "GET /update.php HTTP/1.1" 404 41678 "-" "-"
209.87.169.113 - - [01/Sep/2026:15:21:59 -0500] "GET /wp-admin/edit.php HTTP/1.1" 302 - "https://campanaarquidiocesana.org/wp-login.php" "Mozilla/5.0 (X11; Ubuntu; Linux x86_64) AppleWebKit/537.36 (KHTML, like Gecko) Chrome/119.0.0.0 Safari/537.36"
4.205.62.107 - - [01/Sep/2026:15:22:00 -0500] "GET //h.php HTTP/1.1" 301 - "-" "-"
209.87.169.113 - - [01/Sep/2026:15:22:02 -0500] "GET /wp-login.php?redirect_to=https%3A%2F%2Fcampanaarquidiocesana.org%2Fwp-admin%2Fedit.php&reauth=1 HTTP/1.1" 200 9323 "https://campanaarquidiocesana.org/wp-login.php" "Mozilla/5.0 (X11; Ubuntu; Linux x86_64) AppleWebKit/537.36 (KHTML, like Gecko) Chrome/119.0.0.0 Safari/537.36"
4.205.62.107 - - [01/Sep/2026:15:22:02 -0500] "GET /h.php HTTP/1.1" 404 41678 "-" "-"
4.205.62.107 - - [01/Sep/2026:15:22:04 -0500] "GET /aws_sdk_settings.php HTTP/1.1" 404 41678 "-" "-"
4.205.62.107 - - [01/Sep/2026:15:22:06 -0500] "GET /css.php HTTP/1.1" 404 41678 "-" "-"
209.87.169.113 - - [01/Sep/2026:15:22:05 -0500] "POST /wp-login.php HTTP/1.1" 503 19284 "https://campanaarquidiocesana.org/wp-login.php" "Mozilla/5.0 (Macintosh; Intel Mac OS X 13_6_1) AppleWebKit/605.1.15 (KHTML, like Gecko) Version/17.1 Safari/605.1.15"
4.205.62.107 - - [01/Sep/2026:15:22:07 -0500] "GET /i.php HTTP/1.1" 404 41678 "-" "-"
4.205.62.107 - - [01/Sep/2026:15:22:09 -0500] "GET /doc.php HTTP/1.1" 404 41678 "-" "-"
4.205.62.107 - - [01/Sep/2026:15:22:11 -0500] "GET /G-in.php HTTP/1.1" 404 41678 "-" "-"
209.87.169.115 - - [01/Sep/2026:15:22:11 -0500] "GET /wp-admin/index.php HTTP/1.1" 302 - "https://campanaarquidiocesana.org/wp-login.php" "Mozilla/5.0 (Windows NT 10.0; Win64; x64) AppleWebKit/537.36 (KHTML, like Gecko) Chrome/119.0.0.0 Safari/537.36"
4.205.62.107 - - [01/Sep/2026:15:22:12 -0500] "GET //ms.php HTTP/1.1" 301 - "-" "-"
209.87.169.115 - - [01/Sep/2026:15:22:13 -0500] "GET /wp-login.php?redirect_to=https%3A%2F%2Fcampanaarquidiocesana.org%2Fwp-admin%2Findex.php&reauth=1 HTTP/1.1" 200 9325 "https://campanaarquidiocesana.org/wp-login.php" "Mozilla/5.0 (Windows NT 10.0; Win64; x64) AppleWebKit/537.36 (KHTML, like Gecko) Chrome/119.0.0.0 Safari/537.36"
4.205.62.107 - - [01/Sep/2026:15:22:14 -0500] "GET /ms.php HTTP/1.1" 404 41678 "-" "-"
4.205.62.107 - - [01/Sep/2026:15:22:16 -0500] "GET /channels.php HTTP/1.1" 404 41678 "-" "-"
209.87.169.115 - - [01/Sep/2026:15:22:16 -0500] "POST /wp-login.php HTTP/1.1" 503 19284 "https://campanaarquidiocesana.org/wp-login.php" "Mozilla/5.0 (Macintosh; Intel Mac OS X 13_6_1; rv:121.0) Gecko/20100101 Firefox/121.0"
4.205.62.107 - - [01/Sep/2026:15:22:17 -0500] "GET /wp-admin/sc.php HTTP/1.1" 404 41678 "-" "-"
4.205.62.107 - - [01/Sep/2026:15:22:19 -0500] "GET /asa.php HTTP/1.1" 404 41678 "-" "-"
4.205.62.107 - - [01/Sep/2026:15:22:21 -0500] "GET /broadcasting.php HTTP/1.1" 404 41678 "-" "-"
209.87.169.102 - - [01/Sep/2026:15:22:23 -0500] "GET /wp-admin/index.php HTTP/1.1" 503 19284 "https://campanaarquidiocesana.org/wp-login.php" "Mozilla/5.0 (Windows NT 11.0; Win64; x64; rv:119.0) Gecko/20100101 Firefox/119.0"
4.205.62.107 - - [01/Sep/2026:15:22:23 -0500] "GET /god.php HTTP/1.1" 404 41678 "-" "-"
4.205.62.107 - - [01/Sep/2026:15:22:25 -0500] "GET /config/laravolt/css/index.php HTTP/1.1" 301 - "-" "-"
4.205.62.107 - - [01/Sep/2026:15:22:26 -0500] "GET /config/laravolt/css/ HTTP/1.1" 404 51009 "-" "-"
209.87.169.94 - - [01/Sep/2026:15:22:28 -0500] "GET /wp-admin/profile.php HTTP/1.1" 503 19284 "https://campanaarquidiocesana.org/wp-login.php" "Mozilla/5.0 (Windows NT 11.0; Win64; x64; rv:119.0) Gecko/20100101 Firefox/119.0"
4.205.62.107 - - [01/Sep/2026:15:22:28 -0500] "GET /06.php HTTP/1.1" 404 41678 "-" "-"
4.205.62.107 - - [01/Sep/2026:15:22:29 -0500] "GET /aws_config.php HTTP/1.1" 404 41678 "-" "-"
209.87.169.80 - - [01/Sep/2026:15:22:30 -0500] "GET /wp-admin/edit.php HTTP/1.1" 302 - "https://campanaarquidiocesana.org/wp-login.php" "Mozilla/5.0 (Windows NT 11.0; Win64; x64; rv:119.0) Gecko/20100101 Firefox/119.0"
4.205.62.107 - - [01/Sep/2026:15:22:31 -0500] "GET /phina.php HTTP/1.1" 404 41678 "-" "-"
4.205.62.107 - - [01/Sep/2026:15:22:33 -0500] "GET /66.php HTTP/1.1" 404 41678 "-" "-"
4.205.62.107 - - [01/Sep/2026:15:22:35 -0500] "GET /localconf.php HTTP/1.1" 404 41678 "-" "-"
4.205.62.107 - - [01/Sep/2026:15:22:36 -0500] "GET /cli_bootstrap.php HTTP/1.1" 404 41678 "-" "-"
4.205.62.107 - - [01/Sep/2026:15:22:38 -0500] "GET /dialog.php HTTP/1.1" 404 41678 "-" "-"
4.205.62.107 - - [01/Sep/2026:15:22:40 -0500] "GET /wp-admin/css/bolt.php HTTP/1.1" 404 51009 "-" "-"
209.87.169.112 - - [01/Sep/2026:15:22:43 -0500] "GET /wp-admin/plugins.php HTTP/1.1" 503 19284 "https://campanaarquidiocesana.org/wp-login.php" "Mozilla/5.0 (Windows NT 11.0; Win64; x64; rv:119.0) Gecko/20100101 Firefox/119.0"
4.205.62.107 - - [01/Sep/2026:15:22:42 -0500] "GET /error_log.php HTTP/1.1" 404 41678 "-" "-"
4.205.62.107 - - [01/Sep/2026:15:22:44 -0500] "GET /bengi.php HTTP/1.1" 404 41678 "-" "-"
32.193.52.205 - - [01/Sep/2026:15:22:47 -0500] "GET /robots.txt HTTP/1.1" 200 183 "-" "Mozilla/5.0 (Macintosh; Intel Mac OS X 10_10_1) AppleWebKit/600.2.5 (KHTML, like Gecko) Version/8.0.2 Safari/600.2.5 (Gort)"
4.205.62.107 - - [01/Sep/2026:15:22:48 -0500] "GET /a1vx.php HTTP/1.1" 404 41678 "-" "-"
209.87.169.99 - - [01/Sep/2026:15:22:54 -0500] "POST /wp-login.php HTTP/1.1" 503 18282 "https://campanaarquidiocesana.org/wp-login.php" "Mozilla/5.0 (Windows NT 11.0; Win64; x64; rv:119.0) Gecko/20100101 Firefox/119.0"
4.205.62.107 - - [01/Sep/2026:15:22:52 -0500] "GET /konfig.php HTTP/1.1" 404 41678 "-" "-"
157.90.185.123 - - [01/Sep/2026:15:22:56 -0500] "POST /?wordfence_syncAttackData=1788294176.7564 HTTP/1.1" 200 - "-" "WordPress/6.6.7; https://campanaarquidiocesana.org"
4.205.62.107 - - [01/Sep/2026:15:22:55 -0500] "GET /xqq.php HTTP/1.1" 404 41678 "-" "-"
4.205.62.107 - - [01/Sep/2026:15:22:59 -0500] "GET /aws-credentials.php HTTP/1.1" 404 41678 "-" "-"
4.205.62.107 - - [01/Sep/2026:15:23:01 -0500] "GET /wpver.php HTTP/1.1" 404 41678 "-" "-"
146.70.160.222 - - [01/Sep/2026:15:23:04 -0500] "GET /components/ HTTP/1.1" 404 41678 "-" "-"
4.205.62.107 - - [01/Sep/2026:15:23:05 -0500] "GET /admin.php HTTP/1.1" 404 41678 "-" "-"
4.205.62.107 - - [01/Sep/2026:15:23:06 -0500] "GET /paths.php HTTP/1.1" 404 41678 "-" "-"
4.205.62.107 - - [01/Sep/2026:15:23:08 -0500] "GET /wp-konfig.backup.php HTTP/1.1" 404 41678 "-" "-"
4.205.62.107 - - [01/Sep/2026:15:23:10 -0500] "GET /motu.php HTTP/1.1" 404 41678 "-" "-"
209.87.169.102 - - [01/Sep/2026:15:23:12 -0500] "GET /wp-admin/profile.php HTTP/1.1" 503 19284 "https://campanaarquidiocesana.org/wp-login.php" "Mozilla/5.0 (Macintosh; Intel Mac OS X 10_15_7) AppleWebKit/537.36 (KHTML, like Gecko) Chrome/120.0.0.0 Safari/537.36"
4.205.62.107 - - [01/Sep/2026:15:23:12 -0500] "GET /var/www/wallet/index.php HTTP/1.1" 301 - "-" "-"
4.205.62.107 - - [01/Sep/2026:15:23:14 -0500] "GET /var/www/wallet/ HTTP/1.1" 404 51009 "-" "-"
4.205.62.107 - - [01/Sep/2026:15:23:15 -0500] "GET //xza.php HTTP/1.1" 301 - "-" "-"
4.205.62.107 - - [01/Sep/2026:15:23:17 -0500] "GET /xza.php HTTP/1.1" 404 41678 "-" "-"
4.205.62.107 - - [01/Sep/2026:15:23:19 -0500] "GET /doc.php HTTP/1.1" 404 41678 "-" "-"
4.205.62.107 - - [01/Sep/2026:15:23:21 -0500] "GET /cu.php HTTP/1.1" 404 41678 "-" "-"
209.87.169.110 - - [01/Sep/2026:15:23:22 -0500] "GET /wp-admin/edit.php HTTP/1.1" 302 - "https://campanaarquidiocesana.org/wp-login.php" "Mozilla/5.0 (Macintosh; Intel Mac OS X 10_15_7) AppleWebKit/537.36 (KHTML, like Gecko) Chrome/120.0.0.0 Safari/537.36"
4.205.62.107 - - [01/Sep/2026:15:23:22 -0500] "GET /groceries/index.php HTTP/1.1" 301 - "-" "-"
4.205.62.107 - - [01/Sep/2026:15:23:24 -0500] "GET /groceries/ HTTP/1.1" 404 41678 "-" "-"
157.90.185.123 - - [01/Sep/2026:15:23:26 -0500] "POST /?wordfence_syncAttackData=1788294206.3554 HTTP/1.1" 200 - "-" "WordPress/6.6.7; https://campanaarquidiocesana.org"
157.90.185.123 - - [01/Sep/2026:15:23:26 -0500] "POST /?wordfence_syncAttackData=1788294206.4835 HTTP/1.1" 200 - "-" "WordPress/6.6.7; https://campanaarquidiocesana.org"
209.87.169.110 - - [01/Sep/2026:15:23:25 -0500] "GET /wp-login.php?redirect_to=https%3A%2F%2Fcampanaarquidiocesana.org%2Fwp-admin%2Fedit.php&reauth=1 HTTP/1.1" 200 9323 "https://campanaarquidiocesana.org/wp-login.php" "Mozilla/5.0 (Macintosh; Intel Mac OS X 10_15_7) AppleWebKit/537.36 (KHTML, like Gecko) Chrome/120.0.0.0 Safari/537.36"
4.205.62.107 - - [01/Sep/2026:15:23:25 -0500] "GET /wp-config.backup.php HTTP/1.1" 404 41678 "-" "-"
4.205.62.107 - - [01/Sep/2026:15:23:28 -0500] "GET /app.default.php HTTP/1.1" 404 41678 "-" "-"
4.205.62.107 - - [01/Sep/2026:15:23:30 -0500] "GET /database.php HTTP/1.1" 404 41678 "-" "-"
4.205.62.107 - - [01/Sep/2026:15:23:32 -0500] "GET /wp-blog.php HTTP/1.1" 404 41678 "-" "-"
4.205.62.107 - - [01/Sep/2026:15:23:34 -0500] "GET /apikeys.php HTTP/1.1" 404 41678 "-" "-"
4.205.62.107 - - [01/Sep/2026:15:23:36 -0500] "GET /wp-class.php HTTP/1.1" 404 41678 "-" "-"
4.205.62.107 - - [01/Sep/2026:15:23:38 -0500] "GET /infos.php HTTP/1.1" 404 41678 "-" "-"
209.87.169.123 - - [01/Sep/2026:15:23:40 -0500] "POST /wp-login.php HTTP/1.1" 503 18281 "https://campanaarquidiocesana.org/wp-login.php" "Mozilla/5.0 (Macintosh; Intel Mac OS X 10_15_7) AppleWebKit/605.1.15 (KHTML, like Gecko) Version/17.2 Safari/605.1.15"
4.205.62.107 - - [01/Sep/2026:15:23:39 -0500] "GET /nw.php HTTP/1.1" 404 41678 "-" "-"
157.90.185.123 - - [01/Sep/2026:15:23:42 -0500] "POST /?wordfence_syncAttackData=1788294222.3378 HTTP/1.1" 200 - "-" "WordPress/6.6.7; https://campanaarquidiocesana.org"
4.205.62.107 - - [01/Sep/2026:15:23:41 -0500] "GET /ebahvhhh.php HTTP/1.1" 404 41678 "-" "-"
4.205.62.107 - - [01/Sep/2026:15:23:44 -0500] "GET /cp2.php HTTP/1.1" 404 41678 "-" "-"
4.205.62.107 - - [01/Sep/2026:15:23:46 -0500] "GET /agg.php HTTP/1.1" 404 41678 "-" "-"
4.205.62.107 - - [01/Sep/2026:15:23:48 -0500] "GET /fucku.php HTTP/1.1" 404 41678 "-" "-"
209.87.169.77 - - [01/Sep/2026:15:23:50 -0500] "GET /wp-admin/index.php HTTP/1.1" 302 - "https://campanaarquidiocesana.org/wp-login.php" "Mozilla/5.0 (Macintosh; Intel Mac OS X 13_6_1) AppleWebKit/537.36 (KHTML, like Gecko) Chrome/118.0.0.0 Safari/537.36"
4.205.62.107 - - [01/Sep/2026:15:23:50 -0500] "GET //dd.php HTTP/1.1" 301 - "-" "-"
4.205.62.107 - - [01/Sep/2026:15:23:51 -0500] "GET /dd.php HTTP/1.1" 404 41678 "-" "-"
209.87.169.77 - - [01/Sep/2026:15:23:53 -0500] "GET /wp-login.php?redirect_to=https%3A%2F%2Fcampanaarquidiocesana.org%2Fwp-admin%2Findex.php&reauth=1 HTTP/1.1" 200 9325 "https://campanaarquidiocesana.org/wp-login.php" "Mozilla/5.0 (Macintosh; Intel Mac OS X 13_6_1) AppleWebKit/537.36 (KHTML, like Gecko) Chrome/118.0.0.0 Safari/537.36"
4.205.62.107 - - [01/Sep/2026:15:23:53 -0500] "GET /environment.php HTTP/1.1" 404 41678 "-" "-"
4.205.62.107 - - [01/Sep/2026:15:23:55 -0500] "GET /aws_auth.php HTTP/1.1" 404 41678 "-" "-"
209.87.169.77 - - [01/Sep/2026:15:23:54 -0500] "POST /wp-login.php HTTP/1.1" 503 19284 "https://campanaarquidiocesana.org/wp-login.php" "Mozilla/5.0 (Windows NT 11.0; Win64; x64; rv:120.0) Gecko/20100101 Firefox/120.0"
4.205.62.107 - - [01/Sep/2026:15:23:57 -0500] "GET /koiy.php HTTP/1.1" 404 41678 "-" "-"
4.205.62.107 - - [01/Sep/2026:15:23:59 -0500] "GET /userfuns.php HTTP/1.1" 404 41678 "-" "-"
4.205.62.107 - - [01/Sep/2026:15:24:00 -0500] "GET /register.php HTTP/1.1" 404 41678 "-" "-"
4.205.62.107 - - [01/Sep/2026:15:24:02 -0500] "GET /autogooey.php HTTP/1.1" 404 41678 "-" "-"
4.205.62.107 - - [01/Sep/2026:15:24:04 -0500] "GET /oc460l3x.php HTTP/1.1" 404 41678 "-" "-"
4.205.62.107 - - [01/Sep/2026:15:24:06 -0500] "GET /log.php HTTP/1.1" 404 41678 "-" "-"
4.205.62.107 - - [01/Sep/2026:15:24:08 -0500] "GET /wp-konfig.php HTTP/1.1" 404 41678 "-" "-"
4.205.62.107 - - [01/Sep/2026:15:24:09 -0500] "GET /hochladen.form.php HTTP/1.1" 404 41678 "-" "-"
209.87.169.98 - - [01/Sep/2026:15:24:10 -0500] "POST /wp-login.php HTTP/1.1" 503 18281 "https://campanaarquidiocesana.org/wp-login.php" "Mozilla/5.0 (Macintosh; Intel Mac OS X 10_15_7) AppleWebKit/537.36 (KHTML, like Gecko) Chrome/120.0.0.0 Safari/537.36"
157.90.185.123 - - [01/Sep/2026:15:24:12 -0500] "POST /?wordfence_syncAttackData=1788294252.4801 HTTP/1.1" 200 - "-" "WordPress/6.6.7; https://campanaarquidiocesana.org"
4.205.62.107 - - [01/Sep/2026:15:24:11 -0500] "GET /87.php HTTP/1.1" 404 41678 "-" "-"
4.205.62.107 - - [01/Sep/2026:15:24:14 -0500] "GET /wp-tem.php HTTP/1.1" 404 41678 "-" "-"
4.205.62.107 - - [01/Sep/2026:15:24:16 -0500] "GET /app/Models/Hrm/Employee.php HTTP/1.1" 404 51009 "-" "-"
4.205.62.107 - - [01/Sep/2026:15:24:18 -0500] "GET /zaza.php HTTP/1.1" 404 41678 "-" "-"
4.205.62.107 - - [01/Sep/2026:15:24:19 -0500] "GET /php_info.php HTTP/1.1" 404 41678 "-" "-"
4.205.62.107 - - [01/Sep/2026:15:24:21 -0500] "GET /g3.php HTTP/1.1" 404 41678 "-" "-"
209.87.169.117 - - [01/Sep/2026:15:24:22 -0500] "POST /wp-login.php HTTP/1.1" 503 19284 "https://campanaarquidiocesana.org/wp-login.php" "Mozilla/5.0 (Macintosh; Intel Mac OS X 13_6_1; rv:121.0) Gecko/20100101 Firefox/121.0"
4.205.62.107 - - [01/Sep/2026:15:24:23 -0500] "GET /zz.php HTTP/1.1" 404 41678 "-" "-"
4.205.62.107 - - [01/Sep/2026:15:24:25 -0500] "GET /xa.php HTTP/1.1" 404 41678 "-" "-"
209.87.169.87 - - [01/Sep/2026:15:24:27 -0500] "GET /wp-admin/index.php HTTP/1.1" 503 19284 "https://campanaarquidiocesana.org/wp-login.php" "Mozilla/5.0 (X11; Linux x86_64) AppleWebKit/537.36 (KHTML, like Gecko) Chrome/118.0.0.0 Safari/537.36"
4.205.62.107 - - [01/Sep/2026:15:24:27 -0500] "GET /ms-edit.php HTTP/1.1" 404 41678 "-" "-"
4.205.62.107 - - [01/Sep/2026:15:24:28 -0500] "GET /saml.php HTTP/1.1" 404 41678 "-" "-"
4.205.62.107 - - [01/Sep/2026:15:24:30 -0500] "GET /aws_credentials.php HTTP/1.1" 404 41678 "-" "-"
4.205.62.107 - - [01/Sep/2026:15:24:32 -0500] "GET /app/Helpers/bladeHelpers.php HTTP/1.1" 404 51009 "-" "-"
209.87.169.90 - - [01/Sep/2026:15:24:34 -0500] "GET /wp-admin/profile.php HTTP/1.1" 302 - "https://campanaarquidiocesana.org/wp-login.php" "Mozilla/5.0 (X11; Linux x86_64) AppleWebKit/537.36 (KHTML, like Gecko) Chrome/118.0.0.0 Safari/537.36"
4.205.62.107 - - [01/Sep/2026:15:24:34 -0500] "GET /lmfi2.php HTTP/1.1" 404 41678 "-" "-"
209.87.169.90 - - [01/Sep/2026:15:24:36 -0500] "GET /wp-login.php?redirect_to=https%3A%2F%2Fcampanaarquidiocesana.org%2Fwp-admin%2Fprofile.php&reauth=1 HTTP/1.1" 200 9329 "https://campanaarquidiocesana.org/wp-login.php" "Mozilla/5.0 (X11; Linux x86_64) AppleWebKit/537.36 (KHTML, like Gecko) Chrome/118.0.0.0 Safari/537.36"
4.205.62.107 - - [01/Sep/2026:15:24:36 -0500] "GET /snq.php HTTP/1.1" 404 41678 "-" "-"
4.205.62.107 - - [01/Sep/2026:15:24:37 -0500] "GET /gjm.php HTTP/1.1" 404 41678 "-" "-"
4.205.62.107 - - [01/Sep/2026:15:24:39 -0500] "GET /fraro.php HTTP/1.1" 404 41678 "-" "-"
4.205.62.107 - - [01/Sep/2026:15:24:41 -0500] "GET /hiquido.com/index.php HTTP/1.1" 301 - "-" "-"
4.205.62.107 - - [01/Sep/2026:15:24:42 -0500] "GET /hiquido.com/ HTTP/1.1" 404 41678 "-" "-"
4.205.62.107 - - [01/Sep/2026:15:24:44 -0500] "GET /xp.php HTTP/1.1" 404 41678 "-" "-"
4.205.62.107 - - [01/Sep/2026:15:24:46 -0500] "GET /tax.php HTTP/1.1" 404 41678 "-" "-"
4.205.62.107 - - [01/Sep/2026:15:24:48 -0500] "GET /ms-edit.php HTTP/1.1" 404 41678 "-" "-"
4.205.62.107 - - [01/Sep/2026:15:24:50 -0500] "GET /fm.php HTTP/1.1" 404 41678 "-" "-"
209.87.169.117 - - [01/Sep/2026:15:24:52 -0500] "GET /wp-admin/edit.php HTTP/1.1" 503 19284 "https://campanaarquidiocesana.org/wp-login.php" "Mozilla/5.0 (X11; Linux x86_64) AppleWebKit/537.36 (KHTML, like Gecko) Chrome/118.0.0.0 Safari/537.36"
4.205.62.107 - - [01/Sep/2026:15:24:52 -0500] "GET /ws62.php HTTP/1.1" 404 41678 "-" "-"
4.205.62.107 - - [01/Sep/2026:15:24:54 -0500] "GET /fun.php HTTP/1.1" 404 41678 "-" "-"
4.205.62.107 - - [01/Sep/2026:15:24:56 -0500] "GET /sdsa.php HTTP/1.1" 404 41678 "-" "-"
4.205.62.107 - - [01/Sep/2026:15:24:58 -0500] "GET /05.php HTTP/1.1" 404 41678 "-" "-"
4.205.62.107 - - [01/Sep/2026:15:24:59 -0500] "GET /pouhg.php HTTP/1.1" 404 41678 "-" "-"
4.205.62.107 - - [01/Sep/2026:15:25:01 -0500] "GET /txets.php HTTP/1.1" 404 41678 "-" "-"
4.205.62.107 - - [01/Sep/2026:15:25:03 -0500] "GET /333.php HTTP/1.1" 404 41678 "-" "-"
209.87.169.107 - - [01/Sep/2026:15:25:05 -0500] "GET /wp-admin/plugins.php HTTP/1.1" 302 - "https://campanaarquidiocesana.org/wp-login.php" "Mozilla/5.0 (X11; Linux x86_64) AppleWebKit/537.36 (KHTML, like Gecko) Chrome/118.0.0.0 Safari/537.36"
4.205.62.107 - - [01/Sep/2026:15:25:05 -0500] "GET /packed.php HTTP/1.1" 404 41678 "-" "-"
4.205.62.107 - - [01/Sep/2026:15:25:07 -0500] "GET /mga.php HTTP/1.1" 404 41678 "-" "-"
209.87.169.107 - - [01/Sep/2026:15:25:08 -0500] "GET /wp-login.php?redirect_to=https%3A%2F%2Fcampanaarquidiocesana.org%2Fwp-admin%2Fplugins.php&reauth=1 HTTP/1.1" 200 9329 "https://campanaarquidiocesana.org/wp-login.php" "Mozilla/5.0 (X11; Linux x86_64) AppleWebKit/537.36 (KHTML, like Gecko) Chrome/118.0.0.0 Safari/537.36"
4.205.62.107 - - [01/Sep/2026:15:25:10 -0500] "GET /api.php HTTP/1.1" 404 41678 "-" "-"
4.205.62.107 - - [01/Sep/2026:15:25:14 -0500] "GET /classsmtps.php HTTP/1.1" 404 41678 "-" "-"
4.205.62.107 - - [01/Sep/2026:15:25:17 -0500] "GET //xve22.php HTTP/1.1" 301 - "-" "-"
209.87.169.107 - - [01/Sep/2026:15:25:13 -0500] "POST /wp-login.php HTTP/1.1" 503 19284 "https://campanaarquidiocesana.org/wp-login.php" "Mozilla/5.0 (Macintosh; Intel Mac OS X 10_15_7; rv:120.0) Gecko/20100101 Firefox/120.0"
4.205.62.107 - - [01/Sep/2026:15:25:20 -0500] "GET /xve22.php HTTP/1.1" 404 41678 "-" "-"
45.131.195.238 - - [01/Sep/2026:15:25:22 -0500] "GET /wp-admin/index.php HTTP/1.1" 302 - "https://campanaarquidiocesana.org/wp-login.php" "Mozilla/5.0 (Macintosh; Intel Mac OS X 13_6_1) AppleWebKit/605.1.15 (KHTML, like Gecko) Version/17.0 Safari/605.1.15"
4.205.62.107 - - [01/Sep/2026:15:25:24 -0500] "GET /php-info.php HTTP/1.1" 404 41678 "-" "-"
45.131.195.238 - - [01/Sep/2026:15:25:25 -0500] "GET /wp-login.php?redirect_to=https%3A%2F%2Fcampanaarquidiocesana.org%2Fwp-admin%2Findex.php&reauth=1 HTTP/1.1" 200 9325 "https://campanaarquidiocesana.org/wp-login.php" "Mozilla/5.0 (Macintosh; Intel Mac OS X 13_6_1) AppleWebKit/605.1.15 (KHTML, like Gecko) Version/17.0 Safari/605.1.15"
4.205.62.107 - - [01/Sep/2026:15:25:28 -0500] "GET /sale.php HTTP/1.1" 404 41678 "-" "-"
