62.60.130.36 - - [01/Sep/2026:11:48:11 -0500] "GET /wp-login.php?redirect_to=https%3A%2F%2Fcampanaarquidiocesana.org%2Fwp-admin%2Fprofile.php&reauth=1 HTTP/1.1" 200 9329 "https://iglesiaerestu.org/wp-login.php" "Mozilla/5.0 (Windows NT 11.0; Win64; x64; rv:121.0) Gecko/20100101 Firefox/121.0"
20.151.10.161 - - [01/Sep/2026:11:48:11 -0500] "GET /3PJcpMFsD8B.php HTTP/1.1" 404 41678 "-" "-"
62.60.130.36 - - [01/Sep/2026:11:48:13 -0500] "GET /wp-admin/index.php HTTP/1.1" 302 - "https://iglesiaerestu.org/wp-login.php" "Mozilla/5.0 (Macintosh; Intel Mac OS X 10_15_7) AppleWebKit/605.1.15 (KHTML, like Gecko) Version/17.0 Safari/605.1.15"
20.151.10.161 - - [01/Sep/2026:11:48:13 -0500] "GET /4PJcpMFsD8B.php HTTP/1.1" 404 41678 "-" "-"
62.60.130.36 - - [01/Sep/2026:11:48:14 -0500] "GET /wp-login.php?redirect_to=https%3A%2F%2Fcampanaarquidiocesana.org%2Fwp-admin%2Findex.php&reauth=1 HTTP/1.1" 200 9325 "https://iglesiaerestu.org/wp-login.php" "Mozilla/5.0 (Macintosh; Intel Mac OS X 10_15_7) AppleWebKit/605.1.15 (KHTML, like Gecko) Version/17.0 Safari/605.1.15"
20.151.10.161 - - [01/Sep/2026:11:48:15 -0500] "GET /wsd.php HTTP/1.1" 404 41678 "-" "-"
62.60.130.36 - - [01/Sep/2026:11:48:15 -0500] "GET /wp-admin/index.php HTTP/1.1" 302 - "https://iglesiaerestu.org/wp-login.php" "Mozilla/5.0 (Macintosh; Intel Mac OS X 13_6_1; rv:118.0) Gecko/20100101 Firefox/118.0"
20.151.10.161 - - [01/Sep/2026:11:48:16 -0500] "GET /bulet.php HTTP/1.1" 404 41678 "-" "-"
20.151.10.161 - - [01/Sep/2026:11:48:18 -0500] "GET //av.php HTTP/1.1" 301 - "-" "-"
20.151.10.161 - - [01/Sep/2026:11:48:19 -0500] "GET /av.php HTTP/1.1" 404 41678 "-" "-"
20.151.10.161 - - [01/Sep/2026:11:48:21 -0500] "GET /images.php HTTP/1.1" 404 41678 "-" "-"
20.151.10.161 - - [01/Sep/2026:11:48:23 -0500] "GET /ops.php HTTP/1.1" 404 41678 "-" "-"
20.151.10.161 - - [01/Sep/2026:11:48:25 -0500] "GET /BDKR28WP.php HTTP/1.1" 404 41678 "-" "-"
20.151.10.161 - - [01/Sep/2026:11:48:27 -0500] "GET /k.php?p= HTTP/1.1" 301 - "-" "-"
62.60.130.36 - - [01/Sep/2026:11:48:17 -0500] "GET /wp-login.php?redirect_to=https%3A%2F%2Fcampanaarquidiocesana.org%2Fwp-admin%2Findex.php&reauth=1 HTTP/1.1" 200 9325 "https://iglesiaerestu.org/wp-login.php" "Mozilla/5.0 (Macintosh; Intel Mac OS X 13_6_1; rv:118.0) Gecko/20100101 Firefox/118.0"
62.60.130.36 - - [01/Sep/2026:11:48:28 -0500] "GET /wp-admin/profile.php HTTP/1.1" 302 - "https://iglesiaerestu.org/wp-login.php" "Mozilla/5.0 (Macintosh; Intel Mac OS X 13_6_1) AppleWebKit/537.36 (KHTML, like Gecko) Chrome/121.0.0.0 Safari/537.36"
20.151.10.161 - - [01/Sep/2026:11:48:28 -0500] "GET /k.php HTTP/1.1" 404 41678 "-" "-"
62.60.130.36 - - [01/Sep/2026:11:48:29 -0500] "GET /wp-admin/index.php HTTP/1.1" 302 - "https://iglesiaerestu.org/wp-login.php" "Mozilla/5.0 (Macintosh; Intel Mac OS X 13_6_1) AppleWebKit/537.36 (KHTML, like Gecko) Chrome/121.0.0.0 Safari/537.36"
62.60.130.36 - - [01/Sep/2026:11:48:30 -0500] "GET /wp-login.php?redirect_to=https%3A%2F%2Fcampanaarquidiocesana.org%2Fwp-admin%2Fprofile.php&reauth=1 HTTP/1.1" 200 9329 "https://iglesiaerestu.org/wp-login.php" "Mozilla/5.0 (Macintosh; Intel Mac OS X 13_6_1) AppleWebKit/537.36 (KHTML, like Gecko) Chrome/121.0.0.0 Safari/537.36"
20.151.10.161 - - [01/Sep/2026:11:48:31 -0500] "GET /dex.php HTTP/1.1" 404 41678 "-" "-"
62.60.130.36 - - [01/Sep/2026:11:48:31 -0500] "GET /wp-admin/index.php HTTP/1.1" 302 - "https://iglesiaerestu.org/wp-login.php" "Mozilla/5.0 (Macintosh; Intel Mac OS X 13_6_1) AppleWebKit/605.1.15 (KHTML, like Gecko) Version/16.6 Safari/605.1.15"
20.151.10.161 - - [01/Sep/2026:11:48:32 -0500] "GET /img.php HTTP/1.1" 404 41678 "-" "-"
62.60.130.36 - - [01/Sep/2026:11:48:33 -0500] "GET /wp-login.php?redirect_to=https%3A%2F%2Fcampanaarquidiocesana.org%2Fwp-admin%2Findex.php&reauth=1 HTTP/1.1" 200 9325 "https://iglesiaerestu.org/wp-login.php" "Mozilla/5.0 (Macintosh; Intel Mac OS X 13_6_1) AppleWebKit/605.1.15 (KHTML, like Gecko) Version/16.6 Safari/605.1.15"
20.151.10.161 - - [01/Sep/2026:11:48:34 -0500] "GET /222.php HTTP/1.1" 404 41678 "-" "-"
62.60.130.36 - - [01/Sep/2026:11:48:35 -0500] "GET /wp-admin/index.php HTTP/1.1" 302 - "https://iglesiaerestu.org/wp-login.php" "Mozilla/5.0 (Macintosh; Intel Mac OS X 10_15_7) AppleWebKit/605.1.15 (KHTML, like Gecko) Version/17.1 Safari/605.1.15"
62.60.130.36 - - [01/Sep/2026:11:48:36 -0500] "GET /wp-login.php?redirect_to=https%3A%2F%2Fcampanaarquidiocesana.org%2Fwp-admin%2Findex.php&reauth=1 HTTP/1.1" 200 9325 "https://iglesiaerestu.org/wp-login.php" "Mozilla/5.0 (Macintosh; Intel Mac OS X 10_15_7) AppleWebKit/605.1.15 (KHTML, like Gecko) Version/17.1 Safari/605.1.15"
20.151.10.161 - - [01/Sep/2026:11:48:36 -0500] "GET /key.php HTTP/1.1" 404 41678 "-" "-"
62.60.130.36 - - [01/Sep/2026:11:48:37 -0500] "GET /wp-admin/index.php HTTP/1.1" 302 - "https://iglesiaerestu.org/wp-login.php" "Mozilla/5.0 (Windows NT 11.0; Win64; x64) AppleWebKit/537.36 (KHTML, like Gecko) Chrome/119.0.0.0 Safari/537.36"
20.151.10.161 - - [01/Sep/2026:11:48:38 -0500] "GET /chosen.php HTTP/1.1" 404 41678 "-" "-"
62.60.130.36 - - [01/Sep/2026:11:48:39 -0500] "GET /wp-login.php?redirect_to=https%3A%2F%2Fcampanaarquidiocesana.org%2Fwp-admin%2Findex.php&reauth=1 HTTP/1.1" 200 9325 "https://iglesiaerestu.org/wp-login.php" "Mozilla/5.0 (Windows NT 11.0; Win64; x64) AppleWebKit/537.36 (KHTML, like Gecko) Chrome/119.0.0.0 Safari/537.36"
20.151.10.161 - - [01/Sep/2026:11:48:39 -0500] "GET /file1221.php HTTP/1.1" 404 41678 "-" "-"
62.60.130.36 - - [01/Sep/2026:11:48:40 -0500] "GET /wp-admin/index.php HTTP/1.1" 302 - "https://iglesiaerestu.org/wp-login.php" "Mozilla/5.0 (X11; Linux x86_64) AppleWebKit/537.36 (KHTML, like Gecko) Chrome/119.0.0.0 Safari/537.36"
20.151.10.161 - - [01/Sep/2026:11:48:41 -0500] "GET /nox.php HTTP/1.1" 404 41678 "-" "-"
62.60.130.36 - - [01/Sep/2026:11:48:42 -0500] "GET /wp-login.php?redirect_to=https%3A%2F%2Fcampanaarquidiocesana.org%2Fwp-admin%2Findex.php&reauth=1 HTTP/1.1" 200 9325 "https://iglesiaerestu.org/wp-login.php" "Mozilla/5.0 (X11; Linux x86_64) AppleWebKit/537.36 (KHTML, like Gecko) Chrome/119.0.0.0 Safari/537.36"
20.151.10.161 - - [01/Sep/2026:11:48:43 -0500] "GET /1.php?p= HTTP/1.1" 301 - "-" "-"
62.60.130.36 - - [01/Sep/2026:11:48:43 -0500] "GET /wp-admin/index.php HTTP/1.1" 302 - "https://iglesiaerestu.org/wp-login.php" "Mozilla/5.0 (Windows NT 10.0; Win64; x64; rv:121.0) Gecko/20100101 Firefox/121.0"
20.151.10.161 - - [01/Sep/2026:11:48:44 -0500] "GET /1.php HTTP/1.1" 404 41678 "-" "-"
62.60.130.36 - - [01/Sep/2026:11:48:45 -0500] "GET /wp-login.php?redirect_to=https%3A%2F%2Fcampanaarquidiocesana.org%2Fwp-admin%2Findex.php&reauth=1 HTTP/1.1" 200 9325 "https://iglesiaerestu.org/wp-login.php" "Mozilla/5.0 (Windows NT 10.0; Win64; x64; rv:121.0) Gecko/20100101 Firefox/121.0"
20.151.10.161 - - [01/Sep/2026:11:48:46 -0500] "GET /m.php?p= HTTP/1.1" 301 - "-" "-"
62.60.130.36 - - [01/Sep/2026:11:48:46 -0500] "GET /wp-admin/index.php HTTP/1.1" 302 - "https://iglesiaerestu.org/wp-login.php" "Mozilla/5.0 (X11; Linux x86_64) AppleWebKit/537.36 (KHTML, like Gecko) Chrome/121.0.0.0 Safari/537.36"
20.151.10.161 - - [01/Sep/2026:11:48:47 -0500] "GET /m.php HTTP/1.1" 404 41678 "-" "-"
62.60.130.36 - - [01/Sep/2026:11:48:48 -0500] "GET /wp-login.php?redirect_to=https%3A%2F%2Fcampanaarquidiocesana.org%2Fwp-admin%2Findex.php&reauth=1 HTTP/1.1" 200 9325 "https://iglesiaerestu.org/wp-login.php" "Mozilla/5.0 (X11; Linux x86_64) AppleWebKit/537.36 (KHTML, like Gecko) Chrome/121.0.0.0 Safari/537.36"
20.151.10.161 - - [01/Sep/2026:11:48:49 -0500] "GET /fling.php?p= HTTP/1.1" 301 - "-" "-"
62.60.130.36 - - [01/Sep/2026:11:48:49 -0500] "GET /wp-admin/index.php HTTP/1.1" 302 - "https://iglesiaerestu.org/wp-login.php" "Mozilla/5.0 (Macintosh; Intel Mac OS X 10_15_7) AppleWebKit/605.1.15 (KHTML, like Gecko) Version/17.2 Safari/605.1.15"
62.60.130.36 - - [01/Sep/2026:11:48:51 -0500] "GET /wp-login.php?redirect_to=https%3A%2F%2Fcampanaarquidiocesana.org%2Fwp-admin%2Findex.php&reauth=1 HTTP/1.1" 200 9325 "https://iglesiaerestu.org/wp-login.php" "Mozilla/5.0 (Macintosh; Intel Mac OS X 10_15_7) AppleWebKit/605.1.15 (KHTML, like Gecko) Version/17.2 Safari/605.1.15"
62.60.130.36 - - [01/Sep/2026:11:48:52 -0500] "GET /wp-admin/index.php HTTP/1.1" 302 - "https://iglesiaerestu.org/wp-login.php" "Mozilla/5.0 (Windows NT 10.0; Win64; x64; rv:120.0) Gecko/20100101 Firefox/120.0"
62.60.130.36 - - [01/Sep/2026:11:48:53 -0500] "GET /wp-login.php?redirect_to=https%3A%2F%2Fcampanaarquidiocesana.org%2Fwp-admin%2Findex.php&reauth=1 HTTP/1.1" 200 9325 "https://iglesiaerestu.org/wp-login.php" "Mozilla/5.0 (Windows NT 10.0; Win64; x64; rv:120.0) Gecko/20100101 Firefox/120.0"
62.60.130.36 - - [01/Sep/2026:11:48:55 -0500] "GET /wp-admin/index.php HTTP/1.1" 302 - "https://iglesiaerestu.org/wp-login.php" "Mozilla/5.0 (X11; Linux x86_64) AppleWebKit/537.36 (KHTML, like Gecko) Chrome/120.0.0.0 Safari/537.36"
62.60.130.36 - - [01/Sep/2026:11:48:56 -0500] "GET /wp-login.php?redirect_to=https%3A%2F%2Fcampanaarquidiocesana.org%2Fwp-admin%2Findex.php&reauth=1 HTTP/1.1" 200 9325 "https://iglesiaerestu.org/wp-login.php" "Mozilla/5.0 (X11; Linux x86_64) AppleWebKit/537.36 (KHTML, like Gecko) Chrome/120.0.0.0 Safari/537.36"
62.60.130.36 - - [01/Sep/2026:11:48:58 -0500] "GET /wp-admin/index.php HTTP/1.1" 302 - "https://iglesiaerestu.org/wp-login.php" "Mozilla/5.0 (X11; Linux x86_64) AppleWebKit/537.36 (KHTML, like Gecko) Chrome/121.0.0.0 Safari/537.36"
20.151.10.161 - - [01/Sep/2026:11:48:51 -0500] "GET /fling.php HTTP/1.1" 404 41678 "-" "-"
62.60.130.36 - - [01/Sep/2026:11:48:59 -0500] "GET /wp-login.php?redirect_to=https%3A%2F%2Fcampanaarquidiocesana.org%2Fwp-admin%2Findex.php&reauth=1 HTTP/1.1" 200 9325 "https://iglesiaerestu.org/wp-login.php" "Mozilla/5.0 (X11; Linux x86_64) AppleWebKit/537.36 (KHTML, like Gecko) Chrome/121.0.0.0 Safari/537.36"
20.151.10.161 - - [01/Sep/2026:11:48:59 -0500] "GET /btyuio.php HTTP/1.1" 404 41678 "-" "-"
62.60.130.36 - - [01/Sep/2026:11:49:01 -0500] "GET /wp-admin/index.php HTTP/1.1" 302 - "https://iglesiaerestu.org/wp-login.php" "Mozilla/5.0 (Macintosh; Intel Mac OS X 13_6_1) AppleWebKit/537.36 (KHTML, like Gecko) Chrome/121.0.0.0 Safari/537.36"
20.151.10.161 - - [01/Sep/2026:11:49:01 -0500] "GET /dehnl.php HTTP/1.1" 404 41678 "-" "-"
62.60.130.36 - - [01/Sep/2026:11:49:02 -0500] "GET /wp-login.php?redirect_to=https%3A%2F%2Fcampanaarquidiocesana.org%2Fwp-admin%2Findex.php&reauth=1 HTTP/1.1" 200 9325 "https://iglesiaerestu.org/wp-login.php" "Mozilla/5.0 (Macintosh; Intel Mac OS X 13_6_1) AppleWebKit/537.36 (KHTML, like Gecko) Chrome/121.0.0.0 Safari/537.36"
20.151.10.161 - - [01/Sep/2026:11:49:03 -0500] "GET /zoo1.php?p= HTTP/1.1" 301 - "-" "-"
20.151.10.161 - - [01/Sep/2026:11:49:04 -0500] "GET /zoo1.php HTTP/1.1" 404 41678 "-" "-"
20.151.10.161 - - [01/Sep/2026:11:49:06 -0500] "GET /radio.php HTTP/1.1" 404 41678 "-" "-"
20.151.10.161 - - [01/Sep/2026:11:49:08 -0500] "GET /one.php HTTP/1.1" 404 41678 "-" "-"
20.151.10.161 - - [01/Sep/2026:11:49:10 -0500] "GET /504.php HTTP/1.1" 404 41678 "-" "-"
62.60.130.36 - - [01/Sep/2026:11:49:04 -0500] "GET /wp-admin/index.php HTTP/1.1" 302 - "https://iglesiaerestu.org/wp-login.php" "Mozilla/5.0 (Macintosh; Intel Mac OS X 13_6_1) AppleWebKit/537.36 (KHTML, like Gecko) Chrome/119.0.0.0 Safari/537.36"
20.151.10.161 - - [01/Sep/2026:11:49:12 -0500] "GET /ano.php HTTP/1.1" 404 41678 "-" "-"
62.60.130.36 - - [01/Sep/2026:11:49:13 -0500] "GET /wp-login.php?redirect_to=https%3A%2F%2Fcampanaarquidiocesana.org%2Fwp-admin%2Findex.php&reauth=1 HTTP/1.1" 200 9325 "https://iglesiaerestu.org/wp-login.php" "Mozilla/5.0 (Macintosh; Intel Mac OS X 13_6_1) AppleWebKit/537.36 (KHTML, like Gecko) Chrome/119.0.0.0 Safari/537.36"
20.151.10.161 - - [01/Sep/2026:11:49:13 -0500] "GET /mac.php HTTP/1.1" 404 41678 "-" "-"
62.60.130.36 - - [01/Sep/2026:11:49:14 -0500] "GET /wp-admin/index.php HTTP/1.1" 302 - "https://iglesiaerestu.org/wp-login.php" "Mozilla/5.0 (Macintosh; Intel Mac OS X 13_6_1; rv:118.0) Gecko/20100101 Firefox/118.0"
20.151.10.161 - - [01/Sep/2026:11:49:15 -0500] "GET /simple.php HTTP/1.1" 404 41678 "-" "-"
62.60.130.36 - - [01/Sep/2026:11:49:16 -0500] "GET /wp-login.php?redirect_to=https%3A%2F%2Fcampanaarquidiocesana.org%2Fwp-admin%2Findex.php&reauth=1 HTTP/1.1" 200 9325 "https://iglesiaerestu.org/wp-login.php" "Mozilla/5.0 (Macintosh; Intel Mac OS X 13_6_1; rv:118.0) Gecko/20100101 Firefox/118.0"
20.151.10.161 - - [01/Sep/2026:11:49:17 -0500] "GET /sallu.php HTTP/1.1" 404 41678 "-" "-"
62.60.130.36 - - [01/Sep/2026:11:49:17 -0500] "GET /wp-admin/index.php HTTP/1.1" 302 - "https://iglesiaerestu.org/wp-login.php" "Mozilla/5.0 (Macintosh; Intel Mac OS X 10_15_7; rv:118.0) Gecko/20100101 Firefox/118.0"
20.151.10.161 - - [01/Sep/2026:11:49:19 -0500] "GET /biufile.php HTTP/1.1" 404 41678 "-" "-"
62.60.130.36 - - [01/Sep/2026:11:49:19 -0500] "GET /wp-login.php?redirect_to=https%3A%2F%2Fcampanaarquidiocesana.org%2Fwp-admin%2Findex.php&reauth=1 HTTP/1.1" 200 9325 "https://iglesiaerestu.org/wp-login.php" "Mozilla/5.0 (Macintosh; Intel Mac OS X 10_15_7; rv:118.0) Gecko/20100101 Firefox/118.0"
20.151.10.161 - - [01/Sep/2026:11:49:20 -0500] "GET /blacks.php HTTP/1.1" 404 41678 "-" "-"
62.60.130.36 - - [01/Sep/2026:11:49:21 -0500] "GET /wp-admin/index.php HTTP/1.1" 302 - "https://iglesiaerestu.org/wp-login.php" "Mozilla/5.0 (Macintosh; Intel Mac OS X 13_6_1) AppleWebKit/605.1.15 (KHTML, like Gecko) Version/16.6 Safari/605.1.15"
62.60.130.36 - - [01/Sep/2026:11:49:22 -0500] "GET /wp-login.php?redirect_to=https%3A%2F%2Fcampanaarquidiocesana.org%2Fwp-admin%2Findex.php&reauth=1 HTTP/1.1" 200 9325 "https://iglesiaerestu.org/wp-login.php" "Mozilla/5.0 (Macintosh; Intel Mac OS X 13_6_1) AppleWebKit/605.1.15 (KHTML, like Gecko) Version/16.6 Safari/605.1.15"
20.151.10.161 - - [01/Sep/2026:11:49:22 -0500] "GET /wp.php HTTP/1.1" 404 41678 "-" "-"
62.60.130.36 - - [01/Sep/2026:11:49:24 -0500] "GET /wp-admin/index.php HTTP/1.1" 302 - "https://iglesiaerestu.org/wp-login.php" "Mozilla/5.0 (X11; Ubuntu; Linux x86_64) AppleWebKit/537.36 (KHTML, like Gecko) Chrome/119.0.0.0 Safari/537.36"
20.151.10.161 - - [01/Sep/2026:11:49:24 -0500] "GET /wander.php HTTP/1.1" 404 41678 "-" "-"
62.60.130.36 - - [01/Sep/2026:11:49:26 -0500] "GET /wp-login.php?redirect_to=https%3A%2F%2Fcampanaarquidiocesana.org%2Fwp-admin%2Findex.php&reauth=1 HTTP/1.1" 200 9325 "https://iglesiaerestu.org/wp-login.php" "Mozilla/5.0 (X11; Ubuntu; Linux x86_64) AppleWebKit/537.36 (KHTML, like Gecko) Chrome/119.0.0.0 Safari/537.36"
146.70.160.222 - - [01/Sep/2026:11:49:27 -0500] "GET /Public/ HTTP/1.1" 404 41678 "-" "-"
20.151.10.161 - - [01/Sep/2026:11:49:27 -0500] "GET /abcd.php HTTP/1.1" 404 41678 "-" "-"
62.60.130.36 - - [01/Sep/2026:11:49:29 -0500] "GET /wp-admin/index.php HTTP/1.1" 302 - "https://iglesiaerestu.org/wp-login.php" "Mozilla/5.0 (Windows NT 11.0; Win64; x64; rv:120.0) Gecko/20100101 Firefox/120.0"
62.60.130.36 - - [01/Sep/2026:11:49:32 -0500] "GET /wp-login.php?redirect_to=https%3A%2F%2Fcampanaarquidiocesana.org%2Fwp-admin%2Findex.php&reauth=1 HTTP/1.1" 200 9325 "https://iglesiaerestu.org/wp-login.php" "Mozilla/5.0 (Windows NT 11.0; Win64; x64; rv:120.0) Gecko/20100101 Firefox/120.0"
62.60.130.36 - - [01/Sep/2026:11:49:35 -0500] "GET /wp-admin/index.php HTTP/1.1" 302 - "https://iglesiaerestu.org/wp-login.php" "Mozilla/5.0 (Windows NT 11.0; Win64; x64; rv:119.0) Gecko/20100101 Firefox/119.0"
20.151.10.161 - - [01/Sep/2026:11:49:30 -0500] "GET /nofile.php HTTP/1.1" 404 41678 "-" "-"
62.60.130.36 - - [01/Sep/2026:11:49:38 -0500] "GET /wp-login.php?redirect_to=https%3A%2F%2Fcampanaarquidiocesana.org%2Fwp-admin%2Findex.php&reauth=1 HTTP/1.1" 200 9325 "https://iglesiaerestu.org/wp-login.php" "Mozilla/5.0 (Windows NT 11.0; Win64; x64; rv:119.0) Gecko/20100101 Firefox/119.0"
20.151.10.161 - - [01/Sep/2026:11:49:49 -0500] "GET /run.php HTTP/1.1" 404 41678 "-" "-"
62.60.130.36 - - [01/Sep/2026:11:49:50 -0500] "GET /wp-admin/profile.php HTTP/1.1" 302 - "https://iglesiaerestu.org/wp-login.php" "Mozilla/5.0 (Macintosh; Intel Mac OS X 13_6_1; rv:120.0) Gecko/20100101 Firefox/120.0"
62.60.130.36 - - [01/Sep/2026:11:49:51 -0500] "GET /wp-admin/index.php HTTP/1.1" 302 - "https://iglesiaerestu.org/wp-login.php" "Mozilla/5.0 (Macintosh; Intel Mac OS X 13_6_1; rv:120.0) Gecko/20100101 Firefox/120.0"
62.60.130.36 - - [01/Sep/2026:11:49:53 -0500] "GET /wp-login.php?redirect_to=https%3A%2F%2Fcampanaarquidiocesana.org%2Fwp-admin%2Fprofile.php&reauth=1 HTTP/1.1" 200 9329 "https://iglesiaerestu.org/wp-login.php" "Mozilla/5.0 (Macintosh; Intel Mac OS X 13_6_1; rv:120.0) Gecko/20100101 Firefox/120.0"
62.60.130.36 - - [01/Sep/2026:11:49:56 -0500] "GET /wp-admin/index.php HTTP/1.1" 302 - "https://iglesiaerestu.org/wp-login.php" "Mozilla/5.0 (Macintosh; Intel Mac OS X 13_6_1; rv:118.0) Gecko/20100101 Firefox/118.0"
62.60.130.36 - - [01/Sep/2026:11:49:58 -0500] "GET /wp-login.php?redirect_to=https%3A%2F%2Fcampanaarquidiocesana.org%2Fwp-admin%2Findex.php&reauth=1 HTTP/1.1" 200 9325 "https://iglesiaerestu.org/wp-login.php" "Mozilla/5.0 (Macintosh; Intel Mac OS X 13_6_1; rv:118.0) Gecko/20100101 Firefox/118.0"
62.60.130.36 - - [01/Sep/2026:11:50:00 -0500] "GET /wp-admin/index.php HTTP/1.1" 302 - "https://iglesiaerestu.org/wp-login.php" "Mozilla/5.0 (X11; Ubuntu; Linux x86_64) AppleWebKit/537.36 (KHTML, like Gecko) Chrome/120.0.0.0 Safari/537.36"
20.151.10.161 - - [01/Sep/2026:11:49:49 -0500] "GET /new.php HTTP/1.1" 404 41678 "-" "-"
62.60.130.36 - - [01/Sep/2026:11:50:02 -0500] "GET /wp-login.php?redirect_to=https%3A%2F%2Fcampanaarquidiocesana.org%2Fwp-admin%2Findex.php&reauth=1 HTTP/1.1" 200 9325 "https://iglesiaerestu.org/wp-login.php" "Mozilla/5.0 (X11; Ubuntu; Linux x86_64) AppleWebKit/537.36 (KHTML, like Gecko) Chrome/120.0.0.0 Safari/537.36"
20.151.10.161 - - [01/Sep/2026:11:50:02 -0500] "GET /vpn.php HTTP/1.1" 404 41678 "-" "-"
62.60.130.36 - - [01/Sep/2026:11:50:04 -0500] "GET /wp-admin/index.php HTTP/1.1" 302 - "https://iglesiaerestu.org/wp-login.php" "Mozilla/5.0 (X11; Linux x86_64) AppleWebKit/537.36 (KHTML, like Gecko) Chrome/119.0.0.0 Safari/537.36"
20.151.10.161 - - [01/Sep/2026:11:50:04 -0500] "GET /goods.php HTTP/1.1" 404 41678 "-" "-"
20.151.10.161 - - [01/Sep/2026:11:50:06 -0500] "GET /alfa.php HTTP/1.1" 403 199 "-" "-"
62.60.130.36 - - [01/Sep/2026:11:50:05 -0500] "GET /wp-login.php?redirect_to=https%3A%2F%2Fcampanaarquidiocesana.org%2Fwp-admin%2Findex.php&reauth=1 HTTP/1.1" 200 9325 "https://iglesiaerestu.org/wp-login.php" "Mozilla/5.0 (X11; Linux x86_64) AppleWebKit/537.36 (KHTML, like Gecko) Chrome/119.0.0.0 Safari/537.36"
20.151.10.161 - - [01/Sep/2026:11:50:06 -0500] "GET /133.php HTTP/1.1" 404 41678 "-" "-"
20.151.10.161 - - [01/Sep/2026:11:50:15 -0500] "GET /sym.php?p= HTTP/1.1" 301 - "-" "-"
20.151.10.161 - - [01/Sep/2026:11:50:16 -0500] "GET /sym.php HTTP/1.1" 404 41678 "-" "-"
20.151.10.161 - - [01/Sep/2026:11:50:18 -0500] "GET /8.php HTTP/1.1" 404 41678 "-" "-"
62.60.130.36 - - [01/Sep/2026:11:50:19 -0500] "GET /wp-admin/profile.php HTTP/1.1" 302 - "https://iglesiaerestu.org/wp-login.php" "Mozilla/5.0 (Macintosh; Intel Mac OS X 13_6_1; rv:121.0) Gecko/20100101 Firefox/121.0"
20.151.10.161 - - [01/Sep/2026:11:50:20 -0500] "GET /ws55.php?p= HTTP/1.1" 301 - "-" "-"
62.60.130.36 - - [01/Sep/2026:11:50:20 -0500] "GET /wp-login.php?redirect_to=https%3A%2F%2Fcampanaarquidiocesana.org%2Fwp-admin%2Fprofile.php&reauth=1 HTTP/1.1" 200 9329 "https://iglesiaerestu.org/wp-login.php" "Mozilla/5.0 (Macintosh; Intel Mac OS X 13_6_1; rv:121.0) Gecko/20100101 Firefox/121.0"
20.151.10.161 - - [01/Sep/2026:11:50:21 -0500] "GET /ws55.php HTTP/1.1" 404 41678 "-" "-"
62.60.130.36 - - [01/Sep/2026:11:50:07 -0500] "GET /wp-admin/index.php HTTP/1.1" 302 - "https://iglesiaerestu.org/wp-login.php" "Mozilla/5.0 (Macintosh; Intel Mac OS X 13_6_1; rv:121.0) Gecko/20100101 Firefox/121.0"
62.60.130.36 - - [01/Sep/2026:11:50:22 -0500] "GET /wp-admin/index.php HTTP/1.1" 302 - "https://iglesiaerestu.org/wp-login.php" "Mozilla/5.0 (Windows NT 10.0; Win64; x64; rv:119.0) Gecko/20100101 Firefox/119.0"
62.60.130.36 - - [01/Sep/2026:11:50:23 -0500] "GET /wp-login.php?redirect_to=https%3A%2F%2Fcampanaarquidiocesana.org%2Fwp-admin%2Findex.php&reauth=1 HTTP/1.1" 200 9325 "https://iglesiaerestu.org/wp-login.php" "Mozilla/5.0 (Macintosh; Intel Mac OS X 13_6_1; rv:121.0) Gecko/20100101 Firefox/121.0"
62.60.130.36 - - [01/Sep/2026:11:50:23 -0500] "GET /wp-login.php?redirect_to=https%3A%2F%2Fcampanaarquidiocesana.org%2Fwp-admin%2Findex.php&reauth=1 HTTP/1.1" 200 9325 "https://iglesiaerestu.org/wp-login.php" "Mozilla/5.0 (Windows NT 10.0; Win64; x64; rv:119.0) Gecko/20100101 Firefox/119.0"
20.151.10.161 - - [01/Sep/2026:11:50:23 -0500] "GET /indo.php HTTP/1.1" 404 41678 "-" "-"
62.60.130.36 - - [01/Sep/2026:11:50:25 -0500] "GET /wp-admin/index.php HTTP/1.1" 302 - "https://iglesiaerestu.org/wp-login.php" "Mozilla/5.0 (Windows NT 10.0; Win64; x64; rv:118.0) Gecko/20100101 Firefox/118.0"
20.151.10.161 - - [01/Sep/2026:11:50:25 -0500] "GET /wnnjpsby.php HTTP/1.1" 404 41678 "-" "-"
62.60.130.36 - - [01/Sep/2026:11:50:26 -0500] "GET /wp-login.php?redirect_to=https%3A%2F%2Fcampanaarquidiocesana.org%2Fwp-admin%2Findex.php&reauth=1 HTTP/1.1" 200 9325 "https://iglesiaerestu.org/wp-login.php" "Mozilla/5.0 (Windows NT 10.0; Win64; x64; rv:118.0) Gecko/20100101 Firefox/118.0"
20.151.10.161 - - [01/Sep/2026:11:50:27 -0500] "GET /info.php/new.php HTTP/1.1" 404 41678 "-" "-"
20.151.10.161 - - [01/Sep/2026:11:50:28 -0500] "GET /wp-content/uploads/ HTTP/1.1" 403 199 "-" "-"
62.60.130.36 - - [01/Sep/2026:11:50:28 -0500] "GET /wp-admin/index.php HTTP/1.1" 302 - "https://iglesiaerestu.org/wp-login.php" "Mozilla/5.0 (X11; Linux x86_64) AppleWebKit/537.36 (KHTML, like Gecko) Chrome/121.0.0.0 Safari/537.36"
20.151.10.161 - - [01/Sep/2026:11:50:28 -0500] "GET /w.php HTTP/1.1" 404 41678 "-" "-"
62.60.130.36 - - [01/Sep/2026:11:50:29 -0500] "GET /wp-login.php?redirect_to=https%3A%2F%2Fcampanaarquidiocesana.org%2Fwp-admin%2Findex.php&reauth=1 HTTP/1.1" 200 9325 "https://iglesiaerestu.org/wp-login.php" "Mozilla/5.0 (X11; Linux x86_64) AppleWebKit/537.36 (KHTML, like Gecko) Chrome/121.0.0.0 Safari/537.36"
20.151.10.161 - - [01/Sep/2026:11:50:30 -0500] "GET /x.php HTTP/1.1" 404 41678 "-" "-"
62.60.130.36 - - [01/Sep/2026:11:50:31 -0500] "GET /wp-admin/index.php HTTP/1.1" 302 - "https://iglesiaerestu.org/wp-login.php" "Mozilla/5.0 (Macintosh; Intel Mac OS X 10_15_7) AppleWebKit/537.36 (KHTML, like Gecko) Chrome/120.0.0.0 Safari/537.36"
62.60.130.36 - - [01/Sep/2026:11:50:32 -0500] "GET /wp-login.php?redirect_to=https%3A%2F%2Fcampanaarquidiocesana.org%2Fwp-admin%2Findex.php&reauth=1 HTTP/1.1" 200 9325 "https://iglesiaerestu.org/wp-login.php" "Mozilla/5.0 (Macintosh; Intel Mac OS X 10_15_7) AppleWebKit/537.36 (KHTML, like Gecko) Chrome/120.0.0.0 Safari/537.36"
20.151.10.161 - - [01/Sep/2026:11:50:32 -0500] "GET /wp-admin/maint/wp-is.php HTTP/1.1" 404 51009 "-" "-"
20.151.10.161 - - [01/Sep/2026:11:50:34 -0500] "GET /wp-includes/index.php HTTP/1.1" 301 - "-" "-"
20.151.10.161 - - [01/Sep/2026:11:50:35 -0500] "GET /wp-includes/ HTTP/1.1" 403 199 "-" "-"
62.60.130.36 - - [01/Sep/2026:11:50:34 -0500] "GET /wp-admin/index.php HTTP/1.1" 302 - "https://iglesiaerestu.org/wp-login.php" "Mozilla/5.0 (Macintosh; Intel Mac OS X 10_15_7) AppleWebKit/537.36 (KHTML, like Gecko) Chrome/119.0.0.0 Safari/537.36"
62.60.130.36 - - [01/Sep/2026:11:50:35 -0500] "GET /wp-login.php?redirect_to=https%3A%2F%2Fcampanaarquidiocesana.org%2Fwp-admin%2Findex.php&reauth=1 HTTP/1.1" 200 9325 "https://iglesiaerestu.org/wp-login.php" "Mozilla/5.0 (Macintosh; Intel Mac OS X 10_15_7) AppleWebKit/537.36 (KHTML, like Gecko) Chrome/119.0.0.0 Safari/537.36"
20.151.10.161 - - [01/Sep/2026:11:50:35 -0500] "GET /dk.php HTTP/1.1" 404 41678 "-" "-"
20.151.10.161 - - [01/Sep/2026:11:50:37 -0500] "GET /wp-content/mod/adminfuns.php HTTP/1.1" 403 199 "-" "-"
62.60.130.36 - - [01/Sep/2026:11:50:37 -0500] "GET /wp-admin/index.php HTTP/1.1" 302 - "https://iglesiaerestu.org/wp-login.php" "Mozilla/5.0 (Macintosh; Intel Mac OS X 10_15_7) AppleWebKit/605.1.15 (KHTML, like Gecko) Version/16.6 Safari/605.1.15"
20.151.10.161 - - [01/Sep/2026:11:50:37 -0500] "GET /xc.php HTTP/1.1" 404 41678 "-" "-"
62.60.130.36 - - [01/Sep/2026:11:50:38 -0500] "GET /wp-login.php?redirect_to=https%3A%2F%2Fcampanaarquidiocesana.org%2Fwp-admin%2Findex.php&reauth=1 HTTP/1.1" 200 9325 "https://iglesiaerestu.org/wp-login.php" "Mozilla/5.0 (Macintosh; Intel Mac OS X 10_15_7) AppleWebKit/605.1.15 (KHTML, like Gecko) Version/16.6 Safari/605.1.15"
20.151.10.161 - - [01/Sep/2026:11:50:39 -0500] "GET /wp-content/l.php HTTP/1.1" 404 41678 "-" "-"
62.60.130.36 - - [01/Sep/2026:11:50:40 -0500] "GET /wp-admin/index.php HTTP/1.1" 302 - "https://iglesiaerestu.org/wp-login.php" "Mozilla/5.0 (X11; Linux x86_64) AppleWebKit/537.36 (KHTML, like Gecko) Chrome/121.0.0.0 Safari/537.36"
62.60.130.36 - - [01/Sep/2026:11:50:41 -0500] "GET /wp-login.php?redirect_to=https%3A%2F%2Fcampanaarquidiocesana.org%2Fwp-admin%2Findex.php&reauth=1 HTTP/1.1" 200 9325 "https://iglesiaerestu.org/wp-login.php" "Mozilla/5.0 (X11; Linux x86_64) AppleWebKit/537.36 (KHTML, like Gecko) Chrome/121.0.0.0 Safari/537.36"
20.151.10.161 - - [01/Sep/2026:11:50:41 -0500] "GET /wp-admin/w.php HTTP/1.1" 404 41678 "-" "-"
62.60.130.36 - - [01/Sep/2026:11:50:42 -0500] "GET /wp-admin/index.php HTTP/1.1" 302 - "https://iglesiaerestu.org/wp-login.php" "Mozilla/5.0 (Macintosh; Intel Mac OS X 13_6_1) AppleWebKit/605.1.15 (KHTML, like Gecko) Version/17.1 Safari/605.1.15"
20.151.10.161 - - [01/Sep/2026:11:50:43 -0500] "GET /wp-content/k.php HTTP/1.1" 404 41678 "-" "-"
62.60.130.36 - - [01/Sep/2026:11:50:44 -0500] "GET /wp-login.php?redirect_to=https%3A%2F%2Fcampanaarquidiocesana.org%2Fwp-admin%2Findex.php&reauth=1 HTTP/1.1" 200 9325 "https://iglesiaerestu.org/wp-login.php" "Mozilla/5.0 (Macintosh; Intel Mac OS X 13_6_1) AppleWebKit/605.1.15 (KHTML, like Gecko) Version/17.1 Safari/605.1.15"
20.151.10.161 - - [01/Sep/2026:11:50:44 -0500] "GET /dev.php?p HTTP/1.1" 301 - "-" "-"
62.60.130.36 - - [01/Sep/2026:11:50:45 -0500] "GET /wp-admin/index.php HTTP/1.1" 302 - "https://iglesiaerestu.org/wp-login.php" "Mozilla/5.0 (Macintosh; Intel Mac OS X 10_15_7) AppleWebKit/605.1.15 (KHTML, like Gecko) Version/17.2 Safari/605.1.15"
20.151.10.161 - - [01/Sep/2026:11:50:46 -0500] "GET /dev.php HTTP/1.1" 404 41678 "-" "-"
62.60.130.36 - - [01/Sep/2026:11:50:47 -0500] "GET /wp-login.php?redirect_to=https%3A%2F%2Fcampanaarquidiocesana.org%2Fwp-admin%2Findex.php&reauth=1 HTTP/1.1" 200 9325 "https://iglesiaerestu.org/wp-login.php" "Mozilla/5.0 (Macintosh; Intel Mac OS X 10_15_7) AppleWebKit/605.1.15 (KHTML, like Gecko) Version/17.2 Safari/605.1.15"
20.151.10.161 - - [01/Sep/2026:11:50:48 -0500] "GET /wp-activate.php HTTP/1.1" 302 - "-" "-"
62.60.130.36 - - [01/Sep/2026:11:50:48 -0500] "GET /wp-admin/index.php HTTP/1.1" 302 - "https://iglesiaerestu.org/wp-login.php" "Mozilla/5.0 (Windows NT 11.0; Win64; x64) AppleWebKit/537.36 (KHTML, like Gecko) Chrome/119.0.0.0 Safari/537.36"
20.151.10.161 - - [01/Sep/2026:11:50:49 -0500] "GET /wp-login.php?action=register HTTP/1.1" 302 - "-" "-"
62.60.130.36 - - [01/Sep/2026:11:50:50 -0500] "GET /wp-login.php?redirect_to=https%3A%2F%2Fcampanaarquidiocesana.org%2Fwp-admin%2Findex.php&reauth=1 HTTP/1.1" 200 9325 "https://iglesiaerestu.org/wp-login.php" "Mozilla/5.0 (Windows NT 11.0; Win64; x64) AppleWebKit/537.36 (KHTML, like Gecko) Chrome/119.0.0.0 Safari/537.36"
20.151.10.161 - - [01/Sep/2026:11:50:51 -0500] "GET /wp-login.php?registration=disabled HTTP/1.1" 200 9404 "-" "-"
62.60.130.36 - - [01/Sep/2026:11:50:51 -0500] "GET /wp-admin/index.php HTTP/1.1" 302 - "https://iglesiaerestu.org/wp-login.php" "Mozilla/5.0 (X11; Ubuntu; Linux x86_64) AppleWebKit/537.36 (KHTML, like Gecko) Chrome/119.0.0.0 Safari/537.36"
20.151.10.161 - - [01/Sep/2026:11:50:52 -0500] "GET /wp_blog_footer.php HTTP/1.1" 404 41678 "-" "-"
62.60.130.36 - - [01/Sep/2026:11:50:53 -0500] "GET /wp-login.php?redirect_to=https%3A%2F%2Fcampanaarquidiocesana.org%2Fwp-admin%2Findex.php&reauth=1 HTTP/1.1" 200 9325 "https://iglesiaerestu.org/wp-login.php" "Mozilla/5.0 (X11; Ubuntu; Linux x86_64) AppleWebKit/537.36 (KHTML, like Gecko) Chrome/119.0.0.0 Safari/537.36"
20.151.10.161 - - [01/Sep/2026:11:50:54 -0500] "GET /wefile.php HTTP/1.1" 404 41678 "-" "-"
62.60.130.36 - - [01/Sep/2026:11:50:54 -0500] "GET /wp-admin/index.php HTTP/1.1" 302 - "https://iglesiaerestu.org/wp-login.php" "Mozilla/5.0 (Windows NT 11.0; Win64; x64) AppleWebKit/537.36 (KHTML, like Gecko) Chrome/121.0.0.0 Safari/537.36"
20.151.10.161 - - [01/Sep/2026:11:50:55 -0500] "GET /wp-load.php HTTP/1.1" 200 - "-" "-"
62.60.130.36 - - [01/Sep/2026:11:50:55 -0500] "GET /wp-login.php?redirect_to=https%3A%2F%2Fcampanaarquidiocesana.org%2Fwp-admin%2Findex.php&reauth=1 HTTP/1.1" 200 9325 "https://iglesiaerestu.org/wp-login.php" "Mozilla/5.0 (Windows NT 11.0; Win64; x64) AppleWebKit/537.36 (KHTML, like Gecko) Chrome/121.0.0.0 Safari/537.36"
20.151.10.161 - - [01/Sep/2026:11:50:57 -0500] "GET /robot.php HTTP/1.1" 404 41678 "-" "-"
62.60.130.36 - - [01/Sep/2026:11:50:57 -0500] "GET /wp-admin/index.php HTTP/1.1" 302 - "https://iglesiaerestu.org/wp-login.php" "Mozilla/5.0 (Windows NT 11.0; Win64; x64) AppleWebKit/537.36 (KHTML, like Gecko) Chrome/119.0.0.0 Safari/537.36"
20.151.10.161 - - [01/Sep/2026:11:50:59 -0500] "GET /sss.php?p= HTTP/1.1" 301 - "-" "-"
62.60.130.36 - - [01/Sep/2026:11:50:59 -0500] "GET /wp-login.php?redirect_to=https%3A%2F%2Fcampanaarquidiocesana.org%2Fwp-admin%2Findex.php&reauth=1 HTTP/1.1" 200 9325 "https://iglesiaerestu.org/wp-login.php" "Mozilla/5.0 (Windows NT 11.0; Win64; x64) AppleWebKit/537.36 (KHTML, like Gecko) Chrome/119.0.0.0 Safari/537.36"
20.151.10.161 - - [01/Sep/2026:11:51:00 -0500] "GET /sss.php HTTP/1.1" 404 41678 "-" "-"
62.60.130.36 - - [01/Sep/2026:11:51:00 -0500] "GET /wp-admin/index.php HTTP/1.1" 302 - "https://iglesiaerestu.org/wp-login.php" "Mozilla/5.0 (Windows NT 10.0; Win64; x64; rv:119.0) Gecko/20100101 Firefox/119.0"
62.60.130.36 - - [01/Sep/2026:11:51:02 -0500] "GET /wp-login.php?redirect_to=https%3A%2F%2Fcampanaarquidiocesana.org%2Fwp-admin%2Findex.php&reauth=1 HTTP/1.1" 200 9325 "https://iglesiaerestu.org/wp-login.php" "Mozilla/5.0 (Windows NT 10.0; Win64; x64; rv:119.0) Gecko/20100101 Firefox/119.0"
20.151.10.161 - - [01/Sep/2026:11:51:02 -0500] "GET /xmini4.php HTTP/1.1" 404 41678 "-" "-"
62.60.130.36 - - [01/Sep/2026:11:51:03 -0500] "GET /wp-admin/index.php HTTP/1.1" 302 - "https://iglesiaerestu.org/wp-login.php" "Mozilla/5.0 (Windows NT 10.0; Win64; x64; rv:120.0) Gecko/20100101 Firefox/120.0"
20.151.10.161 - - [01/Sep/2026:11:51:04 -0500] "GET /gulu.php HTTP/1.1" 404 41678 "-" "-"
62.60.130.36 - - [01/Sep/2026:11:51:05 -0500] "GET /wp-login.php?redirect_to=https%3A%2F%2Fcampanaarquidiocesana.org%2Fwp-admin%2Findex.php&reauth=1 HTTP/1.1" 200 9325 "https://iglesiaerestu.org/wp-login.php" "Mozilla/5.0 (Windows NT 10.0; Win64; x64; rv:120.0) Gecko/20100101 Firefox/120.0"
20.151.10.161 - - [01/Sep/2026:11:51:05 -0500] "GET /replace.php HTTP/1.1" 404 41678 "-" "-"
20.151.10.161 - - [01/Sep/2026:11:51:07 -0500] "GET /c4.php HTTP/1.1" 403 199 "-" "-"
20.151.10.161 - - [01/Sep/2026:11:51:07 -0500] "GET /rxr.php HTTP/1.1" 403 199 "-" "-"
20.151.10.161 - - [01/Sep/2026:11:51:08 -0500] "GET /reviall.php HTTP/1.1" 403 199 "-" "-"
62.60.130.36 - - [01/Sep/2026:11:51:06 -0500] "GET /wp-admin/index.php HTTP/1.1" 302 - "https://iglesiaerestu.org/wp-login.php" "Mozilla/5.0 (Macintosh; Intel Mac OS X 13_6_1) AppleWebKit/537.36 (KHTML, like Gecko) Chrome/118.0.0.0 Safari/537.36"
20.151.10.161 - - [01/Sep/2026:11:51:08 -0500] "GET /os.php HTTP/1.1" 403 199 "-" "-"
20.151.10.161 - - [01/Sep/2026:11:51:08 -0500] "GET /44.php HTTP/1.1" 403 199 "-" "-"
20.151.10.161 - - [01/Sep/2026:11:51:08 -0500] "GET /ant.php HTTP/1.1" 403 199 "-" "-"
20.151.10.161 - - [01/Sep/2026:11:51:08 -0500] "GET /wp-includes/js/fosil.php HTTP/1.1" 403 199 "-" "-"
20.151.10.161 - - [01/Sep/2026:11:51:09 -0500] "GET /mari.php HTTP/1.1" 403 199 "-" "-"
20.151.10.161 - - [01/Sep/2026:11:51:09 -0500] "GET /botwdhur.php HTTP/1.1" 403 199 "-" "-"
62.60.130.36 - - [01/Sep/2026:11:51:08 -0500] "GET /wp-login.php?redirect_to=https%3A%2F%2Fcampanaarquidiocesana.org%2Fwp-admin%2Findex.php&reauth=1 HTTP/1.1" 200 9325 "https://iglesiaerestu.org/wp-login.php" "Mozilla/5.0 (Macintosh; Intel Mac OS X 13_6_1) AppleWebKit/537.36 (KHTML, like Gecko) Chrome/118.0.0.0 Safari/537.36"
20.151.10.161 - - [01/Sep/2026:11:51:09 -0500] "GET /dnjyoumb.php HTTP/1.1" 403 199 "-" "-"
20.151.10.161 - - [01/Sep/2026:11:51:09 -0500] "GET /bezzozdp.php HTTP/1.1" 403 199 "-" "-"
20.151.10.161 - - [01/Sep/2026:11:51:09 -0500] "GET /wp-admin/includes/fex.php HTTP/1.1" 403 199 "-" "-"
20.151.10.161 - - [01/Sep/2026:11:51:10 -0500] "GET /gel4y.php HTTP/1.1" 403 199 "-" "-"
20.151.10.161 - - [01/Sep/2026:11:51:10 -0500] "GET /avbxfstf.php HTTP/1.1" 403 199 "-" "-"
62.60.130.36 - - [01/Sep/2026:11:51:09 -0500] "GET /wp-admin/index.php HTTP/1.1" 302 - "https://iglesiaerestu.org/wp-login.php" "Mozilla/5.0 (Windows NT 11.0; Win64; x64) AppleWebKit/537.36 (KHTML, like Gecko) Chrome/120.0.0.0 Safari/537.36"
62.60.130.36 - - [01/Sep/2026:11:51:10 -0500] "GET /wp-login.php?redirect_to=https%3A%2F%2Fcampanaarquidiocesana.org%2Fwp-admin%2Findex.php&reauth=1 HTTP/1.1" 200 9325 "https://iglesiaerestu.org/wp-login.php" "Mozilla/5.0 (Windows NT 11.0; Win64; x64) AppleWebKit/537.36 (KHTML, like Gecko) Chrome/120.0.0.0 Safari/537.36"
62.60.130.36 - - [01/Sep/2026:11:51:12 -0500] "GET /wp-admin/index.php HTTP/1.1" 302 - "https://iglesiaerestu.org/wp-login.php" "Mozilla/5.0 (Macintosh; Intel Mac OS X 10_15_7) AppleWebKit/537.36 (KHTML, like Gecko) Chrome/119.0.0.0 Safari/537.36"
62.60.130.36 - - [01/Sep/2026:11:51:13 -0500] "GET /wp-login.php?redirect_to=https%3A%2F%2Fcampanaarquidiocesana.org%2Fwp-admin%2Findex.php&reauth=1 HTTP/1.1" 200 9325 "https://iglesiaerestu.org/wp-login.php" "Mozilla/5.0 (Macintosh; Intel Mac OS X 10_15_7) AppleWebKit/537.36 (KHTML, like Gecko) Chrome/119.0.0.0 Safari/537.36"
62.60.130.36 - - [01/Sep/2026:11:51:15 -0500] "GET /wp-admin/index.php HTTP/1.1" 302 - "https://iglesiaerestu.org/wp-login.php" "Mozilla/5.0 (Windows NT 11.0; Win64; x64) AppleWebKit/537.36 (KHTML, like Gecko) Chrome/119.0.0.0 Safari/537.36"
62.60.130.36 - - [01/Sep/2026:11:51:16 -0500] "GET /wp-login.php?redirect_to=https%3A%2F%2Fcampanaarquidiocesana.org%2Fwp-admin%2Findex.php&reauth=1 HTTP/1.1" 200 9325 "https://iglesiaerestu.org/wp-login.php" "Mozilla/5.0 (Windows NT 11.0; Win64; x64) AppleWebKit/537.36 (KHTML, like Gecko) Chrome/119.0.0.0 Safari/537.36"
62.60.130.36 - - [01/Sep/2026:11:51:18 -0500] "GET /wp-admin/index.php HTTP/1.1" 302 - "https://iglesiaerestu.org/wp-login.php" "Mozilla/5.0 (X11; Ubuntu; Linux x86_64) AppleWebKit/537.36 (KHTML, like Gecko) Chrome/119.0.0.0 Safari/537.36"
62.60.130.36 - - [01/Sep/2026:11:51:19 -0500] "GET /wp-login.php?redirect_to=https%3A%2F%2Fcampanaarquidiocesana.org%2Fwp-admin%2Findex.php&reauth=1 HTTP/1.1" 200 9325 "https://iglesiaerestu.org/wp-login.php" "Mozilla/5.0 (X11; Ubuntu; Linux x86_64) AppleWebKit/537.36 (KHTML, like Gecko) Chrome/119.0.0.0 Safari/537.36"
62.60.130.36 - - [01/Sep/2026:11:51:21 -0500] "GET /wp-admin/index.php HTTP/1.1" 302 - "https://iglesiaerestu.org/wp-login.php" "Mozilla/5.0 (Macintosh; Intel Mac OS X 13_6_1) AppleWebKit/605.1.15 (KHTML, like Gecko) Version/16.6 Safari/605.1.15"
62.60.130.36 - - [01/Sep/2026:11:51:22 -0500] "GET /wp-login.php?redirect_to=https%3A%2F%2Fcampanaarquidiocesana.org%2Fwp-admin%2Findex.php&reauth=1 HTTP/1.1" 200 9325 "https://iglesiaerestu.org/wp-login.php" "Mozilla/5.0 (Macintosh; Intel Mac OS X 13_6_1) AppleWebKit/605.1.15 (KHTML, like Gecko) Version/16.6 Safari/605.1.15"
62.60.130.36 - - [01/Sep/2026:11:51:24 -0500] "GET /wp-admin/index.php HTTP/1.1" 302 - "https://iglesiaerestu.org/wp-login.php" "Mozilla/5.0 (Macintosh; Intel Mac OS X 10_15_7) AppleWebKit/605.1.15 (KHTML, like Gecko) Version/17.0 Safari/605.1.15"
62.60.130.36 - - [01/Sep/2026:11:51:25 -0500] "GET /wp-login.php?redirect_to=https%3A%2F%2Fcampanaarquidiocesana.org%2Fwp-admin%2Findex.php&reauth=1 HTTP/1.1" 200 9325 "https://iglesiaerestu.org/wp-login.php" "Mozilla/5.0 (Macintosh; Intel Mac OS X 10_15_7) AppleWebKit/605.1.15 (KHTML, like Gecko) Version/17.0 Safari/605.1.15"
62.60.130.36 - - [01/Sep/2026:11:51:27 -0500] "GET /wp-admin/index.php HTTP/1.1" 302 - "https://iglesiaerestu.org/wp-login.php" "Mozilla/5.0 (X11; Linux x86_64) AppleWebKit/537.36 (KHTML, like Gecko) Chrome/119.0.0.0 Safari/537.36"
62.60.130.36 - - [01/Sep/2026:11:51:28 -0500] "GET /wp-login.php?redirect_to=https%3A%2F%2Fcampanaarquidiocesana.org%2Fwp-admin%2Findex.php&reauth=1 HTTP/1.1" 200 9325 "https://iglesiaerestu.org/wp-login.php" "Mozilla/5.0 (X11; Linux x86_64) AppleWebKit/537.36 (KHTML, like Gecko) Chrome/119.0.0.0 Safari/537.36"
62.60.130.36 - - [01/Sep/2026:11:51:30 -0500] "GET /wp-admin/index.php HTTP/1.1" 302 - "https://iglesiaerestu.org/wp-login.php" "Mozilla/5.0 (Macintosh; Intel Mac OS X 10_15_7) AppleWebKit/605.1.15 (KHTML, like Gecko) Version/17.1 Safari/605.1.15"
62.60.130.36 - - [01/Sep/2026:11:51:31 -0500] "GET /wp-login.php?redirect_to=https%3A%2F%2Fcampanaarquidiocesana.org%2Fwp-admin%2Findex.php&reauth=1 HTTP/1.1" 200 9325 "https://iglesiaerestu.org/wp-login.php" "Mozilla/5.0 (Macintosh; Intel Mac OS X 10_15_7) AppleWebKit/605.1.15 (KHTML, like Gecko) Version/17.1 Safari/605.1.15"
62.60.130.36 - - [01/Sep/2026:11:51:33 -0500] "GET /wp-admin/index.php HTTP/1.1" 302 - "https://iglesiaerestu.org/wp-login.php" "Mozilla/5.0 (Macintosh; Intel Mac OS X 10_15_7; rv:120.0) Gecko/20100101 Firefox/120.0"
62.60.130.36 - - [01/Sep/2026:11:51:34 -0500] "GET /wp-login.php?redirect_to=https%3A%2F%2Fcampanaarquidiocesana.org%2Fwp-admin%2Findex.php&reauth=1 HTTP/1.1" 200 9325 "https://iglesiaerestu.org/wp-login.php" "Mozilla/5.0 (Macintosh; Intel Mac OS X 10_15_7; rv:120.0) Gecko/20100101 Firefox/120.0"
62.60.130.36 - - [01/Sep/2026:11:51:36 -0500] "GET /wp-admin/index.php HTTP/1.1" 302 - "https://iglesiaerestu.org/wp-login.php" "Mozilla/5.0 (Macintosh; Intel Mac OS X 10_15_7; rv:120.0) Gecko/20100101 Firefox/120.0"
62.60.130.36 - - [01/Sep/2026:11:51:37 -0500] "GET /wp-login.php?redirect_to=https%3A%2F%2Fcampanaarquidiocesana.org%2Fwp-admin%2Findex.php&reauth=1 HTTP/1.1" 200 9325 "https://iglesiaerestu.org/wp-login.php" "Mozilla/5.0 (Macintosh; Intel Mac OS X 10_15_7; rv:120.0) Gecko/20100101 Firefox/120.0"
62.60.130.36 - - [01/Sep/2026:11:51:39 -0500] "GET /wp-admin/index.php HTTP/1.1" 302 - "https://iglesiaerestu.org/wp-login.php" "Mozilla/5.0 (Windows NT 11.0; Win64; x64; rv:119.0) Gecko/20100101 Firefox/119.0"
62.60.130.36 - - [01/Sep/2026:11:51:40 -0500] "GET /wp-login.php?redirect_to=https%3A%2F%2Fcampanaarquidiocesana.org%2Fwp-admin%2Findex.php&reauth=1 HTTP/1.1" 200 9325 "https://iglesiaerestu.org/wp-login.php" "Mozilla/5.0 (Windows NT 11.0; Win64; x64; rv:119.0) Gecko/20100101 Firefox/119.0"
62.60.130.36 - - [01/Sep/2026:11:51:42 -0500] "GET /wp-admin/index.php HTTP/1.1" 302 - "https://iglesiaerestu.org/wp-login.php" "Mozilla/5.0 (Macintosh; Intel Mac OS X 10_15_7; rv:120.0) Gecko/20100101 Firefox/120.0"
62.60.130.36 - - [01/Sep/2026:11:51:43 -0500] "GET /wp-login.php?redirect_to=https%3A%2F%2Fcampanaarquidiocesana.org%2Fwp-admin%2Findex.php&reauth=1 HTTP/1.1" 200 9325 "https://iglesiaerestu.org/wp-login.php" "Mozilla/5.0 (Macintosh; Intel Mac OS X 10_15_7; rv:120.0) Gecko/20100101 Firefox/120.0"
62.60.130.36 - - [01/Sep/2026:11:51:45 -0500] "GET /wp-admin/index.php HTTP/1.1" 302 - "https://iglesiaerestu.org/wp-login.php" "Mozilla/5.0 (Macintosh; Intel Mac OS X 10_15_7; rv:121.0) Gecko/20100101 Firefox/121.0"
62.60.130.36 - - [01/Sep/2026:11:51:46 -0500] "GET /wp-login.php?redirect_to=https%3A%2F%2Fcampanaarquidiocesana.org%2Fwp-admin%2Findex.php&reauth=1 HTTP/1.1" 200 9325 "https://iglesiaerestu.org/wp-login.php" "Mozilla/5.0 (Macintosh; Intel Mac OS X 10_15_7; rv:121.0) Gecko/20100101 Firefox/121.0"
62.60.130.36 - - [01/Sep/2026:11:51:48 -0500] "GET /wp-admin/index.php HTTP/1.1" 302 - "https://iglesiaerestu.org/wp-login.php" "Mozilla/5.0 (Macintosh; Intel Mac OS X 13_6_1) AppleWebKit/605.1.15 (KHTML, like Gecko) Version/17.2 Safari/605.1.15"
62.60.130.36 - - [01/Sep/2026:11:51:49 -0500] "GET /wp-login.php?redirect_to=https%3A%2F%2Fcampanaarquidiocesana.org%2Fwp-admin%2Findex.php&reauth=1 HTTP/1.1" 200 9325 "https://iglesiaerestu.org/wp-login.php" "Mozilla/5.0 (Macintosh; Intel Mac OS X 13_6_1) AppleWebKit/605.1.15 (KHTML, like Gecko) Version/17.2 Safari/605.1.15"
62.60.130.36 - - [01/Sep/2026:11:51:51 -0500] "GET /wp-admin/index.php HTTP/1.1" 302 - "https://iglesiaerestu.org/wp-login.php" "Mozilla/5.0 (Windows NT 11.0; Win64; x64) AppleWebKit/537.36 (KHTML, like Gecko) Chrome/119.0.0.0 Safari/537.36"
62.60.130.36 - - [01/Sep/2026:11:51:52 -0500] "GET /wp-login.php?redirect_to=https%3A%2F%2Fcampanaarquidiocesana.org%2Fwp-admin%2Findex.php&reauth=1 HTTP/1.1" 200 9325 "https://iglesiaerestu.org/wp-login.php" "Mozilla/5.0 (Windows NT 11.0; Win64; x64) AppleWebKit/537.36 (KHTML, like Gecko) Chrome/119.0.0.0 Safari/537.36"
62.60.130.36 - - [01/Sep/2026:11:51:54 -0500] "GET /wp-admin/index.php HTTP/1.1" 302 - "https://iglesiaerestu.org/wp-login.php" "Mozilla/5.0 (X11; Ubuntu; Linux x86_64) AppleWebKit/537.36 (KHTML, like Gecko) Chrome/118.0.0.0 Safari/537.36"
162.241.203.147 - - [01/Sep/2026:11:51:55 -0500] "GET /wp-login.php HTTP/1.1" 200 9201 "https://iglesiaerestu.org/wp-login.php" "Mozilla/5.0 (Windows NT 10.0; Win64; x64) AppleWebKit/537.36 (KHTML, like Gecko) Chrome/151.0.0.0 Safari/537.36"
62.60.130.36 - - [01/Sep/2026:11:51:55 -0500] "GET /wp-login.php?redirect_to=https%3A%2F%2Fcampanaarquidiocesana.org%2Fwp-admin%2Findex.php&reauth=1 HTTP/1.1" 200 9325 "https://iglesiaerestu.org/wp-login.php" "Mozilla/5.0 (X11; Ubuntu; Linux x86_64) AppleWebKit/537.36 (KHTML, like Gecko) Chrome/118.0.0.0 Safari/537.36"
62.60.130.36 - - [01/Sep/2026:11:51:57 -0500] "GET /wp-admin/index.php HTTP/1.1" 302 - "https://iglesiaerestu.org/wp-login.php" "Mozilla/5.0 (Macintosh; Intel Mac OS X 10_15_7) AppleWebKit/537.36 (KHTML, like Gecko) Chrome/120.0.0.0 Safari/537.36"
162.241.203.147 - - [01/Sep/2026:11:51:57 -0500] "GET /wp-login.php HTTP/1.1" 200 9201 "https://iglesiaerestu.org/wp-login.php" "Mozilla/5.0 (Windows NT 10.0; Win64; x64) AppleWebKit/537.36 (KHTML, like Gecko) Chrome/151.0.0.0 Safari/537.36"
62.60.130.36 - - [01/Sep/2026:11:51:58 -0500] "GET /wp-login.php?redirect_to=https%3A%2F%2Fcampanaarquidiocesana.org%2Fwp-admin%2Findex.php&reauth=1 HTTP/1.1" 200 9325 "https://iglesiaerestu.org/wp-login.php" "Mozilla/5.0 (Macintosh; Intel Mac OS X 10_15_7) AppleWebKit/537.36 (KHTML, like Gecko) Chrome/120.0.0.0 Safari/537.36"
62.60.130.36 - - [01/Sep/2026:11:52:00 -0500] "GET /wp-admin/index.php HTTP/1.1" 302 - "https://iglesiaerestu.org/wp-login.php" "Mozilla/5.0 (Macintosh; Intel Mac OS X 13_6_1; rv:119.0) Gecko/20100101 Firefox/119.0"
62.60.130.36 - - [01/Sep/2026:11:52:01 -0500] "GET /wp-login.php?redirect_to=https%3A%2F%2Fcampanaarquidiocesana.org%2Fwp-admin%2Findex.php&reauth=1 HTTP/1.1" 200 9325 "https://iglesiaerestu.org/wp-login.php" "Mozilla/5.0 (Macintosh; Intel Mac OS X 13_6_1; rv:119.0) Gecko/20100101 Firefox/119.0"
62.60.130.36 - - [01/Sep/2026:11:52:03 -0500] "GET /wp-admin/index.php HTTP/1.1" 302 - "https://iglesiaerestu.org/wp-login.php" "Mozilla/5.0 (X11; Linux x86_64) AppleWebKit/537.36 (KHTML, like Gecko) Chrome/119.0.0.0 Safari/537.36"
62.60.130.36 - - [01/Sep/2026:11:52:04 -0500] "GET /wp-login.php?redirect_to=https%3A%2F%2Fcampanaarquidiocesana.org%2Fwp-admin%2Findex.php&reauth=1 HTTP/1.1" 200 9325 "https://iglesiaerestu.org/wp-login.php" "Mozilla/5.0 (X11; Linux x86_64) AppleWebKit/537.36 (KHTML, like Gecko) Chrome/119.0.0.0 Safari/537.36"
62.60.130.36 - - [01/Sep/2026:11:52:06 -0500] "GET /wp-admin/index.php HTTP/1.1" 302 - "https://iglesiaerestu.org/wp-login.php" "Mozilla/5.0 (Macintosh; Intel Mac OS X 13_6_1; rv:120.0) Gecko/20100101 Firefox/120.0"
62.60.130.36 - - [01/Sep/2026:11:52:07 -0500] "GET /wp-login.php?redirect_to=https%3A%2F%2Fcampanaarquidiocesana.org%2Fwp-admin%2Findex.php&reauth=1 HTTP/1.1" 200 9325 "https://iglesiaerestu.org/wp-login.php" "Mozilla/5.0 (Macintosh; Intel Mac OS X 13_6_1; rv:120.0) Gecko/20100101 Firefox/120.0"
62.60.130.36 - - [01/Sep/2026:11:52:09 -0500] "GET /wp-admin/index.php HTTP/1.1" 302 - "https://iglesiaerestu.org/wp-login.php" "Mozilla/5.0 (X11; Ubuntu; Linux x86_64) AppleWebKit/537.36 (KHTML, like Gecko) Chrome/118.0.0.0 Safari/537.36"
62.60.130.36 - - [01/Sep/2026:11:52:10 -0500] "GET /wp-login.php?redirect_to=https%3A%2F%2Fcampanaarquidiocesana.org%2Fwp-admin%2Findex.php&reauth=1 HTTP/1.1" 200 9325 "https://iglesiaerestu.org/wp-login.php" "Mozilla/5.0 (X11; Ubuntu; Linux x86_64) AppleWebKit/537.36 (KHTML, like Gecko) Chrome/118.0.0.0 Safari/537.36"
62.60.130.36 - - [01/Sep/2026:11:52:11 -0500] "GET /wp-admin/index.php HTTP/1.1" 302 - "https://iglesiaerestu.org/wp-login.php" "Mozilla/5.0 (Macintosh; Intel Mac OS X 13_6_1) AppleWebKit/537.36 (KHTML, like Gecko) Chrome/119.0.0.0 Safari/537.36"
62.60.130.36 - - [01/Sep/2026:11:52:13 -0500] "GET /wp-login.php?redirect_to=https%3A%2F%2Fcampanaarquidiocesana.org%2Fwp-admin%2Findex.php&reauth=1 HTTP/1.1" 200 9325 "https://iglesiaerestu.org/wp-login.php" "Mozilla/5.0 (Macintosh; Intel Mac OS X 13_6_1) AppleWebKit/537.36 (KHTML, like Gecko) Chrome/119.0.0.0 Safari/537.36"
62.60.130.36 - - [01/Sep/2026:11:52:14 -0500] "GET /wp-admin/index.php HTTP/1.1" 302 - "https://iglesiaerestu.org/wp-login.php" "Mozilla/5.0 (Macintosh; Intel Mac OS X 10_15_7) AppleWebKit/537.36 (KHTML, like Gecko) Chrome/118.0.0.0 Safari/537.36"
62.60.130.36 - - [01/Sep/2026:11:52:16 -0500] "GET /wp-login.php?redirect_to=https%3A%2F%2Fcampanaarquidiocesana.org%2Fwp-admin%2Findex.php&reauth=1 HTTP/1.1" 200 9325 "https://iglesiaerestu.org/wp-login.php" "Mozilla/5.0 (Macintosh; Intel Mac OS X 10_15_7) AppleWebKit/537.36 (KHTML, like Gecko) Chrome/118.0.0.0 Safari/537.36"
62.60.130.36 - - [01/Sep/2026:11:52:17 -0500] "GET /wp-admin/index.php HTTP/1.1" 302 - "https://iglesiaerestu.org/wp-login.php" "Mozilla/5.0 (Macintosh; Intel Mac OS X 13_6_1) AppleWebKit/537.36 (KHTML, like Gecko) Chrome/119.0.0.0 Safari/537.36"
62.60.130.36 - - [01/Sep/2026:11:52:18 -0500] "GET /wp-login.php?redirect_to=https%3A%2F%2Fcampanaarquidiocesana.org%2Fwp-admin%2Findex.php&reauth=1 HTTP/1.1" 200 9325 "https://iglesiaerestu.org/wp-login.php" "Mozilla/5.0 (Macintosh; Intel Mac OS X 13_6_1) AppleWebKit/537.36 (KHTML, like Gecko) Chrome/119.0.0.0 Safari/537.36"
62.60.130.36 - - [01/Sep/2026:11:52:20 -0500] "GET /wp-admin/index.php HTTP/1.1" 302 - "https://iglesiaerestu.org/wp-login.php" "Mozilla/5.0 (Windows NT 11.0; Win64; x64) AppleWebKit/537.36 (KHTML, like Gecko) Chrome/121.0.0.0 Safari/537.36"
62.60.130.36 - - [01/Sep/2026:11:52:21 -0500] "GET /wp-login.php?redirect_to=https%3A%2F%2Fcampanaarquidiocesana.org%2Fwp-admin%2Findex.php&reauth=1 HTTP/1.1" 200 9325 "https://iglesiaerestu.org/wp-login.php" "Mozilla/5.0 (Windows NT 11.0; Win64; x64) AppleWebKit/537.36 (KHTML, like Gecko) Chrome/121.0.0.0 Safari/537.36"
62.60.130.36 - - [01/Sep/2026:11:52:23 -0500] "GET /wp-admin/index.php HTTP/1.1" 302 - "https://iglesiaerestu.org/wp-login.php" "Mozilla/5.0 (Windows NT 10.0; Win64; x64) AppleWebKit/537.36 (KHTML, like Gecko) Chrome/119.0.0.0 Safari/537.36"
62.60.130.36 - - [01/Sep/2026:11:52:24 -0500] "GET /wp-login.php?redirect_to=https%3A%2F%2Fcampanaarquidiocesana.org%2Fwp-admin%2Findex.php&reauth=1 HTTP/1.1" 200 9325 "https://iglesiaerestu.org/wp-login.php" "Mozilla/5.0 (Windows NT 10.0; Win64; x64) AppleWebKit/537.36 (KHTML, like Gecko) Chrome/119.0.0.0 Safari/537.36"
62.60.130.36 - - [01/Sep/2026:11:52:26 -0500] "GET /wp-admin/index.php HTTP/1.1" 302 - "https://iglesiaerestu.org/wp-login.php" "Mozilla/5.0 (Windows NT 10.0; Win64; x64; rv:121.0) Gecko/20100101 Firefox/121.0"
62.60.130.36 - - [01/Sep/2026:11:52:27 -0500] "GET /wp-login.php?redirect_to=https%3A%2F%2Fcampanaarquidiocesana.org%2Fwp-admin%2Findex.php&reauth=1 HTTP/1.1" 200 9325 "https://iglesiaerestu.org/wp-login.php" "Mozilla/5.0 (Windows NT 10.0; Win64; x64; rv:121.0) Gecko/20100101 Firefox/121.0"
62.60.130.36 - - [01/Sep/2026:11:52:29 -0500] "GET /wp-admin/index.php HTTP/1.1" 302 - "https://iglesiaerestu.org/wp-login.php" "Mozilla/5.0 (Macintosh; Intel Mac OS X 13_6_1) AppleWebKit/537.36 (KHTML, like Gecko) Chrome/120.0.0.0 Safari/537.36"
62.60.130.36 - - [01/Sep/2026:11:52:30 -0500] "GET /wp-login.php?redirect_to=https%3A%2F%2Fcampanaarquidiocesana.org%2Fwp-admin%2Findex.php&reauth=1 HTTP/1.1" 200 9325 "https://iglesiaerestu.org/wp-login.php" "Mozilla/5.0 (Macintosh; Intel Mac OS X 13_6_1) AppleWebKit/537.36 (KHTML, like Gecko) Chrome/120.0.0.0 Safari/537.36"
62.60.130.36 - - [01/Sep/2026:11:52:32 -0500] "GET /wp-admin/index.php HTTP/1.1" 302 - "https://iglesiaerestu.org/wp-login.php" "Mozilla/5.0 (Windows NT 11.0; Win64; x64) AppleWebKit/537.36 (KHTML, like Gecko) Chrome/119.0.0.0 Safari/537.36"
62.60.130.36 - - [01/Sep/2026:11:52:33 -0500] "GET /wp-login.php?redirect_to=https%3A%2F%2Fcampanaarquidiocesana.org%2Fwp-admin%2Findex.php&reauth=1 HTTP/1.1" 200 9325 "https://iglesiaerestu.org/wp-login.php" "Mozilla/5.0 (Windows NT 11.0; Win64; x64) AppleWebKit/537.36 (KHTML, like Gecko) Chrome/119.0.0.0 Safari/537.36"
62.60.130.36 - - [01/Sep/2026:11:52:35 -0500] "GET /wp-admin/index.php HTTP/1.1" 302 - "https://iglesiaerestu.org/wp-login.php" "Mozilla/5.0 (Windows NT 11.0; Win64; x64; rv:121.0) Gecko/20100101 Firefox/121.0"
62.60.130.36 - - [01/Sep/2026:11:52:37 -0500] "GET /wp-login.php?redirect_to=https%3A%2F%2Fcampanaarquidiocesana.org%2Fwp-admin%2Findex.php&reauth=1 HTTP/1.1" 200 9325 "https://iglesiaerestu.org/wp-login.php" "Mozilla/5.0 (Windows NT 11.0; Win64; x64; rv:121.0) Gecko/20100101 Firefox/121.0"
