141.98.11.41 - - [01/Sep/2026:17:28:38 -0500] "GET /wp-admin/index.php HTTP/1.1" 503 19284 "https://campanaarquidiocesana.org/wp-login.php" "Mozilla/5.0 (X11; Linux x86_64) AppleWebKit/537.36 (KHTML, like Gecko) Chrome/119.0.6045.159 Safari/537.36"
141.98.11.41 - - [01/Sep/2026:17:28:39 -0500] "GET /wp-admin/profile.php HTTP/1.1" 503 19284 "https://campanaarquidiocesana.org/wp-login.php" "Mozilla/5.0 (X11; Linux x86_64) AppleWebKit/537.36 (KHTML, like Gecko) Chrome/119.0.6045.159 Safari/537.36"
141.98.11.41 - - [01/Sep/2026:17:28:41 -0500] "GET /wp-admin/edit.php HTTP/1.1" 503 19284 "https://campanaarquidiocesana.org/wp-login.php" "Mozilla/5.0 (X11; Linux x86_64) AppleWebKit/537.36 (KHTML, like Gecko) Chrome/119.0.6045.159 Safari/537.36"
141.98.11.41 - - [01/Sep/2026:17:28:42 -0500] "GET /wp-admin/plugins.php HTTP/1.1" 503 19284 "https://campanaarquidiocesana.org/wp-login.php" "Mozilla/5.0 (X11; Linux x86_64) AppleWebKit/537.36 (KHTML, like Gecko) Chrome/119.0.6045.159 Safari/537.36"
157.90.185.123 - - [01/Sep/2026:17:28:44 -0500] "POST /?wordfence_syncAttackData=1788301724.4954 HTTP/1.1" 200 - "-" "WordPress/6.6.7; https://campanaarquidiocesana.org"
141.98.11.41 - - [01/Sep/2026:17:28:46 -0500] "POST /wp-login.php HTTP/1.1" 503 18282 "https://campanaarquidiocesana.org/wp-login.php" "Mozilla/5.0 (X11; Linux x86_64) Gecko/20100101 Firefox/118.0.2"
141.98.11.41 - - [01/Sep/2026:17:28:47 -0500] "GET /wp-admin/index.php HTTP/1.1" 503 19284 "https://campanaarquidiocesana.org/wp-login.php" "Mozilla/5.0 (X11; Linux x86_64) Gecko/20100101 Firefox/118.0.2"
141.98.11.41 - - [01/Sep/2026:17:28:48 -0500] "GET /wp-admin/profile.php HTTP/1.1" 503 19284 "https://campanaarquidiocesana.org/wp-login.php" "Mozilla/5.0 (X11; Linux x86_64) Gecko/20100101 Firefox/118.0.2"
141.98.11.41 - - [01/Sep/2026:17:28:49 -0500] "GET /wp-admin/edit.php HTTP/1.1" 503 19284 "https://campanaarquidiocesana.org/wp-login.php" "Mozilla/5.0 (X11; Linux x86_64) Gecko/20100101 Firefox/118.0.2"
141.98.11.41 - - [01/Sep/2026:17:28:50 -0500] "GET /wp-admin/plugins.php HTTP/1.1" 503 19284 "https://campanaarquidiocesana.org/wp-login.php" "Mozilla/5.0 (X11; Linux x86_64) Gecko/20100101 Firefox/118.0.2"
141.98.11.41 - - [01/Sep/2026:17:28:52 -0500] "GET /wp-admin/index.php HTTP/1.1" 503 19284 "https://campanaarquidiocesana.org/wp-login.php" "Mozilla/5.0 (X11; Linux x86_64) AppleWebKit/537.36 (KHTML, like Gecko) Chrome/118.0.5993.88 Safari/537.36"
141.98.11.41 - - [01/Sep/2026:17:28:53 -0500] "GET /wp-admin/profile.php HTTP/1.1" 503 19284 "https://campanaarquidiocesana.org/wp-login.php" "Mozilla/5.0 (X11; Linux x86_64) AppleWebKit/537.36 (KHTML, like Gecko) Chrome/118.0.5993.88 Safari/537.36"
141.98.11.41 - - [01/Sep/2026:17:28:52 -0500] "POST /wp-login.php HTTP/1.1" 503 18282 "https://campanaarquidiocesana.org/wp-login.php" "Mozilla/5.0 (X11; Linux x86_64) AppleWebKit/537.36 (KHTML, like Gecko) Chrome/118.0.5993.88 Safari/537.36"
141.98.11.41 - - [01/Sep/2026:17:28:54 -0500] "GET /wp-admin/edit.php HTTP/1.1" 503 19284 "https://campanaarquidiocesana.org/wp-login.php" "Mozilla/5.0 (X11; Linux x86_64) AppleWebKit/537.36 (KHTML, like Gecko) Chrome/118.0.5993.88 Safari/537.36"
157.90.185.123 - - [01/Sep/2026:17:28:55 -0500] "POST /?wordfence_syncAttackData=1788301735.6923 HTTP/1.1" 200 - "-" "WordPress/6.6.7; https://campanaarquidiocesana.org"
141.98.11.41 - - [01/Sep/2026:17:28:56 -0500] "GET /wp-admin/plugins.php HTTP/1.1" 503 19284 "https://campanaarquidiocesana.org/wp-login.php" "Mozilla/5.0 (X11; Linux x86_64) AppleWebKit/537.36 (KHTML, like Gecko) Chrome/118.0.5993.88 Safari/537.36"
141.98.11.41 - - [01/Sep/2026:17:28:58 -0500] "POST /wp-login.php HTTP/1.1" 503 18282 "https://campanaarquidiocesana.org/wp-login.php" "Mozilla/5.0 (X11; Linux x86_64) AppleWebKit/537.36 (KHTML, like Gecko) Chrome/118.0.5993.88 Safari/537.36"
141.98.11.41 - - [01/Sep/2026:17:28:59 -0500] "GET /wp-admin/index.php HTTP/1.1" 503 19284 "https://campanaarquidiocesana.org/wp-login.php" "Mozilla/5.0 (X11; Linux x86_64) AppleWebKit/537.36 (KHTML, like Gecko) Chrome/118.0.5993.88 Safari/537.36"
141.98.11.41 - - [01/Sep/2026:17:29:00 -0500] "GET /wp-admin/profile.php HTTP/1.1" 503 19284 "https://campanaarquidiocesana.org/wp-login.php" "Mozilla/5.0 (X11; Linux x86_64) AppleWebKit/537.36 (KHTML, like Gecko) Chrome/118.0.5993.88 Safari/537.36"
141.98.11.41 - - [01/Sep/2026:17:29:01 -0500] "GET /wp-admin/edit.php HTTP/1.1" 503 19284 "https://campanaarquidiocesana.org/wp-login.php" "Mozilla/5.0 (X11; Linux x86_64) AppleWebKit/537.36 (KHTML, like Gecko) Chrome/118.0.5993.88 Safari/537.36"
141.98.11.41 - - [01/Sep/2026:17:29:01 -0500] "GET /wp-admin/plugins.php HTTP/1.1" 503 19284 "https://campanaarquidiocesana.org/wp-login.php" "Mozilla/5.0 (X11; Linux x86_64) AppleWebKit/537.36 (KHTML, like Gecko) Chrome/118.0.5993.88 Safari/537.36"
141.98.11.41 - - [01/Sep/2026:17:29:03 -0500] "POST /wp-login.php HTTP/1.1" 503 18282 "https://campanaarquidiocesana.org/wp-login.php" "Mozilla/5.0 (X11; Ubuntu; Linux x86_64) AppleWebKit/537.36 (KHTML, like Gecko) Chrome/119.0.6045.159 Safari/537.36"
141.98.11.41 - - [01/Sep/2026:17:29:04 -0500] "GET /wp-admin/index.php HTTP/1.1" 503 19284 "https://campanaarquidiocesana.org/wp-login.php" "Mozilla/5.0 (X11; Ubuntu; Linux x86_64) AppleWebKit/537.36 (KHTML, like Gecko) Chrome/119.0.6045.159 Safari/537.36"
157.90.185.123 - - [01/Sep/2026:17:29:05 -0500] "POST /?wordfence_syncAttackData=1788301745.3278 HTTP/1.1" 200 - "-" "WordPress/6.6.7; https://campanaarquidiocesana.org"
141.98.11.41 - - [01/Sep/2026:17:29:06 -0500] "GET /wp-admin/profile.php HTTP/1.1" 503 19284 "https://campanaarquidiocesana.org/wp-login.php" "Mozilla/5.0 (X11; Ubuntu; Linux x86_64) AppleWebKit/537.36 (KHTML, like Gecko) Chrome/119.0.6045.159 Safari/537.36"
141.98.11.41 - - [01/Sep/2026:17:29:07 -0500] "GET /wp-admin/edit.php HTTP/1.1" 503 19284 "https://campanaarquidiocesana.org/wp-login.php" "Mozilla/5.0 (X11; Ubuntu; Linux x86_64) AppleWebKit/537.36 (KHTML, like Gecko) Chrome/119.0.6045.159 Safari/537.36"
141.98.11.41 - - [01/Sep/2026:17:29:08 -0500] "GET /wp-admin/plugins.php HTTP/1.1" 503 19284 "https://campanaarquidiocesana.org/wp-login.php" "Mozilla/5.0 (X11; Ubuntu; Linux x86_64) AppleWebKit/537.36 (KHTML, like Gecko) Chrome/119.0.6045.159 Safari/537.36"
141.98.11.41 - - [01/Sep/2026:17:29:10 -0500] "POST /wp-login.php HTTP/1.1" 503 18282 "https://campanaarquidiocesana.org/wp-login.php" "Mozilla/5.0 (Macintosh; Intel Mac OS X 10_15_7) AppleWebKit/537.36 (KHTML, like Gecko) Chrome/118.0.5993.88 Safari/537.36"
141.98.11.41 - - [01/Sep/2026:17:29:11 -0500] "GET /wp-admin/index.php HTTP/1.1" 503 19284 "https://campanaarquidiocesana.org/wp-login.php" "Mozilla/5.0 (Macintosh; Intel Mac OS X 10_15_7) AppleWebKit/537.36 (KHTML, like Gecko) Chrome/118.0.5993.88 Safari/537.36"
141.98.11.41 - - [01/Sep/2026:17:29:12 -0500] "GET /wp-admin/profile.php HTTP/1.1" 503 19284 "https://campanaarquidiocesana.org/wp-login.php" "Mozilla/5.0 (Macintosh; Intel Mac OS X 10_15_7) AppleWebKit/537.36 (KHTML, like Gecko) Chrome/118.0.5993.88 Safari/537.36"
141.98.11.41 - - [01/Sep/2026:17:29:12 -0500] "GET /wp-admin/edit.php HTTP/1.1" 503 19284 "https://campanaarquidiocesana.org/wp-login.php" "Mozilla/5.0 (Macintosh; Intel Mac OS X 10_15_7) AppleWebKit/537.36 (KHTML, like Gecko) Chrome/118.0.5993.88 Safari/537.36"
141.98.11.41 - - [01/Sep/2026:17:29:14 -0500] "GET /wp-admin/plugins.php HTTP/1.1" 503 19284 "https://campanaarquidiocesana.org/wp-login.php" "Mozilla/5.0 (Macintosh; Intel Mac OS X 10_15_7) AppleWebKit/537.36 (KHTML, like Gecko) Chrome/118.0.5993.88 Safari/537.36"
141.98.11.41 - - [01/Sep/2026:17:29:15 -0500] "POST /wp-login.php HTTP/1.1" 503 18282 "https://campanaarquidiocesana.org/wp-login.php" "Mozilla/5.0 (Macintosh; Intel Mac OS X 12_6_2) AppleWebKit/605.1.15 (KHTML, like Gecko) Version/17.0 Safari/605.1.15"
141.98.11.41 - - [01/Sep/2026:17:29:16 -0500] "GET /wp-admin/index.php HTTP/1.1" 503 19284 "https://campanaarquidiocesana.org/wp-login.php" "Mozilla/5.0 (Macintosh; Intel Mac OS X 12_6_2) AppleWebKit/605.1.15 (KHTML, like Gecko) Version/17.0 Safari/605.1.15"
157.90.185.123 - - [01/Sep/2026:17:29:17 -0500] "POST /?wordfence_syncAttackData=1788301757.5925 HTTP/1.1" 200 - "-" "WordPress/6.6.7; https://campanaarquidiocesana.org"
141.98.11.41 - - [01/Sep/2026:17:29:18 -0500] "GET /wp-admin/profile.php HTTP/1.1" 503 19284 "https://campanaarquidiocesana.org/wp-login.php" "Mozilla/5.0 (Macintosh; Intel Mac OS X 12_6_2) AppleWebKit/605.1.15 (KHTML, like Gecko) Version/17.0 Safari/605.1.15"
141.98.11.41 - - [01/Sep/2026:17:29:19 -0500] "GET /wp-admin/edit.php HTTP/1.1" 503 19284 "https://campanaarquidiocesana.org/wp-login.php" "Mozilla/5.0 (Macintosh; Intel Mac OS X 12_6_2) AppleWebKit/605.1.15 (KHTML, like Gecko) Version/17.0 Safari/605.1.15"
141.98.11.41 - - [01/Sep/2026:17:29:20 -0500] "GET /wp-admin/plugins.php HTTP/1.1" 503 19284 "https://campanaarquidiocesana.org/wp-login.php" "Mozilla/5.0 (Macintosh; Intel Mac OS X 12_6_2) AppleWebKit/605.1.15 (KHTML, like Gecko) Version/17.0 Safari/605.1.15"
141.98.11.41 - - [01/Sep/2026:17:29:22 -0500] "POST /wp-login.php HTTP/1.1" 503 18282 "https://campanaarquidiocesana.org/wp-login.php" "Mozilla/5.0 (Macintosh; Intel Mac OS X 10_15_7) AppleWebKit/537.36 (KHTML, like Gecko) Chrome/121.0.6167.85 Safari/537.36"
141.98.11.41 - - [01/Sep/2026:17:29:23 -0500] "GET /wp-admin/index.php HTTP/1.1" 503 19284 "https://campanaarquidiocesana.org/wp-login.php" "Mozilla/5.0 (Macintosh; Intel Mac OS X 10_15_7) AppleWebKit/537.36 (KHTML, like Gecko) Chrome/121.0.6167.85 Safari/537.36"
141.98.11.41 - - [01/Sep/2026:17:29:24 -0500] "GET /wp-admin/profile.php HTTP/1.1" 503 19284 "https://campanaarquidiocesana.org/wp-login.php" "Mozilla/5.0 (Macintosh; Intel Mac OS X 10_15_7) AppleWebKit/537.36 (KHTML, like Gecko) Chrome/121.0.6167.85 Safari/537.36"
141.98.11.41 - - [01/Sep/2026:17:29:25 -0500] "GET /wp-admin/edit.php HTTP/1.1" 503 19284 "https://campanaarquidiocesana.org/wp-login.php" "Mozilla/5.0 (Macintosh; Intel Mac OS X 10_15_7) AppleWebKit/537.36 (KHTML, like Gecko) Chrome/121.0.6167.85 Safari/537.36"
141.98.11.41 - - [01/Sep/2026:17:29:26 -0500] "GET /wp-admin/plugins.php HTTP/1.1" 503 19284 "https://campanaarquidiocesana.org/wp-login.php" "Mozilla/5.0 (Macintosh; Intel Mac OS X 10_15_7) AppleWebKit/537.36 (KHTML, like Gecko) Chrome/121.0.6167.85 Safari/537.36"
141.98.11.41 - - [01/Sep/2026:17:29:27 -0500] "POST /wp-login.php HTTP/1.1" 503 18282 "https://campanaarquidiocesana.org/wp-login.php" "Mozilla/5.0 (X11; Linux x86_64) AppleWebKit/537.36 (KHTML, like Gecko) Chrome/122.0.6261.57 Safari/537.36"
141.98.11.41 - - [01/Sep/2026:17:29:28 -0500] "GET /wp-admin/index.php HTTP/1.1" 503 19284 "https://campanaarquidiocesana.org/wp-login.php" "Mozilla/5.0 (X11; Linux x86_64) AppleWebKit/537.36 (KHTML, like Gecko) Chrome/122.0.6261.57 Safari/537.36"
157.90.185.123 - - [01/Sep/2026:17:29:29 -0500] "POST /?wordfence_syncAttackData=1788301769.3048 HTTP/1.1" 200 - "-" "WordPress/6.6.7; https://campanaarquidiocesana.org"
141.98.11.41 - - [01/Sep/2026:17:29:30 -0500] "GET /wp-admin/profile.php HTTP/1.1" 503 19284 "https://campanaarquidiocesana.org/wp-login.php" "Mozilla/5.0 (X11; Linux x86_64) AppleWebKit/537.36 (KHTML, like Gecko) Chrome/122.0.6261.57 Safari/537.36"
141.98.11.41 - - [01/Sep/2026:17:29:31 -0500] "GET /wp-admin/edit.php HTTP/1.1" 503 19284 "https://campanaarquidiocesana.org/wp-login.php" "Mozilla/5.0 (X11; Linux x86_64) AppleWebKit/537.36 (KHTML, like Gecko) Chrome/122.0.6261.57 Safari/537.36"
141.98.11.41 - - [01/Sep/2026:17:29:32 -0500] "GET /wp-admin/plugins.php HTTP/1.1" 503 19284 "https://campanaarquidiocesana.org/wp-login.php" "Mozilla/5.0 (X11; Linux x86_64) AppleWebKit/537.36 (KHTML, like Gecko) Chrome/122.0.6261.57 Safari/537.36"
141.98.11.41 - - [01/Sep/2026:17:29:34 -0500] "POST /wp-login.php HTTP/1.1" 503 18282 "https://campanaarquidiocesana.org/wp-login.php" "Mozilla/5.0 (X11; Ubuntu; Linux x86_64) AppleWebKit/537.36 (KHTML, like Gecko) Chrome/121.0.6167.85 Safari/537.36"
141.98.11.41 - - [01/Sep/2026:17:29:35 -0500] "GET /wp-admin/index.php HTTP/1.1" 503 19284 "https://campanaarquidiocesana.org/wp-login.php" "Mozilla/5.0 (X11; Ubuntu; Linux x86_64) AppleWebKit/537.36 (KHTML, like Gecko) Chrome/121.0.6167.85 Safari/537.36"
141.98.11.41 - - [01/Sep/2026:17:29:36 -0500] "GET /wp-admin/profile.php HTTP/1.1" 503 19284 "https://campanaarquidiocesana.org/wp-login.php" "Mozilla/5.0 (X11; Ubuntu; Linux x86_64) AppleWebKit/537.36 (KHTML, like Gecko) Chrome/121.0.6167.85 Safari/537.36"
141.98.11.41 - - [01/Sep/2026:17:29:36 -0500] "GET /wp-admin/edit.php HTTP/1.1" 503 19284 "https://campanaarquidiocesana.org/wp-login.php" "Mozilla/5.0 (X11; Ubuntu; Linux x86_64) AppleWebKit/537.36 (KHTML, like Gecko) Chrome/121.0.6167.85 Safari/537.36"
141.98.11.41 - - [01/Sep/2026:17:29:37 -0500] "GET /wp-admin/plugins.php HTTP/1.1" 503 19284 "https://campanaarquidiocesana.org/wp-login.php" "Mozilla/5.0 (X11; Ubuntu; Linux x86_64) AppleWebKit/537.36 (KHTML, like Gecko) Chrome/121.0.6167.85 Safari/537.36"
141.98.11.41 - - [01/Sep/2026:17:29:39 -0500] "POST /wp-login.php HTTP/1.1" 503 18282 "https://campanaarquidiocesana.org/wp-login.php" "Mozilla/5.0 (X11; Ubuntu; Linux x86_64) AppleWebKit/537.36 (KHTML, like Gecko) Chrome/119.0.6045.159 Safari/537.36"
141.98.11.41 - - [01/Sep/2026:17:29:40 -0500] "GET /wp-admin/index.php HTTP/1.1" 503 19284 "https://campanaarquidiocesana.org/wp-login.php" "Mozilla/5.0 (X11; Ubuntu; Linux x86_64) AppleWebKit/537.36 (KHTML, like Gecko) Chrome/119.0.6045.159 Safari/537.36"
157.90.185.123 - - [01/Sep/2026:17:29:40 -0500] "POST /?wordfence_syncAttackData=1788301780.9374 HTTP/1.1" 200 - "-" "WordPress/6.6.7; https://campanaarquidiocesana.org"
141.98.11.41 - - [01/Sep/2026:17:29:42 -0500] "GET /wp-admin/profile.php HTTP/1.1" 503 19284 "https://campanaarquidiocesana.org/wp-login.php" "Mozilla/5.0 (X11; Ubuntu; Linux x86_64) AppleWebKit/537.36 (KHTML, like Gecko) Chrome/119.0.6045.159 Safari/537.36"
141.98.11.41 - - [01/Sep/2026:17:29:43 -0500] "GET /wp-admin/edit.php HTTP/1.1" 503 19284 "https://campanaarquidiocesana.org/wp-login.php" "Mozilla/5.0 (X11; Ubuntu; Linux x86_64) AppleWebKit/537.36 (KHTML, like Gecko) Chrome/119.0.6045.159 Safari/537.36"
141.98.11.41 - - [01/Sep/2026:17:29:44 -0500] "GET /wp-admin/plugins.php HTTP/1.1" 503 19284 "https://campanaarquidiocesana.org/wp-login.php" "Mozilla/5.0 (X11; Ubuntu; Linux x86_64) AppleWebKit/537.36 (KHTML, like Gecko) Chrome/119.0.6045.159 Safari/537.36"
141.98.11.41 - - [01/Sep/2026:17:29:45 -0500] "POST /wp-login.php HTTP/1.1" 503 18282 "https://campanaarquidiocesana.org/wp-login.php" "Mozilla/5.0 (X11; Linux x86_64) AppleWebKit/537.36 (KHTML, like Gecko) Chrome/121.0.6167.85 Safari/537.36"
141.98.11.41 - - [01/Sep/2026:17:29:46 -0500] "GET /wp-admin/index.php HTTP/1.1" 503 19284 "https://campanaarquidiocesana.org/wp-login.php" "Mozilla/5.0 (X11; Linux x86_64) AppleWebKit/537.36 (KHTML, like Gecko) Chrome/121.0.6167.85 Safari/537.36"
141.98.11.41 - - [01/Sep/2026:17:29:47 -0500] "GET /wp-admin/profile.php HTTP/1.1" 503 19284 "https://campanaarquidiocesana.org/wp-login.php" "Mozilla/5.0 (X11; Linux x86_64) AppleWebKit/537.36 (KHTML, like Gecko) Chrome/121.0.6167.85 Safari/537.36"
141.98.11.41 - - [01/Sep/2026:17:29:48 -0500] "GET /wp-admin/edit.php HTTP/1.1" 503 19284 "https://campanaarquidiocesana.org/wp-login.php" "Mozilla/5.0 (X11; Linux x86_64) AppleWebKit/537.36 (KHTML, like Gecko) Chrome/121.0.6167.85 Safari/537.36"
141.98.11.41 - - [01/Sep/2026:17:29:49 -0500] "GET /wp-admin/plugins.php HTTP/1.1" 503 19284 "https://campanaarquidiocesana.org/wp-login.php" "Mozilla/5.0 (X11; Linux x86_64) AppleWebKit/537.36 (KHTML, like Gecko) Chrome/121.0.6167.85 Safari/537.36"
186.72.19.127 - - [01/Sep/2026:17:29:50 -0500] "GET /wp-content/uploads/2022/07/arq_img_1.jpg HTTP/1.1" 200 127970 "-" "Mozilla/5.0 (Macintosh; Intel Mac OS X 10_15_7) AppleWebKit/605.1.15 (KHTML, like Gecko) Safari"
141.98.11.41 - - [01/Sep/2026:17:29:51 -0500] "POST /wp-login.php HTTP/1.1" 503 18282 "https://campanaarquidiocesana.org/wp-login.php" "Mozilla/5.0 (Macintosh; Intel Mac OS X 13_6_2) AppleWebKit/537.36 (KHTML, like Gecko) Chrome/119.0.6045.159 Safari/537.36"
157.90.185.123 - - [01/Sep/2026:17:29:52 -0500] "POST /?wordfence_syncAttackData=1788301792.5912 HTTP/1.1" 200 - "-" "WordPress/6.6.7; https://campanaarquidiocesana.org"
141.98.11.41 - - [01/Sep/2026:17:29:51 -0500] "GET /wp-admin/index.php HTTP/1.1" 503 19284 "https://campanaarquidiocesana.org/wp-login.php" "Mozilla/5.0 (Macintosh; Intel Mac OS X 13_6_2) AppleWebKit/537.36 (KHTML, like Gecko) Chrome/119.0.6045.159 Safari/537.36"
141.98.11.41 - - [01/Sep/2026:17:29:53 -0500] "GET /wp-admin/profile.php HTTP/1.1" 503 19284 "https://campanaarquidiocesana.org/wp-login.php" "Mozilla/5.0 (Macintosh; Intel Mac OS X 13_6_2) AppleWebKit/537.36 (KHTML, like Gecko) Chrome/119.0.6045.159 Safari/537.36"
141.98.11.41 - - [01/Sep/2026:17:29:54 -0500] "GET /wp-admin/edit.php HTTP/1.1" 503 19284 "https://campanaarquidiocesana.org/wp-login.php" "Mozilla/5.0 (Macintosh; Intel Mac OS X 13_6_2) AppleWebKit/537.36 (KHTML, like Gecko) Chrome/119.0.6045.159 Safari/537.36"
141.98.11.41 - - [01/Sep/2026:17:29:55 -0500] "GET /wp-admin/plugins.php HTTP/1.1" 503 19284 "https://campanaarquidiocesana.org/wp-login.php" "Mozilla/5.0 (Macintosh; Intel Mac OS X 13_6_2) AppleWebKit/537.36 (KHTML, like Gecko) Chrome/119.0.6045.159 Safari/537.36"
141.98.11.41 - - [01/Sep/2026:17:29:58 -0500] "GET /wp-admin/index.php HTTP/1.1" 503 19284 "https://campanaarquidiocesana.org/wp-login.php" "Mozilla/5.0 (Windows NT 10.0; Win64; x64) AppleWebKit/537.36 (KHTML, like Gecko) Chrome/119.0.0.0 Safari/537.36 Edg/119.0.2151.97"
141.98.11.41 - - [01/Sep/2026:17:29:57 -0500] "POST /wp-login.php HTTP/1.1" 503 18282 "https://campanaarquidiocesana.org/wp-login.php" "Mozilla/5.0 (Windows NT 10.0; Win64; x64) AppleWebKit/537.36 (KHTML, like Gecko) Chrome/119.0.0.0 Safari/537.36 Edg/119.0.2151.97"
141.98.11.41 - - [01/Sep/2026:17:29:59 -0500] "GET /wp-admin/profile.php HTTP/1.1" 503 19284 "https://campanaarquidiocesana.org/wp-login.php" "Mozilla/5.0 (Windows NT 10.0; Win64; x64) AppleWebKit/537.36 (KHTML, like Gecko) Chrome/119.0.0.0 Safari/537.36 Edg/119.0.2151.97"
141.98.11.41 - - [01/Sep/2026:17:30:00 -0500] "GET /wp-admin/edit.php HTTP/1.1" 503 19284 "https://campanaarquidiocesana.org/wp-login.php" "Mozilla/5.0 (Windows NT 10.0; Win64; x64) AppleWebKit/537.36 (KHTML, like Gecko) Chrome/119.0.0.0 Safari/537.36 Edg/119.0.2151.97"
141.98.11.41 - - [01/Sep/2026:17:30:01 -0500] "GET /wp-admin/plugins.php HTTP/1.1" 503 19284 "https://campanaarquidiocesana.org/wp-login.php" "Mozilla/5.0 (Windows NT 10.0; Win64; x64) AppleWebKit/537.36 (KHTML, like Gecko) Chrome/119.0.0.0 Safari/537.36 Edg/119.0.2151.97"
141.98.11.41 - - [01/Sep/2026:17:30:02 -0500] "POST /wp-login.php HTTP/1.1" 503 18282 "https://campanaarquidiocesana.org/wp-login.php" "Mozilla/5.0 (Windows NT 10.0; Win64; x64) AppleWebKit/537.36 (KHTML, like Gecko) Chrome/121.0.0.0 Safari/537.36 Edg/121.0.2277.83"
141.98.11.41 - - [01/Sep/2026:17:30:03 -0500] "GET /wp-admin/index.php HTTP/1.1" 503 19284 "https://campanaarquidiocesana.org/wp-login.php" "Mozilla/5.0 (Windows NT 10.0; Win64; x64) AppleWebKit/537.36 (KHTML, like Gecko) Chrome/121.0.0.0 Safari/537.36 Edg/121.0.2277.83"
157.90.185.123 - - [01/Sep/2026:17:30:04 -0500] "POST /?wordfence_syncAttackData=1788301804.4327 HTTP/1.1" 200 - "-" "WordPress/6.6.7; https://campanaarquidiocesana.org"
141.98.11.41 - - [01/Sep/2026:17:30:05 -0500] "GET /wp-admin/profile.php HTTP/1.1" 503 19284 "https://campanaarquidiocesana.org/wp-login.php" "Mozilla/5.0 (Windows NT 10.0; Win64; x64) AppleWebKit/537.36 (KHTML, like Gecko) Chrome/121.0.0.0 Safari/537.36 Edg/121.0.2277.83"
141.98.11.41 - - [01/Sep/2026:17:30:06 -0500] "GET /wp-admin/edit.php HTTP/1.1" 503 19284 "https://campanaarquidiocesana.org/wp-login.php" "Mozilla/5.0 (Windows NT 10.0; Win64; x64) AppleWebKit/537.36 (KHTML, like Gecko) Chrome/121.0.0.0 Safari/537.36 Edg/121.0.2277.83"
141.98.11.41 - - [01/Sep/2026:17:30:07 -0500] "GET /wp-admin/plugins.php HTTP/1.1" 503 19284 "https://campanaarquidiocesana.org/wp-login.php" "Mozilla/5.0 (Windows NT 10.0; Win64; x64) AppleWebKit/537.36 (KHTML, like Gecko) Chrome/121.0.0.0 Safari/537.36 Edg/121.0.2277.83"
186.72.19.127 - - [01/Sep/2026:17:30:09 -0500] "GET /wp-content/uploads/2022/07/arq_img_1.jpg HTTP/1.1" 200 127970 "-" "Mozilla/5.0 (Macintosh; Intel Mac OS X 10_15_7) AppleWebKit/605.1.15 (KHTML, like Gecko) Safari"
141.98.11.41 - - [01/Sep/2026:17:30:09 -0500] "POST /wp-login.php HTTP/1.1" 503 18282 "https://campanaarquidiocesana.org/wp-login.php" "Mozilla/5.0 (Macintosh; Intel Mac OS X 11_7_2) AppleWebKit/605.1.15 (KHTML, like Gecko) Version/17.2.1 Safari/605.1.15"
141.98.11.41 - - [01/Sep/2026:17:30:10 -0500] "GET /wp-admin/index.php HTTP/1.1" 503 19284 "https://campanaarquidiocesana.org/wp-login.php" "Mozilla/5.0 (Macintosh; Intel Mac OS X 11_7_2) AppleWebKit/605.1.15 (KHTML, like Gecko) Version/17.2.1 Safari/605.1.15"
141.98.11.41 - - [01/Sep/2026:17:30:11 -0500] "GET /wp-admin/profile.php HTTP/1.1" 503 19284 "https://campanaarquidiocesana.org/wp-login.php" "Mozilla/5.0 (Macintosh; Intel Mac OS X 11_7_2) AppleWebKit/605.1.15 (KHTML, like Gecko) Version/17.2.1 Safari/605.1.15"
141.98.11.41 - - [01/Sep/2026:17:30:12 -0500] "GET /wp-admin/edit.php HTTP/1.1" 503 19284 "https://campanaarquidiocesana.org/wp-login.php" "Mozilla/5.0 (Macintosh; Intel Mac OS X 11_7_2) AppleWebKit/605.1.15 (KHTML, like Gecko) Version/17.2.1 Safari/605.1.15"
141.98.11.41 - - [01/Sep/2026:17:30:13 -0500] "GET /wp-admin/plugins.php HTTP/1.1" 503 19284 "https://campanaarquidiocesana.org/wp-login.php" "Mozilla/5.0 (Macintosh; Intel Mac OS X 11_7_2) AppleWebKit/605.1.15 (KHTML, like Gecko) Version/17.2.1 Safari/605.1.15"
157.90.185.123 - - [01/Sep/2026:17:30:14 -0500] "POST /?wordfence_syncAttackData=1788301814.3118 HTTP/1.1" 200 - "-" "WordPress/6.6.7; https://campanaarquidiocesana.org"
141.98.11.41 - - [01/Sep/2026:17:30:16 -0500] "POST /wp-login.php HTTP/1.1" 503 18282 "https://campanaarquidiocesana.org/wp-login.php" "Mozilla/5.0 (X11; Linux x86_64) AppleWebKit/537.36 (KHTML, like Gecko) Chrome/119.0.6045.159 Safari/537.36"
141.98.11.41 - - [01/Sep/2026:17:30:17 -0500] "GET /wp-admin/index.php HTTP/1.1" 503 19284 "https://campanaarquidiocesana.org/wp-login.php" "Mozilla/5.0 (X11; Linux x86_64) AppleWebKit/537.36 (KHTML, like Gecko) Chrome/119.0.6045.159 Safari/537.36"
141.98.11.41 - - [01/Sep/2026:17:30:18 -0500] "GET /wp-admin/profile.php HTTP/1.1" 503 19284 "https://campanaarquidiocesana.org/wp-login.php" "Mozilla/5.0 (X11; Linux x86_64) AppleWebKit/537.36 (KHTML, like Gecko) Chrome/119.0.6045.159 Safari/537.36"
141.98.11.41 - - [01/Sep/2026:17:30:18 -0500] "GET /wp-admin/edit.php HTTP/1.1" 503 19284 "https://campanaarquidiocesana.org/wp-login.php" "Mozilla/5.0 (X11; Linux x86_64) AppleWebKit/537.36 (KHTML, like Gecko) Chrome/119.0.6045.159 Safari/537.36"
141.98.11.41 - - [01/Sep/2026:17:30:20 -0500] "GET /wp-admin/plugins.php HTTP/1.1" 503 19284 "https://campanaarquidiocesana.org/wp-login.php" "Mozilla/5.0 (X11; Linux x86_64) AppleWebKit/537.36 (KHTML, like Gecko) Chrome/119.0.6045.159 Safari/537.36"
141.98.11.41 - - [01/Sep/2026:17:30:22 -0500] "GET /wp-admin/index.php HTTP/1.1" 503 19284 "https://campanaarquidiocesana.org/wp-login.php" "Mozilla/5.0 (X11; Linux x86_64) Gecko/20100101 Firefox/122.0"
141.98.11.41 - - [01/Sep/2026:17:30:21 -0500] "POST /wp-login.php HTTP/1.1" 503 18282 "https://campanaarquidiocesana.org/wp-login.php" "Mozilla/5.0 (X11; Linux x86_64) Gecko/20100101 Firefox/122.0"
141.98.11.41 - - [01/Sep/2026:17:30:23 -0500] "GET /wp-admin/profile.php HTTP/1.1" 503 19284 "https://campanaarquidiocesana.org/wp-login.php" "Mozilla/5.0 (X11; Linux x86_64) Gecko/20100101 Firefox/122.0"
157.90.185.123 - - [01/Sep/2026:17:30:24 -0500] "POST /?wordfence_syncAttackData=1788301824.3864 HTTP/1.1" 200 - "-" "WordPress/6.6.7; https://campanaarquidiocesana.org"
141.98.11.41 - - [01/Sep/2026:17:30:25 -0500] "GET /wp-admin/edit.php HTTP/1.1" 503 19284 "https://campanaarquidiocesana.org/wp-login.php" "Mozilla/5.0 (X11; Linux x86_64) Gecko/20100101 Firefox/122.0"
141.98.11.41 - - [01/Sep/2026:17:30:26 -0500] "GET /wp-admin/plugins.php HTTP/1.1" 503 19284 "https://campanaarquidiocesana.org/wp-login.php" "Mozilla/5.0 (X11; Linux x86_64) Gecko/20100101 Firefox/122.0"
141.98.11.41 - - [01/Sep/2026:17:30:29 -0500] "GET /wp-admin/index.php HTTP/1.1" 503 19284 "https://campanaarquidiocesana.org/wp-login.php" "Mozilla/5.0 (Windows NT 10.0; Win64; x64) AppleWebKit/537.36 (KHTML, like Gecko) Chrome/119.0.0.0 Safari/537.36 Edg/119.0.2151.97"
141.98.11.41 - - [01/Sep/2026:17:30:30 -0500] "GET /wp-admin/profile.php HTTP/1.1" 503 19284 "https://campanaarquidiocesana.org/wp-login.php" "Mozilla/5.0 (Windows NT 10.0; Win64; x64) AppleWebKit/537.36 (KHTML, like Gecko) Chrome/119.0.0.0 Safari/537.36 Edg/119.0.2151.97"
141.98.11.41 - - [01/Sep/2026:17:30:31 -0500] "GET /wp-admin/edit.php HTTP/1.1" 503 19284 "https://campanaarquidiocesana.org/wp-login.php" "Mozilla/5.0 (Windows NT 10.0; Win64; x64) AppleWebKit/537.36 (KHTML, like Gecko) Chrome/119.0.0.0 Safari/537.36 Edg/119.0.2151.97"
141.98.11.41 - - [01/Sep/2026:17:30:28 -0500] "POST /wp-login.php HTTP/1.1" 503 18282 "https://campanaarquidiocesana.org/wp-login.php" "Mozilla/5.0 (Windows NT 10.0; Win64; x64) AppleWebKit/537.36 (KHTML, like Gecko) Chrome/119.0.0.0 Safari/537.36 Edg/119.0.2151.97"
141.98.11.41 - - [01/Sep/2026:17:30:34 -0500] "GET /wp-admin/index.php HTTP/1.1" 503 19284 "https://campanaarquidiocesana.org/wp-login.php" "Mozilla/5.0 (Windows NT 11.0; Win64; x64) AppleWebKit/537.36 (KHTML, like Gecko) Chrome/118.0.5993.88 Safari/537.36"
157.90.185.123 - - [01/Sep/2026:17:30:35 -0500] "POST /?wordfence_syncAttackData=1788301835.4388 HTTP/1.1" 200 - "-" "WordPress/6.6.7; https://campanaarquidiocesana.org"
141.98.11.41 - - [01/Sep/2026:17:30:36 -0500] "GET /wp-admin/profile.php HTTP/1.1" 503 19284 "https://campanaarquidiocesana.org/wp-login.php" "Mozilla/5.0 (Windows NT 11.0; Win64; x64) AppleWebKit/537.36 (KHTML, like Gecko) Chrome/118.0.5993.88 Safari/537.36"
141.98.11.41 - - [01/Sep/2026:17:30:37 -0500] "GET /wp-admin/edit.php HTTP/1.1" 503 19284 "https://campanaarquidiocesana.org/wp-login.php" "Mozilla/5.0 (Windows NT 11.0; Win64; x64) AppleWebKit/537.36 (KHTML, like Gecko) Chrome/118.0.5993.88 Safari/537.36"
141.98.11.41 - - [01/Sep/2026:17:30:38 -0500] "GET /wp-admin/plugins.php HTTP/1.1" 503 19284 "https://campanaarquidiocesana.org/wp-login.php" "Mozilla/5.0 (Windows NT 11.0; Win64; x64) AppleWebKit/537.36 (KHTML, like Gecko) Chrome/118.0.5993.88 Safari/537.36"
141.98.11.41 - - [01/Sep/2026:17:30:32 -0500] "GET /wp-admin/plugins.php HTTP/1.1" 503 19284 "https://campanaarquidiocesana.org/wp-login.php" "Mozilla/5.0 (Windows NT 10.0; Win64; x64) AppleWebKit/537.36 (KHTML, like Gecko) Chrome/119.0.0.0 Safari/537.36 Edg/119.0.2151.97"
141.98.11.41 - - [01/Sep/2026:17:30:41 -0500] "GET /wp-admin/index.php HTTP/1.1" 503 19284 "https://campanaarquidiocesana.org/wp-login.php" "Mozilla/5.0 (Macintosh; Intel Mac OS X 10.15) Gecko/20100101 Firefox/121.0"
141.98.11.41 - - [01/Sep/2026:17:30:42 -0500] "GET /wp-admin/profile.php HTTP/1.1" 503 19284 "https://campanaarquidiocesana.org/wp-login.php" "Mozilla/5.0 (Macintosh; Intel Mac OS X 10.15) Gecko/20100101 Firefox/121.0"
141.98.11.41 - - [01/Sep/2026:17:30:42 -0500] "GET /wp-admin/edit.php HTTP/1.1" 503 19284 "https://campanaarquidiocesana.org/wp-login.php" "Mozilla/5.0 (Macintosh; Intel Mac OS X 10.15) Gecko/20100101 Firefox/121.0"
141.98.11.41 - - [01/Sep/2026:17:30:33 -0500] "POST /wp-login.php HTTP/1.1" 503 18282 "https://campanaarquidiocesana.org/wp-login.php" "Mozilla/5.0 (Windows NT 11.0; Win64; x64) AppleWebKit/537.36 (KHTML, like Gecko) Chrome/118.0.5993.88 Safari/537.36"
141.98.11.41 - - [01/Sep/2026:17:30:40 -0500] "POST /wp-login.php HTTP/1.1" 503 18282 "https://campanaarquidiocesana.org/wp-login.php" "Mozilla/5.0 (Macintosh; Intel Mac OS X 10.15) Gecko/20100101 Firefox/121.0"
141.98.11.41 - - [01/Sep/2026:17:30:43 -0500] "GET /wp-admin/plugins.php HTTP/1.1" 503 19284 "https://campanaarquidiocesana.org/wp-login.php" "Mozilla/5.0 (Macintosh; Intel Mac OS X 10.15) Gecko/20100101 Firefox/121.0"
141.98.11.41 - - [01/Sep/2026:17:30:45 -0500] "POST /wp-login.php HTTP/1.1" 503 18282 "https://campanaarquidiocesana.org/wp-login.php" "Mozilla/5.0 (Windows NT 11.0; Win64; x64) AppleWebKit/537.36 (KHTML, like Gecko) Chrome/121.0.6167.85 Safari/537.36"
157.90.185.123 - - [01/Sep/2026:17:30:47 -0500] "POST /?wordfence_syncAttackData=1788301846.9763 HTTP/1.1" 200 - "-" "WordPress/6.6.7; https://campanaarquidiocesana.org"
141.98.11.41 - - [01/Sep/2026:17:30:46 -0500] "GET /wp-admin/index.php HTTP/1.1" 503 19284 "https://campanaarquidiocesana.org/wp-login.php" "Mozilla/5.0 (Windows NT 11.0; Win64; x64) AppleWebKit/537.36 (KHTML, like Gecko) Chrome/121.0.6167.85 Safari/537.36"
141.98.11.41 - - [01/Sep/2026:17:30:48 -0500] "GET /wp-admin/profile.php HTTP/1.1" 503 19284 "https://campanaarquidiocesana.org/wp-login.php" "Mozilla/5.0 (Windows NT 11.0; Win64; x64) AppleWebKit/537.36 (KHTML, like Gecko) Chrome/121.0.6167.85 Safari/537.36"
141.98.11.41 - - [01/Sep/2026:17:30:49 -0500] "GET /wp-admin/edit.php HTTP/1.1" 503 19284 "https://campanaarquidiocesana.org/wp-login.php" "Mozilla/5.0 (Windows NT 11.0; Win64; x64) AppleWebKit/537.36 (KHTML, like Gecko) Chrome/121.0.6167.85 Safari/537.36"
141.98.11.41 - - [01/Sep/2026:17:30:51 -0500] "GET /wp-admin/plugins.php HTTP/1.1" 503 19284 "https://campanaarquidiocesana.org/wp-login.php" "Mozilla/5.0 (Windows NT 11.0; Win64; x64) AppleWebKit/537.36 (KHTML, like Gecko) Chrome/121.0.6167.85 Safari/537.36"
141.98.11.41 - - [01/Sep/2026:17:30:53 -0500] "POST /wp-login.php HTTP/1.1" 503 18282 "https://campanaarquidiocesana.org/wp-login.php" "Mozilla/5.0 (X11; Ubuntu; Linux x86_64; rv:119.0.1) Gecko/20100101 Firefox/119.0.1"
141.98.11.41 - - [01/Sep/2026:17:30:54 -0500] "GET /wp-admin/index.php HTTP/1.1" 503 19284 "https://campanaarquidiocesana.org/wp-login.php" "Mozilla/5.0 (X11; Ubuntu; Linux x86_64; rv:119.0.1) Gecko/20100101 Firefox/119.0.1"
141.98.11.41 - - [01/Sep/2026:17:30:56 -0500] "GET /wp-admin/profile.php HTTP/1.1" 503 19284 "https://campanaarquidiocesana.org/wp-login.php" "Mozilla/5.0 (X11; Ubuntu; Linux x86_64; rv:119.0.1) Gecko/20100101 Firefox/119.0.1"
157.90.185.123 - - [01/Sep/2026:17:30:57 -0500] "POST /?wordfence_syncAttackData=1788301857.3303 HTTP/1.1" 200 - "-" "WordPress/6.6.7; https://campanaarquidiocesana.org"
141.98.11.41 - - [01/Sep/2026:17:30:58 -0500] "GET /wp-admin/edit.php HTTP/1.1" 503 19284 "https://campanaarquidiocesana.org/wp-login.php" "Mozilla/5.0 (X11; Ubuntu; Linux x86_64; rv:119.0.1) Gecko/20100101 Firefox/119.0.1"
141.98.11.41 - - [01/Sep/2026:17:31:00 -0500] "GET /wp-admin/plugins.php HTTP/1.1" 503 19284 "https://campanaarquidiocesana.org/wp-login.php" "Mozilla/5.0 (X11; Ubuntu; Linux x86_64; rv:119.0.1) Gecko/20100101 Firefox/119.0.1"
141.98.11.41 - - [01/Sep/2026:17:31:03 -0500] "POST /wp-login.php HTTP/1.1" 503 18282 "https://campanaarquidiocesana.org/wp-login.php" "Mozilla/5.0 (Macintosh; Intel Mac OS X 10.15) Gecko/20100101 Firefox/119.0.1"
141.98.11.41 - - [01/Sep/2026:17:31:04 -0500] "GET /wp-admin/index.php HTTP/1.1" 503 19284 "https://campanaarquidiocesana.org/wp-login.php" "Mozilla/5.0 (Macintosh; Intel Mac OS X 10.15) Gecko/20100101 Firefox/119.0.1"
141.98.11.41 - - [01/Sep/2026:17:31:05 -0500] "GET /wp-admin/profile.php HTTP/1.1" 503 19284 "https://campanaarquidiocesana.org/wp-login.php" "Mozilla/5.0 (Macintosh; Intel Mac OS X 10.15) Gecko/20100101 Firefox/119.0.1"
141.98.11.41 - - [01/Sep/2026:17:31:06 -0500] "GET /wp-admin/edit.php HTTP/1.1" 503 19284 "https://campanaarquidiocesana.org/wp-login.php" "Mozilla/5.0 (Macintosh; Intel Mac OS X 10.15) Gecko/20100101 Firefox/119.0.1"
20.151.10.161 - - [01/Sep/2026:17:31:06 -0500] "GET /wp-content/plugins/hellopress/wp_filemanager.php HTTP/1.1" 404 51052 "-" "-"
141.98.11.41 - - [01/Sep/2026:17:31:08 -0500] "GET /wp-admin/plugins.php HTTP/1.1" 503 19284 "https://campanaarquidiocesana.org/wp-login.php" "Mozilla/5.0 (Macintosh; Intel Mac OS X 10.15) Gecko/20100101 Firefox/119.0.1"
157.90.185.123 - - [01/Sep/2026:17:31:09 -0500] "POST /?wordfence_syncAttackData=1788301869.4729 HTTP/1.1" 200 - "-" "WordPress/6.6.7; https://campanaarquidiocesana.org"
141.98.11.41 - - [01/Sep/2026:17:31:11 -0500] "POST /wp-login.php HTTP/1.1" 503 18282 "https://campanaarquidiocesana.org/wp-login.php" "Mozilla/5.0 (X11; Linux x86_64) Gecko/20100101 Firefox/121.0"
20.151.10.161 - - [01/Sep/2026:17:31:09 -0500] "GET /this_is_a_new_hello_world.php HTTP/1.1" 404 41721 "-" "-"
141.98.11.41 - - [01/Sep/2026:17:31:12 -0500] "GET /wp-admin/index.php HTTP/1.1" 503 19284 "https://campanaarquidiocesana.org/wp-login.php" "Mozilla/5.0 (X11; Linux x86_64) Gecko/20100101 Firefox/121.0"
141.98.11.41 - - [01/Sep/2026:17:31:13 -0500] "GET /wp-admin/profile.php HTTP/1.1" 503 19284 "https://campanaarquidiocesana.org/wp-login.php" "Mozilla/5.0 (X11; Linux x86_64) Gecko/20100101 Firefox/121.0"
20.151.10.161 - - [01/Sep/2026:17:31:12 -0500] "GET /aaaa.php HTTP/1.1" 404 41721 "-" "-"
141.98.11.41 - - [01/Sep/2026:17:31:13 -0500] "GET /wp-admin/edit.php HTTP/1.1" 503 19284 "https://campanaarquidiocesana.org/wp-login.php" "Mozilla/5.0 (X11; Linux x86_64) Gecko/20100101 Firefox/121.0"
20.151.10.161 - - [01/Sep/2026:17:31:14 -0500] "GET /config.php HTTP/1.1" 404 41721 "-" "-"
141.98.11.41 - - [01/Sep/2026:17:31:14 -0500] "GET /wp-admin/plugins.php HTTP/1.1" 503 19284 "https://campanaarquidiocesana.org/wp-login.php" "Mozilla/5.0 (X11; Linux x86_64) Gecko/20100101 Firefox/121.0"
141.98.11.41 - - [01/Sep/2026:17:31:16 -0500] "POST /wp-login.php HTTP/1.1" 503 18282 "https://campanaarquidiocesana.org/wp-login.php" "Mozilla/5.0 (Macintosh; Intel Mac OS X 12_6_2) AppleWebKit/605.1.15 (KHTML, like Gecko) Version/17.0 Safari/605.1.15"
20.151.10.161 - - [01/Sep/2026:17:31:15 -0500] "GET /ho.php HTTP/1.1" 404 41721 "-" "-"
141.98.11.41 - - [01/Sep/2026:17:31:17 -0500] "GET /wp-admin/index.php HTTP/1.1" 503 19284 "https://campanaarquidiocesana.org/wp-login.php" "Mozilla/5.0 (Macintosh; Intel Mac OS X 12_6_2) AppleWebKit/605.1.15 (KHTML, like Gecko) Version/17.0 Safari/605.1.15"
141.98.11.41 - - [01/Sep/2026:17:31:18 -0500] "GET /wp-admin/profile.php HTTP/1.1" 503 19284 "https://campanaarquidiocesana.org/wp-login.php" "Mozilla/5.0 (Macintosh; Intel Mac OS X 12_6_2) AppleWebKit/605.1.15 (KHTML, like Gecko) Version/17.0 Safari/605.1.15"
20.151.10.161 - - [01/Sep/2026:17:31:17 -0500] "GET /x.php HTTP/1.1" 404 41721 "-" "-"
141.98.11.41 - - [01/Sep/2026:17:31:18 -0500] "GET /wp-admin/edit.php HTTP/1.1" 503 19284 "https://campanaarquidiocesana.org/wp-login.php" "Mozilla/5.0 (Macintosh; Intel Mac OS X 12_6_2) AppleWebKit/605.1.15 (KHTML, like Gecko) Version/17.0 Safari/605.1.15"
141.98.11.41 - - [01/Sep/2026:17:31:19 -0500] "GET /wp-admin/plugins.php HTTP/1.1" 503 19284 "https://campanaarquidiocesana.org/wp-login.php" "Mozilla/5.0 (Macintosh; Intel Mac OS X 12_6_2) AppleWebKit/605.1.15 (KHTML, like Gecko) Version/17.0 Safari/605.1.15"
157.90.185.123 - - [01/Sep/2026:17:31:20 -0500] "POST /?wordfence_syncAttackData=1788301880.1056 HTTP/1.1" 200 - "-" "WordPress/6.6.7; https://campanaarquidiocesana.org"
20.151.10.161 - - [01/Sep/2026:17:31:19 -0500] "GET /min.php HTTP/1.1" 404 41721 "-" "-"
141.98.11.41 - - [01/Sep/2026:17:31:21 -0500] "POST /wp-login.php HTTP/1.1" 503 18282 "https://campanaarquidiocesana.org/wp-login.php" "Mozilla/5.0 (Windows NT 10.0; Win64; x64) AppleWebKit/537.36 (KHTML, like Gecko) Chrome/121.0.0.0 Safari/537.36 Edg/121.0.2277.83"
141.98.11.41 - - [01/Sep/2026:17:31:22 -0500] "GET /wp-admin/index.php HTTP/1.1" 503 19284 "https://campanaarquidiocesana.org/wp-login.php" "Mozilla/5.0 (Windows NT 10.0; Win64; x64) AppleWebKit/537.36 (KHTML, like Gecko) Chrome/121.0.0.0 Safari/537.36 Edg/121.0.2277.83"
20.151.10.161 - - [01/Sep/2026:17:31:22 -0500] "GET /kir.php HTTP/1.1" 404 41721 "-" "-"
141.98.11.41 - - [01/Sep/2026:17:31:23 -0500] "GET /wp-admin/profile.php HTTP/1.1" 503 19284 "https://campanaarquidiocesana.org/wp-login.php" "Mozilla/5.0 (Windows NT 10.0; Win64; x64) AppleWebKit/537.36 (KHTML, like Gecko) Chrome/121.0.0.0 Safari/537.36 Edg/121.0.2277.83"
20.151.10.161 - - [01/Sep/2026:17:31:23 -0500] "GET /f35.update.php HTTP/1.1" 404 41721 "-" "-"
141.98.11.41 - - [01/Sep/2026:17:31:24 -0500] "GET /wp-admin/edit.php HTTP/1.1" 503 19284 "https://campanaarquidiocesana.org/wp-login.php" "Mozilla/5.0 (Windows NT 10.0; Win64; x64) AppleWebKit/537.36 (KHTML, like Gecko) Chrome/121.0.0.0 Safari/537.36 Edg/121.0.2277.83"
141.98.11.41 - - [01/Sep/2026:17:31:25 -0500] "GET /wp-admin/plugins.php HTTP/1.1" 503 19284 "https://campanaarquidiocesana.org/wp-login.php" "Mozilla/5.0 (Windows NT 10.0; Win64; x64) AppleWebKit/537.36 (KHTML, like Gecko) Chrome/121.0.0.0 Safari/537.36 Edg/121.0.2277.83"
20.151.10.161 - - [01/Sep/2026:17:31:25 -0500] "GET /admin1.php HTTP/1.1" 404 41721 "-" "-"
141.98.11.41 - - [01/Sep/2026:17:31:27 -0500] "POST /wp-login.php HTTP/1.1" 503 18282 "https://campanaarquidiocesana.org/wp-login.php" "Mozilla/5.0 (Windows NT 10.0; Win64; x64) AppleWebKit/537.36 (KHTML, like Gecko) Chrome/121.0.6167.85 Safari/537.36"
141.98.11.41 - - [01/Sep/2026:17:31:27 -0500] "GET /wp-admin/index.php HTTP/1.1" 503 19284 "https://campanaarquidiocesana.org/wp-login.php" "Mozilla/5.0 (Windows NT 10.0; Win64; x64) AppleWebKit/537.36 (KHTML, like Gecko) Chrome/121.0.6167.85 Safari/537.36"
20.151.10.161 - - [01/Sep/2026:17:31:27 -0500] "GET /silver.php HTTP/1.1" 404 41721 "-" "-"
141.98.11.41 - - [01/Sep/2026:17:31:28 -0500] "GET /wp-admin/profile.php HTTP/1.1" 503 19284 "https://campanaarquidiocesana.org/wp-login.php" "Mozilla/5.0 (Windows NT 10.0; Win64; x64) AppleWebKit/537.36 (KHTML, like Gecko) Chrome/121.0.6167.85 Safari/537.36"
20.151.10.161 - - [01/Sep/2026:17:31:29 -0500] "GET /file-gertdxz.php HTTP/1.1" 404 41721 "-" "-"
157.90.185.123 - - [01/Sep/2026:17:31:30 -0500] "POST /?wordfence_syncAttackData=1788301890.6028 HTTP/1.1" 200 - "-" "WordPress/6.6.7; https://campanaarquidiocesana.org"
141.98.11.41 - - [01/Sep/2026:17:31:29 -0500] "GET /wp-admin/edit.php HTTP/1.1" 503 19284 "https://campanaarquidiocesana.org/wp-login.php" "Mozilla/5.0 (Windows NT 10.0; Win64; x64) AppleWebKit/537.36 (KHTML, like Gecko) Chrome/121.0.6167.85 Safari/537.36"
20.151.10.161 - - [01/Sep/2026:17:31:30 -0500] "GET /ddd.php HTTP/1.1" 404 41721 "-" "-"
141.98.11.41 - - [01/Sep/2026:17:31:31 -0500] "GET /wp-admin/plugins.php HTTP/1.1" 503 19284 "https://campanaarquidiocesana.org/wp-login.php" "Mozilla/5.0 (Windows NT 10.0; Win64; x64) AppleWebKit/537.36 (KHTML, like Gecko) Chrome/121.0.6167.85 Safari/537.36"
20.151.10.161 - - [01/Sep/2026:17:31:32 -0500] "GET /file58.php HTTP/1.1" 404 41721 "-" "-"
141.98.11.41 - - [01/Sep/2026:17:31:33 -0500] "POST /wp-login.php HTTP/1.1" 503 18282 "https://campanaarquidiocesana.org/wp-login.php" "Mozilla/5.0 (Windows NT 10.0; Win64; x64) AppleWebKit/537.36 (KHTML, like Gecko) Chrome/121.0.6167.85 Safari/537.36"
141.98.11.41 - - [01/Sep/2026:17:31:34 -0500] "GET /wp-admin/index.php HTTP/1.1" 503 19284 "https://campanaarquidiocesana.org/wp-login.php" "Mozilla/5.0 (Windows NT 10.0; Win64; x64) AppleWebKit/537.36 (KHTML, like Gecko) Chrome/121.0.6167.85 Safari/537.36"
20.151.10.161 - - [01/Sep/2026:17:31:33 -0500] "GET /888.php HTTP/1.1" 404 41721 "-" "-"
141.98.11.41 - - [01/Sep/2026:17:31:35 -0500] "GET /wp-admin/profile.php HTTP/1.1" 503 19284 "https://campanaarquidiocesana.org/wp-login.php" "Mozilla/5.0 (Windows NT 10.0; Win64; x64) AppleWebKit/537.36 (KHTML, like Gecko) Chrome/121.0.6167.85 Safari/537.36"
20.151.10.161 - - [01/Sep/2026:17:31:35 -0500] "GET /bibil.php HTTP/1.1" 404 41721 "-" "-"
141.98.11.41 - - [01/Sep/2026:17:31:36 -0500] "GET /wp-admin/edit.php HTTP/1.1" 503 19284 "https://campanaarquidiocesana.org/wp-login.php" "Mozilla/5.0 (Windows NT 10.0; Win64; x64) AppleWebKit/537.36 (KHTML, like Gecko) Chrome/121.0.6167.85 Safari/537.36"
20.151.10.161 - - [01/Sep/2026:17:31:37 -0500] "GET /file48.php HTTP/1.1" 403 199 "-" "-"
20.151.10.161 - - [01/Sep/2026:17:31:37 -0500] "GET /file10.php HTTP/1.1" 403 199 "-" "-"
141.98.11.41 - - [01/Sep/2026:17:31:37 -0500] "GET /wp-admin/plugins.php HTTP/1.1" 503 19284 "https://campanaarquidiocesana.org/wp-login.php" "Mozilla/5.0 (Windows NT 10.0; Win64; x64) AppleWebKit/537.36 (KHTML, like Gecko) Chrome/121.0.6167.85 Safari/537.36"
20.151.10.161 - - [01/Sep/2026:17:31:38 -0500] "GET /moon.php?p HTTP/1.1" 403 199 "-" "-"
20.151.10.161 - - [01/Sep/2026:17:31:38 -0500] "GET /file88.php HTTP/1.1" 403 199 "-" "-"
20.151.10.161 - - [01/Sep/2026:17:31:38 -0500] "GET /class.5.php HTTP/1.1" 403 199 "-" "-"
20.151.10.161 - - [01/Sep/2026:17:31:39 -0500] "GET /class.2.php HTTP/1.1" 403 199 "-" "-"
141.98.11.41 - - [01/Sep/2026:17:31:39 -0500] "POST /wp-login.php HTTP/1.1" 503 18282 "https://campanaarquidiocesana.org/wp-login.php" "Mozilla/5.0 (Macintosh; Intel Mac OS X 13_6_2) AppleWebKit/537.36 (KHTML, like Gecko) Chrome/119.0.6045.159 Safari/537.36"
20.151.10.161 - - [01/Sep/2026:17:31:39 -0500] "GET /cccc.php HTTP/1.1" 403 199 "-" "-"
20.151.10.161 - - [01/Sep/2026:17:31:40 -0500] "GET /efile.php HTTP/1.1" 403 199 "-" "-"
20.151.10.161 - - [01/Sep/2026:17:31:40 -0500] "GET /dox.php HTTP/1.1" 403 199 "-" "-"
20.151.10.161 - - [01/Sep/2026:17:31:40 -0500] "GET /b8.php HTTP/1.1" 403 199 "-" "-"
20.151.10.161 - - [01/Sep/2026:17:31:41 -0500] "GET /file9.php HTTP/1.1" 403 199 "-" "-"
141.98.11.41 - - [01/Sep/2026:17:31:39 -0500] "GET /wp-admin/index.php HTTP/1.1" 503 19284 "https://campanaarquidiocesana.org/wp-login.php" "Mozilla/5.0 (Macintosh; Intel Mac OS X 13_6_2) AppleWebKit/537.36 (KHTML, like Gecko) Chrome/119.0.6045.159 Safari/537.36"
157.90.185.123 - - [01/Sep/2026:17:31:40 -0500] "POST /?wordfence_syncAttackData=1788301900.6256 HTTP/1.1" 200 - "-" "WordPress/6.6.7; https://campanaarquidiocesana.org"
20.151.10.161 - - [01/Sep/2026:17:31:41 -0500] "GET /file8.php HTTP/1.1" 403 199 "-" "-"
20.151.10.161 - - [01/Sep/2026:17:31:42 -0500] "GET /file6.php HTTP/1.1" 403 199 "-" "-"
141.98.11.41 - - [01/Sep/2026:17:31:41 -0500] "GET /wp-admin/profile.php HTTP/1.1" 503 19284 "https://campanaarquidiocesana.org/wp-login.php" "Mozilla/5.0 (Macintosh; Intel Mac OS X 13_6_2) AppleWebKit/537.36 (KHTML, like Gecko) Chrome/119.0.6045.159 Safari/537.36"
20.151.10.161 - - [01/Sep/2026:17:31:42 -0500] "GET /file4.php HTTP/1.1" 403 199 "-" "-"
20.151.10.161 - - [01/Sep/2026:17:31:43 -0500] "GET /media.php HTTP/1.1" 403 199 "-" "-"
141.98.11.41 - - [01/Sep/2026:17:31:42 -0500] "GET /wp-admin/edit.php HTTP/1.1" 503 19284 "https://campanaarquidiocesana.org/wp-login.php" "Mozilla/5.0 (Macintosh; Intel Mac OS X 13_6_2) AppleWebKit/537.36 (KHTML, like Gecko) Chrome/119.0.6045.159 Safari/537.36"
20.151.10.161 - - [01/Sep/2026:17:31:43 -0500] "GET /adminfuns.php HTTP/1.1" 403 199 "-" "-"
20.151.10.161 - - [01/Sep/2026:17:31:43 -0500] "GET /classwithtostring.php?p= HTTP/1.1" 403 199 "-" "-"
20.151.10.161 - - [01/Sep/2026:17:31:44 -0500] "GET /3PJcpMFsD8B.php HTTP/1.1" 403 199 "-" "-"
141.98.11.41 - - [01/Sep/2026:17:31:43 -0500] "GET /wp-admin/plugins.php HTTP/1.1" 503 19284 "https://campanaarquidiocesana.org/wp-login.php" "Mozilla/5.0 (Macintosh; Intel Mac OS X 13_6_2) AppleWebKit/537.36 (KHTML, like Gecko) Chrome/119.0.6045.159 Safari/537.36"
20.151.10.161 - - [01/Sep/2026:17:31:44 -0500] "GET /4PJcpMFsD8B.php HTTP/1.1" 403 199 "-" "-"
20.151.10.161 - - [01/Sep/2026:17:31:45 -0500] "GET /wsd.php HTTP/1.1" 403 199 "-" "-"
141.98.11.41 - - [01/Sep/2026:17:31:44 -0500] "POST /wp-login.php HTTP/1.1" 503 18282 "https://campanaarquidiocesana.org/wp-login.php" "Mozilla/5.0 (Windows NT 10.0; Win64; x64) Gecko/20100101 Firefox/119.0.1"
20.151.10.161 - - [01/Sep/2026:17:31:45 -0500] "GET /bulet.php HTTP/1.1" 403 199 "-" "-"
20.151.10.161 - - [01/Sep/2026:17:31:45 -0500] "GET /av.php HTTP/1.1" 403 199 "-" "-"
20.151.10.161 - - [01/Sep/2026:17:31:46 -0500] "GET /images.php HTTP/1.1" 403 199 "-" "-"
141.98.11.41 - - [01/Sep/2026:17:31:45 -0500] "GET /wp-admin/index.php HTTP/1.1" 503 19284 "https://campanaarquidiocesana.org/wp-login.php" "Mozilla/5.0 (Windows NT 10.0; Win64; x64) Gecko/20100101 Firefox/119.0.1"
20.151.10.161 - - [01/Sep/2026:17:31:46 -0500] "GET /ops.php HTTP/1.1" 403 199 "-" "-"
20.151.10.161 - - [01/Sep/2026:17:31:47 -0500] "GET /BDKR28WP.php HTTP/1.1" 403 199 "-" "-"
141.98.11.41 - - [01/Sep/2026:17:31:46 -0500] "GET /wp-admin/profile.php HTTP/1.1" 503 19284 "https://campanaarquidiocesana.org/wp-login.php" "Mozilla/5.0 (Windows NT 10.0; Win64; x64) Gecko/20100101 Firefox/119.0.1"
20.151.10.161 - - [01/Sep/2026:17:31:47 -0500] "GET /k.php?p= HTTP/1.1" 403 199 "-" "-"
20.151.10.161 - - [01/Sep/2026:17:31:48 -0500] "GET /dex.php HTTP/1.1" 403 199 "-" "-"
141.98.11.41 - - [01/Sep/2026:17:31:47 -0500] "GET /wp-admin/edit.php HTTP/1.1" 503 19284 "https://campanaarquidiocesana.org/wp-login.php" "Mozilla/5.0 (Windows NT 10.0; Win64; x64) Gecko/20100101 Firefox/119.0.1"
20.151.10.161 - - [01/Sep/2026:17:31:48 -0500] "GET /img.php HTTP/1.1" 403 199 "-" "-"
20.151.10.161 - - [01/Sep/2026:17:31:48 -0500] "GET /222.php HTTP/1.1" 403 199 "-" "-"
20.151.10.161 - - [01/Sep/2026:17:31:49 -0500] "GET /key.php HTTP/1.1" 403 199 "-" "-"
141.98.11.41 - - [01/Sep/2026:17:31:48 -0500] "GET /wp-admin/plugins.php HTTP/1.1" 503 19284 "https://campanaarquidiocesana.org/wp-login.php" "Mozilla/5.0 (Windows NT 10.0; Win64; x64) Gecko/20100101 Firefox/119.0.1"
20.151.10.161 - - [01/Sep/2026:17:31:49 -0500] "GET /chosen.php HTTP/1.1" 403 199 "-" "-"
20.151.10.161 - - [01/Sep/2026:17:31:50 -0500] "GET /file1221.php HTTP/1.1" 403 199 "-" "-"
20.151.10.161 - - [01/Sep/2026:17:31:50 -0500] "GET /nox.php HTTP/1.1" 403 199 "-" "-"
20.151.10.161 - - [01/Sep/2026:17:31:50 -0500] "GET /1.php?p= HTTP/1.1" 403 199 "-" "-"
20.151.10.161 - - [01/Sep/2026:17:31:51 -0500] "GET /m.php?p= HTTP/1.1" 403 199 "-" "-"
20.151.10.161 - - [01/Sep/2026:17:31:51 -0500] "GET /fling.php?p= HTTP/1.1" 403 199 "-" "-"
20.151.10.161 - - [01/Sep/2026:17:31:52 -0500] "GET /btyuio.php HTTP/1.1" 403 199 "-" "-"
20.151.10.161 - - [01/Sep/2026:17:31:52 -0500] "GET /dehnl.php HTTP/1.1" 403 199 "-" "-"
20.151.10.161 - - [01/Sep/2026:17:31:52 -0500] "GET /zoo1.php?p= HTTP/1.1" 403 199 "-" "-"
20.151.10.161 - - [01/Sep/2026:17:31:53 -0500] "GET /radio.php HTTP/1.1" 403 199 "-" "-"
20.151.10.161 - - [01/Sep/2026:17:31:53 -0500] "GET /one.php HTTP/1.1" 403 199 "-" "-"
20.151.10.161 - - [01/Sep/2026:17:31:54 -0500] "GET /504.php HTTP/1.1" 403 199 "-" "-"
20.151.10.161 - - [01/Sep/2026:17:31:54 -0500] "GET /ano.php HTTP/1.1" 403 199 "-" "-"
20.151.10.161 - - [01/Sep/2026:17:31:54 -0500] "GET /mac.php HTTP/1.1" 403 199 "-" "-"
20.151.10.161 - - [01/Sep/2026:17:31:55 -0500] "GET /simple.php HTTP/1.1" 403 199 "-" "-"
20.151.10.161 - - [01/Sep/2026:17:31:55 -0500] "GET /sallu.php HTTP/1.1" 403 199 "-" "-"
20.151.10.161 - - [01/Sep/2026:17:31:56 -0500] "GET /biufile.php HTTP/1.1" 403 199 "-" "-"
20.151.10.161 - - [01/Sep/2026:17:31:56 -0500] "GET /blacks.php HTTP/1.1" 403 199 "-" "-"
20.151.10.161 - - [01/Sep/2026:17:31:57 -0500] "GET /wp.php HTTP/1.1" 403 199 "-" "-"
20.151.10.161 - - [01/Sep/2026:17:31:57 -0500] "GET /wander.php HTTP/1.1" 403 199 "-" "-"
20.151.10.161 - - [01/Sep/2026:17:31:57 -0500] "GET /abcd.php HTTP/1.1" 403 199 "-" "-"
20.151.10.161 - - [01/Sep/2026:17:31:58 -0500] "GET /nofile.php HTTP/1.1" 403 199 "-" "-"
20.151.10.161 - - [01/Sep/2026:17:31:58 -0500] "GET /run.php HTTP/1.1" 403 199 "-" "-"
20.151.10.161 - - [01/Sep/2026:17:31:59 -0500] "GET /new.php HTTP/1.1" 403 199 "-" "-"
20.151.10.161 - - [01/Sep/2026:17:31:59 -0500] "GET /vpn.php HTTP/1.1" 403 199 "-" "-"
20.151.10.161 - - [01/Sep/2026:17:31:59 -0500] "GET /goods.php HTTP/1.1" 403 199 "-" "-"
20.151.10.161 - - [01/Sep/2026:17:32:00 -0500] "GET /alfa.php HTTP/1.1" 403 199 "-" "-"
20.151.10.161 - - [01/Sep/2026:17:32:00 -0500] "GET /133.php HTTP/1.1" 403 199 "-" "-"
20.151.10.161 - - [01/Sep/2026:17:32:01 -0500] "GET /sym.php?p= HTTP/1.1" 403 199 "-" "-"
20.151.10.161 - - [01/Sep/2026:17:32:01 -0500] "GET /8.php HTTP/1.1" 403 199 "-" "-"
20.151.10.161 - - [01/Sep/2026:17:32:02 -0500] "GET /ws55.php?p= HTTP/1.1" 403 199 "-" "-"
20.151.10.161 - - [01/Sep/2026:17:32:02 -0500] "GET /indo.php HTTP/1.1" 403 199 "-" "-"
20.151.10.161 - - [01/Sep/2026:17:32:02 -0500] "GET /wnnjpsby.php HTTP/1.1" 403 199 "-" "-"
20.151.10.161 - - [01/Sep/2026:17:32:03 -0500] "GET /info.php/new.php HTTP/1.1" 403 199 "-" "-"
20.151.10.161 - - [01/Sep/2026:17:32:03 -0500] "GET /wp-content/uploads/ HTTP/1.1" 403 199 "-" "-"
20.151.10.161 - - [01/Sep/2026:17:32:04 -0500] "GET /w.php HTTP/1.1" 403 199 "-" "-"
20.151.10.161 - - [01/Sep/2026:17:32:04 -0500] "GET /dk.php HTTP/1.1" 403 199 "-" "-"
20.151.10.161 - - [01/Sep/2026:17:32:04 -0500] "GET /xc.php HTTP/1.1" 403 199 "-" "-"
20.151.10.161 - - [01/Sep/2026:17:32:05 -0500] "GET /dev.php?p HTTP/1.1" 403 199 "-" "-"
20.151.10.161 - - [01/Sep/2026:17:32:05 -0500] "GET /wp_blog_footer.php HTTP/1.1" 403 199 "-" "-"
20.151.10.161 - - [01/Sep/2026:17:32:06 -0500] "GET /wefile.php HTTP/1.1" 403 199 "-" "-"
20.151.10.161 - - [01/Sep/2026:17:32:06 -0500] "GET /wp-load.php HTTP/1.1" 403 199 "-" "-"
20.151.10.161 - - [01/Sep/2026:17:32:07 -0500] "GET /robot.php HTTP/1.1" 403 199 "-" "-"
20.151.10.161 - - [01/Sep/2026:17:32:07 -0500] "GET /sss.php?p= HTTP/1.1" 403 199 "-" "-"
20.151.10.161 - - [01/Sep/2026:17:32:07 -0500] "GET /xmini4.php HTTP/1.1" 403 199 "-" "-"
20.151.10.161 - - [01/Sep/2026:17:32:08 -0500] "GET /gulu.php HTTP/1.1" 403 199 "-" "-"
20.151.10.161 - - [01/Sep/2026:17:32:08 -0500] "GET /replace.php HTTP/1.1" 403 199 "-" "-"
