173.239.211.51 - - [01/Sep/2026:19:11:34 -0500] "GET /wp-login.php?redirect_to=https%3A%2F%2Fcampanaarquidiocesana.org%2Fwp-admin%2Findex.php&reauth=1 HTTP/1.1" 200 9325 "https://campanaarquidiocesana.org/wp-login.php" "Mozilla/5.0 (Macintosh; Intel Mac OS X 10_15_7; rv:118.0) Gecko/20100101 Firefox/118.0"
134.185.85.61 - - [01/Sep/2026:19:12:07 -0500] "POST /wp-login.php HTTP/1.1" 503 19282 "-" "Mozilla/5.0"
63.135.161.114 - - [01/Sep/2026:19:12:26 -0500] "POST /wp-login.php HTTP/1.1" 503 18280 "https://campanaarquidiocesana.org/wp-login.php" "Mozilla/5.0 (Windows NT 11.0; Win64; x64) AppleWebKit/537.36 (KHTML, like Gecko) Chrome/121.0.0.0 Safari/537.36"
157.90.185.123 - - [01/Sep/2026:19:12:30 -0500] "POST /?wordfence_syncAttackData=1788307950.1028 HTTP/1.1" 200 - "-" "WordPress/6.6.7; https://campanaarquidiocesana.org"
173.239.211.54 - - [01/Sep/2026:19:12:29 -0500] "GET /wp-admin/index.php HTTP/1.1" 302 - "https://campanaarquidiocesana.org/wp-login.php" "Mozilla/5.0 (Windows NT 11.0; Win64; x64) AppleWebKit/537.36 (KHTML, like Gecko) Chrome/120.0.0.0 Safari/537.36"
168.107.89.182 - - [01/Sep/2026:19:12:29 -0500] "GET /wp-login.php HTTP/1.1" 200 9201 "-" "Mozilla/5.0"
157.90.185.123 - - [01/Sep/2026:19:12:30 -0500] "POST /?wordfence_syncAttackData=1788307950.7231 HTTP/1.1" 200 16384 "-" "WordPress/6.6.7; https://campanaarquidiocesana.org"
173.239.211.54 - - [01/Sep/2026:19:12:32 -0500] "GET /wp-login.php?redirect_to=https%3A%2F%2Fcampanaarquidiocesana.org%2Fwp-admin%2Findex.php&reauth=1 HTTP/1.1" 200 9325 "https://campanaarquidiocesana.org/wp-login.php" "Mozilla/5.0 (Windows NT 11.0; Win64; x64) AppleWebKit/537.36 (KHTML, like Gecko) Chrome/120.0.0.0 Safari/537.36"
168.107.89.182 - - [01/Sep/2026:19:12:32 -0500] "GET /?author=1 HTTP/1.1" 404 - "-" "Mozilla/5.0"
168.107.89.182 - - [01/Sep/2026:19:12:34 -0500] "GET /?feed=rss2 HTTP/1.1" 301 - "-" "Mozilla/5.0"
173.239.211.54 - - [01/Sep/2026:19:12:33 -0500] "POST /wp-login.php HTTP/1.1" 503 19282 "https://campanaarquidiocesana.org/wp-login.php" "Mozilla/5.0 (Macintosh; Intel Mac OS X 10_15_7) AppleWebKit/537.36 (KHTML, like Gecko) Chrome/118.0.0.0 Safari/537.36"
168.107.89.182 - - [01/Sep/2026:19:12:35 -0500] "GET /feed/ HTTP/1.1" 200 48929 "-" "Mozilla/5.0"
173.239.211.37 - - [01/Sep/2026:19:12:38 -0500] "GET /wp-admin/index.php HTTP/1.1" 302 - "https://campanaarquidiocesana.org/wp-login.php" "Mozilla/5.0 (X11; Linux x86_64) AppleWebKit/537.36 (KHTML, like Gecko) Chrome/118.0.0.0 Safari/537.36"
173.239.211.37 - - [01/Sep/2026:19:12:39 -0500] "GET /wp-login.php?redirect_to=https%3A%2F%2Fcampanaarquidiocesana.org%2Fwp-admin%2Findex.php&reauth=1 HTTP/1.1" 200 9325 "https://campanaarquidiocesana.org/wp-login.php" "Mozilla/5.0 (X11; Linux x86_64) AppleWebKit/537.36 (KHTML, like Gecko) Chrome/118.0.0.0 Safari/537.36"
173.239.211.37 - - [01/Sep/2026:19:12:41 -0500] "POST /wp-login.php HTTP/1.1" 503 19282 "https://campanaarquidiocesana.org/wp-login.php" "Mozilla/5.0 (Macintosh; Intel Mac OS X 13_6_1) AppleWebKit/605.1.15 (KHTML, like Gecko) Version/17.2 Safari/605.1.15"
45.130.83.244 - - [01/Sep/2026:19:12:45 -0500] "GET /wp-admin/index.php HTTP/1.1" 302 - "https://campanaarquidiocesana.org/wp-login.php" "Mozilla/5.0 (Macintosh; Intel Mac OS X 13_6_1) AppleWebKit/537.36 (KHTML, like Gecko) Chrome/121.0.0.0 Safari/537.36"
45.130.83.244 - - [01/Sep/2026:19:12:47 -0500] "GET /wp-login.php?redirect_to=https%3A%2F%2Fcampanaarquidiocesana.org%2Fwp-admin%2Findex.php&reauth=1 HTTP/1.1" 200 9325 "https://campanaarquidiocesana.org/wp-login.php" "Mozilla/5.0 (Macintosh; Intel Mac OS X 13_6_1) AppleWebKit/537.36 (KHTML, like Gecko) Chrome/121.0.0.0 Safari/537.36"
45.130.83.244 - - [01/Sep/2026:19:12:48 -0500] "POST /wp-login.php HTTP/1.1" 503 19282 "https://campanaarquidiocesana.org/wp-login.php" "Mozilla/5.0 (Windows NT 10.0; Win64; x64) AppleWebKit/537.36 (KHTML, like Gecko) Chrome/118.0.0.0 Safari/537.36"
173.239.211.51 - - [01/Sep/2026:19:12:53 -0500] "GET /wp-admin/index.php HTTP/1.1" 302 - "https://campanaarquidiocesana.org/wp-login.php" "Mozilla/5.0 (Windows NT 11.0; Win64; x64; rv:121.0) Gecko/20100101 Firefox/121.0"
173.239.211.51 - - [01/Sep/2026:19:12:55 -0500] "GET /wp-login.php?redirect_to=https%3A%2F%2Fcampanaarquidiocesana.org%2Fwp-admin%2Findex.php&reauth=1 HTTP/1.1" 200 9325 "https://campanaarquidiocesana.org/wp-login.php" "Mozilla/5.0 (Windows NT 11.0; Win64; x64; rv:121.0) Gecko/20100101 Firefox/121.0"
173.239.211.51 - - [01/Sep/2026:19:13:00 -0500] "POST /wp-login.php HTTP/1.1" 503 19282 "https://campanaarquidiocesana.org/wp-login.php" "Mozilla/5.0 (Macintosh; Intel Mac OS X 10_15_7; rv:120.0) Gecko/20100101 Firefox/120.0"
173.239.211.38 - - [01/Sep/2026:19:13:04 -0500] "GET /wp-admin/index.php HTTP/1.1" 302 - "https://campanaarquidiocesana.org/wp-login.php" "Mozilla/5.0 (Macintosh; Intel Mac OS X 10_15_7) AppleWebKit/605.1.15 (KHTML, like Gecko) Version/16.6 Safari/605.1.15"
173.239.211.38 - - [01/Sep/2026:19:13:07 -0500] "GET /wp-login.php?redirect_to=https%3A%2F%2Fcampanaarquidiocesana.org%2Fwp-admin%2Findex.php&reauth=1 HTTP/1.1" 200 9325 "https://campanaarquidiocesana.org/wp-login.php" "Mozilla/5.0 (Macintosh; Intel Mac OS X 10_15_7) AppleWebKit/605.1.15 (KHTML, like Gecko) Version/16.6 Safari/605.1.15"
173.239.211.38 - - [01/Sep/2026:19:13:09 -0500] "POST /wp-login.php HTTP/1.1" 503 19282 "https://campanaarquidiocesana.org/wp-login.php" "Mozilla/5.0 (Macintosh; Intel Mac OS X 10_15_7) AppleWebKit/537.36 (KHTML, like Gecko) Chrome/121.0.0.0 Safari/537.36"
173.239.211.39 - - [01/Sep/2026:19:13:15 -0500] "GET /wp-admin/index.php HTTP/1.1" 302 - "https://campanaarquidiocesana.org/wp-login.php" "Mozilla/5.0 (Windows NT 11.0; Win64; x64; rv:121.0) Gecko/20100101 Firefox/121.0"
173.239.211.39 - - [01/Sep/2026:19:13:17 -0500] "GET /wp-login.php?redirect_to=https%3A%2F%2Fcampanaarquidiocesana.org%2Fwp-admin%2Findex.php&reauth=1 HTTP/1.1" 200 9325 "https://campanaarquidiocesana.org/wp-login.php" "Mozilla/5.0 (Windows NT 11.0; Win64; x64; rv:121.0) Gecko/20100101 Firefox/121.0"
173.239.211.39 - - [01/Sep/2026:19:13:19 -0500] "POST /wp-login.php HTTP/1.1" 503 19282 "https://campanaarquidiocesana.org/wp-login.php" "Mozilla/5.0 (Macintosh; Intel Mac OS X 10_15_7; rv:118.0) Gecko/20100101 Firefox/118.0"
63.135.161.119 - - [01/Sep/2026:19:13:22 -0500] "GET /wp-admin/index.php HTTP/1.1" 302 - "https://campanaarquidiocesana.org/wp-login.php" "Mozilla/5.0 (Macintosh; Intel Mac OS X 10_15_7) AppleWebKit/605.1.15 (KHTML, like Gecko) Version/17.2 Safari/605.1.15"
63.135.161.119 - - [01/Sep/2026:19:13:24 -0500] "GET /wp-login.php?redirect_to=https%3A%2F%2Fcampanaarquidiocesana.org%2Fwp-admin%2Findex.php&reauth=1 HTTP/1.1" 200 9325 "https://campanaarquidiocesana.org/wp-login.php" "Mozilla/5.0 (Macintosh; Intel Mac OS X 10_15_7) AppleWebKit/605.1.15 (KHTML, like Gecko) Version/17.2 Safari/605.1.15"
63.135.161.119 - - [01/Sep/2026:19:13:27 -0500] "POST /wp-login.php HTTP/1.1" 503 19282 "https://campanaarquidiocesana.org/wp-login.php" "Mozilla/5.0 (X11; Linux x86_64) AppleWebKit/537.36 (KHTML, like Gecko) Chrome/121.0.0.0 Safari/537.36"
173.239.211.44 - - [01/Sep/2026:19:13:32 -0500] "GET /wp-admin/index.php HTTP/1.1" 302 - "https://campanaarquidiocesana.org/wp-login.php" "Mozilla/5.0 (Windows NT 10.0; Win64; x64) AppleWebKit/537.36 (KHTML, like Gecko) Chrome/121.0.0.0 Safari/537.36"
173.239.211.44 - - [01/Sep/2026:19:13:34 -0500] "GET /wp-login.php?redirect_to=https%3A%2F%2Fcampanaarquidiocesana.org%2Fwp-admin%2Findex.php&reauth=1 HTTP/1.1" 200 9325 "https://campanaarquidiocesana.org/wp-login.php" "Mozilla/5.0 (Windows NT 10.0; Win64; x64) AppleWebKit/537.36 (KHTML, like Gecko) Chrome/121.0.0.0 Safari/537.36"
173.239.211.44 - - [01/Sep/2026:19:13:36 -0500] "POST /wp-login.php HTTP/1.1" 503 19282 "https://campanaarquidiocesana.org/wp-login.php" "Mozilla/5.0 (Windows NT 10.0; Win64; x64) AppleWebKit/537.36 (KHTML, like Gecko) Chrome/119.0.0.0 Safari/537.36"
45.130.83.240 - - [01/Sep/2026:19:13:39 -0500] "GET /wp-admin/index.php HTTP/1.1" 302 - "https://campanaarquidiocesana.org/wp-login.php" "Mozilla/5.0 (Windows NT 11.0; Win64; x64; rv:121.0) Gecko/20100101 Firefox/121.0"
45.130.83.240 - - [01/Sep/2026:19:13:41 -0500] "GET /wp-login.php?redirect_to=https%3A%2F%2Fcampanaarquidiocesana.org%2Fwp-admin%2Findex.php&reauth=1 HTTP/1.1" 200 9325 "https://campanaarquidiocesana.org/wp-login.php" "Mozilla/5.0 (Windows NT 11.0; Win64; x64; rv:121.0) Gecko/20100101 Firefox/121.0"
45.130.83.240 - - [01/Sep/2026:19:13:43 -0500] "POST /wp-login.php HTTP/1.1" 503 19282 "https://campanaarquidiocesana.org/wp-login.php" "Mozilla/5.0 (Windows NT 10.0; Win64; x64; rv:119.0) Gecko/20100101 Firefox/119.0"
173.239.211.40 - - [01/Sep/2026:19:13:47 -0500] "GET /wp-admin/index.php HTTP/1.1" 302 - "https://campanaarquidiocesana.org/wp-login.php" "Mozilla/5.0 (X11; Linux x86_64) AppleWebKit/537.36 (KHTML, like Gecko) Chrome/119.0.0.0 Safari/537.36"
173.239.211.40 - - [01/Sep/2026:19:13:49 -0500] "GET /wp-login.php?redirect_to=https%3A%2F%2Fcampanaarquidiocesana.org%2Fwp-admin%2Findex.php&reauth=1 HTTP/1.1" 200 9325 "https://campanaarquidiocesana.org/wp-login.php" "Mozilla/5.0 (X11; Linux x86_64) AppleWebKit/537.36 (KHTML, like Gecko) Chrome/119.0.0.0 Safari/537.36"
63.135.161.121 - - [01/Sep/2026:19:15:01 -0500] "POST /wp-login.php HTTP/1.1" 503 18280 "https://campanaarquidiocesana.org/wp-login.php" "Mozilla/5.0 (X11; Ubuntu; Linux x86_64) AppleWebKit/537.36 (KHTML, like Gecko) Chrome/118.0.0.0 Safari/537.36"
173.239.211.44 - - [01/Sep/2026:19:15:03 -0500] "GET /wp-admin/index.php HTTP/1.1" 503 19282 "https://campanaarquidiocesana.org/wp-login.php" "Mozilla/5.0 (Macintosh; Intel Mac OS X 13_6_1) AppleWebKit/605.1.15 (KHTML, like Gecko) Version/17.0 Safari/605.1.15"
157.90.185.123 - - [01/Sep/2026:19:15:04 -0500] "POST /?wordfence_syncAttackData=1788308103.9263 HTTP/1.1" 200 - "-" "WordPress/6.6.7; https://campanaarquidiocesana.org"
173.239.211.50 - - [01/Sep/2026:19:15:07 -0500] "GET /wp-admin/profile.php HTTP/1.1" 302 - "https://campanaarquidiocesana.org/wp-login.php" "Mozilla/5.0 (Macintosh; Intel Mac OS X 13_6_1) AppleWebKit/605.1.15 (KHTML, like Gecko) Version/17.0 Safari/605.1.15"
173.239.211.50 - - [01/Sep/2026:19:15:09 -0500] "GET /wp-login.php?redirect_to=https%3A%2F%2Fcampanaarquidiocesana.org%2Fwp-admin%2Fprofile.php&reauth=1 HTTP/1.1" 200 9329 "https://campanaarquidiocesana.org/wp-login.php" "Mozilla/5.0 (Macintosh; Intel Mac OS X 13_6_1) AppleWebKit/605.1.15 (KHTML, like Gecko) Version/17.0 Safari/605.1.15"
173.239.211.50 - - [01/Sep/2026:19:15:10 -0500] "POST /wp-login.php HTTP/1.1" 503 19282 "https://campanaarquidiocesana.org/wp-login.php" "Mozilla/5.0 (Windows NT 10.0; Win64; x64) AppleWebKit/537.36 (KHTML, like Gecko) Chrome/119.0.0.0 Safari/537.36"
173.239.211.50 - - [01/Sep/2026:19:15:14 -0500] "GET /wp-admin/index.php HTTP/1.1" 503 19282 "https://campanaarquidiocesana.org/wp-login.php" "Mozilla/5.0 (Macintosh; Intel Mac OS X 13_6_1) AppleWebKit/537.36 (KHTML, like Gecko) Chrome/121.0.0.0 Safari/537.36"
74.7.241.47 - - [01/Sep/2026:19:15:16 -0500] "GET /sitemap_index.xml HTTP/1.1" 403 199 "-" "Mozilla/5.0 AppleWebKit/537.36 (KHTML, like Gecko; compatible; GPTBot/1.4; +https://openai.com/gptbot)"
74.7.175.159 - - [01/Sep/2026:19:15:16 -0500] "GET /robots.txt HTTP/1.1" 200 183 "-" "Mozilla/5.0 (Macintosh; Intel Mac OS X 10_15_7) AppleWebKit/537.36 (KHTML, like Gecko) Chrome/131.0.0.0 Safari/537.36; compatible; OAI-SearchBot/1.4; robots.txt; +https://openai.com/searchbot"
173.239.211.41 - - [01/Sep/2026:19:15:17 -0500] "GET /wp-admin/profile.php HTTP/1.1" 503 19282 "https://campanaarquidiocesana.org/wp-login.php" "Mozilla/5.0 (Macintosh; Intel Mac OS X 13_6_1) AppleWebKit/537.36 (KHTML, like Gecko) Chrome/121.0.0.0 Safari/537.36"
45.130.83.243 - - [01/Sep/2026:19:15:22 -0500] "GET /wp-admin/edit.php HTTP/1.1" 503 19282 "https://campanaarquidiocesana.org/wp-login.php" "Mozilla/5.0 (Macintosh; Intel Mac OS X 13_6_1) AppleWebKit/537.36 (KHTML, like Gecko) Chrome/121.0.0.0 Safari/537.36"
173.239.211.50 - - [01/Sep/2026:19:15:27 -0500] "GET /wp-admin/plugins.php HTTP/1.1" 503 19282 "https://campanaarquidiocesana.org/wp-login.php" "Mozilla/5.0 (Macintosh; Intel Mac OS X 13_6_1) AppleWebKit/537.36 (KHTML, like Gecko) Chrome/121.0.0.0 Safari/537.36"
173.239.211.40 - - [01/Sep/2026:19:15:31 -0500] "POST /wp-login.php HTTP/1.1" 503 19282 "https://campanaarquidiocesana.org/wp-login.php" "Mozilla/5.0 (Windows NT 10.0; Win64; x64; rv:118.0) Gecko/20100101 Firefox/118.0"
173.239.211.54 - - [01/Sep/2026:19:15:35 -0500] "GET /wp-admin/index.php HTTP/1.1" 503 19282 "https://campanaarquidiocesana.org/wp-login.php" "Mozilla/5.0 (Macintosh; Intel Mac OS X 13_6_1) AppleWebKit/605.1.15 (KHTML, like Gecko) Version/17.1 Safari/605.1.15"
173.239.211.42 - - [01/Sep/2026:19:15:38 -0500] "GET /wp-admin/profile.php HTTP/1.1" 302 - "https://campanaarquidiocesana.org/wp-login.php" "Mozilla/5.0 (Macintosh; Intel Mac OS X 13_6_1) AppleWebKit/605.1.15 (KHTML, like Gecko) Version/17.1 Safari/605.1.15"
173.239.211.42 - - [01/Sep/2026:19:15:40 -0500] "GET /wp-login.php?redirect_to=https%3A%2F%2Fcampanaarquidiocesana.org%2Fwp-admin%2Fprofile.php&reauth=1 HTTP/1.1" 200 9329 "https://campanaarquidiocesana.org/wp-login.php" "Mozilla/5.0 (Macintosh; Intel Mac OS X 13_6_1) AppleWebKit/605.1.15 (KHTML, like Gecko) Version/17.1 Safari/605.1.15"
173.239.211.42 - - [01/Sep/2026:19:15:42 -0500] "POST /wp-login.php HTTP/1.1" 503 19282 "https://campanaarquidiocesana.org/wp-login.php" "Mozilla/5.0 (Windows NT 10.0; Win64; x64) AppleWebKit/537.36 (KHTML, like Gecko) Chrome/119.0.0.0 Safari/537.36"
63.135.161.129 - - [01/Sep/2026:19:15:46 -0500] "GET /wp-admin/index.php HTTP/1.1" 503 19282 "https://campanaarquidiocesana.org/wp-login.php" "Mozilla/5.0 (Macintosh; Intel Mac OS X 13_6_1) AppleWebKit/605.1.15 (KHTML, like Gecko) Version/17.1 Safari/605.1.15"
45.130.83.242 - - [01/Sep/2026:19:15:48 -0500] "GET /wp-admin/profile.php HTTP/1.1" 503 19282 "https://campanaarquidiocesana.org/wp-login.php" "Mozilla/5.0 (Macintosh; Intel Mac OS X 13_6_1) AppleWebKit/605.1.15 (KHTML, like Gecko) Version/17.1 Safari/605.1.15"
63.135.161.122 - - [01/Sep/2026:19:15:55 -0500] "GET /wp-admin/edit.php HTTP/1.1" 503 19282 "https://campanaarquidiocesana.org/wp-login.php" "Mozilla/5.0 (Macintosh; Intel Mac OS X 13_6_1) AppleWebKit/605.1.15 (KHTML, like Gecko) Version/17.1 Safari/605.1.15"
173.239.211.55 - - [01/Sep/2026:19:16:00 -0500] "GET /wp-admin/plugins.php HTTP/1.1" 503 19282 "https://campanaarquidiocesana.org/wp-login.php" "Mozilla/5.0 (Macintosh; Intel Mac OS X 13_6_1) AppleWebKit/605.1.15 (KHTML, like Gecko) Version/17.1 Safari/605.1.15"
63.135.161.129 - - [01/Sep/2026:19:16:03 -0500] "POST /wp-login.php HTTP/1.1" 503 18280 "https://campanaarquidiocesana.org/wp-login.php" "Mozilla/5.0 (X11; Linux x86_64) AppleWebKit/537.36 (KHTML, like Gecko) Chrome/119.0.0.0 Safari/537.36"
157.90.185.123 - - [01/Sep/2026:19:16:07 -0500] "POST /?wordfence_syncAttackData=1788308167.5295 HTTP/1.1" 200 - "-" "WordPress/6.6.7; https://campanaarquidiocesana.org"
173.239.211.36 - - [01/Sep/2026:19:16:06 -0500] "GET /wp-admin/index.php HTTP/1.1" 503 19282 "https://campanaarquidiocesana.org/wp-login.php" "Mozilla/5.0 (Windows NT 10.0; Win64; x64) AppleWebKit/537.36 (KHTML, like Gecko) Chrome/119.0.0.0 Safari/537.36"
173.239.211.47 - - [01/Sep/2026:19:16:12 -0500] "GET /wp-admin/profile.php HTTP/1.1" 302 - "https://campanaarquidiocesana.org/wp-login.php" "Mozilla/5.0 (Windows NT 10.0; Win64; x64) AppleWebKit/537.36 (KHTML, like Gecko) Chrome/119.0.0.0 Safari/537.36"
173.239.211.47 - - [01/Sep/2026:19:16:14 -0500] "GET /wp-login.php?redirect_to=https%3A%2F%2Fcampanaarquidiocesana.org%2Fwp-admin%2Fprofile.php&reauth=1 HTTP/1.1" 200 9329 "https://campanaarquidiocesana.org/wp-login.php" "Mozilla/5.0 (Windows NT 10.0; Win64; x64) AppleWebKit/537.36 (KHTML, like Gecko) Chrome/119.0.0.0 Safari/537.36"
173.239.211.47 - - [01/Sep/2026:19:16:15 -0500] "POST /wp-login.php HTTP/1.1" 503 19282 "https://campanaarquidiocesana.org/wp-login.php" "Mozilla/5.0 (X11; Ubuntu; Linux x86_64) AppleWebKit/537.36 (KHTML, like Gecko) Chrome/119.0.0.0 Safari/537.36"
63.135.161.129 - - [01/Sep/2026:19:16:20 -0500] "GET /wp-admin/index.php HTTP/1.1" 503 19282 "https://campanaarquidiocesana.org/wp-login.php" "Mozilla/5.0 (Windows NT 10.0; Win64; x64) AppleWebKit/537.36 (KHTML, like Gecko) Chrome/121.0.0.0 Safari/537.36"
63.135.161.121 - - [01/Sep/2026:19:16:24 -0500] "GET /wp-admin/profile.php HTTP/1.1" 503 19282 "https://campanaarquidiocesana.org/wp-login.php" "Mozilla/5.0 (Windows NT 10.0; Win64; x64) AppleWebKit/537.36 (KHTML, like Gecko) Chrome/121.0.0.0 Safari/537.36"
173.239.211.49 - - [01/Sep/2026:19:16:27 -0500] "GET /wp-admin/edit.php HTTP/1.1" 503 19282 "https://campanaarquidiocesana.org/wp-login.php" "Mozilla/5.0 (Windows NT 10.0; Win64; x64) AppleWebKit/537.36 (KHTML, like Gecko) Chrome/121.0.0.0 Safari/537.36"
45.130.83.245 - - [01/Sep/2026:19:16:29 -0500] "GET /wp-admin/plugins.php HTTP/1.1" 503 19282 "https://campanaarquidiocesana.org/wp-login.php" "Mozilla/5.0 (Windows NT 10.0; Win64; x64) AppleWebKit/537.36 (KHTML, like Gecko) Chrome/121.0.0.0 Safari/537.36"
63.135.161.123 - - [01/Sep/2026:19:16:32 -0500] "POST /wp-login.php HTTP/1.1" 503 19282 "https://campanaarquidiocesana.org/wp-login.php" "Mozilla/5.0 (Windows NT 10.0; Win64; x64; rv:121.0) Gecko/20100101 Firefox/121.0"
45.130.83.241 - - [01/Sep/2026:19:16:35 -0500] "GET /wp-admin/index.php HTTP/1.1" 503 19282 "https://campanaarquidiocesana.org/wp-login.php" "Mozilla/5.0 (Macintosh; Intel Mac OS X 13_6_1) AppleWebKit/537.36 (KHTML, like Gecko) Chrome/120.0.0.0 Safari/537.36"
173.239.211.39 - - [01/Sep/2026:19:16:39 -0500] "GET /wp-admin/profile.php HTTP/1.1" 503 19282 "https://campanaarquidiocesana.org/wp-login.php" "Mozilla/5.0 (Macintosh; Intel Mac OS X 13_6_1) AppleWebKit/537.36 (KHTML, like Gecko) Chrome/120.0.0.0 Safari/537.36"
173.239.211.48 - - [01/Sep/2026:19:16:41 -0500] "GET /wp-admin/edit.php HTTP/1.1" 302 - "https://campanaarquidiocesana.org/wp-login.php" "Mozilla/5.0 (Macintosh; Intel Mac OS X 13_6_1) AppleWebKit/537.36 (KHTML, like Gecko) Chrome/120.0.0.0 Safari/537.36"
173.239.211.48 - - [01/Sep/2026:19:16:43 -0500] "GET /wp-login.php?redirect_to=https%3A%2F%2Fcampanaarquidiocesana.org%2Fwp-admin%2Fedit.php&reauth=1 HTTP/1.1" 200 9323 "https://campanaarquidiocesana.org/wp-login.php" "Mozilla/5.0 (Macintosh; Intel Mac OS X 13_6_1) AppleWebKit/537.36 (KHTML, like Gecko) Chrome/120.0.0.0 Safari/537.36"
173.239.211.48 - - [01/Sep/2026:19:16:44 -0500] "POST /wp-login.php HTTP/1.1" 503 19282 "https://campanaarquidiocesana.org/wp-login.php" "Mozilla/5.0 (X11; Ubuntu; Linux x86_64) AppleWebKit/537.36 (KHTML, like Gecko) Chrome/118.0.0.0 Safari/537.36"
63.135.161.116 - - [01/Sep/2026:19:16:48 -0500] "GET /wp-admin/index.php HTTP/1.1" 503 19282 "https://campanaarquidiocesana.org/wp-login.php" "Mozilla/5.0 (Macintosh; Intel Mac OS X 10_15_7) AppleWebKit/605.1.15 (KHTML, like Gecko) Version/17.0 Safari/605.1.15"
173.239.211.48 - - [01/Sep/2026:19:16:50 -0500] "GET /wp-admin/profile.php HTTP/1.1" 503 19282 "https://campanaarquidiocesana.org/wp-login.php" "Mozilla/5.0 (Macintosh; Intel Mac OS X 10_15_7) AppleWebKit/605.1.15 (KHTML, like Gecko) Version/17.0 Safari/605.1.15"
173.239.211.42 - - [01/Sep/2026:19:16:53 -0500] "GET /wp-admin/edit.php HTTP/1.1" 503 19282 "https://campanaarquidiocesana.org/wp-login.php" "Mozilla/5.0 (Macintosh; Intel Mac OS X 10_15_7) AppleWebKit/605.1.15 (KHTML, like Gecko) Version/17.0 Safari/605.1.15"
173.239.211.43 - - [01/Sep/2026:19:16:56 -0500] "GET /wp-admin/plugins.php HTTP/1.1" 503 19282 "https://campanaarquidiocesana.org/wp-login.php" "Mozilla/5.0 (Macintosh; Intel Mac OS X 10_15_7) AppleWebKit/605.1.15 (KHTML, like Gecko) Version/17.0 Safari/605.1.15"
173.239.211.47 - - [01/Sep/2026:19:17:00 -0500] "POST /wp-login.php HTTP/1.1" 503 18280 "https://campanaarquidiocesana.org/wp-login.php" "Mozilla/5.0 (Windows NT 10.0; Win64; x64; rv:120.0) Gecko/20100101 Firefox/120.0"
63.135.161.119 - - [01/Sep/2026:19:17:04 -0500] "GET /wp-admin/index.php HTTP/1.1" 503 19282 "https://campanaarquidiocesana.org/wp-login.php" "Mozilla/5.0 (Macintosh; Intel Mac OS X 10_15_7) AppleWebKit/605.1.15 (KHTML, like Gecko) Version/16.6 Safari/605.1.15"
157.90.185.123 - - [01/Sep/2026:19:17:05 -0500] "POST /?wordfence_syncAttackData=1788308225.6943 HTTP/1.1" 200 - "-" "WordPress/6.6.7; https://campanaarquidiocesana.org"
173.239.211.49 - - [01/Sep/2026:19:17:12 -0500] "GET /wp-admin/profile.php HTTP/1.1" 503 19282 "https://campanaarquidiocesana.org/wp-login.php" "Mozilla/5.0 (Macintosh; Intel Mac OS X 10_15_7) AppleWebKit/605.1.15 (KHTML, like Gecko) Version/16.6 Safari/605.1.15"
173.239.211.46 - - [01/Sep/2026:19:17:17 -0500] "GET /wp-admin/edit.php HTTP/1.1" 302 - "https://campanaarquidiocesana.org/wp-login.php" "Mozilla/5.0 (Macintosh; Intel Mac OS X 10_15_7) AppleWebKit/605.1.15 (KHTML, like Gecko) Version/16.6 Safari/605.1.15"
114.119.130.167 - - [01/Sep/2026:19:17:18 -0500] "GET /wp-login.php HTTP/1.1" 200 9201 "https://campanaarquidiocesana.org/dopaminas-el-destino-definitivo-para-casino-y-apuestas-en-argentina/" "Mozilla/5.0 (Linux; Android 7.0;) AppleWebKit/537.36 (HTML, like Gecko) Mobile Safari/537.36 (compatible; PetalBot;+https://webmaster.petalsearch.com/site/petalbot)"
173.239.211.46 - - [01/Sep/2026:19:17:23 -0500] "GET /wp-login.php?redirect_to=https%3A%2F%2Fcampanaarquidiocesana.org%2Fwp-admin%2Fedit.php&reauth=1 HTTP/1.1" 200 9323 "https://campanaarquidiocesana.org/wp-login.php" "Mozilla/5.0 (Macintosh; Intel Mac OS X 10_15_7) AppleWebKit/605.1.15 (KHTML, like Gecko) Version/16.6 Safari/605.1.15"
173.239.211.46 - - [01/Sep/2026:19:17:25 -0500] "POST /wp-login.php HTTP/1.1" 503 19282 "https://campanaarquidiocesana.org/wp-login.php" "Mozilla/5.0 (Windows NT 11.0; Win64; x64; rv:120.0) Gecko/20100101 Firefox/120.0"
173.239.211.54 - - [01/Sep/2026:19:17:31 -0500] "GET /wp-admin/index.php HTTP/1.1" 503 19282 "https://campanaarquidiocesana.org/wp-login.php" "Mozilla/5.0 (X11; Linux x86_64) AppleWebKit/537.36 (KHTML, like Gecko) Chrome/119.0.0.0 Safari/537.36"
45.130.83.239 - - [01/Sep/2026:19:17:34 -0500] "GET /wp-admin/profile.php HTTP/1.1" 503 19282 "https://campanaarquidiocesana.org/wp-login.php" "Mozilla/5.0 (X11; Linux x86_64) AppleWebKit/537.36 (KHTML, like Gecko) Chrome/119.0.0.0 Safari/537.36"
63.135.161.117 - - [01/Sep/2026:19:17:37 -0500] "GET /wp-admin/edit.php HTTP/1.1" 302 - "https://campanaarquidiocesana.org/wp-login.php" "Mozilla/5.0 (X11; Linux x86_64) AppleWebKit/537.36 (KHTML, like Gecko) Chrome/119.0.0.0 Safari/537.36"
63.135.161.117 - - [01/Sep/2026:19:17:39 -0500] "GET /wp-login.php?redirect_to=https%3A%2F%2Fcampanaarquidiocesana.org%2Fwp-admin%2Fedit.php&reauth=1 HTTP/1.1" 200 9323 "https://campanaarquidiocesana.org/wp-login.php" "Mozilla/5.0 (X11; Linux x86_64) AppleWebKit/537.36 (KHTML, like Gecko) Chrome/119.0.0.0 Safari/537.36"
173.239.211.40 - - [01/Sep/2026:19:18:04 -0500] "POST /wp-login.php HTTP/1.1" 503 18280 "https://campanaarquidiocesana.org/wp-login.php" "Mozilla/5.0 (Macintosh; Intel Mac OS X 13_6_1; rv:119.0) Gecko/20100101 Firefox/119.0"
173.239.211.47 - - [01/Sep/2026:19:18:08 -0500] "GET /wp-admin/index.php HTTP/1.1" 503 19282 "https://campanaarquidiocesana.org/wp-login.php" "Mozilla/5.0 (Windows NT 10.0; Win64; x64; rv:119.0) Gecko/20100101 Firefox/119.0"
157.90.185.123 - - [01/Sep/2026:19:18:10 -0500] "POST /?wordfence_syncAttackData=1788308289.8184 HTTP/1.1" 200 - "-" "WordPress/6.6.7; https://campanaarquidiocesana.org"
173.239.211.38 - - [01/Sep/2026:19:18:14 -0500] "GET /wp-admin/profile.php HTTP/1.1" 503 19282 "https://campanaarquidiocesana.org/wp-login.php" "Mozilla/5.0 (Windows NT 10.0; Win64; x64; rv:119.0) Gecko/20100101 Firefox/119.0"
173.239.211.36 - - [01/Sep/2026:19:18:19 -0500] "GET /wp-admin/edit.php HTTP/1.1" 503 19282 "https://campanaarquidiocesana.org/wp-login.php" "Mozilla/5.0 (Windows NT 10.0; Win64; x64; rv:119.0) Gecko/20100101 Firefox/119.0"
173.239.211.48 - - [01/Sep/2026:19:18:22 -0500] "GET /wp-admin/plugins.php HTTP/1.1" 503 19282 "https://campanaarquidiocesana.org/wp-login.php" "Mozilla/5.0 (Windows NT 10.0; Win64; x64; rv:119.0) Gecko/20100101 Firefox/119.0"
173.239.211.53 - - [01/Sep/2026:19:18:27 -0500] "POST /wp-login.php HTTP/1.1" 503 18280 "https://campanaarquidiocesana.org/wp-login.php" "Mozilla/5.0 (Windows NT 10.0; Win64; x64) AppleWebKit/537.36 (KHTML, like Gecko) Chrome/121.0.0.0 Safari/537.36"
157.90.185.123 - - [01/Sep/2026:19:18:30 -0500] "POST /?wordfence_syncAttackData=1788308310.874 HTTP/1.1" 200 - "-" "WordPress/6.6.7; https://campanaarquidiocesana.org"
173.239.211.36 - - [01/Sep/2026:19:18:30 -0500] "GET /wp-admin/index.php HTTP/1.1" 503 19282 "https://campanaarquidiocesana.org/wp-login.php" "Mozilla/5.0 (Macintosh; Intel Mac OS X 13_6_1) AppleWebKit/537.36 (KHTML, like Gecko) Chrome/118.0.0.0 Safari/537.36"
173.239.211.55 - - [01/Sep/2026:19:18:34 -0500] "GET /wp-admin/profile.php HTTP/1.1" 503 19282 "https://campanaarquidiocesana.org/wp-login.php" "Mozilla/5.0 (Macintosh; Intel Mac OS X 13_6_1) AppleWebKit/537.36 (KHTML, like Gecko) Chrome/118.0.0.0 Safari/537.36"
63.135.161.118 - - [01/Sep/2026:19:18:40 -0500] "GET /wp-admin/edit.php HTTP/1.1" 302 - "https://campanaarquidiocesana.org/wp-login.php" "Mozilla/5.0 (Macintosh; Intel Mac OS X 13_6_1) AppleWebKit/537.36 (KHTML, like Gecko) Chrome/118.0.0.0 Safari/537.36"
63.135.161.118 - - [01/Sep/2026:19:18:42 -0500] "GET /wp-login.php?redirect_to=https%3A%2F%2Fcampanaarquidiocesana.org%2Fwp-admin%2Fedit.php&reauth=1 HTTP/1.1" 200 9323 "https://campanaarquidiocesana.org/wp-login.php" "Mozilla/5.0 (Macintosh; Intel Mac OS X 13_6_1) AppleWebKit/537.36 (KHTML, like Gecko) Chrome/118.0.0.0 Safari/537.36"
63.135.161.118 - - [01/Sep/2026:19:18:44 -0500] "POST /wp-login.php HTTP/1.1" 503 19282 "https://campanaarquidiocesana.org/wp-login.php" "Mozilla/5.0 (Windows NT 10.0; Win64; x64; rv:121.0) Gecko/20100101 Firefox/121.0"
45.130.83.241 - - [01/Sep/2026:19:18:49 -0500] "GET /wp-admin/index.php HTTP/1.1" 302 - "https://campanaarquidiocesana.org/wp-login.php" "Mozilla/5.0 (Macintosh; Intel Mac OS X 10_15_7) AppleWebKit/537.36 (KHTML, like Gecko) Chrome/118.0.0.0 Safari/537.36"
45.130.83.241 - - [01/Sep/2026:19:18:51 -0500] "GET /wp-login.php?redirect_to=https%3A%2F%2Fcampanaarquidiocesana.org%2Fwp-admin%2Findex.php&reauth=1 HTTP/1.1" 200 9325 "https://campanaarquidiocesana.org/wp-login.php" "Mozilla/5.0 (Macintosh; Intel Mac OS X 10_15_7) AppleWebKit/537.36 (KHTML, like Gecko) Chrome/118.0.0.0 Safari/537.36"
45.130.83.241 - - [01/Sep/2026:19:18:53 -0500] "POST /wp-login.php HTTP/1.1" 503 19282 "https://campanaarquidiocesana.org/wp-login.php" "Mozilla/5.0 (Windows NT 11.0; Win64; x64) AppleWebKit/537.36 (KHTML, like Gecko) Chrome/118.0.0.0 Safari/537.36"
63.135.161.123 - - [01/Sep/2026:19:18:57 -0500] "GET /wp-admin/index.php HTTP/1.1" 503 19282 "https://campanaarquidiocesana.org/wp-login.php" "Mozilla/5.0 (X11; Ubuntu; Linux x86_64) AppleWebKit/537.36 (KHTML, like Gecko) Chrome/118.0.0.0 Safari/537.36"
63.135.161.123 - - [01/Sep/2026:19:19:00 -0500] "GET /wp-admin/profile.php HTTP/1.1" 503 19282 "https://campanaarquidiocesana.org/wp-login.php" "Mozilla/5.0 (X11; Ubuntu; Linux x86_64) AppleWebKit/537.36 (KHTML, like Gecko) Chrome/118.0.0.0 Safari/537.36"
173.239.211.47 - - [01/Sep/2026:19:19:03 -0500] "GET /wp-admin/edit.php HTTP/1.1" 503 19282 "https://campanaarquidiocesana.org/wp-login.php" "Mozilla/5.0 (X11; Ubuntu; Linux x86_64) AppleWebKit/537.36 (KHTML, like Gecko) Chrome/118.0.0.0 Safari/537.36"
45.130.83.245 - - [01/Sep/2026:19:19:07 -0500] "GET /wp-admin/plugins.php HTTP/1.1" 503 19282 "https://campanaarquidiocesana.org/wp-login.php" "Mozilla/5.0 (X11; Ubuntu; Linux x86_64) AppleWebKit/537.36 (KHTML, like Gecko) Chrome/118.0.0.0 Safari/537.36"
63.135.161.115 - - [01/Sep/2026:19:19:09 -0500] "POST /wp-login.php HTTP/1.1" 503 19282 "https://campanaarquidiocesana.org/wp-login.php" "Mozilla/5.0 (X11; Ubuntu; Linux x86_64) AppleWebKit/537.36 (KHTML, like Gecko) Chrome/121.0.0.0 Safari/537.36"
173.239.211.35 - - [01/Sep/2026:19:19:13 -0500] "GET /wp-admin/index.php HTTP/1.1" 302 - "https://campanaarquidiocesana.org/wp-login.php" "Mozilla/5.0 (Windows NT 11.0; Win64; x64) AppleWebKit/537.36 (KHTML, like Gecko) Chrome/118.0.0.0 Safari/537.36"
173.239.211.35 - - [01/Sep/2026:19:19:15 -0500] "GET /wp-login.php?redirect_to=https%3A%2F%2Fcampanaarquidiocesana.org%2Fwp-admin%2Findex.php&reauth=1 HTTP/1.1" 200 9325 "https://campanaarquidiocesana.org/wp-login.php" "Mozilla/5.0 (Windows NT 11.0; Win64; x64) AppleWebKit/537.36 (KHTML, like Gecko) Chrome/118.0.0.0 Safari/537.36"
173.239.211.35 - - [01/Sep/2026:19:19:18 -0500] "POST /wp-login.php HTTP/1.1" 503 19282 "https://campanaarquidiocesana.org/wp-login.php" "Mozilla/5.0 (X11; Ubuntu; Linux x86_64) AppleWebKit/537.36 (KHTML, like Gecko) Chrome/120.0.0.0 Safari/537.36"
63.135.161.121 - - [01/Sep/2026:19:19:23 -0500] "GET /wp-admin/index.php HTTP/1.1" 302 - "https://campanaarquidiocesana.org/wp-login.php" "Mozilla/5.0 (X11; Ubuntu; Linux x86_64) AppleWebKit/537.36 (KHTML, like Gecko) Chrome/118.0.0.0 Safari/537.36"
63.135.161.121 - - [01/Sep/2026:19:19:27 -0500] "GET /wp-login.php?redirect_to=https%3A%2F%2Fcampanaarquidiocesana.org%2Fwp-admin%2Findex.php&reauth=1 HTTP/1.1" 200 9325 "https://campanaarquidiocesana.org/wp-login.php" "Mozilla/5.0 (X11; Ubuntu; Linux x86_64) AppleWebKit/537.36 (KHTML, like Gecko) Chrome/118.0.0.0 Safari/537.36"
63.135.161.121 - - [01/Sep/2026:19:19:29 -0500] "POST /wp-login.php HTTP/1.1" 503 19282 "https://campanaarquidiocesana.org/wp-login.php" "Mozilla/5.0 (Macintosh; Intel Mac OS X 10_15_7) AppleWebKit/605.1.15 (KHTML, like Gecko) Version/16.6 Safari/605.1.15"
173.239.211.53 - - [01/Sep/2026:19:19:32 -0500] "GET /wp-admin/index.php HTTP/1.1" 302 - "https://campanaarquidiocesana.org/wp-login.php" "Mozilla/5.0 (Windows NT 10.0; Win64; x64; rv:120.0) Gecko/20100101 Firefox/120.0"
173.239.211.53 - - [01/Sep/2026:19:19:34 -0500] "GET /wp-login.php?redirect_to=https%3A%2F%2Fcampanaarquidiocesana.org%2Fwp-admin%2Findex.php&reauth=1 HTTP/1.1" 200 9325 "https://campanaarquidiocesana.org/wp-login.php" "Mozilla/5.0 (Windows NT 10.0; Win64; x64; rv:120.0) Gecko/20100101 Firefox/120.0"
173.239.211.53 - - [01/Sep/2026:19:19:37 -0500] "POST /wp-login.php HTTP/1.1" 503 19282 "https://campanaarquidiocesana.org/wp-login.php" "Mozilla/5.0 (Macintosh; Intel Mac OS X 10_15_7) AppleWebKit/537.36 (KHTML, like Gecko) Chrome/119.0.0.0 Safari/537.36"
173.239.211.37 - - [01/Sep/2026:19:19:44 -0500] "GET /wp-admin/profile.php HTTP/1.1" 503 19282 "https://campanaarquidiocesana.org/wp-login.php" "Mozilla/5.0 (Macintosh; Intel Mac OS X 13_6_1) AppleWebKit/605.1.15 (KHTML, like Gecko) Version/17.2 Safari/605.1.15"
173.239.211.55 - - [01/Sep/2026:19:19:41 -0500] "GET /wp-admin/index.php HTTP/1.1" 503 19282 "https://campanaarquidiocesana.org/wp-login.php" "Mozilla/5.0 (Macintosh; Intel Mac OS X 13_6_1) AppleWebKit/605.1.15 (KHTML, like Gecko) Version/17.2 Safari/605.1.15"
45.130.83.243 - - [01/Sep/2026:19:19:49 -0500] "GET /wp-admin/edit.php HTTP/1.1" 302 - "https://campanaarquidiocesana.org/wp-login.php" "Mozilla/5.0 (Macintosh; Intel Mac OS X 13_6_1) AppleWebKit/605.1.15 (KHTML, like Gecko) Version/17.2 Safari/605.1.15"
45.130.83.243 - - [01/Sep/2026:19:19:51 -0500] "GET /wp-login.php?redirect_to=https%3A%2F%2Fcampanaarquidiocesana.org%2Fwp-admin%2Fedit.php&reauth=1 HTTP/1.1" 200 9323 "https://campanaarquidiocesana.org/wp-login.php" "Mozilla/5.0 (Macintosh; Intel Mac OS X 13_6_1) AppleWebKit/605.1.15 (KHTML, like Gecko) Version/17.2 Safari/605.1.15"
45.130.83.243 - - [01/Sep/2026:19:19:54 -0500] "POST /wp-login.php HTTP/1.1" 503 19282 "https://campanaarquidiocesana.org/wp-login.php" "Mozilla/5.0 (Macintosh; Intel Mac OS X 10_15_7) AppleWebKit/605.1.15 (KHTML, like Gecko) Version/17.1 Safari/605.1.15"
43.166.132.142 - - [01/Sep/2026:19:19:57 -0500] "GET / HTTP/1.1" 403 199 "-" "Mozilla/5.0 (iPhone; CPU iPhone OS 13_2_3 like Mac OS X) AppleWebKit/605.1.15 (KHTML, like Gecko) Version/13.0.3 Mobile/15E148 Safari/604.1"
173.239.211.37 - - [01/Sep/2026:19:20:01 -0500] "GET /wp-admin/index.php HTTP/1.1" 503 19282 "https://campanaarquidiocesana.org/wp-login.php" "Mozilla/5.0 (Windows NT 10.0; Win64; x64) AppleWebKit/537.36 (KHTML, like Gecko) Chrome/118.0.0.0 Safari/537.36"
63.135.161.122 - - [01/Sep/2026:19:20:07 -0500] "GET /wp-admin/profile.php HTTP/1.1" 302 - "https://campanaarquidiocesana.org/wp-login.php" "Mozilla/5.0 (Windows NT 10.0; Win64; x64) AppleWebKit/537.36 (KHTML, like Gecko) Chrome/118.0.0.0 Safari/537.36"
63.135.161.122 - - [01/Sep/2026:19:20:09 -0500] "GET /wp-login.php?redirect_to=https%3A%2F%2Fcampanaarquidiocesana.org%2Fwp-admin%2Fprofile.php&reauth=1 HTTP/1.1" 200 9329 "https://campanaarquidiocesana.org/wp-login.php" "Mozilla/5.0 (Windows NT 10.0; Win64; x64) AppleWebKit/537.36 (KHTML, like Gecko) Chrome/118.0.0.0 Safari/537.36"
63.135.161.122 - - [01/Sep/2026:19:20:11 -0500] "POST /wp-login.php HTTP/1.1" 503 19282 "https://campanaarquidiocesana.org/wp-login.php" "Mozilla/5.0 (Macintosh; Intel Mac OS X 13_6_1) AppleWebKit/537.36 (KHTML, like Gecko) Chrome/119.0.0.0 Safari/537.36"
173.239.211.38 - - [01/Sep/2026:19:20:18 -0500] "GET /wp-admin/index.php HTTP/1.1" 503 19282 "https://campanaarquidiocesana.org/wp-login.php" "Mozilla/5.0 (Windows NT 11.0; Win64; x64; rv:120.0) Gecko/20100101 Firefox/120.0"
45.130.83.246 - - [01/Sep/2026:19:20:23 -0500] "GET /wp-admin/profile.php HTTP/1.1" 302 - "https://campanaarquidiocesana.org/wp-login.php" "Mozilla/5.0 (Windows NT 11.0; Win64; x64; rv:120.0) Gecko/20100101 Firefox/120.0"
45.130.83.246 - - [01/Sep/2026:19:20:25 -0500] "GET /wp-login.php?redirect_to=https%3A%2F%2Fcampanaarquidiocesana.org%2Fwp-admin%2Fprofile.php&reauth=1 HTTP/1.1" 200 9329 "https://campanaarquidiocesana.org/wp-login.php" "Mozilla/5.0 (Windows NT 11.0; Win64; x64; rv:120.0) Gecko/20100101 Firefox/120.0"
176.65.144.25 - - [01/Sep/2026:19:22:59 -0500] "GET / HTTP/1.1" 200 109966 "-" "CMS-Security-Auditor/1.0 (+authorized self-check; contact: local-admin)"
176.65.144.25 - - [01/Sep/2026:19:23:00 -0500] "GET /wp-login.php HTTP/1.1" 200 9201 "-" "CMS-Security-Auditor/1.0 (+authorized self-check; contact: local-admin)"
176.65.144.25 - - [01/Sep/2026:19:23:01 -0500] "GET /wp-login/ HTTP/1.1" 404 41721 "-" "CMS-Security-Auditor/1.0 (+authorized self-check; contact: local-admin)"
176.65.144.25 - - [01/Sep/2026:19:23:03 -0500] "GET /login/ HTTP/1.1" 302 - "-" "CMS-Security-Auditor/1.0 (+authorized self-check; contact: local-admin)"
176.65.144.25 - - [01/Sep/2026:19:23:05 -0500] "GET /wp-login.php HTTP/1.1" 200 9201 "-" "CMS-Security-Auditor/1.0 (+authorized self-check; contact: local-admin)"
176.65.144.25 - - [01/Sep/2026:19:23:07 -0500] "GET /log-in/ HTTP/1.1" 404 41721 "-" "CMS-Security-Auditor/1.0 (+authorized self-check; contact: local-admin)"
176.65.144.25 - - [01/Sep/2026:19:23:08 -0500] "GET /signin/ HTTP/1.1" 404 41721 "-" "CMS-Security-Auditor/1.0 (+authorized self-check; contact: local-admin)"
176.65.144.25 - - [01/Sep/2026:19:23:10 -0500] "GET /sign-in/ HTTP/1.1" 404 41721 "-" "CMS-Security-Auditor/1.0 (+authorized self-check; contact: local-admin)"
176.65.144.25 - - [01/Sep/2026:19:23:12 -0500] "GET /user/login/ HTTP/1.1" 404 41721 "-" "CMS-Security-Auditor/1.0 (+authorized self-check; contact: local-admin)"
176.65.144.25 - - [01/Sep/2026:19:23:14 -0500] "GET /account/login/ HTTP/1.1" 404 41721 "-" "CMS-Security-Auditor/1.0 (+authorized self-check; contact: local-admin)"
176.65.144.25 - - [01/Sep/2026:19:23:16 -0500] "GET /my-account/ HTTP/1.1" 404 41721 "-" "CMS-Security-Auditor/1.0 (+authorized self-check; contact: local-admin)"
176.65.144.25 - - [01/Sep/2026:19:23:17 -0500] "GET /access/ HTTP/1.1" 404 41721 "-" "CMS-Security-Auditor/1.0 (+authorized self-check; contact: local-admin)"
176.65.144.25 - - [01/Sep/2026:19:23:19 -0500] "GET /wp-login.php HTTP/1.1" 200 9201 "-" "CMS-Security-Auditor/1.0 (+authorized self-check; contact: local-admin)"
176.65.144.25 - - [01/Sep/2026:19:23:21 -0500] "GET /login/ HTTP/1.1" 302 - "-" "CMS-Security-Auditor/1.0 (+authorized self-check; contact: local-admin)"
176.65.144.25 - - [01/Sep/2026:19:23:22 -0500] "GET /wp-login.php HTTP/1.1" 200 9201 "-" "CMS-Security-Auditor/1.0 (+authorized self-check; contact: local-admin)"
176.65.144.25 - - [01/Sep/2026:19:23:24 -0500] "GET /wp-admin/ HTTP/1.1" 302 - "-" "CMS-Security-Auditor/1.0 (+authorized self-check; contact: local-admin)"
176.65.144.25 - - [01/Sep/2026:19:23:26 -0500] "GET /wp-login.php?redirect_to=https%3A%2F%2Fcampanaarquidiocesana.org%2Fwp-admin%2F&reauth=1 HTTP/1.1" 200 9307 "-" "CMS-Security-Auditor/1.0 (+authorized self-check; contact: local-admin)"
176.65.144.25 - - [01/Sep/2026:19:23:27 -0500] "GET /wp-admin/index.php HTTP/1.1" 302 - "-" "CMS-Security-Auditor/1.0 (+authorized self-check; contact: local-admin)"
176.65.144.25 - - [01/Sep/2026:19:23:29 -0500] "GET /wp-login.php?redirect_to=https%3A%2F%2Fcampanaarquidiocesana.org%2Fwp-admin%2Findex.php&reauth=1 HTTP/1.1" 200 9325 "-" "CMS-Security-Auditor/1.0 (+authorized self-check; contact: local-admin)"
176.65.144.25 - - [01/Sep/2026:19:23:30 -0500] "GET /dashboard/ HTTP/1.1" 302 - "-" "CMS-Security-Auditor/1.0 (+authorized self-check; contact: local-admin)"
176.65.144.25 - - [01/Sep/2026:19:23:32 -0500] "GET /wp-admin/ HTTP/1.1" 302 - "-" "CMS-Security-Auditor/1.0 (+authorized self-check; contact: local-admin)"
176.65.144.25 - - [01/Sep/2026:19:23:34 -0500] "GET /wp-login.php?redirect_to=https%3A%2F%2Fcampanaarquidiocesana.org%2Fwp-admin%2F&reauth=1 HTTP/1.1" 200 9307 "-" "CMS-Security-Auditor/1.0 (+authorized self-check; contact: local-admin)"
176.65.144.25 - - [01/Sep/2026:19:23:35 -0500] "GET /admin/ HTTP/1.1" 302 - "-" "CMS-Security-Auditor/1.0 (+authorized self-check; contact: local-admin)"
173.239.211.43 - - [01/Sep/2026:19:23:35 -0500] "POST /wp-login.php HTTP/1.1" 503 19282 "https://campanaarquidiocesana.org/wp-login.php" "Mozilla/5.0 (Macintosh; Intel Mac OS X 10_15_7) AppleWebKit/537.36 (KHTML, like Gecko) Chrome/119.0.0.0 Safari/537.36"
176.65.144.25 - - [01/Sep/2026:19:23:37 -0500] "GET /wp-admin/ HTTP/1.1" 302 - "-" "CMS-Security-Auditor/1.0 (+authorized self-check; contact: local-admin)"
176.65.144.25 - - [01/Sep/2026:19:23:38 -0500] "GET /wp-login.php?redirect_to=https%3A%2F%2Fcampanaarquidiocesana.org%2Fwp-admin%2F&reauth=1 HTTP/1.1" 200 9307 "-" "CMS-Security-Auditor/1.0 (+authorized self-check; contact: local-admin)"
63.135.161.113 - - [01/Sep/2026:19:23:39 -0500] "GET /wp-admin/index.php HTTP/1.1" 302 - "https://campanaarquidiocesana.org/wp-login.php" "Mozilla/5.0 (Macintosh; Intel Mac OS X 10_15_7) AppleWebKit/537.36 (KHTML, like Gecko) Chrome/119.0.0.0 Safari/537.36"
176.65.144.25 - - [01/Sep/2026:19:23:40 -0500] "GET /backend/ HTTP/1.1" 404 41721 "-" "CMS-Security-Auditor/1.0 (+authorized self-check; contact: local-admin)"
63.135.161.113 - - [01/Sep/2026:19:23:41 -0500] "GET /wp-login.php?redirect_to=https%3A%2F%2Fcampanaarquidiocesana.org%2Fwp-admin%2Findex.php&reauth=1 HTTP/1.1" 200 9325 "https://campanaarquidiocesana.org/wp-login.php" "Mozilla/5.0 (Macintosh; Intel Mac OS X 10_15_7) AppleWebKit/537.36 (KHTML, like Gecko) Chrome/119.0.0.0 Safari/537.36"
176.65.144.25 - - [01/Sep/2026:19:23:42 -0500] "GET /panel/ HTTP/1.1" 404 41721 "-" "CMS-Security-Auditor/1.0 (+authorized self-check; contact: local-admin)"
63.135.161.113 - - [01/Sep/2026:19:23:43 -0500] "POST /wp-login.php HTTP/1.1" 503 19282 "https://campanaarquidiocesana.org/wp-login.php" "Mozilla/5.0 (Windows NT 10.0; Win64; x64; rv:121.0) Gecko/20100101 Firefox/121.0"
157.90.185.123 - - [01/Sep/2026:19:23:44 -0500] "POST /?wordfence_syncAttackData=1788308624.6528 HTTP/1.1" 200 - "-" "WordPress/6.6.7; https://campanaarquidiocesana.org"
176.65.144.25 - - [01/Sep/2026:19:23:43 -0500] "GET /wp-content/plugins/super-forms/readme.txt HTTP/1.1" 404 39816 "-" "CMS-Security-Auditor/1.0 (+authorized self-check; contact: local-admin)"
173.239.211.51 - - [01/Sep/2026:19:23:46 -0500] "GET /wp-admin/index.php HTTP/1.1" 302 - "https://campanaarquidiocesana.org/wp-login.php" "Mozilla/5.0 (Macintosh; Intel Mac OS X 13_6_1) AppleWebKit/537.36 (KHTML, like Gecko) Chrome/119.0.0.0 Safari/537.36"
176.65.144.25 - - [01/Sep/2026:19:23:46 -0500] "GET /wp-content/plugins/elementor-pro/readme.txt HTTP/1.1" 404 39816 "-" "CMS-Security-Auditor/1.0 (+authorized self-check; contact: local-admin)"
173.239.211.51 - - [01/Sep/2026:19:23:47 -0500] "GET /wp-login.php?redirect_to=https%3A%2F%2Fcampanaarquidiocesana.org%2Fwp-admin%2Findex.php&reauth=1 HTTP/1.1" 200 9325 "https://campanaarquidiocesana.org/wp-login.php" "Mozilla/5.0 (Macintosh; Intel Mac OS X 13_6_1) AppleWebKit/537.36 (KHTML, like Gecko) Chrome/119.0.0.0 Safari/537.36"
176.65.144.25 - - [01/Sep/2026:19:23:48 -0500] "GET /wp-content/plugins/ninja-forms-uploads/readme.txt HTTP/1.1" 404 39816 "-" "CMS-Security-Auditor/1.0 (+authorized self-check; contact: local-admin)"
176.65.144.25 - - [01/Sep/2026:19:23:49 -0500] "GET /wp-content/plugins/forminator/readme.txt HTTP/1.1" 404 39816 "-" "CMS-Security-Auditor/1.0 (+authorized self-check; contact: local-admin)"
173.239.211.51 - - [01/Sep/2026:19:23:49 -0500] "POST /wp-login.php HTTP/1.1" 503 19282 "https://campanaarquidiocesana.org/wp-login.php" "Mozilla/5.0 (X11; Linux x86_64) AppleWebKit/537.36 (KHTML, like Gecko) Chrome/119.0.0.0 Safari/537.36"
173.239.211.35 - - [01/Sep/2026:19:23:53 -0500] "GET /wp-admin/index.php HTTP/1.1" 503 19282 "https://campanaarquidiocesana.org/wp-login.php" "Mozilla/5.0 (Windows NT 11.0; Win64; x64) AppleWebKit/537.36 (KHTML, like Gecko) Chrome/118.0.0.0 Safari/537.36"
157.90.185.123 - - [01/Sep/2026:19:23:57 -0500] "POST /?wordfence_syncAttackData=1788308637.7985 HTTP/1.1" 200 - "-" "WordPress/6.6.7; https://campanaarquidiocesana.org"
45.130.83.246 - - [01/Sep/2026:19:23:57 -0500] "GET /wp-admin/profile.php HTTP/1.1" 302 - "https://campanaarquidiocesana.org/wp-login.php" "Mozilla/5.0 (Windows NT 11.0; Win64; x64) AppleWebKit/537.36 (KHTML, like Gecko) Chrome/118.0.0.0 Safari/537.36"
45.130.83.246 - - [01/Sep/2026:19:23:59 -0500] "GET /wp-login.php?redirect_to=https%3A%2F%2Fcampanaarquidiocesana.org%2Fwp-admin%2Fprofile.php&reauth=1 HTTP/1.1" 200 9329 "https://campanaarquidiocesana.org/wp-login.php" "Mozilla/5.0 (Windows NT 11.0; Win64; x64) AppleWebKit/537.36 (KHTML, like Gecko) Chrome/118.0.0.0 Safari/537.36"
45.130.83.243 - - [01/Sep/2026:19:24:05 -0500] "GET /wp-admin/index.php HTTP/1.1" 503 19282 "https://campanaarquidiocesana.org/wp-login.php" "Mozilla/5.0 (X11; Ubuntu; Linux x86_64) AppleWebKit/537.36 (KHTML, like Gecko) Chrome/120.0.0.0 Safari/537.36"
45.130.83.246 - - [01/Sep/2026:19:24:01 -0500] "POST /wp-login.php HTTP/1.1" 503 19282 "https://campanaarquidiocesana.org/wp-login.php" "Mozilla/5.0 (Windows NT 11.0; Win64; x64) AppleWebKit/537.36 (KHTML, like Gecko) Chrome/119.0.0.0 Safari/537.36"
45.130.83.241 - - [01/Sep/2026:19:24:09 -0500] "GET /wp-admin/profile.php HTTP/1.1" 503 19282 "https://campanaarquidiocesana.org/wp-login.php" "Mozilla/5.0 (X11; Ubuntu; Linux x86_64) AppleWebKit/537.36 (KHTML, like Gecko) Chrome/120.0.0.0 Safari/537.36"
173.239.211.55 - - [01/Sep/2026:19:24:12 -0500] "GET /wp-admin/edit.php HTTP/1.1" 302 - "https://campanaarquidiocesana.org/wp-login.php" "Mozilla/5.0 (X11; Ubuntu; Linux x86_64) AppleWebKit/537.36 (KHTML, like Gecko) Chrome/120.0.0.0 Safari/537.36"
173.239.211.55 - - [01/Sep/2026:19:24:13 -0500] "GET /wp-login.php?redirect_to=https%3A%2F%2Fcampanaarquidiocesana.org%2Fwp-admin%2Fedit.php&reauth=1 HTTP/1.1" 200 9323 "https://campanaarquidiocesana.org/wp-login.php" "Mozilla/5.0 (X11; Ubuntu; Linux x86_64) AppleWebKit/537.36 (KHTML, like Gecko) Chrome/120.0.0.0 Safari/537.36"
173.239.211.55 - - [01/Sep/2026:19:24:15 -0500] "POST /wp-login.php HTTP/1.1" 503 19282 "https://campanaarquidiocesana.org/wp-login.php" "Mozilla/5.0 (X11; Linux x86_64) AppleWebKit/537.36 (KHTML, like Gecko) Chrome/120.0.0.0 Safari/537.36"
173.239.211.35 - - [01/Sep/2026:19:24:20 -0500] "GET /wp-admin/index.php HTTP/1.1" 503 19282 "https://campanaarquidiocesana.org/wp-login.php" "Mozilla/5.0 (Windows NT 10.0; Win64; x64) AppleWebKit/537.36 (KHTML, like Gecko) Chrome/118.0.0.0 Safari/537.36"
173.239.211.48 - - [01/Sep/2026:19:24:23 -0500] "GET /wp-admin/profile.php HTTP/1.1" 503 19282 "https://campanaarquidiocesana.org/wp-login.php" "Mozilla/5.0 (Windows NT 10.0; Win64; x64) AppleWebKit/537.36 (KHTML, like Gecko) Chrome/118.0.0.0 Safari/537.36"
173.239.211.43 - - [01/Sep/2026:19:24:26 -0500] "GET /wp-admin/edit.php HTTP/1.1" 503 19282 "https://campanaarquidiocesana.org/wp-login.php" "Mozilla/5.0 (Windows NT 10.0; Win64; x64) AppleWebKit/537.36 (KHTML, like Gecko) Chrome/118.0.0.0 Safari/537.36"
173.239.211.55 - - [01/Sep/2026:19:24:28 -0500] "GET /wp-admin/plugins.php HTTP/1.1" 503 19282 "https://campanaarquidiocesana.org/wp-login.php" "Mozilla/5.0 (Windows NT 10.0; Win64; x64) AppleWebKit/537.36 (KHTML, like Gecko) Chrome/118.0.0.0 Safari/537.36"
63.135.161.117 - - [01/Sep/2026:19:24:33 -0500] "POST /wp-login.php HTTP/1.1" 503 19282 "https://campanaarquidiocesana.org/wp-login.php" "Mozilla/5.0 (Windows NT 10.0; Win64; x64; rv:120.0) Gecko/20100101 Firefox/120.0"
173.239.211.54 - - [01/Sep/2026:19:24:39 -0500] "GET /wp-admin/index.php HTTP/1.1" 302 - "https://campanaarquidiocesana.org/wp-login.php" "Mozilla/5.0 (X11; Ubuntu; Linux x86_64) AppleWebKit/537.36 (KHTML, like Gecko) Chrome/118.0.0.0 Safari/537.36"
173.239.211.54 - - [01/Sep/2026:19:24:41 -0500] "GET /wp-login.php?redirect_to=https%3A%2F%2Fcampanaarquidiocesana.org%2Fwp-admin%2Findex.php&reauth=1 HTTP/1.1" 200 9325 "https://campanaarquidiocesana.org/wp-login.php" "Mozilla/5.0 (X11; Ubuntu; Linux x86_64) AppleWebKit/537.36 (KHTML, like Gecko) Chrome/118.0.0.0 Safari/537.36"
173.239.211.54 - - [01/Sep/2026:19:24:43 -0500] "POST /wp-login.php HTTP/1.1" 503 19282 "https://campanaarquidiocesana.org/wp-login.php" "Mozilla/5.0 (Windows NT 11.0; Win64; x64; rv:119.0) Gecko/20100101 Firefox/119.0"
45.130.83.242 - - [01/Sep/2026:19:24:47 -0500] "GET /wp-admin/index.php HTTP/1.1" 302 - "https://campanaarquidiocesana.org/wp-login.php" "Mozilla/5.0 (Macintosh; Intel Mac OS X 13_6_1; rv:119.0) Gecko/20100101 Firefox/119.0"
45.130.83.242 - - [01/Sep/2026:19:24:49 -0500] "GET /wp-login.php?redirect_to=https%3A%2F%2Fcampanaarquidiocesana.org%2Fwp-admin%2Findex.php&reauth=1 HTTP/1.1" 200 9325 "https://campanaarquidiocesana.org/wp-login.php" "Mozilla/5.0 (Macintosh; Intel Mac OS X 13_6_1; rv:119.0) Gecko/20100101 Firefox/119.0"
45.130.83.242 - - [01/Sep/2026:19:24:51 -0500] "POST /wp-login.php HTTP/1.1" 503 19282 "https://campanaarquidiocesana.org/wp-login.php" "Mozilla/5.0 (Macintosh; Intel Mac OS X 13_6_1) AppleWebKit/605.1.15 (KHTML, like Gecko) Version/17.0 Safari/605.1.15"
45.130.83.243 - - [01/Sep/2026:19:24:57 -0500] "GET /wp-admin/index.php HTTP/1.1" 503 19282 "https://campanaarquidiocesana.org/wp-login.php" "Mozilla/5.0 (Windows NT 11.0; Win64; x64) AppleWebKit/537.36 (KHTML, like Gecko) Chrome/118.0.0.0 Safari/537.36"
45.130.83.238 - - [01/Sep/2026:19:25:00 -0500] "GET /wp-admin/profile.php HTTP/1.1" 302 - "https://campanaarquidiocesana.org/wp-login.php" "Mozilla/5.0 (Windows NT 11.0; Win64; x64) AppleWebKit/537.36 (KHTML, like Gecko) Chrome/118.0.0.0 Safari/537.36"
45.130.83.238 - - [01/Sep/2026:19:25:02 -0500] "GET /wp-login.php?redirect_to=https%3A%2F%2Fcampanaarquidiocesana.org%2Fwp-admin%2Fprofile.php&reauth=1 HTTP/1.1" 200 9329 "https://campanaarquidiocesana.org/wp-login.php" "Mozilla/5.0 (Windows NT 11.0; Win64; x64) AppleWebKit/537.36 (KHTML, like Gecko) Chrome/118.0.0.0 Safari/537.36"
45.130.83.238 - - [01/Sep/2026:19:25:04 -0500] "POST /wp-login.php HTTP/1.1" 503 19282 "https://campanaarquidiocesana.org/wp-login.php" "Mozilla/5.0 (Macintosh; Intel Mac OS X 10_15_7; rv:121.0) Gecko/20100101 Firefox/121.0"
173.239.211.46 - - [01/Sep/2026:19:25:10 -0500] "GET /wp-admin/index.php HTTP/1.1" 503 19282 "https://campanaarquidiocesana.org/wp-login.php" "Mozilla/5.0 (Macintosh; Intel Mac OS X 13_6_1) AppleWebKit/605.1.15 (KHTML, like Gecko) Version/16.6 Safari/605.1.15"
63.135.161.114 - - [01/Sep/2026:19:25:19 -0500] "GET /wp-admin/profile.php HTTP/1.1" 302 - "https://campanaarquidiocesana.org/wp-login.php" "Mozilla/5.0 (Macintosh; Intel Mac OS X 13_6_1) AppleWebKit/605.1.15 (KHTML, like Gecko) Version/16.6 Safari/605.1.15"
63.135.161.114 - - [01/Sep/2026:19:25:21 -0500] "GET /wp-login.php?redirect_to=https%3A%2F%2Fcampanaarquidiocesana.org%2Fwp-admin%2Fprofile.php&reauth=1 HTTP/1.1" 200 9329 "https://campanaarquidiocesana.org/wp-login.php" "Mozilla/5.0 (Macintosh; Intel Mac OS X 13_6_1) AppleWebKit/605.1.15 (KHTML, like Gecko) Version/16.6 Safari/605.1.15"
63.135.161.114 - - [01/Sep/2026:19:25:23 -0500] "POST /wp-login.php HTTP/1.1" 503 19282 "https://campanaarquidiocesana.org/wp-login.php" "Mozilla/5.0 (X11; Ubuntu; Linux x86_64) AppleWebKit/537.36 (KHTML, like Gecko) Chrome/121.0.0.0 Safari/537.36"
173.239.211.35 - - [01/Sep/2026:19:25:26 -0500] "GET /wp-admin/index.php HTTP/1.1" 503 19282 "https://campanaarquidiocesana.org/wp-login.php" "Mozilla/5.0 (Macintosh; Intel Mac OS X 10_15_7) AppleWebKit/537.36 (KHTML, like Gecko) Chrome/119.0.0.0 Safari/537.36"
173.239.211.35 - - [01/Sep/2026:19:25:32 -0500] "GET /wp-admin/profile.php HTTP/1.1" 503 19282 "https://campanaarquidiocesana.org/wp-login.php" "Mozilla/5.0 (Macintosh; Intel Mac OS X 10_15_7) AppleWebKit/537.36 (KHTML, like Gecko) Chrome/119.0.0.0 Safari/537.36"
45.130.83.246 - - [01/Sep/2026:19:25:34 -0500] "GET /wp-admin/edit.php HTTP/1.1" 503 19282 "https://campanaarquidiocesana.org/wp-login.php" "Mozilla/5.0 (Macintosh; Intel Mac OS X 10_15_7) AppleWebKit/537.36 (KHTML, like Gecko) Chrome/119.0.0.0 Safari/537.36"
