145.241.116.12 - - [01/Sep/2026:11:01:58 -0500] "GET /wp-admin/index.php HTTP/1.1" 302 - "https://iglesiaerestu.org/wp-login.php" "Mozilla/5.0 (Windows NT 11.0; Win64; x64) AppleWebKit/537.36 (KHTML, like Gecko) Chrome/119.0.0.0 Safari/537.36"
145.241.116.12 - - [01/Sep/2026:11:01:59 -0500] "GET /wp-login.php?redirect_to=https%3A%2F%2Fcampanaarquidiocesana.org%2Fwp-admin%2Findex.php&reauth=1 HTTP/1.1" 200 9325 "https://iglesiaerestu.org/wp-login.php" "Mozilla/5.0 (Windows NT 11.0; Win64; x64) AppleWebKit/537.36 (KHTML, like Gecko) Chrome/119.0.0.0 Safari/537.36"
145.241.116.12 - - [01/Sep/2026:11:02:01 -0500] "GET /wp-admin/index.php HTTP/1.1" 302 - "https://iglesiaerestu.org/wp-login.php" "Mozilla/5.0 (X11; Ubuntu; Linux x86_64) AppleWebKit/537.36 (KHTML, like Gecko) Chrome/119.0.0.0 Safari/537.36"
145.241.116.12 - - [01/Sep/2026:11:02:03 -0500] "GET /wp-login.php?redirect_to=https%3A%2F%2Fcampanaarquidiocesana.org%2Fwp-admin%2Findex.php&reauth=1 HTTP/1.1" 200 9325 "https://iglesiaerestu.org/wp-login.php" "Mozilla/5.0 (X11; Ubuntu; Linux x86_64) AppleWebKit/537.36 (KHTML, like Gecko) Chrome/119.0.0.0 Safari/537.36"
145.241.116.12 - - [01/Sep/2026:11:02:05 -0500] "GET /wp-admin/index.php HTTP/1.1" 302 - "https://iglesiaerestu.org/wp-login.php" "Mozilla/5.0 (Macintosh; Intel Mac OS X 10_15_7; rv:121.0) Gecko/20100101 Firefox/121.0"
145.241.116.12 - - [01/Sep/2026:11:02:06 -0500] "GET /wp-login.php?redirect_to=https%3A%2F%2Fcampanaarquidiocesana.org%2Fwp-admin%2Findex.php&reauth=1 HTTP/1.1" 200 9325 "https://iglesiaerestu.org/wp-login.php" "Mozilla/5.0 (Macintosh; Intel Mac OS X 10_15_7; rv:121.0) Gecko/20100101 Firefox/121.0"
145.241.116.12 - - [01/Sep/2026:11:02:08 -0500] "GET /wp-admin/index.php HTTP/1.1" 302 - "https://iglesiaerestu.org/wp-login.php" "Mozilla/5.0 (Macintosh; Intel Mac OS X 10_15_7) AppleWebKit/537.36 (KHTML, like Gecko) Chrome/119.0.0.0 Safari/537.36"
145.241.116.12 - - [01/Sep/2026:11:02:09 -0500] "GET /wp-login.php?redirect_to=https%3A%2F%2Fcampanaarquidiocesana.org%2Fwp-admin%2Findex.php&reauth=1 HTTP/1.1" 200 9325 "https://iglesiaerestu.org/wp-login.php" "Mozilla/5.0 (Macintosh; Intel Mac OS X 10_15_7) AppleWebKit/537.36 (KHTML, like Gecko) Chrome/119.0.0.0 Safari/537.36"
145.241.116.12 - - [01/Sep/2026:11:02:11 -0500] "GET /wp-admin/index.php HTTP/1.1" 302 - "https://iglesiaerestu.org/wp-login.php" "Mozilla/5.0 (X11; Ubuntu; Linux x86_64) AppleWebKit/537.36 (KHTML, like Gecko) Chrome/119.0.0.0 Safari/537.36"
145.241.116.12 - - [01/Sep/2026:11:02:13 -0500] "GET /wp-login.php?redirect_to=https%3A%2F%2Fcampanaarquidiocesana.org%2Fwp-admin%2Findex.php&reauth=1 HTTP/1.1" 200 9325 "https://iglesiaerestu.org/wp-login.php" "Mozilla/5.0 (X11; Ubuntu; Linux x86_64) AppleWebKit/537.36 (KHTML, like Gecko) Chrome/119.0.0.0 Safari/537.36"
145.241.116.12 - - [01/Sep/2026:11:02:15 -0500] "GET /wp-admin/index.php HTTP/1.1" 302 - "https://iglesiaerestu.org/wp-login.php" "Mozilla/5.0 (Macintosh; Intel Mac OS X 13_6_1) AppleWebKit/537.36 (KHTML, like Gecko) Chrome/119.0.0.0 Safari/537.36"
145.241.116.12 - - [01/Sep/2026:11:02:16 -0500] "GET /wp-login.php?redirect_to=https%3A%2F%2Fcampanaarquidiocesana.org%2Fwp-admin%2Findex.php&reauth=1 HTTP/1.1" 200 9325 "https://iglesiaerestu.org/wp-login.php" "Mozilla/5.0 (Macintosh; Intel Mac OS X 13_6_1) AppleWebKit/537.36 (KHTML, like Gecko) Chrome/119.0.0.0 Safari/537.36"
145.241.116.12 - - [01/Sep/2026:11:02:18 -0500] "GET /wp-admin/index.php HTTP/1.1" 302 - "https://iglesiaerestu.org/wp-login.php" "Mozilla/5.0 (Macintosh; Intel Mac OS X 13_6_1; rv:118.0) Gecko/20100101 Firefox/118.0"
145.241.116.12 - - [01/Sep/2026:11:02:19 -0500] "GET /wp-login.php?redirect_to=https%3A%2F%2Fcampanaarquidiocesana.org%2Fwp-admin%2Findex.php&reauth=1 HTTP/1.1" 200 9325 "https://iglesiaerestu.org/wp-login.php" "Mozilla/5.0 (Macintosh; Intel Mac OS X 13_6_1; rv:118.0) Gecko/20100101 Firefox/118.0"
145.241.116.12 - - [01/Sep/2026:11:02:21 -0500] "GET /wp-admin/index.php HTTP/1.1" 302 - "https://iglesiaerestu.org/wp-login.php" "Mozilla/5.0 (Macintosh; Intel Mac OS X 13_6_1; rv:118.0) Gecko/20100101 Firefox/118.0"
145.241.116.12 - - [01/Sep/2026:11:02:23 -0500] "GET /wp-login.php?redirect_to=https%3A%2F%2Fcampanaarquidiocesana.org%2Fwp-admin%2Findex.php&reauth=1 HTTP/1.1" 200 9325 "https://iglesiaerestu.org/wp-login.php" "Mozilla/5.0 (Macintosh; Intel Mac OS X 13_6_1; rv:118.0) Gecko/20100101 Firefox/118.0"
145.241.116.12 - - [01/Sep/2026:11:02:25 -0500] "GET /wp-admin/index.php HTTP/1.1" 302 - "https://iglesiaerestu.org/wp-login.php" "Mozilla/5.0 (Macintosh; Intel Mac OS X 13_6_1; rv:121.0) Gecko/20100101 Firefox/121.0"
145.241.116.12 - - [01/Sep/2026:11:02:26 -0500] "GET /wp-login.php?redirect_to=https%3A%2F%2Fcampanaarquidiocesana.org%2Fwp-admin%2Findex.php&reauth=1 HTTP/1.1" 200 9325 "https://iglesiaerestu.org/wp-login.php" "Mozilla/5.0 (Macintosh; Intel Mac OS X 13_6_1; rv:121.0) Gecko/20100101 Firefox/121.0"
145.241.116.12 - - [01/Sep/2026:11:02:28 -0500] "GET /wp-admin/index.php HTTP/1.1" 302 - "https://iglesiaerestu.org/wp-login.php" "Mozilla/5.0 (X11; Ubuntu; Linux x86_64) AppleWebKit/537.36 (KHTML, like Gecko) Chrome/120.0.0.0 Safari/537.36"
145.241.116.12 - - [01/Sep/2026:11:02:30 -0500] "GET /wp-login.php?redirect_to=https%3A%2F%2Fcampanaarquidiocesana.org%2Fwp-admin%2Findex.php&reauth=1 HTTP/1.1" 200 9325 "https://iglesiaerestu.org/wp-login.php" "Mozilla/5.0 (X11; Ubuntu; Linux x86_64) AppleWebKit/537.36 (KHTML, like Gecko) Chrome/120.0.0.0 Safari/537.36"
145.241.116.12 - - [01/Sep/2026:11:02:31 -0500] "GET /wp-admin/index.php HTTP/1.1" 302 - "https://iglesiaerestu.org/wp-login.php" "Mozilla/5.0 (Macintosh; Intel Mac OS X 10_15_7) AppleWebKit/537.36 (KHTML, like Gecko) Chrome/118.0.0.0 Safari/537.36"
145.241.116.12 - - [01/Sep/2026:11:02:33 -0500] "GET /wp-login.php?redirect_to=https%3A%2F%2Fcampanaarquidiocesana.org%2Fwp-admin%2Findex.php&reauth=1 HTTP/1.1" 200 9325 "https://iglesiaerestu.org/wp-login.php" "Mozilla/5.0 (Macintosh; Intel Mac OS X 10_15_7) AppleWebKit/537.36 (KHTML, like Gecko) Chrome/118.0.0.0 Safari/537.36"
145.241.116.12 - - [01/Sep/2026:11:02:35 -0500] "GET /wp-admin/index.php HTTP/1.1" 302 - "https://iglesiaerestu.org/wp-login.php" "Mozilla/5.0 (Macintosh; Intel Mac OS X 13_6_1; rv:121.0) Gecko/20100101 Firefox/121.0"
145.241.116.12 - - [01/Sep/2026:11:02:36 -0500] "GET /wp-login.php?redirect_to=https%3A%2F%2Fcampanaarquidiocesana.org%2Fwp-admin%2Findex.php&reauth=1 HTTP/1.1" 200 9325 "https://iglesiaerestu.org/wp-login.php" "Mozilla/5.0 (Macintosh; Intel Mac OS X 13_6_1; rv:121.0) Gecko/20100101 Firefox/121.0"
145.241.116.12 - - [01/Sep/2026:11:02:38 -0500] "GET /wp-admin/index.php HTTP/1.1" 302 - "https://iglesiaerestu.org/wp-login.php" "Mozilla/5.0 (Windows NT 11.0; Win64; x64; rv:119.0) Gecko/20100101 Firefox/119.0"
145.241.116.12 - - [01/Sep/2026:11:02:40 -0500] "GET /wp-login.php?redirect_to=https%3A%2F%2Fcampanaarquidiocesana.org%2Fwp-admin%2Findex.php&reauth=1 HTTP/1.1" 200 9325 "https://iglesiaerestu.org/wp-login.php" "Mozilla/5.0 (Windows NT 11.0; Win64; x64; rv:119.0) Gecko/20100101 Firefox/119.0"
145.241.116.12 - - [01/Sep/2026:11:02:41 -0500] "GET /wp-admin/index.php HTTP/1.1" 302 - "https://iglesiaerestu.org/wp-login.php" "Mozilla/5.0 (Macintosh; Intel Mac OS X 10_15_7) AppleWebKit/537.36 (KHTML, like Gecko) Chrome/120.0.0.0 Safari/537.36"
145.241.116.12 - - [01/Sep/2026:11:02:43 -0500] "GET /wp-login.php?redirect_to=https%3A%2F%2Fcampanaarquidiocesana.org%2Fwp-admin%2Findex.php&reauth=1 HTTP/1.1" 200 9325 "https://iglesiaerestu.org/wp-login.php" "Mozilla/5.0 (Macintosh; Intel Mac OS X 10_15_7) AppleWebKit/537.36 (KHTML, like Gecko) Chrome/120.0.0.0 Safari/537.36"
145.241.116.12 - - [01/Sep/2026:11:02:45 -0500] "GET /wp-admin/index.php HTTP/1.1" 302 - "https://iglesiaerestu.org/wp-login.php" "Mozilla/5.0 (Macintosh; Intel Mac OS X 13_6_1; rv:120.0) Gecko/20100101 Firefox/120.0"
145.241.116.12 - - [01/Sep/2026:11:02:46 -0500] "GET /wp-login.php?redirect_to=https%3A%2F%2Fcampanaarquidiocesana.org%2Fwp-admin%2Findex.php&reauth=1 HTTP/1.1" 200 9325 "https://iglesiaerestu.org/wp-login.php" "Mozilla/5.0 (Macintosh; Intel Mac OS X 13_6_1; rv:120.0) Gecko/20100101 Firefox/120.0"
145.241.116.12 - - [01/Sep/2026:11:02:48 -0500] "GET /wp-admin/index.php HTTP/1.1" 302 - "https://iglesiaerestu.org/wp-login.php" "Mozilla/5.0 (X11; Linux x86_64) AppleWebKit/537.36 (KHTML, like Gecko) Chrome/121.0.0.0 Safari/537.36"
145.241.116.12 - - [01/Sep/2026:11:02:50 -0500] "GET /wp-login.php?redirect_to=https%3A%2F%2Fcampanaarquidiocesana.org%2Fwp-admin%2Findex.php&reauth=1 HTTP/1.1" 200 9325 "https://iglesiaerestu.org/wp-login.php" "Mozilla/5.0 (X11; Linux x86_64) AppleWebKit/537.36 (KHTML, like Gecko) Chrome/121.0.0.0 Safari/537.36"
145.241.116.12 - - [01/Sep/2026:11:02:51 -0500] "GET /wp-admin/index.php HTTP/1.1" 302 - "https://iglesiaerestu.org/wp-login.php" "Mozilla/5.0 (X11; Ubuntu; Linux x86_64) AppleWebKit/537.36 (KHTML, like Gecko) Chrome/121.0.0.0 Safari/537.36"
145.241.116.12 - - [01/Sep/2026:11:02:53 -0500] "GET /wp-login.php?redirect_to=https%3A%2F%2Fcampanaarquidiocesana.org%2Fwp-admin%2Findex.php&reauth=1 HTTP/1.1" 200 9325 "https://iglesiaerestu.org/wp-login.php" "Mozilla/5.0 (X11; Ubuntu; Linux x86_64) AppleWebKit/537.36 (KHTML, like Gecko) Chrome/121.0.0.0 Safari/537.36"
145.241.116.12 - - [01/Sep/2026:11:02:54 -0500] "GET /wp-admin/index.php HTTP/1.1" 302 - "https://iglesiaerestu.org/wp-login.php" "Mozilla/5.0 (Macintosh; Intel Mac OS X 10_15_7) AppleWebKit/537.36 (KHTML, like Gecko) Chrome/121.0.0.0 Safari/537.36"
145.241.116.12 - - [01/Sep/2026:11:02:57 -0500] "GET /wp-login.php?redirect_to=https%3A%2F%2Fcampanaarquidiocesana.org%2Fwp-admin%2Findex.php&reauth=1 HTTP/1.1" 200 9325 "https://iglesiaerestu.org/wp-login.php" "Mozilla/5.0 (Macintosh; Intel Mac OS X 10_15_7) AppleWebKit/537.36 (KHTML, like Gecko) Chrome/121.0.0.0 Safari/537.36"
145.241.116.12 - - [01/Sep/2026:11:02:59 -0500] "GET /wp-admin/index.php HTTP/1.1" 302 - "https://iglesiaerestu.org/wp-login.php" "Mozilla/5.0 (Windows NT 11.0; Win64; x64; rv:119.0) Gecko/20100101 Firefox/119.0"
145.241.116.12 - - [01/Sep/2026:11:03:02 -0500] "GET /wp-login.php?redirect_to=https%3A%2F%2Fcampanaarquidiocesana.org%2Fwp-admin%2Findex.php&reauth=1 HTTP/1.1" 200 9325 "https://iglesiaerestu.org/wp-login.php" "Mozilla/5.0 (Windows NT 11.0; Win64; x64; rv:119.0) Gecko/20100101 Firefox/119.0"
145.241.116.12 - - [01/Sep/2026:11:03:04 -0500] "GET /wp-admin/index.php HTTP/1.1" 302 - "https://iglesiaerestu.org/wp-login.php" "Mozilla/5.0 (X11; Linux x86_64) AppleWebKit/537.36 (KHTML, like Gecko) Chrome/119.0.0.0 Safari/537.36"
145.241.116.12 - - [01/Sep/2026:11:03:06 -0500] "GET /wp-login.php?redirect_to=https%3A%2F%2Fcampanaarquidiocesana.org%2Fwp-admin%2Findex.php&reauth=1 HTTP/1.1" 200 9325 "https://iglesiaerestu.org/wp-login.php" "Mozilla/5.0 (X11; Linux x86_64) AppleWebKit/537.36 (KHTML, like Gecko) Chrome/119.0.0.0 Safari/537.36"
145.241.116.12 - - [01/Sep/2026:11:03:07 -0500] "GET /wp-admin/index.php HTTP/1.1" 302 - "https://iglesiaerestu.org/wp-login.php" "Mozilla/5.0 (Macintosh; Intel Mac OS X 10_15_7) AppleWebKit/537.36 (KHTML, like Gecko) Chrome/119.0.0.0 Safari/537.36"
145.241.116.12 - - [01/Sep/2026:11:03:09 -0500] "GET /wp-login.php?redirect_to=https%3A%2F%2Fcampanaarquidiocesana.org%2Fwp-admin%2Findex.php&reauth=1 HTTP/1.1" 200 9325 "https://iglesiaerestu.org/wp-login.php" "Mozilla/5.0 (Macintosh; Intel Mac OS X 10_15_7) AppleWebKit/537.36 (KHTML, like Gecko) Chrome/119.0.0.0 Safari/537.36"
145.241.116.12 - - [01/Sep/2026:11:03:11 -0500] "GET /wp-admin/index.php HTTP/1.1" 302 - "https://iglesiaerestu.org/wp-login.php" "Mozilla/5.0 (Windows NT 11.0; Win64; x64) AppleWebKit/537.36 (KHTML, like Gecko) Chrome/121.0.0.0 Safari/537.36"
145.241.116.12 - - [01/Sep/2026:11:03:12 -0500] "GET /wp-login.php?redirect_to=https%3A%2F%2Fcampanaarquidiocesana.org%2Fwp-admin%2Findex.php&reauth=1 HTTP/1.1" 200 9325 "https://iglesiaerestu.org/wp-login.php" "Mozilla/5.0 (Windows NT 11.0; Win64; x64) AppleWebKit/537.36 (KHTML, like Gecko) Chrome/121.0.0.0 Safari/537.36"
145.241.116.12 - - [01/Sep/2026:11:03:14 -0500] "GET /wp-admin/index.php HTTP/1.1" 302 - "https://iglesiaerestu.org/wp-login.php" "Mozilla/5.0 (Macintosh; Intel Mac OS X 10_15_7) AppleWebKit/537.36 (KHTML, like Gecko) Chrome/121.0.0.0 Safari/537.36"
216.244.66.231 - - [01/Sep/2026:11:03:14 -0500] "GET /forums/member/12?module=noticias&i=4 HTTP/1.1" 404 51009 "-" "Mozilla/5.0 (compatible; DotBot/1.2; +https://opensiteexplorer.org/dotbot; help@moz.com)"
145.241.116.12 - - [01/Sep/2026:11:03:15 -0500] "GET /wp-login.php?redirect_to=https%3A%2F%2Fcampanaarquidiocesana.org%2Fwp-admin%2Findex.php&reauth=1 HTTP/1.1" 200 9325 "https://iglesiaerestu.org/wp-login.php" "Mozilla/5.0 (Macintosh; Intel Mac OS X 10_15_7) AppleWebKit/537.36 (KHTML, like Gecko) Chrome/121.0.0.0 Safari/537.36"
145.241.116.12 - - [01/Sep/2026:11:03:17 -0500] "GET /wp-admin/index.php HTTP/1.1" 302 - "https://iglesiaerestu.org/wp-login.php" "Mozilla/5.0 (Windows NT 10.0; Win64; x64; rv:119.0) Gecko/20100101 Firefox/119.0"
145.241.116.12 - - [01/Sep/2026:11:03:19 -0500] "GET /wp-login.php?redirect_to=https%3A%2F%2Fcampanaarquidiocesana.org%2Fwp-admin%2Findex.php&reauth=1 HTTP/1.1" 200 9325 "https://iglesiaerestu.org/wp-login.php" "Mozilla/5.0 (Windows NT 10.0; Win64; x64; rv:119.0) Gecko/20100101 Firefox/119.0"
145.241.116.12 - - [01/Sep/2026:11:03:20 -0500] "GET /wp-admin/index.php HTTP/1.1" 302 - "https://iglesiaerestu.org/wp-login.php" "Mozilla/5.0 (Macintosh; Intel Mac OS X 10_15_7) AppleWebKit/605.1.15 (KHTML, like Gecko) Version/16.6 Safari/605.1.15"
216.244.66.231 - - [01/Sep/2026:11:03:21 -0500] "GET /forums/member/75?module=parroquias&i=5 HTTP/1.1" 404 51009 "-" "Mozilla/5.0 (compatible; DotBot/1.2; +https://opensiteexplorer.org/dotbot; help@moz.com)"
145.241.116.12 - - [01/Sep/2026:11:03:22 -0500] "GET /wp-login.php?redirect_to=https%3A%2F%2Fcampanaarquidiocesana.org%2Fwp-admin%2Findex.php&reauth=1 HTTP/1.1" 200 9325 "https://iglesiaerestu.org/wp-login.php" "Mozilla/5.0 (Macintosh; Intel Mac OS X 10_15_7) AppleWebKit/605.1.15 (KHTML, like Gecko) Version/16.6 Safari/605.1.15"
145.241.116.12 - - [01/Sep/2026:11:03:24 -0500] "GET /wp-admin/index.php HTTP/1.1" 302 - "https://iglesiaerestu.org/wp-login.php" "Mozilla/5.0 (Macintosh; Intel Mac OS X 10_15_7) AppleWebKit/537.36 (KHTML, like Gecko) Chrome/120.0.0.0 Safari/537.36"
145.241.116.12 - - [01/Sep/2026:11:03:25 -0500] "GET /wp-login.php?redirect_to=https%3A%2F%2Fcampanaarquidiocesana.org%2Fwp-admin%2Findex.php&reauth=1 HTTP/1.1" 200 9325 "https://iglesiaerestu.org/wp-login.php" "Mozilla/5.0 (Macintosh; Intel Mac OS X 10_15_7) AppleWebKit/537.36 (KHTML, like Gecko) Chrome/120.0.0.0 Safari/537.36"
145.241.116.12 - - [01/Sep/2026:11:03:27 -0500] "GET /wp-admin/index.php HTTP/1.1" 302 - "https://iglesiaerestu.org/wp-login.php" "Mozilla/5.0 (Macintosh; Intel Mac OS X 13_6_1; rv:119.0) Gecko/20100101 Firefox/119.0"
216.244.66.231 - - [01/Sep/2026:11:03:28 -0500] "GET /forums/member/83?module=contacto&i=6 HTTP/1.1" 404 51009 "-" "Mozilla/5.0 (compatible; DotBot/1.2; +https://opensiteexplorer.org/dotbot; help@moz.com)"
145.241.116.12 - - [01/Sep/2026:11:03:29 -0500] "GET /wp-login.php?redirect_to=https%3A%2F%2Fcampanaarquidiocesana.org%2Fwp-admin%2Findex.php&reauth=1 HTTP/1.1" 200 9325 "https://iglesiaerestu.org/wp-login.php" "Mozilla/5.0 (Macintosh; Intel Mac OS X 13_6_1; rv:119.0) Gecko/20100101 Firefox/119.0"
145.241.116.12 - - [01/Sep/2026:11:03:31 -0500] "GET /wp-admin/index.php HTTP/1.1" 302 - "https://iglesiaerestu.org/wp-login.php" "Mozilla/5.0 (Macintosh; Intel Mac OS X 13_6_1) AppleWebKit/537.36 (KHTML, like Gecko) Chrome/121.0.0.0 Safari/537.36"
145.241.116.12 - - [01/Sep/2026:11:03:32 -0500] "GET /wp-login.php?redirect_to=https%3A%2F%2Fcampanaarquidiocesana.org%2Fwp-admin%2Findex.php&reauth=1 HTTP/1.1" 200 9325 "https://iglesiaerestu.org/wp-login.php" "Mozilla/5.0 (Macintosh; Intel Mac OS X 13_6_1) AppleWebKit/537.36 (KHTML, like Gecko) Chrome/121.0.0.0 Safari/537.36"
145.241.116.12 - - [01/Sep/2026:11:03:34 -0500] "GET /wp-admin/index.php HTTP/1.1" 302 - "https://iglesiaerestu.org/wp-login.php" "Mozilla/5.0 (Macintosh; Intel Mac OS X 10_15_7) AppleWebKit/605.1.15 (KHTML, like Gecko) Version/17.1 Safari/605.1.15"
145.241.116.12 - - [01/Sep/2026:11:03:36 -0500] "GET /wp-login.php?redirect_to=https%3A%2F%2Fcampanaarquidiocesana.org%2Fwp-admin%2Findex.php&reauth=1 HTTP/1.1" 200 9325 "https://iglesiaerestu.org/wp-login.php" "Mozilla/5.0 (Macintosh; Intel Mac OS X 10_15_7) AppleWebKit/605.1.15 (KHTML, like Gecko) Version/17.1 Safari/605.1.15"
145.241.116.12 - - [01/Sep/2026:11:03:38 -0500] "GET /wp-admin/index.php HTTP/1.1" 302 - "https://iglesiaerestu.org/wp-login.php" "Mozilla/5.0 (Macintosh; Intel Mac OS X 10_15_7; rv:118.0) Gecko/20100101 Firefox/118.0"
145.241.116.12 - - [01/Sep/2026:11:03:39 -0500] "GET /wp-login.php?redirect_to=https%3A%2F%2Fcampanaarquidiocesana.org%2Fwp-admin%2Findex.php&reauth=1 HTTP/1.1" 200 9325 "https://iglesiaerestu.org/wp-login.php" "Mozilla/5.0 (Macintosh; Intel Mac OS X 10_15_7; rv:118.0) Gecko/20100101 Firefox/118.0"
145.241.116.12 - - [01/Sep/2026:11:03:41 -0500] "GET /wp-admin/index.php HTTP/1.1" 302 - "https://iglesiaerestu.org/wp-login.php" "Mozilla/5.0 (Windows NT 10.0; Win64; x64; rv:120.0) Gecko/20100101 Firefox/120.0"
145.241.116.12 - - [01/Sep/2026:11:03:43 -0500] "GET /wp-login.php?redirect_to=https%3A%2F%2Fcampanaarquidiocesana.org%2Fwp-admin%2Findex.php&reauth=1 HTTP/1.1" 200 9325 "https://iglesiaerestu.org/wp-login.php" "Mozilla/5.0 (Windows NT 10.0; Win64; x64; rv:120.0) Gecko/20100101 Firefox/120.0"
145.241.116.12 - - [01/Sep/2026:11:03:45 -0500] "GET /wp-admin/index.php HTTP/1.1" 302 - "https://iglesiaerestu.org/wp-login.php" "Mozilla/5.0 (Macintosh; Intel Mac OS X 10_15_7; rv:119.0) Gecko/20100101 Firefox/119.0"
192.145.125.70 - - [01/Sep/2026:11:03:46 -0500] "GET /wp-includes/ HTTP/1.1" 403 199 "-" "-"
145.241.116.12 - - [01/Sep/2026:11:03:47 -0500] "GET /wp-login.php?redirect_to=https%3A%2F%2Fcampanaarquidiocesana.org%2Fwp-admin%2Findex.php&reauth=1 HTTP/1.1" 200 9325 "https://iglesiaerestu.org/wp-login.php" "Mozilla/5.0 (Macintosh; Intel Mac OS X 10_15_7; rv:119.0) Gecko/20100101 Firefox/119.0"
192.145.125.70 - - [01/Sep/2026:11:03:50 -0500] "GET /wp-includes/css/ HTTP/1.1" 403 199 "-" "-"
145.241.116.12 - - [01/Sep/2026:11:03:48 -0500] "GET /wp-admin/index.php HTTP/1.1" 302 - "https://iglesiaerestu.org/wp-login.php" "Mozilla/5.0 (X11; Ubuntu; Linux x86_64) AppleWebKit/537.36 (KHTML, like Gecko) Chrome/118.0.0.0 Safari/537.36"
192.145.125.70 - - [01/Sep/2026:11:03:50 -0500] "GET /wp-includes/ID3/ HTTP/1.1" 403 199 "-" "-"
14.192.215.45 - - [01/Sep/2026:11:03:49 -0500] "GET /wp-admin/admin-ajax.php?action=wdpsso_step1&redirect= HTTP/1.1" 403 320 "-" "Mozilla/5.0 (Windows NT 10.0; Win64; x64) AppleWebKit/537.36 (KHTML, like Gecko) Chrome/120.0 Safari/537.36"
145.241.116.12 - - [01/Sep/2026:11:03:50 -0500] "GET /wp-login.php?redirect_to=https%3A%2F%2Fcampanaarquidiocesana.org%2Fwp-admin%2Findex.php&reauth=1 HTTP/1.1" 200 9325 "https://iglesiaerestu.org/wp-login.php" "Mozilla/5.0 (X11; Ubuntu; Linux x86_64) AppleWebKit/537.36 (KHTML, like Gecko) Chrome/118.0.0.0 Safari/537.36"
145.241.116.12 - - [01/Sep/2026:11:03:52 -0500] "GET /wp-admin/index.php HTTP/1.1" 302 - "https://iglesiaerestu.org/wp-login.php" "Mozilla/5.0 (Windows NT 10.0; Win64; x64) AppleWebKit/537.36 (KHTML, like Gecko) Chrome/119.0.0.0 Safari/537.36"
192.145.125.70 - - [01/Sep/2026:11:03:54 -0500] "GET /wp-includes/IXR/ HTTP/1.1" 403 199 "-" "-"
145.241.116.12 - - [01/Sep/2026:11:03:54 -0500] "GET /wp-login.php?redirect_to=https%3A%2F%2Fcampanaarquidiocesana.org%2Fwp-admin%2Findex.php&reauth=1 HTTP/1.1" 200 9325 "https://iglesiaerestu.org/wp-login.php" "Mozilla/5.0 (Windows NT 10.0; Win64; x64) AppleWebKit/537.36 (KHTML, like Gecko) Chrome/119.0.0.0 Safari/537.36"
145.241.116.12 - - [01/Sep/2026:11:03:56 -0500] "GET /wp-admin/index.php HTTP/1.1" 302 - "https://iglesiaerestu.org/wp-login.php" "Mozilla/5.0 (Macintosh; Intel Mac OS X 10_15_7) AppleWebKit/537.36 (KHTML, like Gecko) Chrome/118.0.0.0 Safari/537.36"
145.241.116.12 - - [01/Sep/2026:11:03:57 -0500] "GET /wp-login.php?redirect_to=https%3A%2F%2Fcampanaarquidiocesana.org%2Fwp-admin%2Findex.php&reauth=1 HTTP/1.1" 200 9325 "https://iglesiaerestu.org/wp-login.php" "Mozilla/5.0 (Macintosh; Intel Mac OS X 10_15_7) AppleWebKit/537.36 (KHTML, like Gecko) Chrome/118.0.0.0 Safari/537.36"
145.241.116.12 - - [01/Sep/2026:11:03:59 -0500] "GET /wp-admin/index.php HTTP/1.1" 302 - "https://iglesiaerestu.org/wp-login.php" "Mozilla/5.0 (Macintosh; Intel Mac OS X 13_6_1) AppleWebKit/605.1.15 (KHTML, like Gecko) Version/17.2 Safari/605.1.15"
145.241.116.12 - - [01/Sep/2026:11:04:00 -0500] "GET /wp-login.php?redirect_to=https%3A%2F%2Fcampanaarquidiocesana.org%2Fwp-admin%2Findex.php&reauth=1 HTTP/1.1" 200 9325 "https://iglesiaerestu.org/wp-login.php" "Mozilla/5.0 (Macintosh; Intel Mac OS X 13_6_1) AppleWebKit/605.1.15 (KHTML, like Gecko) Version/17.2 Safari/605.1.15"
192.145.125.70 - - [01/Sep/2026:11:03:55 -0500] "GET /wp-includes/Requests/ HTTP/1.1" 403 199 "-" "-"
145.241.116.12 - - [01/Sep/2026:11:04:03 -0500] "GET /wp-admin/index.php HTTP/1.1" 302 - "https://iglesiaerestu.org/wp-login.php" "Mozilla/5.0 (Macintosh; Intel Mac OS X 13_6_1; rv:121.0) Gecko/20100101 Firefox/121.0"
145.241.116.12 - - [01/Sep/2026:11:04:04 -0500] "GET /wp-login.php?redirect_to=https%3A%2F%2Fcampanaarquidiocesana.org%2Fwp-admin%2Findex.php&reauth=1 HTTP/1.1" 200 9325 "https://iglesiaerestu.org/wp-login.php" "Mozilla/5.0 (Macintosh; Intel Mac OS X 13_6_1; rv:121.0) Gecko/20100101 Firefox/121.0"
145.241.116.12 - - [01/Sep/2026:11:04:07 -0500] "GET /wp-admin/index.php HTTP/1.1" 302 - "https://iglesiaerestu.org/wp-login.php" "Mozilla/5.0 (Windows NT 11.0; Win64; x64) AppleWebKit/537.36 (KHTML, like Gecko) Chrome/120.0.0.0 Safari/537.36"
145.241.116.12 - - [01/Sep/2026:11:04:09 -0500] "GET /wp-login.php?redirect_to=https%3A%2F%2Fcampanaarquidiocesana.org%2Fwp-admin%2Findex.php&reauth=1 HTTP/1.1" 200 9325 "https://iglesiaerestu.org/wp-login.php" "Mozilla/5.0 (Windows NT 11.0; Win64; x64) AppleWebKit/537.36 (KHTML, like Gecko) Chrome/120.0.0.0 Safari/537.36"
145.241.116.12 - - [01/Sep/2026:11:04:11 -0500] "GET /wp-admin/index.php HTTP/1.1" 302 - "https://iglesiaerestu.org/wp-login.php" "Mozilla/5.0 (Macintosh; Intel Mac OS X 10_15_7) AppleWebKit/537.36 (KHTML, like Gecko) Chrome/118.0.0.0 Safari/537.36"
145.241.116.12 - - [01/Sep/2026:11:04:13 -0500] "GET /wp-login.php?redirect_to=https%3A%2F%2Fcampanaarquidiocesana.org%2Fwp-admin%2Findex.php&reauth=1 HTTP/1.1" 200 9325 "https://iglesiaerestu.org/wp-login.php" "Mozilla/5.0 (Macintosh; Intel Mac OS X 10_15_7) AppleWebKit/537.36 (KHTML, like Gecko) Chrome/118.0.0.0 Safari/537.36"
145.241.116.12 - - [01/Sep/2026:11:04:14 -0500] "GET /wp-admin/index.php HTTP/1.1" 302 - "https://iglesiaerestu.org/wp-login.php" "Mozilla/5.0 (Macintosh; Intel Mac OS X 10_15_7; rv:121.0) Gecko/20100101 Firefox/121.0"
145.241.116.12 - - [01/Sep/2026:11:04:16 -0500] "GET /wp-login.php?redirect_to=https%3A%2F%2Fcampanaarquidiocesana.org%2Fwp-admin%2Findex.php&reauth=1 HTTP/1.1" 200 9325 "https://iglesiaerestu.org/wp-login.php" "Mozilla/5.0 (Macintosh; Intel Mac OS X 10_15_7; rv:121.0) Gecko/20100101 Firefox/121.0"
145.241.116.12 - - [01/Sep/2026:11:04:18 -0500] "GET /wp-admin/index.php HTTP/1.1" 302 - "https://iglesiaerestu.org/wp-login.php" "Mozilla/5.0 (Macintosh; Intel Mac OS X 10_15_7) AppleWebKit/605.1.15 (KHTML, like Gecko) Version/17.2 Safari/605.1.15"
145.241.116.12 - - [01/Sep/2026:11:04:19 -0500] "GET /wp-login.php?redirect_to=https%3A%2F%2Fcampanaarquidiocesana.org%2Fwp-admin%2Findex.php&reauth=1 HTTP/1.1" 200 9325 "https://iglesiaerestu.org/wp-login.php" "Mozilla/5.0 (Macintosh; Intel Mac OS X 10_15_7) AppleWebKit/605.1.15 (KHTML, like Gecko) Version/17.2 Safari/605.1.15"
145.241.116.12 - - [01/Sep/2026:11:04:21 -0500] "GET /wp-admin/index.php HTTP/1.1" 302 - "https://iglesiaerestu.org/wp-login.php" "Mozilla/5.0 (X11; Ubuntu; Linux x86_64) AppleWebKit/537.36 (KHTML, like Gecko) Chrome/118.0.0.0 Safari/537.36"
145.241.116.12 - - [01/Sep/2026:11:04:23 -0500] "GET /wp-login.php?redirect_to=https%3A%2F%2Fcampanaarquidiocesana.org%2Fwp-admin%2Findex.php&reauth=1 HTTP/1.1" 200 9325 "https://iglesiaerestu.org/wp-login.php" "Mozilla/5.0 (X11; Ubuntu; Linux x86_64) AppleWebKit/537.36 (KHTML, like Gecko) Chrome/118.0.0.0 Safari/537.36"
145.241.116.12 - - [01/Sep/2026:11:04:24 -0500] "GET /wp-admin/index.php HTTP/1.1" 302 - "https://iglesiaerestu.org/wp-login.php" "Mozilla/5.0 (Macintosh; Intel Mac OS X 13_6_1) AppleWebKit/537.36 (KHTML, like Gecko) Chrome/119.0.0.0 Safari/537.36"
145.241.116.12 - - [01/Sep/2026:11:04:26 -0500] "GET /wp-login.php?redirect_to=https%3A%2F%2Fcampanaarquidiocesana.org%2Fwp-admin%2Findex.php&reauth=1 HTTP/1.1" 200 9325 "https://iglesiaerestu.org/wp-login.php" "Mozilla/5.0 (Macintosh; Intel Mac OS X 13_6_1) AppleWebKit/537.36 (KHTML, like Gecko) Chrome/119.0.0.0 Safari/537.36"
145.241.116.12 - - [01/Sep/2026:11:04:28 -0500] "GET /wp-admin/index.php HTTP/1.1" 302 - "https://iglesiaerestu.org/wp-login.php" "Mozilla/5.0 (Macintosh; Intel Mac OS X 10_15_7) AppleWebKit/605.1.15 (KHTML, like Gecko) Version/16.6 Safari/605.1.15"
145.241.116.12 - - [01/Sep/2026:11:04:29 -0500] "GET /wp-login.php?redirect_to=https%3A%2F%2Fcampanaarquidiocesana.org%2Fwp-admin%2Findex.php&reauth=1 HTTP/1.1" 200 9325 "https://iglesiaerestu.org/wp-login.php" "Mozilla/5.0 (Macintosh; Intel Mac OS X 10_15_7) AppleWebKit/605.1.15 (KHTML, like Gecko) Version/16.6 Safari/605.1.15"
145.241.116.12 - - [01/Sep/2026:11:04:31 -0500] "GET /wp-admin/index.php HTTP/1.1" 302 - "https://iglesiaerestu.org/wp-login.php" "Mozilla/5.0 (Macintosh; Intel Mac OS X 13_6_1; rv:119.0) Gecko/20100101 Firefox/119.0"
145.241.116.12 - - [01/Sep/2026:11:04:32 -0500] "GET /wp-login.php?redirect_to=https%3A%2F%2Fcampanaarquidiocesana.org%2Fwp-admin%2Findex.php&reauth=1 HTTP/1.1" 200 9325 "https://iglesiaerestu.org/wp-login.php" "Mozilla/5.0 (Macintosh; Intel Mac OS X 13_6_1; rv:119.0) Gecko/20100101 Firefox/119.0"
145.241.116.12 - - [01/Sep/2026:11:04:34 -0500] "GET /wp-admin/index.php HTTP/1.1" 302 - "https://iglesiaerestu.org/wp-login.php" "Mozilla/5.0 (Macintosh; Intel Mac OS X 13_6_1) AppleWebKit/537.36 (KHTML, like Gecko) Chrome/120.0.0.0 Safari/537.36"
145.241.116.12 - - [01/Sep/2026:11:04:35 -0500] "GET /wp-login.php?redirect_to=https%3A%2F%2Fcampanaarquidiocesana.org%2Fwp-admin%2Findex.php&reauth=1 HTTP/1.1" 200 9325 "https://iglesiaerestu.org/wp-login.php" "Mozilla/5.0 (Macintosh; Intel Mac OS X 13_6_1) AppleWebKit/537.36 (KHTML, like Gecko) Chrome/120.0.0.0 Safari/537.36"
145.241.116.12 - - [01/Sep/2026:11:04:37 -0500] "GET /wp-admin/index.php HTTP/1.1" 302 - "https://iglesiaerestu.org/wp-login.php" "Mozilla/5.0 (Windows NT 11.0; Win64; x64; rv:118.0) Gecko/20100101 Firefox/118.0"
145.241.116.12 - - [01/Sep/2026:11:04:39 -0500] "GET /wp-login.php?redirect_to=https%3A%2F%2Fcampanaarquidiocesana.org%2Fwp-admin%2Findex.php&reauth=1 HTTP/1.1" 200 9325 "https://iglesiaerestu.org/wp-login.php" "Mozilla/5.0 (Windows NT 11.0; Win64; x64; rv:118.0) Gecko/20100101 Firefox/118.0"
145.241.116.12 - - [01/Sep/2026:11:04:41 -0500] "GET /wp-admin/index.php HTTP/1.1" 302 - "https://iglesiaerestu.org/wp-login.php" "Mozilla/5.0 (Macintosh; Intel Mac OS X 10_15_7) AppleWebKit/537.36 (KHTML, like Gecko) Chrome/119.0.0.0 Safari/537.36"
145.241.116.12 - - [01/Sep/2026:11:04:42 -0500] "GET /wp-login.php?redirect_to=https%3A%2F%2Fcampanaarquidiocesana.org%2Fwp-admin%2Findex.php&reauth=1 HTTP/1.1" 200 9325 "https://iglesiaerestu.org/wp-login.php" "Mozilla/5.0 (Macintosh; Intel Mac OS X 10_15_7) AppleWebKit/537.36 (KHTML, like Gecko) Chrome/119.0.0.0 Safari/537.36"
145.241.116.12 - - [01/Sep/2026:11:04:44 -0500] "GET /wp-admin/index.php HTTP/1.1" 302 - "https://iglesiaerestu.org/wp-login.php" "Mozilla/5.0 (Macintosh; Intel Mac OS X 13_6_1; rv:118.0) Gecko/20100101 Firefox/118.0"
145.241.116.12 - - [01/Sep/2026:11:04:46 -0500] "GET /wp-login.php?redirect_to=https%3A%2F%2Fcampanaarquidiocesana.org%2Fwp-admin%2Findex.php&reauth=1 HTTP/1.1" 200 9325 "https://iglesiaerestu.org/wp-login.php" "Mozilla/5.0 (Macintosh; Intel Mac OS X 13_6_1; rv:118.0) Gecko/20100101 Firefox/118.0"
145.241.116.12 - - [01/Sep/2026:11:04:47 -0500] "GET /wp-admin/index.php HTTP/1.1" 302 - "https://iglesiaerestu.org/wp-login.php" "Mozilla/5.0 (Macintosh; Intel Mac OS X 10_15_7) AppleWebKit/605.1.15 (KHTML, like Gecko) Version/17.2 Safari/605.1.15"
145.241.116.12 - - [01/Sep/2026:11:04:49 -0500] "GET /wp-login.php?redirect_to=https%3A%2F%2Fcampanaarquidiocesana.org%2Fwp-admin%2Findex.php&reauth=1 HTTP/1.1" 200 9325 "https://iglesiaerestu.org/wp-login.php" "Mozilla/5.0 (Macintosh; Intel Mac OS X 10_15_7) AppleWebKit/605.1.15 (KHTML, like Gecko) Version/17.2 Safari/605.1.15"
145.241.116.12 - - [01/Sep/2026:11:04:51 -0500] "GET /wp-admin/index.php HTTP/1.1" 302 - "https://iglesiaerestu.org/wp-login.php" "Mozilla/5.0 (Macintosh; Intel Mac OS X 10_15_7) AppleWebKit/537.36 (KHTML, like Gecko) Chrome/120.0.0.0 Safari/537.36"
145.241.116.12 - - [01/Sep/2026:11:04:52 -0500] "GET /wp-login.php?redirect_to=https%3A%2F%2Fcampanaarquidiocesana.org%2Fwp-admin%2Findex.php&reauth=1 HTTP/1.1" 200 9325 "https://iglesiaerestu.org/wp-login.php" "Mozilla/5.0 (Macintosh; Intel Mac OS X 10_15_7) AppleWebKit/537.36 (KHTML, like Gecko) Chrome/120.0.0.0 Safari/537.36"
145.241.116.12 - - [01/Sep/2026:11:04:54 -0500] "GET /wp-admin/index.php HTTP/1.1" 302 - "https://iglesiaerestu.org/wp-login.php" "Mozilla/5.0 (Windows NT 11.0; Win64; x64) AppleWebKit/537.36 (KHTML, like Gecko) Chrome/120.0.0.0 Safari/537.36"
145.241.116.12 - - [01/Sep/2026:11:04:55 -0500] "GET /wp-login.php?redirect_to=https%3A%2F%2Fcampanaarquidiocesana.org%2Fwp-admin%2Findex.php&reauth=1 HTTP/1.1" 200 9325 "https://iglesiaerestu.org/wp-login.php" "Mozilla/5.0 (Windows NT 11.0; Win64; x64) AppleWebKit/537.36 (KHTML, like Gecko) Chrome/120.0.0.0 Safari/537.36"
145.241.116.12 - - [01/Sep/2026:11:04:57 -0500] "GET /wp-admin/index.php HTTP/1.1" 302 - "https://iglesiaerestu.org/wp-login.php" "Mozilla/5.0 (Macintosh; Intel Mac OS X 10_15_7) AppleWebKit/537.36 (KHTML, like Gecko) Chrome/119.0.0.0 Safari/537.36"
145.241.116.12 - - [01/Sep/2026:11:04:59 -0500] "GET /wp-login.php?redirect_to=https%3A%2F%2Fcampanaarquidiocesana.org%2Fwp-admin%2Findex.php&reauth=1 HTTP/1.1" 200 9325 "https://iglesiaerestu.org/wp-login.php" "Mozilla/5.0 (Macintosh; Intel Mac OS X 10_15_7) AppleWebKit/537.36 (KHTML, like Gecko) Chrome/119.0.0.0 Safari/537.36"
145.241.116.12 - - [01/Sep/2026:11:05:01 -0500] "GET /wp-admin/index.php HTTP/1.1" 302 - "https://iglesiaerestu.org/wp-login.php" "Mozilla/5.0 (Macintosh; Intel Mac OS X 13_6_1) AppleWebKit/605.1.15 (KHTML, like Gecko) Version/17.2 Safari/605.1.15"
145.241.116.12 - - [01/Sep/2026:11:05:02 -0500] "GET /wp-login.php?redirect_to=https%3A%2F%2Fcampanaarquidiocesana.org%2Fwp-admin%2Findex.php&reauth=1 HTTP/1.1" 200 9325 "https://iglesiaerestu.org/wp-login.php" "Mozilla/5.0 (Macintosh; Intel Mac OS X 13_6_1) AppleWebKit/605.1.15 (KHTML, like Gecko) Version/17.2 Safari/605.1.15"
145.241.116.12 - - [01/Sep/2026:11:05:04 -0500] "GET /wp-admin/index.php HTTP/1.1" 302 - "https://iglesiaerestu.org/wp-login.php" "Mozilla/5.0 (Macintosh; Intel Mac OS X 13_6_1; rv:118.0) Gecko/20100101 Firefox/118.0"
145.241.116.12 - - [01/Sep/2026:11:05:05 -0500] "GET /wp-login.php?redirect_to=https%3A%2F%2Fcampanaarquidiocesana.org%2Fwp-admin%2Findex.php&reauth=1 HTTP/1.1" 200 9325 "https://iglesiaerestu.org/wp-login.php" "Mozilla/5.0 (Macintosh; Intel Mac OS X 13_6_1; rv:118.0) Gecko/20100101 Firefox/118.0"
145.241.116.12 - - [01/Sep/2026:11:05:07 -0500] "GET /wp-admin/index.php HTTP/1.1" 302 - "https://iglesiaerestu.org/wp-login.php" "Mozilla/5.0 (Macintosh; Intel Mac OS X 13_6_1; rv:121.0) Gecko/20100101 Firefox/121.0"
145.241.116.12 - - [01/Sep/2026:11:05:08 -0500] "GET /wp-login.php?redirect_to=https%3A%2F%2Fcampanaarquidiocesana.org%2Fwp-admin%2Findex.php&reauth=1 HTTP/1.1" 200 9325 "https://iglesiaerestu.org/wp-login.php" "Mozilla/5.0 (Macintosh; Intel Mac OS X 13_6_1; rv:121.0) Gecko/20100101 Firefox/121.0"
145.241.116.12 - - [01/Sep/2026:11:05:10 -0500] "GET /wp-admin/index.php HTTP/1.1" 302 - "https://iglesiaerestu.org/wp-login.php" "Mozilla/5.0 (Windows NT 10.0; Win64; x64; rv:121.0) Gecko/20100101 Firefox/121.0"
145.241.116.12 - - [01/Sep/2026:11:05:12 -0500] "GET /wp-login.php?redirect_to=https%3A%2F%2Fcampanaarquidiocesana.org%2Fwp-admin%2Findex.php&reauth=1 HTTP/1.1" 200 9325 "https://iglesiaerestu.org/wp-login.php" "Mozilla/5.0 (Windows NT 10.0; Win64; x64; rv:121.0) Gecko/20100101 Firefox/121.0"
145.241.116.12 - - [01/Sep/2026:11:05:13 -0500] "GET /wp-admin/index.php HTTP/1.1" 302 - "https://iglesiaerestu.org/wp-login.php" "Mozilla/5.0 (Windows NT 11.0; Win64; x64) AppleWebKit/537.36 (KHTML, like Gecko) Chrome/121.0.0.0 Safari/537.36"
145.241.116.12 - - [01/Sep/2026:11:05:15 -0500] "GET /wp-login.php?redirect_to=https%3A%2F%2Fcampanaarquidiocesana.org%2Fwp-admin%2Findex.php&reauth=1 HTTP/1.1" 200 9325 "https://iglesiaerestu.org/wp-login.php" "Mozilla/5.0 (Windows NT 11.0; Win64; x64) AppleWebKit/537.36 (KHTML, like Gecko) Chrome/121.0.0.0 Safari/537.36"
145.241.116.12 - - [01/Sep/2026:11:05:17 -0500] "GET /wp-admin/index.php HTTP/1.1" 302 - "https://iglesiaerestu.org/wp-login.php" "Mozilla/5.0 (Windows NT 11.0; Win64; x64) AppleWebKit/537.36 (KHTML, like Gecko) Chrome/118.0.0.0 Safari/537.36"
216.244.66.231 - - [01/Sep/2026:11:05:17 -0500] "GET /69?page=9&module=noticias&i=4 HTTP/1.1" 404 41678 "-" "Mozilla/5.0 (compatible; DotBot/1.2; +https://opensiteexplorer.org/dotbot; help@moz.com)"
145.241.116.12 - - [01/Sep/2026:11:05:18 -0500] "GET /wp-login.php?redirect_to=https%3A%2F%2Fcampanaarquidiocesana.org%2Fwp-admin%2Findex.php&reauth=1 HTTP/1.1" 200 9325 "https://iglesiaerestu.org/wp-login.php" "Mozilla/5.0 (Windows NT 11.0; Win64; x64) AppleWebKit/537.36 (KHTML, like Gecko) Chrome/118.0.0.0 Safari/537.36"
145.241.116.12 - - [01/Sep/2026:11:05:20 -0500] "GET /wp-admin/index.php HTTP/1.1" 302 - "https://iglesiaerestu.org/wp-login.php" "Mozilla/5.0 (X11; Linux x86_64) AppleWebKit/537.36 (KHTML, like Gecko) Chrome/120.0.0.0 Safari/537.36"
145.241.116.12 - - [01/Sep/2026:11:05:22 -0500] "GET /wp-login.php?redirect_to=https%3A%2F%2Fcampanaarquidiocesana.org%2Fwp-admin%2Findex.php&reauth=1 HTTP/1.1" 200 9325 "https://iglesiaerestu.org/wp-login.php" "Mozilla/5.0 (X11; Linux x86_64) AppleWebKit/537.36 (KHTML, like Gecko) Chrome/120.0.0.0 Safari/537.36"
216.244.66.231 - - [01/Sep/2026:11:05:22 -0500] "GET /index.php/forums/member/ajax_resp/ajax_resp/10 HTTP/1.1" 301 - "-" "Mozilla/5.0 (compatible; DotBot/1.2; +https://opensiteexplorer.org/dotbot; help@moz.com)"
145.241.116.12 - - [01/Sep/2026:11:05:24 -0500] "GET /wp-admin/index.php HTTP/1.1" 302 - "https://iglesiaerestu.org/wp-login.php" "Mozilla/5.0 (Windows NT 10.0; Win64; x64; rv:118.0) Gecko/20100101 Firefox/118.0"
145.241.116.12 - - [01/Sep/2026:11:05:25 -0500] "GET /wp-login.php?redirect_to=https%3A%2F%2Fcampanaarquidiocesana.org%2Fwp-admin%2Findex.php&reauth=1 HTTP/1.1" 200 9325 "https://iglesiaerestu.org/wp-login.php" "Mozilla/5.0 (Windows NT 10.0; Win64; x64; rv:118.0) Gecko/20100101 Firefox/118.0"
145.241.116.12 - - [01/Sep/2026:11:05:27 -0500] "GET /wp-admin/index.php HTTP/1.1" 302 - "https://iglesiaerestu.org/wp-login.php" "Mozilla/5.0 (Windows NT 11.0; Win64; x64) AppleWebKit/537.36 (KHTML, like Gecko) Chrome/118.0.0.0 Safari/537.36"
145.241.116.12 - - [01/Sep/2026:11:05:29 -0500] "GET /wp-login.php?redirect_to=https%3A%2F%2Fcampanaarquidiocesana.org%2Fwp-admin%2Findex.php&reauth=1 HTTP/1.1" 200 9325 "https://iglesiaerestu.org/wp-login.php" "Mozilla/5.0 (Windows NT 11.0; Win64; x64) AppleWebKit/537.36 (KHTML, like Gecko) Chrome/118.0.0.0 Safari/537.36"
145.241.116.12 - - [01/Sep/2026:11:05:30 -0500] "GET /wp-admin/index.php HTTP/1.1" 302 - "https://iglesiaerestu.org/wp-login.php" "Mozilla/5.0 (X11; Ubuntu; Linux x86_64) AppleWebKit/537.36 (KHTML, like Gecko) Chrome/119.0.0.0 Safari/537.36"
145.241.116.12 - - [01/Sep/2026:11:05:32 -0500] "GET /wp-login.php?redirect_to=https%3A%2F%2Fcampanaarquidiocesana.org%2Fwp-admin%2Findex.php&reauth=1 HTTP/1.1" 200 9325 "https://iglesiaerestu.org/wp-login.php" "Mozilla/5.0 (X11; Ubuntu; Linux x86_64) AppleWebKit/537.36 (KHTML, like Gecko) Chrome/119.0.0.0 Safari/537.36"
145.241.116.12 - - [01/Sep/2026:11:05:33 -0500] "GET /wp-admin/index.php HTTP/1.1" 302 - "https://iglesiaerestu.org/wp-login.php" "Mozilla/5.0 (Macintosh; Intel Mac OS X 13_6_1; rv:119.0) Gecko/20100101 Firefox/119.0"
145.241.116.12 - - [01/Sep/2026:11:05:35 -0500] "GET /wp-login.php?redirect_to=https%3A%2F%2Fcampanaarquidiocesana.org%2Fwp-admin%2Findex.php&reauth=1 HTTP/1.1" 200 9325 "https://iglesiaerestu.org/wp-login.php" "Mozilla/5.0 (Macintosh; Intel Mac OS X 13_6_1; rv:119.0) Gecko/20100101 Firefox/119.0"
145.241.116.12 - - [01/Sep/2026:11:05:37 -0500] "GET /wp-admin/index.php HTTP/1.1" 302 - "https://iglesiaerestu.org/wp-login.php" "Mozilla/5.0 (Macintosh; Intel Mac OS X 13_6_1) AppleWebKit/605.1.15 (KHTML, like Gecko) Version/16.6 Safari/605.1.15"
145.241.116.12 - - [01/Sep/2026:11:05:38 -0500] "GET /wp-login.php?redirect_to=https%3A%2F%2Fcampanaarquidiocesana.org%2Fwp-admin%2Findex.php&reauth=1 HTTP/1.1" 200 9325 "https://iglesiaerestu.org/wp-login.php" "Mozilla/5.0 (Macintosh; Intel Mac OS X 13_6_1) AppleWebKit/605.1.15 (KHTML, like Gecko) Version/16.6 Safari/605.1.15"
145.241.116.12 - - [01/Sep/2026:11:05:40 -0500] "GET /wp-admin/index.php HTTP/1.1" 302 - "https://iglesiaerestu.org/wp-login.php" "Mozilla/5.0 (Windows NT 10.0; Win64; x64; rv:119.0) Gecko/20100101 Firefox/119.0"
145.241.116.12 - - [01/Sep/2026:11:05:42 -0500] "GET /wp-login.php?redirect_to=https%3A%2F%2Fcampanaarquidiocesana.org%2Fwp-admin%2Findex.php&reauth=1 HTTP/1.1" 200 9325 "https://iglesiaerestu.org/wp-login.php" "Mozilla/5.0 (Windows NT 10.0; Win64; x64; rv:119.0) Gecko/20100101 Firefox/119.0"
145.241.116.12 - - [01/Sep/2026:11:05:44 -0500] "GET /wp-admin/index.php HTTP/1.1" 302 - "https://iglesiaerestu.org/wp-login.php" "Mozilla/5.0 (Macintosh; Intel Mac OS X 10_15_7) AppleWebKit/537.36 (KHTML, like Gecko) Chrome/119.0.0.0 Safari/537.36"
145.241.116.12 - - [01/Sep/2026:11:05:45 -0500] "GET /wp-login.php?redirect_to=https%3A%2F%2Fcampanaarquidiocesana.org%2Fwp-admin%2Findex.php&reauth=1 HTTP/1.1" 200 9325 "https://iglesiaerestu.org/wp-login.php" "Mozilla/5.0 (Macintosh; Intel Mac OS X 10_15_7) AppleWebKit/537.36 (KHTML, like Gecko) Chrome/119.0.0.0 Safari/537.36"
145.241.116.12 - - [01/Sep/2026:11:05:47 -0500] "GET /wp-admin/index.php HTTP/1.1" 302 - "https://iglesiaerestu.org/wp-login.php" "Mozilla/5.0 (Macintosh; Intel Mac OS X 13_6_1) AppleWebKit/605.1.15 (KHTML, like Gecko) Version/17.2 Safari/605.1.15"
145.241.116.12 - - [01/Sep/2026:11:05:49 -0500] "GET /wp-login.php?redirect_to=https%3A%2F%2Fcampanaarquidiocesana.org%2Fwp-admin%2Findex.php&reauth=1 HTTP/1.1" 200 9325 "https://iglesiaerestu.org/wp-login.php" "Mozilla/5.0 (Macintosh; Intel Mac OS X 13_6_1) AppleWebKit/605.1.15 (KHTML, like Gecko) Version/17.2 Safari/605.1.15"
145.241.116.12 - - [01/Sep/2026:11:05:51 -0500] "GET /wp-admin/index.php HTTP/1.1" 302 - "https://iglesiaerestu.org/wp-login.php" "Mozilla/5.0 (X11; Linux x86_64) AppleWebKit/537.36 (KHTML, like Gecko) Chrome/118.0.0.0 Safari/537.36"
145.241.116.12 - - [01/Sep/2026:11:05:52 -0500] "GET /wp-login.php?redirect_to=https%3A%2F%2Fcampanaarquidiocesana.org%2Fwp-admin%2Findex.php&reauth=1 HTTP/1.1" 200 9325 "https://iglesiaerestu.org/wp-login.php" "Mozilla/5.0 (X11; Linux x86_64) AppleWebKit/537.36 (KHTML, like Gecko) Chrome/118.0.0.0 Safari/537.36"
145.241.116.12 - - [01/Sep/2026:11:05:54 -0500] "GET /wp-admin/index.php HTTP/1.1" 302 - "https://iglesiaerestu.org/wp-login.php" "Mozilla/5.0 (Windows NT 11.0; Win64; x64; rv:120.0) Gecko/20100101 Firefox/120.0"
145.241.116.12 - - [01/Sep/2026:11:05:56 -0500] "GET /wp-login.php?redirect_to=https%3A%2F%2Fcampanaarquidiocesana.org%2Fwp-admin%2Findex.php&reauth=1 HTTP/1.1" 200 9325 "https://iglesiaerestu.org/wp-login.php" "Mozilla/5.0 (Windows NT 11.0; Win64; x64; rv:120.0) Gecko/20100101 Firefox/120.0"
145.241.116.12 - - [01/Sep/2026:11:05:57 -0500] "GET /wp-admin/index.php HTTP/1.1" 302 - "https://iglesiaerestu.org/wp-login.php" "Mozilla/5.0 (Windows NT 11.0; Win64; x64) AppleWebKit/537.36 (KHTML, like Gecko) Chrome/120.0.0.0 Safari/537.36"
145.241.116.12 - - [01/Sep/2026:11:05:59 -0500] "GET /wp-login.php?redirect_to=https%3A%2F%2Fcampanaarquidiocesana.org%2Fwp-admin%2Findex.php&reauth=1 HTTP/1.1" 200 9325 "https://iglesiaerestu.org/wp-login.php" "Mozilla/5.0 (Windows NT 11.0; Win64; x64) AppleWebKit/537.36 (KHTML, like Gecko) Chrome/120.0.0.0 Safari/537.36"
145.241.116.12 - - [01/Sep/2026:11:06:01 -0500] "GET /wp-admin/index.php HTTP/1.1" 302 - "https://iglesiaerestu.org/wp-login.php" "Mozilla/5.0 (Macintosh; Intel Mac OS X 13_6_1) AppleWebKit/605.1.15 (KHTML, like Gecko) Version/16.6 Safari/605.1.15"
145.241.116.12 - - [01/Sep/2026:11:06:02 -0500] "GET /wp-login.php?redirect_to=https%3A%2F%2Fcampanaarquidiocesana.org%2Fwp-admin%2Findex.php&reauth=1 HTTP/1.1" 200 9325 "https://iglesiaerestu.org/wp-login.php" "Mozilla/5.0 (Macintosh; Intel Mac OS X 13_6_1) AppleWebKit/605.1.15 (KHTML, like Gecko) Version/16.6 Safari/605.1.15"
145.241.116.12 - - [01/Sep/2026:11:06:04 -0500] "GET /wp-admin/index.php HTTP/1.1" 302 - "https://iglesiaerestu.org/wp-login.php" "Mozilla/5.0 (Macintosh; Intel Mac OS X 13_6_1; rv:120.0) Gecko/20100101 Firefox/120.0"
145.241.116.12 - - [01/Sep/2026:11:06:06 -0500] "GET /wp-login.php?redirect_to=https%3A%2F%2Fcampanaarquidiocesana.org%2Fwp-admin%2Findex.php&reauth=1 HTTP/1.1" 200 9325 "https://iglesiaerestu.org/wp-login.php" "Mozilla/5.0 (Macintosh; Intel Mac OS X 13_6_1; rv:120.0) Gecko/20100101 Firefox/120.0"
145.241.116.12 - - [01/Sep/2026:11:06:07 -0500] "GET /wp-admin/index.php HTTP/1.1" 302 - "https://iglesiaerestu.org/wp-login.php" "Mozilla/5.0 (Macintosh; Intel Mac OS X 13_6_1; rv:121.0) Gecko/20100101 Firefox/121.0"
145.241.116.12 - - [01/Sep/2026:11:06:09 -0500] "GET /wp-login.php?redirect_to=https%3A%2F%2Fcampanaarquidiocesana.org%2Fwp-admin%2Findex.php&reauth=1 HTTP/1.1" 200 9325 "https://iglesiaerestu.org/wp-login.php" "Mozilla/5.0 (Macintosh; Intel Mac OS X 13_6_1; rv:121.0) Gecko/20100101 Firefox/121.0"
145.241.116.12 - - [01/Sep/2026:11:06:11 -0500] "GET /wp-admin/index.php HTTP/1.1" 302 - "https://iglesiaerestu.org/wp-login.php" "Mozilla/5.0 (Macintosh; Intel Mac OS X 10_15_7) AppleWebKit/537.36 (KHTML, like Gecko) Chrome/121.0.0.0 Safari/537.36"
145.241.116.12 - - [01/Sep/2026:11:06:14 -0500] "GET /wp-login.php?redirect_to=https%3A%2F%2Fcampanaarquidiocesana.org%2Fwp-admin%2Findex.php&reauth=1 HTTP/1.1" 200 9325 "https://iglesiaerestu.org/wp-login.php" "Mozilla/5.0 (Macintosh; Intel Mac OS X 10_15_7) AppleWebKit/537.36 (KHTML, like Gecko) Chrome/121.0.0.0 Safari/537.36"
145.241.116.12 - - [01/Sep/2026:11:06:17 -0500] "GET /wp-admin/index.php HTTP/1.1" 302 - "https://iglesiaerestu.org/wp-login.php" "Mozilla/5.0 (Macintosh; Intel Mac OS X 13_6_1) AppleWebKit/537.36 (KHTML, like Gecko) Chrome/119.0.0.0 Safari/537.36"
145.241.116.12 - - [01/Sep/2026:11:06:19 -0500] "GET /wp-login.php?redirect_to=https%3A%2F%2Fcampanaarquidiocesana.org%2Fwp-admin%2Findex.php&reauth=1 HTTP/1.1" 200 9325 "https://iglesiaerestu.org/wp-login.php" "Mozilla/5.0 (Macintosh; Intel Mac OS X 13_6_1) AppleWebKit/537.36 (KHTML, like Gecko) Chrome/119.0.0.0 Safari/537.36"
216.244.66.231 - - [01/Sep/2026:11:06:19 -0500] "GET /ajax_resp/ajax_resp/ajax_resp/7?module=contacto&i=6 HTTP/1.1" 404 51009 "-" "Mozilla/5.0 (compatible; DotBot/1.2; +https://opensiteexplorer.org/dotbot; help@moz.com)"
145.241.116.12 - - [01/Sep/2026:11:06:22 -0500] "GET /wp-admin/index.php HTTP/1.1" 302 - "https://iglesiaerestu.org/wp-login.php" "Mozilla/5.0 (Windows NT 10.0; Win64; x64; rv:121.0) Gecko/20100101 Firefox/121.0"
145.241.116.12 - - [01/Sep/2026:11:06:25 -0500] "GET /wp-login.php?redirect_to=https%3A%2F%2Fcampanaarquidiocesana.org%2Fwp-admin%2Findex.php&reauth=1 HTTP/1.1" 200 9325 "https://iglesiaerestu.org/wp-login.php" "Mozilla/5.0 (Windows NT 10.0; Win64; x64; rv:121.0) Gecko/20100101 Firefox/121.0"
216.244.66.231 - - [01/Sep/2026:11:06:31 -0500] "GET /forums/member/ajax_resp/noticias.php?module=noticias&i=4 HTTP/1.1" 404 51009 "-" "Mozilla/5.0 (compatible; DotBot/1.2; +https://opensiteexplorer.org/dotbot; help@moz.com)"
145.241.116.12 - - [01/Sep/2026:11:06:28 -0500] "GET /wp-admin/index.php HTTP/1.1" 302 - "https://iglesiaerestu.org/wp-login.php" "Mozilla/5.0 (X11; Linux x86_64) AppleWebKit/537.36 (KHTML, like Gecko) Chrome/119.0.0.0 Safari/537.36"
145.241.116.12 - - [01/Sep/2026:11:06:39 -0500] "GET /wp-login.php?redirect_to=https%3A%2F%2Fcampanaarquidiocesana.org%2Fwp-admin%2Findex.php&reauth=1 HTTP/1.1" 200 9325 "https://iglesiaerestu.org/wp-login.php" "Mozilla/5.0 (X11; Linux x86_64) AppleWebKit/537.36 (KHTML, like Gecko) Chrome/119.0.0.0 Safari/537.36"
145.241.116.12 - - [01/Sep/2026:11:06:41 -0500] "GET /wp-admin/index.php HTTP/1.1" 302 - "https://iglesiaerestu.org/wp-login.php" "Mozilla/5.0 (Windows NT 11.0; Win64; x64) AppleWebKit/537.36 (KHTML, like Gecko) Chrome/120.0.0.0 Safari/537.36"
145.241.116.12 - - [01/Sep/2026:11:06:43 -0500] "GET /wp-login.php?redirect_to=https%3A%2F%2Fcampanaarquidiocesana.org%2Fwp-admin%2Findex.php&reauth=1 HTTP/1.1" 200 9325 "https://iglesiaerestu.org/wp-login.php" "Mozilla/5.0 (Windows NT 11.0; Win64; x64) AppleWebKit/537.36 (KHTML, like Gecko) Chrome/120.0.0.0 Safari/537.36"
145.241.116.12 - - [01/Sep/2026:11:06:44 -0500] "GET /wp-admin/index.php HTTP/1.1" 302 - "https://iglesiaerestu.org/wp-login.php" "Mozilla/5.0 (Windows NT 11.0; Win64; x64) AppleWebKit/537.36 (KHTML, like Gecko) Chrome/121.0.0.0 Safari/537.36"
145.241.116.12 - - [01/Sep/2026:11:06:46 -0500] "GET /wp-login.php?redirect_to=https%3A%2F%2Fcampanaarquidiocesana.org%2Fwp-admin%2Findex.php&reauth=1 HTTP/1.1" 200 9325 "https://iglesiaerestu.org/wp-login.php" "Mozilla/5.0 (Windows NT 11.0; Win64; x64) AppleWebKit/537.36 (KHTML, like Gecko) Chrome/121.0.0.0 Safari/537.36"
145.241.116.12 - - [01/Sep/2026:11:06:47 -0500] "GET /wp-admin/index.php HTTP/1.1" 302 - "https://iglesiaerestu.org/wp-login.php" "Mozilla/5.0 (Windows NT 10.0; Win64; x64; rv:121.0) Gecko/20100101 Firefox/121.0"
145.241.116.12 - - [01/Sep/2026:11:06:49 -0500] "GET /wp-login.php?redirect_to=https%3A%2F%2Fcampanaarquidiocesana.org%2Fwp-admin%2Findex.php&reauth=1 HTTP/1.1" 200 9325 "https://iglesiaerestu.org/wp-login.php" "Mozilla/5.0 (Windows NT 10.0; Win64; x64; rv:121.0) Gecko/20100101 Firefox/121.0"
145.241.116.12 - - [01/Sep/2026:11:06:51 -0500] "GET /wp-admin/index.php HTTP/1.1" 302 - "https://iglesiaerestu.org/wp-login.php" "Mozilla/5.0 (Windows NT 10.0; Win64; x64; rv:121.0) Gecko/20100101 Firefox/121.0"
145.241.116.12 - - [01/Sep/2026:11:06:53 -0500] "GET /wp-login.php?redirect_to=https%3A%2F%2Fcampanaarquidiocesana.org%2Fwp-admin%2Findex.php&reauth=1 HTTP/1.1" 200 9325 "https://iglesiaerestu.org/wp-login.php" "Mozilla/5.0 (Windows NT 10.0; Win64; x64; rv:121.0) Gecko/20100101 Firefox/121.0"
145.241.116.12 - - [01/Sep/2026:11:06:54 -0500] "GET /wp-admin/index.php HTTP/1.1" 302 - "https://iglesiaerestu.org/wp-login.php" "Mozilla/5.0 (Windows NT 11.0; Win64; x64; rv:119.0) Gecko/20100101 Firefox/119.0"
192.145.125.70 - - [01/Sep/2026:11:06:56 -0500] "GET /wp-includes/blocks/ HTTP/1.1" 500 - "-" "-"
145.241.116.12 - - [01/Sep/2026:11:06:56 -0500] "GET /wp-login.php?redirect_to=https%3A%2F%2Fcampanaarquidiocesana.org%2Fwp-admin%2Findex.php&reauth=1 HTTP/1.1" 200 9325 "https://iglesiaerestu.org/wp-login.php" "Mozilla/5.0 (Windows NT 11.0; Win64; x64; rv:119.0) Gecko/20100101 Firefox/119.0"
145.241.116.12 - - [01/Sep/2026:11:06:58 -0500] "GET /wp-admin/index.php HTTP/1.1" 302 - "https://iglesiaerestu.org/wp-login.php" "Mozilla/5.0 (Windows NT 10.0; Win64; x64; rv:119.0) Gecko/20100101 Firefox/119.0"
145.241.116.12 - - [01/Sep/2026:11:06:59 -0500] "GET /wp-login.php?redirect_to=https%3A%2F%2Fcampanaarquidiocesana.org%2Fwp-admin%2Findex.php&reauth=1 HTTP/1.1" 200 9325 "https://iglesiaerestu.org/wp-login.php" "Mozilla/5.0 (Windows NT 10.0; Win64; x64; rv:119.0) Gecko/20100101 Firefox/119.0"
145.241.116.12 - - [01/Sep/2026:11:07:01 -0500] "GET /wp-admin/index.php HTTP/1.1" 302 - "https://iglesiaerestu.org/wp-login.php" "Mozilla/5.0 (Windows NT 10.0; Win64; x64) AppleWebKit/537.36 (KHTML, like Gecko) Chrome/119.0.0.0 Safari/537.36"
145.241.116.12 - - [01/Sep/2026:11:07:03 -0500] "GET /wp-login.php?redirect_to=https%3A%2F%2Fcampanaarquidiocesana.org%2Fwp-admin%2Findex.php&reauth=1 HTTP/1.1" 200 9325 "https://iglesiaerestu.org/wp-login.php" "Mozilla/5.0 (Windows NT 10.0; Win64; x64) AppleWebKit/537.36 (KHTML, like Gecko) Chrome/119.0.0.0 Safari/537.36"
145.241.116.12 - - [01/Sep/2026:11:07:04 -0500] "GET /wp-admin/index.php HTTP/1.1" 302 - "https://iglesiaerestu.org/wp-login.php" "Mozilla/5.0 (Macintosh; Intel Mac OS X 10_15_7) AppleWebKit/537.36 (KHTML, like Gecko) Chrome/121.0.0.0 Safari/537.36"
145.241.116.12 - - [01/Sep/2026:11:07:06 -0500] "GET /wp-login.php?redirect_to=https%3A%2F%2Fcampanaarquidiocesana.org%2Fwp-admin%2Findex.php&reauth=1 HTTP/1.1" 200 9325 "https://iglesiaerestu.org/wp-login.php" "Mozilla/5.0 (Macintosh; Intel Mac OS X 10_15_7) AppleWebKit/537.36 (KHTML, like Gecko) Chrome/121.0.0.0 Safari/537.36"
145.241.116.12 - - [01/Sep/2026:11:07:08 -0500] "GET /wp-admin/index.php HTTP/1.1" 302 - "https://iglesiaerestu.org/wp-login.php" "Mozilla/5.0 (Windows NT 11.0; Win64; x64; rv:118.0) Gecko/20100101 Firefox/118.0"
