45.131.195.238 - - [01/Sep/2026:15:25:29 -0500] "POST /wp-login.php HTTP/1.1" 503 19284 "https://campanaarquidiocesana.org/wp-login.php" "Mozilla/5.0 (Macintosh; Intel Mac OS X 13_6_1) AppleWebKit/605.1.15 (KHTML, like Gecko) Version/16.6 Safari/605.1.15"
4.205.62.107 - - [01/Sep/2026:15:25:31 -0500] "GET /fns.php HTTP/1.1" 404 41678 "-" "-"
4.205.62.107 - - [01/Sep/2026:15:25:33 -0500] "GET //koiy.php HTTP/1.1" 301 - "-" "-"
4.205.62.107 - - [01/Sep/2026:15:25:35 -0500] "GET /koiy.php HTTP/1.1" 404 41678 "-" "-"
4.205.62.107 - - [01/Sep/2026:15:25:37 -0500] "GET //aww.php HTTP/1.1" 301 - "-" "-"
4.205.62.107 - - [01/Sep/2026:15:25:39 -0500] "GET /aww.php HTTP/1.1" 404 41678 "-" "-"
4.205.62.107 - - [01/Sep/2026:15:25:41 -0500] "GET /requirements.php HTTP/1.1" 404 41678 "-" "-"
45.131.195.239 - - [01/Sep/2026:15:25:41 -0500] "POST /wp-login.php HTTP/1.1" 503 19284 "https://campanaarquidiocesana.org/wp-login.php" "Mozilla/5.0 (Windows NT 10.0; Win64; x64; rv:118.0) Gecko/20100101 Firefox/118.0"
4.205.62.107 - - [01/Sep/2026:15:25:42 -0500] "GET /retu11.PhP HTTP/1.1" 404 41678 "-" "-"
4.205.62.107 - - [01/Sep/2026:15:25:44 -0500] "GET /guk.php HTTP/1.1" 404 41678 "-" "-"
209.87.169.108 - - [01/Sep/2026:15:25:45 -0500] "GET /wp-admin/index.php HTTP/1.1" 302 - "https://campanaarquidiocesana.org/wp-login.php" "Mozilla/5.0 (Windows NT 10.0; Win64; x64; rv:120.0) Gecko/20100101 Firefox/120.0"
4.205.62.107 - - [01/Sep/2026:15:25:45 -0500] "GET /linusadmin-phpinfo.php HTTP/1.1" 404 41678 "-" "-"
209.87.169.108 - - [01/Sep/2026:15:25:47 -0500] "GET /wp-login.php?redirect_to=https%3A%2F%2Fcampanaarquidiocesana.org%2Fwp-admin%2Findex.php&reauth=1 HTTP/1.1" 200 9325 "https://campanaarquidiocesana.org/wp-login.php" "Mozilla/5.0 (Windows NT 10.0; Win64; x64; rv:120.0) Gecko/20100101 Firefox/120.0"
4.205.62.107 - - [01/Sep/2026:15:25:47 -0500] "GET /ws61.php HTTP/1.1" 404 41678 "-" "-"
209.87.169.108 - - [01/Sep/2026:15:25:49 -0500] "POST /wp-login.php HTTP/1.1" 503 19284 "https://campanaarquidiocesana.org/wp-login.php" "Mozilla/5.0 (Macintosh; Intel Mac OS X 13_6_1) AppleWebKit/605.1.15 (KHTML, like Gecko) Version/17.0 Safari/605.1.15"
4.205.62.107 - - [01/Sep/2026:15:25:49 -0500] "GET /test.php HTTP/1.1" 404 41678 "-" "-"
4.205.62.107 - - [01/Sep/2026:15:25:58 -0500] "GET /aws_settings.php HTTP/1.1" 404 41678 "-" "-"
4.205.62.107 - - [01/Sep/2026:15:26:00 -0500] "GET /brc.php HTTP/1.1" 404 41678 "-" "-"
4.205.62.107 - - [01/Sep/2026:15:26:01 -0500] "GET /asdf.php HTTP/1.1" 404 41678 "-" "-"
4.205.62.107 - - [01/Sep/2026:15:26:03 -0500] "GET /avim.php HTTP/1.1" 404 41678 "-" "-"
4.205.62.107 - - [01/Sep/2026:15:26:05 -0500] "GET /old_phpinfo.php HTTP/1.1" 404 41678 "-" "-"
4.205.62.107 - - [01/Sep/2026:15:26:07 -0500] "GET /adminfus.php HTTP/1.1" 404 41678 "-" "-"
209.87.169.107 - - [01/Sep/2026:15:26:08 -0500] "POST /wp-login.php HTTP/1.1" 503 18281 "https://campanaarquidiocesana.org/wp-login.php" "Mozilla/5.0 (Macintosh; Intel Mac OS X 13_6_1; rv:119.0) Gecko/20100101 Firefox/119.0"
157.90.185.123 - - [01/Sep/2026:15:26:09 -0500] "POST /?wordfence_syncAttackData=1788294369.2204 HTTP/1.1" 200 - "-" "WordPress/6.6.7; https://campanaarquidiocesana.org"
4.205.62.107 - - [01/Sep/2026:15:26:08 -0500] "GET /session.php HTTP/1.1" 404 41678 "-" "-"
209.87.169.83 - - [01/Sep/2026:15:26:10 -0500] "GET /wp-admin/index.php HTTP/1.1" 302 - "https://campanaarquidiocesana.org/wp-login.php" "Mozilla/5.0 (Windows NT 10.0; Win64; x64) AppleWebKit/537.36 (KHTML, like Gecko) Chrome/121.0.0.0 Safari/537.36"
4.205.62.107 - - [01/Sep/2026:15:26:11 -0500] "GET /otuz1.php HTTP/1.1" 404 41678 "-" "-"
209.87.169.83 - - [01/Sep/2026:15:26:12 -0500] "GET /wp-login.php?redirect_to=https%3A%2F%2Fcampanaarquidiocesana.org%2Fwp-admin%2Findex.php&reauth=1 HTTP/1.1" 200 9325 "https://campanaarquidiocesana.org/wp-login.php" "Mozilla/5.0 (Windows NT 10.0; Win64; x64) AppleWebKit/537.36 (KHTML, like Gecko) Chrome/121.0.0.0 Safari/537.36"
4.205.62.107 - - [01/Sep/2026:15:26:13 -0500] "GET /time.php HTTP/1.1" 404 41678 "-" "-"
4.205.62.107 - - [01/Sep/2026:15:26:15 -0500] "GET /adminer-4.7.6-en.php HTTP/1.1" 404 41678 "-" "-"
173.239.224.207 - - [01/Sep/2026:15:26:08 -0500] "POST /wp-login.php HTTP/1.1" 503 19284 "-" "Mozilla/5.0 (Macintosh; Intel Mac OS X 10_15_7) AppleWebKit/605.1.15 Version/17.0 Safari/605.1.15"
209.87.169.83 - - [01/Sep/2026:15:26:14 -0500] "POST /wp-login.php HTTP/1.1" 503 19284 "https://campanaarquidiocesana.org/wp-login.php" "Mozilla/5.0 (Macintosh; Intel Mac OS X 13_6_1; rv:121.0) Gecko/20100101 Firefox/121.0"
157.90.185.123 - - [01/Sep/2026:15:26:09 -0500] "POST /?wordfence_syncAttackData=1788294369.6129 HTTP/1.1" 200 16384 "-" "WordPress/6.6.7; https://campanaarquidiocesana.org"
4.205.62.107 - - [01/Sep/2026:15:26:17 -0500] "GET /ah25.php HTTP/1.1" 404 41678 "-" "-"
4.205.62.107 - - [01/Sep/2026:15:26:18 -0500] "GET /ccou.php HTTP/1.1" 404 41678 "-" "-"
4.205.62.107 - - [01/Sep/2026:15:26:20 -0500] "GET /xin1.php HTTP/1.1" 404 41678 "-" "-"
209.87.169.107 - - [01/Sep/2026:15:26:22 -0500] "GET /wp-admin/index.php HTTP/1.1" 503 19284 "https://campanaarquidiocesana.org/wp-login.php" "Mozilla/5.0 (Macintosh; Intel Mac OS X 13_6_1) AppleWebKit/605.1.15 (KHTML, like Gecko) Version/17.0 Safari/605.1.15"
4.205.62.107 - - [01/Sep/2026:15:26:22 -0500] "GET /xmy.php HTTP/1.1" 404 41678 "-" "-"
4.205.62.107 - - [01/Sep/2026:15:26:24 -0500] "GET /phpi.php HTTP/1.1" 404 41678 "-" "-"
4.205.62.107 - - [01/Sep/2026:15:26:26 -0500] "GET /hosty.php HTTP/1.1" 404 41678 "-" "-"
4.205.62.107 - - [01/Sep/2026:15:26:27 -0500] "GET /atex1.php HTTP/1.1" 404 41678 "-" "-"
4.205.62.107 - - [01/Sep/2026:15:26:29 -0500] "GET /mcebraed.php HTTP/1.1" 404 41678 "-" "-"
4.205.62.107 - - [01/Sep/2026:15:26:31 -0500] "GET /php-details.php HTTP/1.1" 404 41678 "-" "-"
4.205.62.107 - - [01/Sep/2026:15:26:33 -0500] "GET /grsiuk.php HTTP/1.1" 404 41678 "-" "-"
4.205.62.107 - - [01/Sep/2026:15:26:34 -0500] "GET /config_dev.php HTTP/1.1" 404 41678 "-" "-"
4.205.62.107 - - [01/Sep/2026:15:26:36 -0500] "GET /vx.php HTTP/1.1" 404 41678 "-" "-"
4.205.62.107 - - [01/Sep/2026:15:26:38 -0500] "GET /lala.php HTTP/1.1" 404 41678 "-" "-"
4.205.62.107 - - [01/Sep/2026:15:26:40 -0500] "GET /pinfo.php HTTP/1.1" 404 41678 "-" "-"
209.87.169.78 - - [01/Sep/2026:15:26:41 -0500] "GET /wp-admin/profile.php HTTP/1.1" 302 - "https://campanaarquidiocesana.org/wp-login.php" "Mozilla/5.0 (Macintosh; Intel Mac OS X 13_6_1) AppleWebKit/605.1.15 (KHTML, like Gecko) Version/17.0 Safari/605.1.15"
4.205.62.107 - - [01/Sep/2026:15:26:42 -0500] "GET //edit.php HTTP/1.1" 301 - "-" "-"
209.87.169.78 - - [01/Sep/2026:15:26:42 -0500] "GET /wp-login.php?redirect_to=https%3A%2F%2Fcampanaarquidiocesana.org%2Fwp-admin%2Fprofile.php&reauth=1 HTTP/1.1" 200 9329 "https://campanaarquidiocesana.org/wp-login.php" "Mozilla/5.0 (Macintosh; Intel Mac OS X 13_6_1) AppleWebKit/605.1.15 (KHTML, like Gecko) Version/17.0 Safari/605.1.15"
4.205.62.107 - - [01/Sep/2026:15:26:43 -0500] "GET /edit.php HTTP/1.1" 404 41678 "-" "-"
4.205.62.107 - - [01/Sep/2026:15:26:45 -0500] "GET /debuggen.php HTTP/1.1" 404 41678 "-" "-"
209.87.169.78 - - [01/Sep/2026:15:26:44 -0500] "POST /wp-login.php HTTP/1.1" 503 19284 "https://campanaarquidiocesana.org/wp-login.php" "Mozilla/5.0 (Windows NT 11.0; Win64; x64; rv:119.0) Gecko/20100101 Firefox/119.0"
4.205.62.107 - - [01/Sep/2026:15:26:46 -0500] "GET /wp-act.php HTTP/1.1" 404 41678 "-" "-"
4.205.62.107 - - [01/Sep/2026:15:26:48 -0500] "GET /chosen.php HTTP/1.1" 404 41678 "-" "-"
4.205.62.107 - - [01/Sep/2026:15:26:50 -0500] "GET /public/wp-blog.php HTTP/1.1" 404 41678 "-" "-"
209.87.169.125 - - [01/Sep/2026:15:26:50 -0500] "GET /wp-admin/index.php HTTP/1.1" 302 - "https://campanaarquidiocesana.org/wp-login.php" "Mozilla/5.0 (Windows NT 10.0; Win64; x64; rv:119.0) Gecko/20100101 Firefox/119.0"
4.205.62.107 - - [01/Sep/2026:15:26:52 -0500] "GET /queue.php HTTP/1.1" 404 41678 "-" "-"
4.205.62.107 - - [01/Sep/2026:15:26:53 -0500] "GET /admin-ajax.php HTTP/1.1" 404 41678 "-" "-"
209.87.169.125 - - [01/Sep/2026:15:26:54 -0500] "GET /wp-login.php?redirect_to=https%3A%2F%2Fcampanaarquidiocesana.org%2Fwp-admin%2Findex.php&reauth=1 HTTP/1.1" 200 9325 "https://campanaarquidiocesana.org/wp-login.php" "Mozilla/5.0 (Windows NT 10.0; Win64; x64; rv:119.0) Gecko/20100101 Firefox/119.0"
4.205.62.107 - - [01/Sep/2026:15:26:55 -0500] "GET /btx25.php HTTP/1.1" 404 41678 "-" "-"
4.205.62.107 - - [01/Sep/2026:15:26:57 -0500] "GET /goods.php HTTP/1.1" 404 41678 "-" "-"
4.205.62.107 - - [01/Sep/2026:15:26:59 -0500] "GET /umgebung.php HTTP/1.1" 404 41678 "-" "-"
209.87.169.125 - - [01/Sep/2026:15:26:55 -0500] "POST /wp-login.php HTTP/1.1" 503 19284 "https://campanaarquidiocesana.org/wp-login.php" "Mozilla/5.0 (Macintosh; Intel Mac OS X 10_15_7) AppleWebKit/605.1.15 (KHTML, like Gecko) Version/17.2 Safari/605.1.15"
4.205.62.107 - - [01/Sep/2026:15:27:01 -0500] "GET /124.php HTTP/1.1" 404 41678 "-" "-"
4.205.62.107 - - [01/Sep/2026:15:27:03 -0500] "GET /file59.php HTTP/1.1" 404 41678 "-" "-"
4.205.62.107 - - [01/Sep/2026:15:27:04 -0500] "GET /thui.php HTTP/1.1" 404 41678 "-" "-"
4.205.62.107 - - [01/Sep/2026:15:27:06 -0500] "GET /server-info.php HTTP/1.1" 404 41678 "-" "-"
209.87.169.111 - - [01/Sep/2026:15:27:07 -0500] "GET /wp-admin/index.php HTTP/1.1" 302 - "https://campanaarquidiocesana.org/wp-login.php" "Mozilla/5.0 (Windows NT 11.0; Win64; x64) AppleWebKit/537.36 (KHTML, like Gecko) Chrome/121.0.0.0 Safari/537.36"
4.205.62.107 - - [01/Sep/2026:15:27:08 -0500] "GET /ws79.php HTTP/1.1" 404 41678 "-" "-"
209.87.169.111 - - [01/Sep/2026:15:27:09 -0500] "GET /wp-login.php?redirect_to=https%3A%2F%2Fcampanaarquidiocesana.org%2Fwp-admin%2Findex.php&reauth=1 HTTP/1.1" 200 9325 "https://campanaarquidiocesana.org/wp-login.php" "Mozilla/5.0 (Windows NT 11.0; Win64; x64) AppleWebKit/537.36 (KHTML, like Gecko) Chrome/121.0.0.0 Safari/537.36"
4.205.62.107 - - [01/Sep/2026:15:27:10 -0500] "GET /routes.php HTTP/1.1" 404 41678 "-" "-"
209.87.169.111 - - [01/Sep/2026:15:27:11 -0500] "POST /wp-login.php HTTP/1.1" 503 19284 "https://campanaarquidiocesana.org/wp-login.php" "Mozilla/5.0 (Macintosh; Intel Mac OS X 13_6_1) AppleWebKit/605.1.15 (KHTML, like Gecko) Version/16.6 Safari/605.1.15"
4.205.62.107 - - [01/Sep/2026:15:27:12 -0500] "GET /public/rip.php.php HTTP/1.1" 404 41678 "-" "-"
4.205.62.107 - - [01/Sep/2026:15:27:14 -0500] "GET /wsws.php HTTP/1.1" 404 41678 "-" "-"
4.205.62.107 - - [01/Sep/2026:15:27:16 -0500] "GET /nlnub.php HTTP/1.1" 404 41678 "-" "-"
4.205.62.107 - - [01/Sep/2026:15:27:17 -0500] "GET //sys.php HTTP/1.1" 301 - "-" "-"
4.205.62.107 - - [01/Sep/2026:15:27:19 -0500] "GET /sys.php HTTP/1.1" 404 41678 "-" "-"
209.87.169.80 - - [01/Sep/2026:15:27:23 -0500] "GET /wp-admin/index.php HTTP/1.1" 302 - "https://campanaarquidiocesana.org/wp-login.php" "Mozilla/5.0 (Windows NT 11.0; Win64; x64) AppleWebKit/537.36 (KHTML, like Gecko) Chrome/120.0.0.0 Safari/537.36"
209.87.169.80 - - [01/Sep/2026:15:27:24 -0500] "GET /wp-login.php?redirect_to=https%3A%2F%2Fcampanaarquidiocesana.org%2Fwp-admin%2Findex.php&reauth=1 HTTP/1.1" 200 9325 "https://campanaarquidiocesana.org/wp-login.php" "Mozilla/5.0 (Windows NT 11.0; Win64; x64) AppleWebKit/537.36 (KHTML, like Gecko) Chrome/120.0.0.0 Safari/537.36"
4.205.62.107 - - [01/Sep/2026:15:27:21 -0500] "GET /sadd.php HTTP/1.1" 404 41678 "-" "-"
4.205.62.107 - - [01/Sep/2026:15:27:32 -0500] "GET /cloud.php HTTP/1.1" 404 41678 "-" "-"
209.87.169.80 - - [01/Sep/2026:15:27:26 -0500] "POST /wp-login.php HTTP/1.1" 503 19284 "https://campanaarquidiocesana.org/wp-login.php" "Mozilla/5.0 (X11; Linux x86_64) AppleWebKit/537.36 (KHTML, like Gecko) Chrome/120.0.0.0 Safari/537.36"
4.205.62.107 - - [01/Sep/2026:15:27:33 -0500] "GET /wp-info.php HTTP/1.1" 404 41678 "-" "-"
168.107.89.182 - - [01/Sep/2026:15:27:34 -0500] "GET /wp-login.php HTTP/1.1" 200 9201 "-" "Mozilla/5.0 (Windows NT 10.0; Win64; x64) AppleWebKit/537.36 Chrome/129.0.0.0 Safari/537.36"
4.205.62.107 - - [01/Sep/2026:15:27:35 -0500] "GET /upload.form.php HTTP/1.1" 404 41678 "-" "-"
4.205.62.107 - - [01/Sep/2026:15:27:37 -0500] "GET /png.php HTTP/1.1" 404 41678 "-" "-"
4.205.62.107 - - [01/Sep/2026:15:27:39 -0500] "GET /configuration.php HTTP/1.1" 404 41678 "-" "-"
4.205.62.107 - - [01/Sep/2026:15:27:43 -0500] "GET /25.php HTTP/1.1" 404 41678 "-" "-"
4.205.62.107 - - [01/Sep/2026:15:27:45 -0500] "GET /pass4.php HTTP/1.1" 404 41678 "-" "-"
4.205.62.107 - - [01/Sep/2026:15:27:47 -0500] "GET /public/vx.php HTTP/1.1" 404 41678 "-" "-"
4.205.62.107 - - [01/Sep/2026:15:27:48 -0500] "GET /olfclass.php HTTP/1.1" 404 41678 "-" "-"
209.87.169.98 - - [01/Sep/2026:15:27:49 -0500] "GET /wp-admin/profile.php HTTP/1.1" 302 - "https://campanaarquidiocesana.org/wp-login.php" "Mozilla/5.0 (X11; Ubuntu; Linux x86_64) AppleWebKit/537.36 (KHTML, like Gecko) Chrome/120.0.0.0 Safari/537.36"
4.205.62.107 - - [01/Sep/2026:15:27:50 -0500] "GET /test1.php HTTP/1.1" 404 41678 "-" "-"
209.87.169.98 - - [01/Sep/2026:15:27:51 -0500] "GET /wp-login.php?redirect_to=https%3A%2F%2Fcampanaarquidiocesana.org%2Fwp-admin%2Fprofile.php&reauth=1 HTTP/1.1" 200 9329 "https://campanaarquidiocesana.org/wp-login.php" "Mozilla/5.0 (X11; Ubuntu; Linux x86_64) AppleWebKit/537.36 (KHTML, like Gecko) Chrome/120.0.0.0 Safari/537.36"
4.205.62.107 - - [01/Sep/2026:15:27:52 -0500] "GET //drykl.php HTTP/1.1" 301 - "-" "-"
4.205.62.107 - - [01/Sep/2026:15:27:54 -0500] "GET /drykl.php HTTP/1.1" 404 41678 "-" "-"
209.87.169.98 - - [01/Sep/2026:15:27:54 -0500] "POST /wp-login.php HTTP/1.1" 503 19284 "https://campanaarquidiocesana.org/wp-login.php" "Mozilla/5.0 (Windows NT 11.0; Win64; x64) AppleWebKit/537.36 (KHTML, like Gecko) Chrome/118.0.0.0 Safari/537.36"
4.205.62.107 - - [01/Sep/2026:15:27:55 -0500] "GET /ty.php HTTP/1.1" 404 41678 "-" "-"
4.205.62.107 - - [01/Sep/2026:15:27:57 -0500] "GET /myfile.php HTTP/1.1" 404 41678 "-" "-"
209.87.169.98 - - [01/Sep/2026:15:27:59 -0500] "GET /wp-admin/index.php HTTP/1.1" 503 19284 "https://campanaarquidiocesana.org/wp-login.php" "Mozilla/5.0 (X11; Ubuntu; Linux x86_64) AppleWebKit/537.36 (KHTML, like Gecko) Chrome/120.0.0.0 Safari/537.36"
4.205.62.107 - - [01/Sep/2026:15:27:59 -0500] "GET /fff.php HTTP/1.1" 404 41678 "-" "-"
4.205.62.107 - - [01/Sep/2026:15:28:01 -0500] "GET /bootstrap.php HTTP/1.1" 404 41678 "-" "-"
209.87.169.102 - - [01/Sep/2026:15:28:01 -0500] "GET /wp-admin/profile.php HTTP/1.1" 302 - "https://campanaarquidiocesana.org/wp-login.php" "Mozilla/5.0 (X11; Ubuntu; Linux x86_64) AppleWebKit/537.36 (KHTML, like Gecko) Chrome/120.0.0.0 Safari/537.36"
4.205.62.107 - - [01/Sep/2026:15:28:03 -0500] "GET /server_info.php HTTP/1.1" 404 41678 "-" "-"
209.87.169.102 - - [01/Sep/2026:15:28:05 -0500] "GET /wp-login.php?redirect_to=https%3A%2F%2Fcampanaarquidiocesana.org%2Fwp-admin%2Fprofile.php&reauth=1 HTTP/1.1" 200 9329 "https://campanaarquidiocesana.org/wp-login.php" "Mozilla/5.0 (X11; Ubuntu; Linux x86_64) AppleWebKit/537.36 (KHTML, like Gecko) Chrome/120.0.0.0 Safari/537.36"
4.205.62.107 - - [01/Sep/2026:15:28:04 -0500] "GET /X57.php HTTP/1.1" 404 41678 "-" "-"
4.205.62.107 - - [01/Sep/2026:15:28:07 -0500] "GET /temp.php HTTP/1.1" 404 41678 "-" "-"
209.87.169.102 - - [01/Sep/2026:15:28:06 -0500] "POST /wp-login.php HTTP/1.1" 503 19284 "https://campanaarquidiocesana.org/wp-login.php" "Mozilla/5.0 (X11; Linux x86_64) AppleWebKit/537.36 (KHTML, like Gecko) Chrome/119.0.0.0 Safari/537.36"
4.205.62.107 - - [01/Sep/2026:15:28:08 -0500] "GET /aws.php HTTP/1.1" 404 41678 "-" "-"
4.205.62.107 - - [01/Sep/2026:15:28:10 -0500] "GET /services.php HTTP/1.1" 404 41678 "-" "-"
4.205.62.107 - - [01/Sep/2026:15:28:12 -0500] "GET /radio.php HTTP/1.1" 404 41678 "-" "-"
4.205.62.107 - - [01/Sep/2026:15:28:14 -0500] "GET /fleen.php HTTP/1.1" 404 41678 "-" "-"
4.205.62.107 - - [01/Sep/2026:15:28:16 -0500] "GET /file21.php HTTP/1.1" 404 41678 "-" "-"
4.205.62.107 - - [01/Sep/2026:15:28:18 -0500] "GET /f35.php HTTP/1.1" 404 41678 "-" "-"
4.205.62.107 - - [01/Sep/2026:15:28:20 -0500] "GET /paypal.php HTTP/1.1" 404 41678 "-" "-"
4.205.62.107 - - [01/Sep/2026:15:28:29 -0500] "GET /wp-access.php HTTP/1.1" 404 41678 "-" "-"
4.205.62.107 - - [01/Sep/2026:15:28:32 -0500] "GET /cxc.php HTTP/1.1" 404 41678 "-" "-"
4.205.62.107 - - [01/Sep/2026:15:28:34 -0500] "GET /xda.php HTTP/1.1" 404 41678 "-" "-"
4.205.62.107 - - [01/Sep/2026:15:28:36 -0500] "GET /aws_secret_config.php HTTP/1.1" 404 41678 "-" "-"
4.205.62.107 - - [01/Sep/2026:15:28:38 -0500] "GET /public/bnn_.php.php HTTP/1.1" 404 41678 "-" "-"
209.87.169.112 - - [01/Sep/2026:15:28:39 -0500] "GET /wp-admin/edit.php HTTP/1.1" 302 - "https://campanaarquidiocesana.org/wp-login.php" "Mozilla/5.0 (Macintosh; Intel Mac OS X 10_15_7) AppleWebKit/537.36 (KHTML, like Gecko) Chrome/118.0.0.0 Safari/537.36"
209.87.169.112 - - [01/Sep/2026:15:28:40 -0500] "GET /wp-login.php?redirect_to=https%3A%2F%2Fcampanaarquidiocesana.org%2Fwp-admin%2Fedit.php&reauth=1 HTTP/1.1" 200 9323 "https://campanaarquidiocesana.org/wp-login.php" "Mozilla/5.0 (Macintosh; Intel Mac OS X 10_15_7) AppleWebKit/537.36 (KHTML, like Gecko) Chrome/118.0.0.0 Safari/537.36"
4.205.62.107 - - [01/Sep/2026:15:28:40 -0500] "GET /application.config.php HTTP/1.1" 404 41678 "-" "-"
4.205.62.107 - - [01/Sep/2026:15:28:42 -0500] "GET /oiko6u.php HTTP/1.1" 404 41678 "-" "-"
4.205.62.107 - - [01/Sep/2026:15:28:43 -0500] "GET /app_local.php HTTP/1.1" 404 41678 "-" "-"
4.205.62.107 - - [01/Sep/2026:15:28:46 -0500] "GET /erty.php HTTP/1.1" 404 41678 "-" "-"
209.87.169.112 - - [01/Sep/2026:15:28:46 -0500] "POST /wp-login.php HTTP/1.1" 503 19284 "https://campanaarquidiocesana.org/wp-login.php" "Mozilla/5.0 (Windows NT 10.0; Win64; x64) AppleWebKit/537.36 (KHTML, like Gecko) Chrome/119.0.0.0 Safari/537.36"
4.205.62.107 - - [01/Sep/2026:15:28:49 -0500] "GET /aws_keys.php HTTP/1.1" 404 41678 "-" "-"
4.205.62.107 - - [01/Sep/2026:15:28:53 -0500] "GET /filesystems.php HTTP/1.1" 404 41678 "-" "-"
4.205.62.107 - - [01/Sep/2026:15:28:54 -0500] "GET /bigdump.php HTTP/1.1" 404 41678 "-" "-"
4.205.62.107 - - [01/Sep/2026:15:28:56 -0500] "GET /gnmlc.php HTTP/1.1" 404 41678 "-" "-"
209.87.169.101 - - [01/Sep/2026:15:28:56 -0500] "GET /wp-admin/index.php HTTP/1.1" 302 - "https://campanaarquidiocesana.org/wp-login.php" "Mozilla/5.0 (Windows NT 11.0; Win64; x64) AppleWebKit/537.36 (KHTML, like Gecko) Chrome/121.0.0.0 Safari/537.36"
4.205.62.107 - - [01/Sep/2026:15:28:58 -0500] "GET /mamzi.php HTTP/1.1" 404 41678 "-" "-"
4.205.62.107 - - [01/Sep/2026:15:29:00 -0500] "GET //wp-includes/js/tinymce/themes/inlite HTTP/1.1" 301 278 "-" "-"
4.205.62.107 - - [01/Sep/2026:15:29:00 -0500] "GET /wp-includes/js/tinymce/themes/inlite/ HTTP/1.1" 403 199 "-" "-"
209.87.169.101 - - [01/Sep/2026:15:28:59 -0500] "GET /wp-login.php?redirect_to=https%3A%2F%2Fcampanaarquidiocesana.org%2Fwp-admin%2Findex.php&reauth=1 HTTP/1.1" 200 9325 "https://campanaarquidiocesana.org/wp-login.php" "Mozilla/5.0 (Windows NT 11.0; Win64; x64) AppleWebKit/537.36 (KHTML, like Gecko) Chrome/121.0.0.0 Safari/537.36"
40.77.167.41 - - [01/Sep/2026:15:29:00 -0500] "GET / HTTP/1.1" 200 113794 "-" "Mozilla/5.0 AppleWebKit/537.36 (KHTML, like Gecko; compatible; bingbot/2.0; +http://www.bing.com/bingbot.htm) Chrome/116.0.1938.76 Safari/537.36"
4.205.62.107 - - [01/Sep/2026:15:29:00 -0500] "GET /nzv.php HTTP/1.1" 404 41678 "-" "-"
209.87.169.101 - - [01/Sep/2026:15:29:01 -0500] "POST /wp-login.php HTTP/1.1" 503 19284 "https://campanaarquidiocesana.org/wp-login.php" "Mozilla/5.0 (Windows NT 10.0; Win64; x64) AppleWebKit/537.36 (KHTML, like Gecko) Chrome/120.0.0.0 Safari/537.36"
4.205.62.107 - - [01/Sep/2026:15:29:02 -0500] "GET /4563.php HTTP/1.1" 404 41678 "-" "-"
4.205.62.107 - - [01/Sep/2026:15:29:04 -0500] "GET /debug.php HTTP/1.1" 404 41678 "-" "-"
4.205.62.107 - - [01/Sep/2026:15:29:06 -0500] "GET /lm15.php HTTP/1.1" 404 41678 "-" "-"
4.205.62.107 - - [01/Sep/2026:15:29:08 -0500] "GET /cache-compat.php HTTP/1.1" 404 41678 "-" "-"
4.205.62.107 - - [01/Sep/2026:15:29:09 -0500] "GET /app_dev.php HTTP/1.1" 404 41678 "-" "-"
209.87.169.78 - - [01/Sep/2026:15:29:11 -0500] "GET /wp-admin/index.php HTTP/1.1" 503 19284 "https://campanaarquidiocesana.org/wp-login.php" "Mozilla/5.0 (Macintosh; Intel Mac OS X 10_15_7) AppleWebKit/605.1.15 (KHTML, like Gecko) Version/17.0 Safari/605.1.15"
4.205.62.107 - - [01/Sep/2026:15:29:11 -0500] "GET /plss3.php HTTP/1.1" 404 41678 "-" "-"
4.205.62.107 - - [01/Sep/2026:15:29:13 -0500] "GET /gecko-litespeed.php HTTP/1.1" 404 41678 "-" "-"
4.205.62.107 - - [01/Sep/2026:15:29:14 -0500] "GET /env.php HTTP/1.1" 404 41678 "-" "-"
4.205.62.107 - - [01/Sep/2026:15:29:16 -0500] "GET /8.php HTTP/1.1" 404 41678 "-" "-"
4.205.62.107 - - [01/Sep/2026:15:29:18 -0500] "GET //thui.php HTTP/1.1" 301 - "-" "-"
4.205.62.107 - - [01/Sep/2026:15:29:19 -0500] "GET /thui.php HTTP/1.1" 404 41678 "-" "-"
4.205.62.107 - - [01/Sep/2026:15:29:21 -0500] "GET /public/mah.php.php HTTP/1.1" 404 41678 "-" "-"
4.205.62.107 - - [01/Sep/2026:15:29:23 -0500] "GET /kedi.php HTTP/1.1" 404 41678 "-" "-"
4.205.62.107 - - [01/Sep/2026:15:29:24 -0500] "GET //u88.php HTTP/1.1" 301 - "-" "-"
4.205.62.107 - - [01/Sep/2026:15:29:26 -0500] "GET /u88.php HTTP/1.1" 404 41678 "-" "-"
4.205.62.107 - - [01/Sep/2026:15:29:28 -0500] "GET /rum.or.php HTTP/1.1" 404 41678 "-" "-"
209.87.169.99 - - [01/Sep/2026:15:29:29 -0500] "GET /wp-admin/edit.php HTTP/1.1" 302 - "https://campanaarquidiocesana.org/wp-login.php" "Mozilla/5.0 (Macintosh; Intel Mac OS X 10_15_7) AppleWebKit/605.1.15 (KHTML, like Gecko) Version/17.0 Safari/605.1.15"
4.205.62.107 - - [01/Sep/2026:15:29:30 -0500] "GET /phpsysinfo.php HTTP/1.1" 404 41678 "-" "-"
209.87.169.99 - - [01/Sep/2026:15:29:31 -0500] "GET /wp-login.php?redirect_to=https%3A%2F%2Fcampanaarquidiocesana.org%2Fwp-admin%2Fedit.php&reauth=1 HTTP/1.1" 200 9323 "https://campanaarquidiocesana.org/wp-login.php" "Mozilla/5.0 (Macintosh; Intel Mac OS X 10_15_7) AppleWebKit/605.1.15 (KHTML, like Gecko) Version/17.0 Safari/605.1.15"
4.205.62.107 - - [01/Sep/2026:15:29:31 -0500] "GET /wdf.php HTTP/1.1" 404 41678 "-" "-"
4.205.62.107 - - [01/Sep/2026:15:29:33 -0500] "GET /maxro.php HTTP/1.1" 404 41678 "-" "-"
209.87.169.99 - - [01/Sep/2026:15:29:32 -0500] "POST /wp-login.php HTTP/1.1" 503 19284 "https://campanaarquidiocesana.org/wp-login.php" "Mozilla/5.0 (Windows NT 11.0; Win64; x64) AppleWebKit/537.36 (KHTML, like Gecko) Chrome/119.0.0.0 Safari/537.36"
4.205.62.107 - - [01/Sep/2026:15:29:35 -0500] "GET /loxi-o.php HTTP/1.1" 404 41678 "-" "-"
4.205.62.107 - - [01/Sep/2026:15:29:36 -0500] "GET /rpk.php HTTP/1.1" 404 41678 "-" "-"
209.87.169.87 - - [01/Sep/2026:15:29:37 -0500] "GET /wp-admin/index.php HTTP/1.1" 302 - "https://campanaarquidiocesana.org/wp-login.php" "Mozilla/5.0 (X11; Ubuntu; Linux x86_64) AppleWebKit/537.36 (KHTML, like Gecko) Chrome/119.0.0.0 Safari/537.36"
4.205.62.107 - - [01/Sep/2026:15:29:38 -0500] "GET /sgd.php HTTP/1.1" 404 41678 "-" "-"
209.87.169.87 - - [01/Sep/2026:15:29:40 -0500] "GET /wp-login.php?redirect_to=https%3A%2F%2Fcampanaarquidiocesana.org%2Fwp-admin%2Findex.php&reauth=1 HTTP/1.1" 200 9325 "https://campanaarquidiocesana.org/wp-login.php" "Mozilla/5.0 (X11; Ubuntu; Linux x86_64) AppleWebKit/537.36 (KHTML, like Gecko) Chrome/119.0.0.0 Safari/537.36"
4.205.62.107 - - [01/Sep/2026:15:29:40 -0500] "GET /tinyfilemanager.php HTTP/1.1" 404 41678 "-" "-"
209.87.169.87 - - [01/Sep/2026:15:29:42 -0500] "POST /wp-login.php HTTP/1.1" 503 19284 "https://campanaarquidiocesana.org/wp-login.php" "Mozilla/5.0 (X11; Ubuntu; Linux x86_64) AppleWebKit/537.36 (KHTML, like Gecko) Chrome/120.0.0.0 Safari/537.36"
209.87.169.106 - - [01/Sep/2026:15:29:48 -0500] "GET /wp-admin/index.php HTTP/1.1" 302 - "https://campanaarquidiocesana.org/wp-login.php" "Mozilla/5.0 (Macintosh; Intel Mac OS X 10_15_7) AppleWebKit/537.36 (KHTML, like Gecko) Chrome/120.0.0.0 Safari/537.36"
209.87.169.106 - - [01/Sep/2026:15:29:50 -0500] "GET /wp-login.php?redirect_to=https%3A%2F%2Fcampanaarquidiocesana.org%2Fwp-admin%2Findex.php&reauth=1 HTTP/1.1" 200 9325 "https://campanaarquidiocesana.org/wp-login.php" "Mozilla/5.0 (Macintosh; Intel Mac OS X 10_15_7) AppleWebKit/537.36 (KHTML, like Gecko) Chrome/120.0.0.0 Safari/537.36"
209.87.169.106 - - [01/Sep/2026:15:29:54 -0500] "POST /wp-login.php HTTP/1.1" 503 19284 "https://campanaarquidiocesana.org/wp-login.php" "Mozilla/5.0 (Macintosh; Intel Mac OS X 13_6_1) AppleWebKit/537.36 (KHTML, like Gecko) Chrome/120.0.0.0 Safari/537.36"
209.87.169.95 - - [01/Sep/2026:15:30:11 -0500] "GET /wp-admin/index.php HTTP/1.1" 302 - "https://campanaarquidiocesana.org/wp-login.php" "Mozilla/5.0 (Macintosh; Intel Mac OS X 10_15_7) AppleWebKit/605.1.15 (KHTML, like Gecko) Version/17.1 Safari/605.1.15"
209.87.169.95 - - [01/Sep/2026:15:30:13 -0500] "GET /wp-login.php?redirect_to=https%3A%2F%2Fcampanaarquidiocesana.org%2Fwp-admin%2Findex.php&reauth=1 HTTP/1.1" 200 9325 "https://campanaarquidiocesana.org/wp-login.php" "Mozilla/5.0 (Macintosh; Intel Mac OS X 10_15_7) AppleWebKit/605.1.15 (KHTML, like Gecko) Version/17.1 Safari/605.1.15"
209.87.169.95 - - [01/Sep/2026:15:30:15 -0500] "POST /wp-login.php HTTP/1.1" 503 19284 "https://campanaarquidiocesana.org/wp-login.php" "Mozilla/5.0 (Macintosh; Intel Mac OS X 13_6_1; rv:119.0) Gecko/20100101 Firefox/119.0"
209.87.169.96 - - [01/Sep/2026:15:30:23 -0500] "GET /wp-admin/index.php HTTP/1.1" 302 - "https://campanaarquidiocesana.org/wp-login.php" "Mozilla/5.0 (Macintosh; Intel Mac OS X 10_15_7; rv:120.0) Gecko/20100101 Firefox/120.0"
209.87.169.96 - - [01/Sep/2026:15:30:25 -0500] "GET /wp-login.php?redirect_to=https%3A%2F%2Fcampanaarquidiocesana.org%2Fwp-admin%2Findex.php&reauth=1 HTTP/1.1" 200 9325 "https://campanaarquidiocesana.org/wp-login.php" "Mozilla/5.0 (Macintosh; Intel Mac OS X 10_15_7; rv:120.0) Gecko/20100101 Firefox/120.0"
209.87.169.96 - - [01/Sep/2026:15:30:27 -0500] "POST /wp-login.php HTTP/1.1" 503 19284 "https://campanaarquidiocesana.org/wp-login.php" "Mozilla/5.0 (Macintosh; Intel Mac OS X 10_15_7; rv:118.0) Gecko/20100101 Firefox/118.0"
209.87.169.119 - - [01/Sep/2026:15:30:56 -0500] "GET /wp-admin/edit.php HTTP/1.1" 302 - "https://campanaarquidiocesana.org/wp-login.php" "Mozilla/5.0 (Macintosh; Intel Mac OS X 10_15_7) AppleWebKit/537.36 (KHTML, like Gecko) Chrome/119.0.0.0 Safari/537.36"
209.87.169.119 - - [01/Sep/2026:15:31:00 -0500] "GET /wp-login.php?redirect_to=https%3A%2F%2Fcampanaarquidiocesana.org%2Fwp-admin%2Fedit.php&reauth=1 HTTP/1.1" 200 9323 "https://campanaarquidiocesana.org/wp-login.php" "Mozilla/5.0 (Macintosh; Intel Mac OS X 10_15_7) AppleWebKit/537.36 (KHTML, like Gecko) Chrome/119.0.0.0 Safari/537.36"
209.87.169.78 - - [01/Sep/2026:15:31:49 -0500] "POST /wp-login.php HTTP/1.1" 503 18282 "https://campanaarquidiocesana.org/wp-login.php" "Mozilla/5.0 (Windows NT 10.0; Win64; x64) AppleWebKit/537.36 (KHTML, like Gecko) Chrome/119.0.0.0 Safari/537.36"
157.90.185.123 - - [01/Sep/2026:15:32:11 -0500] "POST /?wordfence_syncAttackData=1788294731.5686 HTTP/1.1" 200 - "-" "WordPress/6.6.7; https://campanaarquidiocesana.org"
198.74.53.125 - - [01/Sep/2026:15:32:10 -0500] "HEAD /wordpress/ HTTP/1.1" 404 - "http://iglesiaerestu.org/wordpress/" "Mozilla/5.0 (Linux; Android 13; Nokia G42 5G) AppleWebKit/537.36 (KHTML, like Gecko) Chrome/126.0.6478.41 Mobile Safari/537.36"
198.74.53.125 - - [01/Sep/2026:15:32:13 -0500] "HEAD /blog/ HTTP/1.1" 200 - "http://iglesiaerestu.org/blog/" "Mozilla/5.0 (Linux; Android 13; Infinix X688B) AppleWebKit/537.36 (KHTML, like Gecko) Chrome/124.0.6367.48 Mobile Safari/537.36"
198.74.53.125 - - [01/Sep/2026:15:32:14 -0500] "HEAD /wp/ HTTP/1.1" 404 - "http://iglesiaerestu.org/wp/" "Mozilla/5.0 (Windows NT 10.0; Win64; x64) AppleWebKit/537.36 (KHTML, like Gecko) Chrome/126.0.6478.70 Safari/537.36 Vivaldi/6.7.3200.25"
198.74.53.125 - - [01/Sep/2026:15:32:16 -0500] "HEAD / HTTP/1.1" 200 - "http://iglesiaerestu.org/" "Mozilla/5.0 (iPad; CPU OS 17_4 like Mac OS X) AppleWebKit/605.1.15 (KHTML, like Gecko) Version/17.4 Mobile/15E148 Safari/604.1"
198.74.53.125 - - [01/Sep/2026:15:32:18 -0500] "HEAD /new/ HTTP/1.1" 404 - "http://iglesiaerestu.org/new/" "Mozilla/5.0 (Windows NT 10.0; Win64; x64) AppleWebKit/537.36 (KHTML, like Gecko) Chrome/127.0.6534.42 Safari/537.36"
198.74.53.125 - - [01/Sep/2026:15:32:19 -0500] "HEAD /backup/ HTTP/1.1" 404 - "http://iglesiaerestu.org/backup/" "Mozilla/5.0 (X11; Linux x86_64; rv:127.0) Gecko/20100101 Firefox/127.0"
198.74.53.125 - - [01/Sep/2026:15:32:21 -0500] "HEAD /old/ HTTP/1.1" 404 - "http://iglesiaerestu.org/old/" "Mozilla/5.0 (Linux; Android 13; Pixel 7a) AppleWebKit/537.36 (KHTML, like Gecko) Chrome/124.0.6367.82 Mobile Safari/537.36"
209.87.169.103 - - [01/Sep/2026:15:32:32 -0500] "POST /wp-login.php HTTP/1.1" 503 19284 "https://campanaarquidiocesana.org/wp-login.php" "Mozilla/5.0 (Windows NT 11.0; Win64; x64; rv:120.0) Gecko/20100101 Firefox/120.0"
209.87.169.76 - - [01/Sep/2026:15:32:44 -0500] "POST /wp-login.php HTTP/1.1" 503 19284 "https://campanaarquidiocesana.org/wp-login.php" "Mozilla/5.0 (Windows NT 10.0; Win64; x64) AppleWebKit/537.36 (KHTML, like Gecko) Chrome/118.0.0.0 Safari/537.36"
209.87.169.113 - - [01/Sep/2026:15:33:07 -0500] "POST /wp-login.php HTTP/1.1" 503 19284 "https://campanaarquidiocesana.org/wp-login.php" "Mozilla/5.0 (Macintosh; Intel Mac OS X 13_6_1) AppleWebKit/537.36 (KHTML, like Gecko) Chrome/120.0.0.0 Safari/537.36"
20.104.18.15 - - [01/Sep/2026:15:33:18 -0500] "GET /wp-content/plugins/hellopress/wp_filemanager.php HTTP/1.1" 404 51009 "-" "-"
20.104.18.15 - - [01/Sep/2026:15:33:20 -0500] "GET /this_is_a_new_hello_world.php HTTP/1.1" 404 41678 "-" "-"
20.104.18.15 - - [01/Sep/2026:15:33:21 -0500] "GET //adminfuns.php HTTP/1.1" 403 199 "-" "-"
20.104.18.15 - - [01/Sep/2026:15:33:22 -0500] "GET /goods.php HTTP/1.1" 404 41678 "-" "-"
20.104.18.15 - - [01/Sep/2026:15:33:23 -0500] "GET /100.php HTTP/1.1" 404 41678 "-" "-"
20.104.18.15 - - [01/Sep/2026:15:33:25 -0500] "GET /about.php? HTTP/1.1" 404 41678 "-" "-"
20.104.18.15 - - [01/Sep/2026:15:33:26 -0500] "GET /about.php HTTP/1.1" 404 41678 "-" "-"
20.104.18.15 - - [01/Sep/2026:15:33:28 -0500] "GET /admin.php HTTP/1.1" 404 41678 "-" "-"
20.104.18.15 - - [01/Sep/2026:15:33:30 -0500] "GET /admin.php? HTTP/1.1" 404 41678 "-" "-"
20.104.18.15 - - [01/Sep/2026:15:33:31 -0500] "GET //themes.php HTTP/1.1" 301 - "-" "-"
20.104.18.15 - - [01/Sep/2026:15:33:33 -0500] "GET /themes.php HTTP/1.1" 404 41678 "-" "-"
146.70.160.222 - - [01/Sep/2026:15:33:35 -0500] "GET /wp-content/plugins/classic-editor/ HTTP/1.1" 403 199 "-" "-"
20.104.18.15 - - [01/Sep/2026:15:33:34 -0500] "GET /biufile.php HTTP/1.1" 404 41678 "-" "-"
20.104.18.15 - - [01/Sep/2026:15:33:36 -0500] "GET /coffexium.php HTTP/1.1" 404 41678 "-" "-"
20.104.18.15 - - [01/Sep/2026:15:33:38 -0500] "GET /coffee.php HTTP/1.1" 404 41678 "-" "-"
20.104.18.15 - - [01/Sep/2026:15:33:40 -0500] "GET /classwithtostring.php?p= HTTP/1.1" 301 - "-" "-"
209.87.169.93 - - [01/Sep/2026:15:33:40 -0500] "GET /wp-admin/edit.php HTTP/1.1" 302 - "https://campanaarquidiocesana.org/wp-login.php" "Mozilla/5.0 (Windows NT 10.0; Win64; x64) AppleWebKit/537.36 (KHTML, like Gecko) Chrome/118.0.0.0 Safari/537.36"
20.104.18.15 - - [01/Sep/2026:15:33:41 -0500] "GET /classwithtostring.php HTTP/1.1" 404 41678 "-" "-"
209.87.169.93 - - [01/Sep/2026:15:33:42 -0500] "GET /wp-login.php?redirect_to=https%3A%2F%2Fcampanaarquidiocesana.org%2Fwp-admin%2Fedit.php&reauth=1 HTTP/1.1" 200 9323 "https://campanaarquidiocesana.org/wp-login.php" "Mozilla/5.0 (Windows NT 10.0; Win64; x64) AppleWebKit/537.36 (KHTML, like Gecko) Chrome/118.0.0.0 Safari/537.36"
20.104.18.15 - - [01/Sep/2026:15:33:43 -0500] "GET /wp-ws68.php?p= HTTP/1.1" 301 - "-" "-"
20.104.18.15 - - [01/Sep/2026:15:33:44 -0500] "GET /wp-ws68.php HTTP/1.1" 404 41678 "-" "-"
209.87.169.93 - - [01/Sep/2026:15:33:44 -0500] "POST /wp-login.php HTTP/1.1" 503 19284 "https://campanaarquidiocesana.org/wp-login.php" "Mozilla/5.0 (X11; Ubuntu; Linux x86_64) AppleWebKit/537.36 (KHTML, like Gecko) Chrome/121.0.0.0 Safari/537.36"
20.104.18.15 - - [01/Sep/2026:15:33:46 -0500] "GET /mgrr.php HTTP/1.1" 404 41678 "-" "-"
20.104.18.15 - - [01/Sep/2026:15:33:48 -0500] "GET /55.php?p= HTTP/1.1" 301 - "-" "-"
20.104.18.15 - - [01/Sep/2026:15:33:49 -0500] "GET /55.php HTTP/1.1" 404 41678 "-" "-"
20.104.18.15 - - [01/Sep/2026:15:33:51 -0500] "GET /yj09.php HTTP/1.1" 404 41678 "-" "-"
20.104.18.15 - - [01/Sep/2026:15:33:53 -0500] "GET /scxy.php HTTP/1.1" 404 41678 "-" "-"
20.104.18.15 - - [01/Sep/2026:15:33:55 -0500] "GET /ws13.php?p= HTTP/1.1" 301 - "-" "-"
20.104.18.15 - - [01/Sep/2026:15:33:56 -0500] "GET /ws13.php HTTP/1.1" 404 41678 "-" "-"
209.87.169.83 - - [01/Sep/2026:15:33:58 -0500] "GET /wp-admin/index.php HTTP/1.1" 503 19284 "https://campanaarquidiocesana.org/wp-login.php" "Mozilla/5.0 (Macintosh; Intel Mac OS X 13_6_1) AppleWebKit/537.36 (KHTML, like Gecko) Chrome/121.0.0.0 Safari/537.36"
20.104.18.15 - - [01/Sep/2026:15:33:58 -0500] "GET /btx25.php HTTP/1.1" 404 41678 "-" "-"
20.104.18.15 - - [01/Sep/2026:15:34:00 -0500] "GET /SDsadqwrf.php HTTP/1.1" 404 41678 "-" "-"
20.104.18.15 - - [01/Sep/2026:15:34:01 -0500] "GET /BDKR28WP.php HTTP/1.1" 404 41678 "-" "-"
20.104.18.15 - - [01/Sep/2026:15:34:03 -0500] "GET /sky.php HTTP/1.1" 404 41678 "-" "-"
20.104.18.15 - - [01/Sep/2026:15:34:05 -0500] "GET /file5.php HTTP/1.1" 404 41678 "-" "-"
20.104.18.15 - - [01/Sep/2026:15:34:07 -0500] "GET /xyn.php HTTP/1.1" 404 41678 "-" "-"
45.131.195.238 - - [01/Sep/2026:15:34:08 -0500] "GET /wp-admin/profile.php HTTP/1.1" 503 19284 "https://campanaarquidiocesana.org/wp-login.php" "Mozilla/5.0 (Macintosh; Intel Mac OS X 13_6_1) AppleWebKit/537.36 (KHTML, like Gecko) Chrome/121.0.0.0 Safari/537.36"
20.104.18.15 - - [01/Sep/2026:15:34:08 -0500] "GET /inso.php HTTP/1.1" 404 41678 "-" "-"
20.104.18.15 - - [01/Sep/2026:15:34:10 -0500] "GET /puc.php HTTP/1.1" 404 41678 "-" "-"
20.104.18.15 - - [01/Sep/2026:15:34:12 -0500] "GET /19.php HTTP/1.1" 404 41678 "-" "-"
20.104.18.15 - - [01/Sep/2026:15:34:14 -0500] "GET /b8.php HTTP/1.1" 404 41678 "-" "-"
20.104.18.15 - - [01/Sep/2026:15:34:15 -0500] "GET /133.php HTTP/1.1" 404 41678 "-" "-"
20.104.18.15 - - [01/Sep/2026:15:34:17 -0500] "GET /1xmomo.php HTTP/1.1" 404 41678 "-" "-"
20.104.18.15 - - [01/Sep/2026:15:34:19 -0500] "GET //mosty.php HTTP/1.1" 301 - "-" "-"
20.104.18.15 - - [01/Sep/2026:15:34:20 -0500] "GET /mosty.php HTTP/1.1" 404 41678 "-" "-"
209.87.169.117 - - [01/Sep/2026:15:34:22 -0500] "GET /wp-admin/plugins.php HTTP/1.1" 503 19284 "https://campanaarquidiocesana.org/wp-login.php" "Mozilla/5.0 (Macintosh; Intel Mac OS X 13_6_1) AppleWebKit/537.36 (KHTML, like Gecko) Chrome/121.0.0.0 Safari/537.36"
62.60.130.62 - - [01/Sep/2026:15:34:22 -0500] "GET /images/images/cache.php HTTP/1.1" 404 51052 "-" "Mozilla/5.0 (Windows NT 10.0; Win64; x64) AppleWebKit/537.36 (KHTML, like Gecko) Chrome/112.0.0.0 Safari/537.36"
20.104.18.15 - - [01/Sep/2026:15:34:22 -0500] "GET /blurbs.php HTTP/1.1" 404 41678 "-" "-"
62.60.130.62 - - [01/Sep/2026:15:34:23 -0500] "GET //images/images/cache.php HTTP/1.1" 301 - "-" "Mozilla/5.0 (Windows NT 10.0; Win64; x64) AppleWebKit/537.36 (KHTML, like Gecko) Chrome/112.0.0.0 Safari/537.36"
20.104.18.15 - - [01/Sep/2026:15:34:24 -0500] "GET /h.php HTTP/1.1" 404 41678 "-" "-"
62.60.130.62 - - [01/Sep/2026:15:34:25 -0500] "GET /images/images/cache.php HTTP/1.1" 404 51009 "-" "Mozilla/5.0 (Windows NT 10.0; Win64; x64) AppleWebKit/537.36 (KHTML, like Gecko) Chrome/112.0.0.0 Safari/537.36"
20.104.18.15 - - [01/Sep/2026:15:34:26 -0500] "GET /ano.php HTTP/1.1" 404 41678 "-" "-"
20.104.18.15 - - [01/Sep/2026:15:34:27 -0500] "GET /ai.php HTTP/1.1" 404 41678 "-" "-"
20.104.18.15 - - [01/Sep/2026:15:34:29 -0500] "GET /sf.php HTTP/1.1" 404 41678 "-" "-"
62.60.130.62 - - [01/Sep/2026:15:34:31 -0500] "GET //cgi-bin/cgi-bin/cgi-bin/cgi-bin/cache.php HTTP/1.1" 301 - "-" "Mozilla/5.0 (Windows NT 10.0; Win64; x64) AppleWebKit/537.36 (KHTML, like Gecko) Chrome/112.0.0.0 Safari/537.36"
20.104.18.15 - - [01/Sep/2026:15:34:31 -0500] "GET /xx.php HTTP/1.1" 404 41678 "-" "-"
62.60.130.62 - - [01/Sep/2026:15:34:32 -0500] "GET /cgi-bin/cgi-bin/cgi-bin/cgi-bin/cache.php HTTP/1.1" 404 51009 "-" "Mozilla/5.0 (Windows NT 10.0; Win64; x64) AppleWebKit/537.36 (KHTML, like Gecko) Chrome/112.0.0.0 Safari/537.36"
20.104.18.15 - - [01/Sep/2026:15:34:33 -0500] "GET /uwu.php HTTP/1.1" 404 41678 "-" "-"
209.87.169.103 - - [01/Sep/2026:15:34:34 -0500] "POST /wp-login.php HTTP/1.1" 503 18281 "https://campanaarquidiocesana.org/wp-login.php" "Mozilla/5.0 (Windows NT 11.0; Win64; x64; rv:119.0) Gecko/20100101 Firefox/119.0"
62.60.130.62 - - [01/Sep/2026:15:34:33 -0500] "GET /cgi-bin/cgi-bin/cgi-bin/cgi-bin/cache.php HTTP/1.1" 404 51052 "-" "Mozilla/5.0 (Windows NT 10.0; Win64; x64) AppleWebKit/537.36 (KHTML, like Gecko) Chrome/112.0.0.0 Safari/537.36"
157.90.185.123 - - [01/Sep/2026:15:34:36 -0500] "POST /?wordfence_syncAttackData=1788294876.3719 HTTP/1.1" 200 - "-" "WordPress/6.6.7; https://campanaarquidiocesana.org"
20.104.18.15 - - [01/Sep/2026:15:34:35 -0500] "GET /signon.php?p= HTTP/1.1" 301 - "-" "-"
20.104.18.15 - - [01/Sep/2026:15:34:38 -0500] "GET /signon.php HTTP/1.1" 404 41678 "-" "-"
62.60.130.62 - - [01/Sep/2026:15:34:39 -0500] "GET //images/images/images/images/images/images/images/images/cache.php HTTP/1.1" 301 - "-" "Mozilla/5.0 (Windows NT 10.0; Win64; x64) AppleWebKit/537.36 (KHTML, like Gecko) Chrome/112.0.0.0 Safari/537.36"
20.104.18.15 - - [01/Sep/2026:15:34:39 -0500] "GET /file61.php HTTP/1.1" 404 41678 "-" "-"
45.131.195.238 - - [01/Sep/2026:15:34:41 -0500] "GET /wp-admin/index.php HTTP/1.1" 503 19284 "https://campanaarquidiocesana.org/wp-login.php" "Mozilla/5.0 (Macintosh; Intel Mac OS X 10_15_7; rv:120.0) Gecko/20100101 Firefox/120.0"
62.60.130.62 - - [01/Sep/2026:15:34:40 -0500] "GET /images/images/images/images/images/images/images/images/cache.php HTTP/1.1" 404 51009 "-" "Mozilla/5.0 (Windows NT 10.0; Win64; x64) AppleWebKit/537.36 (KHTML, like Gecko) Chrome/112.0.0.0 Safari/537.36"
20.104.18.15 - - [01/Sep/2026:15:34:41 -0500] "GET /copypaths.php HTTP/1.1" 404 41678 "-" "-"
20.104.18.15 - - [01/Sep/2026:15:34:43 -0500] "GET /bless6.php HTTP/1.1" 404 41678 "-" "-"
20.104.18.15 - - [01/Sep/2026:15:34:44 -0500] "GET /special.php HTTP/1.1" 404 41678 "-" "-"
62.60.130.62 - - [01/Sep/2026:15:34:45 -0500] "GET /images/images/images/images/images/images/images/images/cache.php HTTP/1.1" 404 51052 "-" "Mozilla/5.0 (Windows NT 10.0; Win64; x64) AppleWebKit/537.36 (KHTML, like Gecko) Chrome/112.0.0.0 Safari/537.36"
20.104.18.15 - - [01/Sep/2026:15:34:46 -0500] "GET /fz.php HTTP/1.1" 404 41678 "-" "-"
20.104.18.15 - - [01/Sep/2026:15:34:48 -0500] "GET /clque.php HTTP/1.1" 404 41678 "-" "-"
62.60.130.62 - - [01/Sep/2026:15:34:48 -0500] "GET //images/images/images/images/images/images/images/cache.php HTTP/1.1" 301 - "-" "Mozilla/5.0 (Windows NT 10.0; Win64; x64) AppleWebKit/537.36 (KHTML, like Gecko) Chrome/112.0.0.0 Safari/537.36"
62.60.130.62 - - [01/Sep/2026:15:34:49 -0500] "GET /images/images/images/images/images/images/images/cache.php HTTP/1.1" 404 51009 "-" "Mozilla/5.0 (Windows NT 10.0; Win64; x64) AppleWebKit/537.36 (KHTML, like Gecko) Chrome/112.0.0.0 Safari/537.36"
20.104.18.15 - - [01/Sep/2026:15:34:50 -0500] "GET /nano.php HTTP/1.1" 404 41678 "-" "-"
20.104.18.15 - - [01/Sep/2026:15:34:51 -0500] "GET /.mopj.php HTTP/1.1" 404 41678 "-" "-"
20.104.18.15 - - [01/Sep/2026:15:34:53 -0500] "GET /bengi.php HTTP/1.1" 404 41678 "-" "-"
20.104.18.15 - - [01/Sep/2026:15:34:55 -0500] "GET /file2.php HTTP/1.1" 404 41678 "-" "-"
62.60.130.62 - - [01/Sep/2026:15:34:56 -0500] "GET //images/images/images/images/images/images/cache.php HTTP/1.1" 301 - "-" "Mozilla/5.0 (Windows NT 10.0; Win64; x64) AppleWebKit/537.36 (KHTML, like Gecko) Chrome/112.0.0.0 Safari/537.36"
20.104.18.15 - - [01/Sep/2026:15:34:57 -0500] "GET /gm.php HTTP/1.1" 404 41678 "-" "-"
62.60.130.62 - - [01/Sep/2026:15:34:57 -0500] "GET /images/images/images/images/images/images/images/cache.php HTTP/1.1" 404 51052 "-" "Mozilla/5.0 (Windows NT 10.0; Win64; x64) AppleWebKit/537.36 (KHTML, like Gecko) Chrome/112.0.0.0 Safari/537.36"
62.60.130.62 - - [01/Sep/2026:15:34:58 -0500] "GET /images/images/images/images/images/images/cache.php HTTP/1.1" 404 51009 "-" "Mozilla/5.0 (Windows NT 10.0; Win64; x64) AppleWebKit/537.36 (KHTML, like Gecko) Chrome/112.0.0.0 Safari/537.36"
20.104.18.15 - - [01/Sep/2026:15:34:59 -0500] "GET /ws55.php HTTP/1.1" 404 41678 "-" "-"
20.104.18.15 - - [01/Sep/2026:15:35:00 -0500] "GET /m.php?p= HTTP/1.1" 301 - "-" "-"
20.104.18.15 - - [01/Sep/2026:15:35:02 -0500] "GET /m.php HTTP/1.1" 404 41678 "-" "-"
20.104.18.15 - - [01/Sep/2026:15:35:04 -0500] "GET /33.php HTTP/1.1" 404 41678 "-" "-"
62.60.130.62 - - [01/Sep/2026:15:35:05 -0500] "GET //images/images/images/images/images/cache.php HTTP/1.1" 301 - "-" "Mozilla/5.0 (Windows NT 10.0; Win64; x64) AppleWebKit/537.36 (KHTML, like Gecko) Chrome/112.0.0.0 Safari/537.36"
20.104.18.15 - - [01/Sep/2026:15:35:05 -0500] "GET /packed.php HTTP/1.1" 404 41678 "-" "-"
20.104.18.15 - - [01/Sep/2026:15:35:07 -0500] "GET /wp-content/uploads/ HTTP/1.1" 403 199 "-" "-"
62.60.130.62 - - [01/Sep/2026:15:35:06 -0500] "GET /images/images/images/images/images/cache.php HTTP/1.1" 404 51009 "-" "Mozilla/5.0 (Windows NT 10.0; Win64; x64) AppleWebKit/537.36 (KHTML, like Gecko) Chrome/112.0.0.0 Safari/537.36"
20.104.18.15 - - [01/Sep/2026:15:35:07 -0500] "GET /w.php HTTP/1.1" 404 41678 "-" "-"
20.104.18.15 - - [01/Sep/2026:15:35:09 -0500] "GET /ccc.php HTTP/1.1" 404 41678 "-" "-"
62.60.130.62 - - [01/Sep/2026:15:35:09 -0500] "GET /images/images/images/images/images/images/cache.php HTTP/1.1" 404 51052 "-" "Mozilla/5.0 (Windows NT 10.0; Win64; x64) AppleWebKit/537.36 (KHTML, like Gecko) Chrome/112.0.0.0 Safari/537.36"
209.87.169.91 - - [01/Sep/2026:15:35:11 -0500] "GET /wp-admin/plugins.php HTTP/1.1" 302 - "https://campanaarquidiocesana.org/wp-login.php" "Mozilla/5.0 (Macintosh; Intel Mac OS X 10_15_7; rv:120.0) Gecko/20100101 Firefox/120.0"
62.60.130.62 - - [01/Sep/2026:15:35:12 -0500] "GET //images/images/images/images/cache.php HTTP/1.1" 301 - "-" "Mozilla/5.0 (Windows NT 10.0; Win64; x64) AppleWebKit/537.36 (KHTML, like Gecko) Chrome/112.0.0.0 Safari/537.36"
20.104.18.15 - - [01/Sep/2026:15:35:12 -0500] "GET /file15.php HTTP/1.1" 404 41678 "-" "-"
209.87.169.91 - - [01/Sep/2026:15:35:14 -0500] "GET /wp-login.php?redirect_to=https%3A%2F%2Fcampanaarquidiocesana.org%2Fwp-admin%2Fplugins.php&reauth=1 HTTP/1.1" 200 9329 "https://campanaarquidiocesana.org/wp-login.php" "Mozilla/5.0 (Macintosh; Intel Mac OS X 10_15_7; rv:120.0) Gecko/20100101 Firefox/120.0"
62.60.130.62 - - [01/Sep/2026:15:35:14 -0500] "GET /images/images/images/images/cache.php HTTP/1.1" 404 51009 "-" "Mozilla/5.0 (Windows NT 10.0; Win64; x64) AppleWebKit/537.36 (KHTML, like Gecko) Chrome/112.0.0.0 Safari/537.36"
20.104.18.15 - - [01/Sep/2026:15:35:15 -0500] "GET /jp.php HTTP/1.1" 404 41678 "-" "-"
20.104.18.15 - - [01/Sep/2026:15:35:18 -0500] "GET /f35.php HTTP/1.1" 404 41678 "-" "-"
209.87.169.91 - - [01/Sep/2026:15:35:18 -0500] "POST /wp-login.php HTTP/1.1" 503 19284 "https://campanaarquidiocesana.org/wp-login.php" "Mozilla/5.0 (Windows NT 10.0; Win64; x64; rv:119.0) Gecko/20100101 Firefox/119.0"
62.60.130.62 - - [01/Sep/2026:15:35:19 -0500] "GET /images/images/images/images/images/cache.php HTTP/1.1" 404 51052 "-" "Mozilla/5.0 (Windows NT 10.0; Win64; x64) AppleWebKit/537.36 (KHTML, like Gecko) Chrome/112.0.0.0 Safari/537.36"
62.60.130.62 - - [01/Sep/2026:15:35:21 -0500] "GET //images/images/images/cache.php HTTP/1.1" 301 - "-" "Mozilla/5.0 (Windows NT 10.0; Win64; x64) AppleWebKit/537.36 (KHTML, like Gecko) Chrome/112.0.0.0 Safari/537.36"
20.104.18.15 - - [01/Sep/2026:15:35:21 -0500] "GET /shiny.php HTTP/1.1" 404 41678 "-" "-"
20.104.18.15 - - [01/Sep/2026:15:35:24 -0500] "GET /images.php HTTP/1.1" 404 41678 "-" "-"
20.104.18.15 - - [01/Sep/2026:15:35:27 -0500] "GET /82.php HTTP/1.1" 404 41678 "-" "-"
20.104.18.15 - - [01/Sep/2026:15:35:29 -0500] "GET /files.php/new.php HTTP/1.1" 404 41678 "-" "-"
62.60.130.62 - - [01/Sep/2026:15:35:31 -0500] "GET //wp-content/plugins/plugins/cache.php HTTP/1.1" 301 - "-" "Mozilla/5.0 (Windows NT 10.0; Win64; x64) AppleWebKit/537.36 (KHTML, like Gecko) Chrome/112.0.0.0 Safari/537.36"
62.60.130.62 - - [01/Sep/2026:15:35:30 -0500] "GET /images/images/images/images/cache.php HTTP/1.1" 404 51052 "-" "Mozilla/5.0 (Windows NT 10.0; Win64; x64) AppleWebKit/537.36 (KHTML, like Gecko) Chrome/112.0.0.0 Safari/537.36"
62.60.130.62 - - [01/Sep/2026:15:35:23 -0500] "GET /images/images/images/cache.php HTTP/1.1" 404 51009 "-" "Mozilla/5.0 (Windows NT 10.0; Win64; x64) AppleWebKit/537.36 (KHTML, like Gecko) Chrome/112.0.0.0 Safari/537.36"
20.104.18.15 - - [01/Sep/2026:15:35:33 -0500] "GET /mghnhykio.php/new.php HTTP/1.1" 404 41678 "-" "-"
62.60.130.62 - - [01/Sep/2026:15:35:34 -0500] "GET /wp-content/plugins/plugins/cache.php HTTP/1.1" 404 51009 "-" "Mozilla/5.0 (Windows NT 10.0; Win64; x64) AppleWebKit/537.36 (KHTML, like Gecko) Chrome/112.0.0.0 Safari/537.36"
20.104.18.15 - - [01/Sep/2026:15:35:37 -0500] "GET /admin.php/nope.php HTTP/1.1" 404 41678 "-" "-"
20.104.18.15 - - [01/Sep/2026:15:35:41 -0500] "GET /lib.php/new.php HTTP/1.1" 404 41678 "-" "-"
62.60.130.62 - - [01/Sep/2026:15:35:42 -0500] "GET //assets/images/images/cache.php HTTP/1.1" 301 - "-" "Mozilla/5.0 (Windows NT 10.0; Win64; x64) AppleWebKit/537.36 (KHTML, like Gecko) Chrome/112.0.0.0 Safari/537.36"
20.104.18.15 - - [01/Sep/2026:15:35:44 -0500] "GET /info.php/new.php HTTP/1.1" 404 41678 "-" "-"
62.60.130.62 - - [01/Sep/2026:15:35:44 -0500] "GET /images/images/images/cache.php HTTP/1.1" 404 51052 "-" "Mozilla/5.0 (Windows NT 10.0; Win64; x64) AppleWebKit/537.36 (KHTML, like Gecko) Chrome/112.0.0.0 Safari/537.36"
62.60.130.62 - - [01/Sep/2026:15:35:46 -0500] "GET /assets/images/images/cache.php HTTP/1.1" 404 51009 "-" "Mozilla/5.0 (Windows NT 10.0; Win64; x64) AppleWebKit/537.36 (KHTML, like Gecko) Chrome/112.0.0.0 Safari/537.36"
20.104.18.15 - - [01/Sep/2026:15:35:47 -0500] "GET /db.php/new.php HTTP/1.1" 404 41678 "-" "-"
20.104.18.15 - - [01/Sep/2026:15:35:50 -0500] "GET /kuda.php HTTP/1.1" 404 41678 "-" "-"
209.87.169.122 - - [01/Sep/2026:15:35:49 -0500] "POST /wp-login.php HTTP/1.1" 503 19284 "https://campanaarquidiocesana.org/wp-login.php" "Mozilla/5.0 (X11; Linux x86_64) AppleWebKit/537.36 (KHTML, like Gecko) Chrome/120.0.0.0 Safari/537.36"
20.104.18.15 - - [01/Sep/2026:15:35:52 -0500] "GET /sure.php HTTP/1.1" 404 41678 "-" "-"
20.104.18.15 - - [01/Sep/2026:15:35:54 -0500] "GET /gray.php HTTP/1.1" 404 41678 "-" "-"
62.60.130.62 - - [01/Sep/2026:15:35:57 -0500] "GET //blogs/media/media/cache.php HTTP/1.1" 301 - "-" "Mozilla/5.0 (Windows NT 10.0; Win64; x64) AppleWebKit/537.36 (KHTML, like Gecko) Chrome/112.0.0.0 Safari/537.36"
20.104.18.15 - - [01/Sep/2026:15:35:58 -0500] "GET /puki.php HTTP/1.1" 404 41678 "-" "-"
62.60.130.62 - - [01/Sep/2026:15:36:00 -0500] "GET /blogs/media/media/cache.php HTTP/1.1" 404 51009 "-" "Mozilla/5.0 (Windows NT 10.0; Win64; x64) AppleWebKit/537.36 (KHTML, like Gecko) Chrome/112.0.0.0 Safari/537.36"
20.104.18.15 - - [01/Sep/2026:15:36:01 -0500] "GET /sonic.php HTTP/1.1" 404 41678 "-" "-"
209.87.169.102 - - [01/Sep/2026:15:36:05 -0500] "GET /wp-admin/index.php HTTP/1.1" 503 19284 "https://campanaarquidiocesana.org/wp-login.php" "Mozilla/5.0 (X11; Linux x86_64) AppleWebKit/537.36 (KHTML, like Gecko) Chrome/120.0.0.0 Safari/537.36"
20.104.18.15 - - [01/Sep/2026:15:36:04 -0500] "GET /pop.php HTTP/1.1" 404 41678 "-" "-"
20.104.18.15 - - [01/Sep/2026:15:36:07 -0500] "GET /503.php HTTP/1.1" 404 41678 "-" "-"
62.60.130.62 - - [01/Sep/2026:15:35:57 -0500] "GET /wp-content/plugins/plugins/cache.php HTTP/1.1" 404 51052 "-" "Mozilla/5.0 (Windows NT 10.0; Win64; x64) AppleWebKit/537.36 (KHTML, like Gecko) Chrome/112.0.0.0 Safari/537.36"
62.60.130.62 - - [01/Sep/2026:15:36:08 -0500] "GET //cache/cache/cache.php HTTP/1.1" 301 - "-" "Mozilla/5.0 (Windows NT 10.0; Win64; x64) AppleWebKit/537.36 (KHTML, like Gecko) Chrome/112.0.0.0 Safari/537.36"
20.104.18.15 - - [01/Sep/2026:15:36:10 -0500] "GET /fxp.php HTTP/1.1" 404 41678 "-" "-"
62.60.130.62 - - [01/Sep/2026:15:36:11 -0500] "GET /cache/cache/cache.php HTTP/1.1" 404 51009 "-" "Mozilla/5.0 (Windows NT 10.0; Win64; x64) AppleWebKit/537.36 (KHTML, like Gecko) Chrome/112.0.0.0 Safari/537.36"
62.60.130.62 - - [01/Sep/2026:15:36:11 -0500] "GET /assets/images/images/cache.php HTTP/1.1" 404 51052 "-" "Mozilla/5.0 (Windows NT 10.0; Win64; x64) AppleWebKit/537.36 (KHTML, like Gecko) Chrome/112.0.0.0 Safari/537.36"
20.104.18.15 - - [01/Sep/2026:15:36:13 -0500] "GET /vv.php HTTP/1.1" 404 41678 "-" "-"
20.104.18.15 - - [01/Sep/2026:15:36:18 -0500] "GET /bossu.php HTTP/1.1" 404 41678 "-" "-"
20.104.18.15 - - [01/Sep/2026:15:36:19 -0500] "GET /504.php HTTP/1.1" 404 41678 "-" "-"
20.104.18.15 - - [01/Sep/2026:15:36:21 -0500] "GET /nice.php?p= HTTP/1.1" 301 - "-" "-"
62.60.130.62 - - [01/Sep/2026:15:36:21 -0500] "GET /blogs/media/media/cache.php HTTP/1.1" 404 51052 "-" "Mozilla/5.0 (Windows NT 10.0; Win64; x64) AppleWebKit/537.36 (KHTML, like Gecko) Chrome/112.0.0.0 Safari/537.36"
209.87.169.113 - - [01/Sep/2026:15:36:23 -0500] "GET /wp-admin/edit.php HTTP/1.1" 503 19284 "https://campanaarquidiocesana.org/wp-login.php" "Mozilla/5.0 (X11; Linux x86_64) AppleWebKit/537.36 (KHTML, like Gecko) Chrome/120.0.0.0 Safari/537.36"
20.104.18.15 - - [01/Sep/2026:15:36:23 -0500] "GET /nice.php HTTP/1.1" 404 41678 "-" "-"
20.104.18.15 - - [01/Sep/2026:15:36:24 -0500] "GET /beence.php HTTP/1.1" 404 41678 "-" "-"
20.104.18.15 - - [01/Sep/2026:15:36:26 -0500] "GET /222.php HTTP/1.1" 404 41678 "-" "-"
