62.60.130.36 - - [01/Sep/2026:11:43:50 -0500] "GET /wp-login.php?redirect_to=https%3A%2F%2Fcampanaarquidiocesana.org%2Fwp-admin%2Findex.php&reauth=1 HTTP/1.1" 200 9325 "https://iglesiaerestu.org/wp-login.php" "Mozilla/5.0 (Windows NT 11.0; Win64; x64; rv:118.0) Gecko/20100101 Firefox/118.0"
62.60.130.36 - - [01/Sep/2026:11:43:51 -0500] "GET /wp-admin/index.php HTTP/1.1" 302 - "https://iglesiaerestu.org/wp-login.php" "Mozilla/5.0 (Macintosh; Intel Mac OS X 10_15_7; rv:120.0) Gecko/20100101 Firefox/120.0"
62.60.130.36 - - [01/Sep/2026:11:43:53 -0500] "GET /wp-login.php?redirect_to=https%3A%2F%2Fcampanaarquidiocesana.org%2Fwp-admin%2Findex.php&reauth=1 HTTP/1.1" 200 9325 "https://iglesiaerestu.org/wp-login.php" "Mozilla/5.0 (Macintosh; Intel Mac OS X 10_15_7; rv:120.0) Gecko/20100101 Firefox/120.0"
62.60.130.36 - - [01/Sep/2026:11:43:54 -0500] "GET /wp-admin/index.php HTTP/1.1" 302 - "https://iglesiaerestu.org/wp-login.php" "Mozilla/5.0 (Macintosh; Intel Mac OS X 10_15_7) AppleWebKit/605.1.15 (KHTML, like Gecko) Version/16.6 Safari/605.1.15"
62.60.130.36 - - [01/Sep/2026:11:43:56 -0500] "GET /wp-login.php?redirect_to=https%3A%2F%2Fcampanaarquidiocesana.org%2Fwp-admin%2Findex.php&reauth=1 HTTP/1.1" 200 9325 "https://iglesiaerestu.org/wp-login.php" "Mozilla/5.0 (Macintosh; Intel Mac OS X 10_15_7) AppleWebKit/605.1.15 (KHTML, like Gecko) Version/16.6 Safari/605.1.15"
62.60.130.36 - - [01/Sep/2026:11:43:57 -0500] "GET /wp-admin/index.php HTTP/1.1" 302 - "https://iglesiaerestu.org/wp-login.php" "Mozilla/5.0 (Windows NT 11.0; Win64; x64) AppleWebKit/537.36 (KHTML, like Gecko) Chrome/121.0.0.0 Safari/537.36"
62.60.130.36 - - [01/Sep/2026:11:43:59 -0500] "GET /wp-login.php?redirect_to=https%3A%2F%2Fcampanaarquidiocesana.org%2Fwp-admin%2Findex.php&reauth=1 HTTP/1.1" 200 9325 "https://iglesiaerestu.org/wp-login.php" "Mozilla/5.0 (Windows NT 11.0; Win64; x64) AppleWebKit/537.36 (KHTML, like Gecko) Chrome/121.0.0.0 Safari/537.36"
62.60.130.36 - - [01/Sep/2026:11:44:00 -0500] "GET /wp-admin/index.php HTTP/1.1" 302 - "https://iglesiaerestu.org/wp-login.php" "Mozilla/5.0 (Macintosh; Intel Mac OS X 10_15_7) AppleWebKit/537.36 (KHTML, like Gecko) Chrome/118.0.0.0 Safari/537.36"
62.60.130.36 - - [01/Sep/2026:11:44:02 -0500] "GET /wp-login.php?redirect_to=https%3A%2F%2Fcampanaarquidiocesana.org%2Fwp-admin%2Findex.php&reauth=1 HTTP/1.1" 200 9325 "https://iglesiaerestu.org/wp-login.php" "Mozilla/5.0 (Macintosh; Intel Mac OS X 10_15_7) AppleWebKit/537.36 (KHTML, like Gecko) Chrome/118.0.0.0 Safari/537.36"
62.60.130.36 - - [01/Sep/2026:11:44:03 -0500] "GET /wp-admin/index.php HTTP/1.1" 302 - "https://iglesiaerestu.org/wp-login.php" "Mozilla/5.0 (Windows NT 11.0; Win64; x64; rv:118.0) Gecko/20100101 Firefox/118.0"
62.60.130.36 - - [01/Sep/2026:11:44:05 -0500] "GET /wp-login.php?redirect_to=https%3A%2F%2Fcampanaarquidiocesana.org%2Fwp-admin%2Findex.php&reauth=1 HTTP/1.1" 200 9325 "https://iglesiaerestu.org/wp-login.php" "Mozilla/5.0 (Windows NT 11.0; Win64; x64; rv:118.0) Gecko/20100101 Firefox/118.0"
62.60.130.36 - - [01/Sep/2026:11:44:06 -0500] "GET /wp-admin/index.php HTTP/1.1" 302 - "https://iglesiaerestu.org/wp-login.php" "Mozilla/5.0 (Windows NT 10.0; Win64; x64) AppleWebKit/537.36 (KHTML, like Gecko) Chrome/118.0.0.0 Safari/537.36"
62.60.130.36 - - [01/Sep/2026:11:44:08 -0500] "GET /wp-login.php?redirect_to=https%3A%2F%2Fcampanaarquidiocesana.org%2Fwp-admin%2Findex.php&reauth=1 HTTP/1.1" 200 9325 "https://iglesiaerestu.org/wp-login.php" "Mozilla/5.0 (Windows NT 10.0; Win64; x64) AppleWebKit/537.36 (KHTML, like Gecko) Chrome/118.0.0.0 Safari/537.36"
62.60.130.36 - - [01/Sep/2026:11:44:09 -0500] "GET /wp-admin/index.php HTTP/1.1" 302 - "https://iglesiaerestu.org/wp-login.php" "Mozilla/5.0 (Macintosh; Intel Mac OS X 13_6_1; rv:120.0) Gecko/20100101 Firefox/120.0"
62.60.130.36 - - [01/Sep/2026:11:44:11 -0500] "GET /wp-login.php?redirect_to=https%3A%2F%2Fcampanaarquidiocesana.org%2Fwp-admin%2Findex.php&reauth=1 HTTP/1.1" 200 9325 "https://iglesiaerestu.org/wp-login.php" "Mozilla/5.0 (Macintosh; Intel Mac OS X 13_6_1; rv:120.0) Gecko/20100101 Firefox/120.0"
62.60.130.36 - - [01/Sep/2026:11:44:12 -0500] "GET /wp-admin/index.php HTTP/1.1" 302 - "https://iglesiaerestu.org/wp-login.php" "Mozilla/5.0 (Windows NT 10.0; Win64; x64; rv:120.0) Gecko/20100101 Firefox/120.0"
62.60.130.36 - - [01/Sep/2026:11:44:13 -0500] "GET /wp-login.php?redirect_to=https%3A%2F%2Fcampanaarquidiocesana.org%2Fwp-admin%2Findex.php&reauth=1 HTTP/1.1" 200 9325 "https://iglesiaerestu.org/wp-login.php" "Mozilla/5.0 (Windows NT 10.0; Win64; x64; rv:120.0) Gecko/20100101 Firefox/120.0"
62.60.130.36 - - [01/Sep/2026:11:44:15 -0500] "GET /wp-admin/index.php HTTP/1.1" 302 - "https://iglesiaerestu.org/wp-login.php" "Mozilla/5.0 (Macintosh; Intel Mac OS X 10_15_7) AppleWebKit/605.1.15 (KHTML, like Gecko) Version/17.2 Safari/605.1.15"
62.60.130.36 - - [01/Sep/2026:11:44:28 -0500] "GET /wp-admin/profile.php HTTP/1.1" 302 - "https://iglesiaerestu.org/wp-login.php" "Mozilla/5.0 (X11; Ubuntu; Linux x86_64) AppleWebKit/537.36 (KHTML, like Gecko) Chrome/121.0.0.0 Safari/537.36"
62.60.130.36 - - [01/Sep/2026:11:44:16 -0500] "GET /wp-login.php?redirect_to=https%3A%2F%2Fcampanaarquidiocesana.org%2Fwp-admin%2Findex.php&reauth=1 HTTP/1.1" 200 9325 "https://iglesiaerestu.org/wp-login.php" "Mozilla/5.0 (Macintosh; Intel Mac OS X 10_15_7) AppleWebKit/605.1.15 (KHTML, like Gecko) Version/17.2 Safari/605.1.15"
62.60.130.36 - - [01/Sep/2026:11:44:29 -0500] "GET /wp-login.php?redirect_to=https%3A%2F%2Fcampanaarquidiocesana.org%2Fwp-admin%2Fprofile.php&reauth=1 HTTP/1.1" 200 9329 "https://iglesiaerestu.org/wp-login.php" "Mozilla/5.0 (X11; Ubuntu; Linux x86_64) AppleWebKit/537.36 (KHTML, like Gecko) Chrome/121.0.0.0 Safari/537.36"
62.60.130.36 - - [01/Sep/2026:11:44:30 -0500] "GET /wp-admin/index.php HTTP/1.1" 302 - "https://iglesiaerestu.org/wp-login.php" "Mozilla/5.0 (X11; Ubuntu; Linux x86_64) AppleWebKit/537.36 (KHTML, like Gecko) Chrome/121.0.0.0 Safari/537.36"
62.60.130.36 - - [01/Sep/2026:11:44:31 -0500] "GET /wp-admin/index.php HTTP/1.1" 302 - "https://iglesiaerestu.org/wp-login.php" "Mozilla/5.0 (Macintosh; Intel Mac OS X 10_15_7) AppleWebKit/537.36 (KHTML, like Gecko) Chrome/118.0.0.0 Safari/537.36"
216.244.66.231 - - [01/Sep/2026:11:44:31 -0500] "GET /ajax_resp/ajax_resp/ajax_resp/10?module=contacto&i=6 HTTP/1.1" 404 51009 "-" "Mozilla/5.0 (compatible; DotBot/1.2; +https://opensiteexplorer.org/dotbot; help@moz.com)"
62.60.130.36 - - [01/Sep/2026:11:44:32 -0500] "GET /wp-login.php?redirect_to=https%3A%2F%2Fcampanaarquidiocesana.org%2Fwp-admin%2Findex.php&reauth=1 HTTP/1.1" 200 9325 "https://iglesiaerestu.org/wp-login.php" "Mozilla/5.0 (Macintosh; Intel Mac OS X 10_15_7) AppleWebKit/537.36 (KHTML, like Gecko) Chrome/118.0.0.0 Safari/537.36"
62.60.130.36 - - [01/Sep/2026:11:44:34 -0500] "GET /wp-admin/index.php HTTP/1.1" 302 - "https://iglesiaerestu.org/wp-login.php" "Mozilla/5.0 (X11; Ubuntu; Linux x86_64) AppleWebKit/537.36 (KHTML, like Gecko) Chrome/121.0.0.0 Safari/537.36"
62.60.130.36 - - [01/Sep/2026:11:44:35 -0500] "GET /wp-login.php?redirect_to=https%3A%2F%2Fcampanaarquidiocesana.org%2Fwp-admin%2Findex.php&reauth=1 HTTP/1.1" 200 9325 "https://iglesiaerestu.org/wp-login.php" "Mozilla/5.0 (X11; Ubuntu; Linux x86_64) AppleWebKit/537.36 (KHTML, like Gecko) Chrome/121.0.0.0 Safari/537.36"
62.60.130.36 - - [01/Sep/2026:11:44:37 -0500] "GET /wp-admin/index.php HTTP/1.1" 302 - "https://iglesiaerestu.org/wp-login.php" "Mozilla/5.0 (Macintosh; Intel Mac OS X 13_6_1) AppleWebKit/537.36 (KHTML, like Gecko) Chrome/120.0.0.0 Safari/537.36"
216.244.66.231 - - [01/Sep/2026:11:44:38 -0500] "GET /ajax_resp/ajax_resp/ajax_resp/75?module=contacto&i=6 HTTP/1.1" 404 51009 "-" "Mozilla/5.0 (compatible; DotBot/1.2; +https://opensiteexplorer.org/dotbot; help@moz.com)"
62.60.130.36 - - [01/Sep/2026:11:44:38 -0500] "GET /wp-login.php?redirect_to=https%3A%2F%2Fcampanaarquidiocesana.org%2Fwp-admin%2Findex.php&reauth=1 HTTP/1.1" 200 9325 "https://iglesiaerestu.org/wp-login.php" "Mozilla/5.0 (Macintosh; Intel Mac OS X 13_6_1) AppleWebKit/537.36 (KHTML, like Gecko) Chrome/120.0.0.0 Safari/537.36"
62.60.130.36 - - [01/Sep/2026:11:44:40 -0500] "GET /wp-admin/index.php HTTP/1.1" 302 - "https://iglesiaerestu.org/wp-login.php" "Mozilla/5.0 (Windows NT 11.0; Win64; x64) AppleWebKit/537.36 (KHTML, like Gecko) Chrome/121.0.0.0 Safari/537.36"
62.60.130.36 - - [01/Sep/2026:11:44:42 -0500] "GET /wp-login.php?redirect_to=https%3A%2F%2Fcampanaarquidiocesana.org%2Fwp-admin%2Findex.php&reauth=1 HTTP/1.1" 200 9325 "https://iglesiaerestu.org/wp-login.php" "Mozilla/5.0 (Windows NT 11.0; Win64; x64) AppleWebKit/537.36 (KHTML, like Gecko) Chrome/121.0.0.0 Safari/537.36"
62.60.130.36 - - [01/Sep/2026:11:44:43 -0500] "GET /wp-admin/index.php HTTP/1.1" 302 - "https://iglesiaerestu.org/wp-login.php" "Mozilla/5.0 (X11; Ubuntu; Linux x86_64) AppleWebKit/537.36 (KHTML, like Gecko) Chrome/120.0.0.0 Safari/537.36"
216.244.66.231 - - [01/Sep/2026:11:44:44 -0500] "GET /forums/member/ajax_resp/80?module=textos&i=3 HTTP/1.1" 404 51009 "-" "Mozilla/5.0 (compatible; DotBot/1.2; +https://opensiteexplorer.org/dotbot; help@moz.com)"
62.60.130.36 - - [01/Sep/2026:11:44:44 -0500] "GET /wp-login.php?redirect_to=https%3A%2F%2Fcampanaarquidiocesana.org%2Fwp-admin%2Findex.php&reauth=1 HTTP/1.1" 200 9325 "https://iglesiaerestu.org/wp-login.php" "Mozilla/5.0 (X11; Ubuntu; Linux x86_64) AppleWebKit/537.36 (KHTML, like Gecko) Chrome/120.0.0.0 Safari/537.36"
62.60.130.36 - - [01/Sep/2026:11:44:46 -0500] "GET /wp-admin/index.php HTTP/1.1" 302 - "https://iglesiaerestu.org/wp-login.php" "Mozilla/5.0 (Macintosh; Intel Mac OS X 13_6_1) AppleWebKit/537.36 (KHTML, like Gecko) Chrome/121.0.0.0 Safari/537.36"
62.60.130.36 - - [01/Sep/2026:11:44:47 -0500] "GET /wp-login.php?redirect_to=https%3A%2F%2Fcampanaarquidiocesana.org%2Fwp-admin%2Findex.php&reauth=1 HTTP/1.1" 200 9325 "https://iglesiaerestu.org/wp-login.php" "Mozilla/5.0 (Macintosh; Intel Mac OS X 13_6_1) AppleWebKit/537.36 (KHTML, like Gecko) Chrome/121.0.0.0 Safari/537.36"
62.60.130.36 - - [01/Sep/2026:11:44:49 -0500] "GET /wp-admin/index.php HTTP/1.1" 302 - "https://iglesiaerestu.org/wp-login.php" "Mozilla/5.0 (Windows NT 10.0; Win64; x64) AppleWebKit/537.36 (KHTML, like Gecko) Chrome/119.0.0.0 Safari/537.36"
62.60.130.36 - - [01/Sep/2026:11:44:51 -0500] "GET /wp-login.php?redirect_to=https%3A%2F%2Fcampanaarquidiocesana.org%2Fwp-admin%2Findex.php&reauth=1 HTTP/1.1" 200 9325 "https://iglesiaerestu.org/wp-login.php" "Mozilla/5.0 (Windows NT 10.0; Win64; x64) AppleWebKit/537.36 (KHTML, like Gecko) Chrome/119.0.0.0 Safari/537.36"
62.60.130.36 - - [01/Sep/2026:11:44:52 -0500] "GET /wp-admin/index.php HTTP/1.1" 302 - "https://iglesiaerestu.org/wp-login.php" "Mozilla/5.0 (X11; Linux x86_64) AppleWebKit/537.36 (KHTML, like Gecko) Chrome/118.0.0.0 Safari/537.36"
62.60.130.36 - - [01/Sep/2026:11:44:54 -0500] "GET /wp-login.php?redirect_to=https%3A%2F%2Fcampanaarquidiocesana.org%2Fwp-admin%2Findex.php&reauth=1 HTTP/1.1" 200 9325 "https://iglesiaerestu.org/wp-login.php" "Mozilla/5.0 (X11; Linux x86_64) AppleWebKit/537.36 (KHTML, like Gecko) Chrome/118.0.0.0 Safari/537.36"
62.60.130.36 - - [01/Sep/2026:11:44:55 -0500] "GET /wp-admin/index.php HTTP/1.1" 302 - "https://iglesiaerestu.org/wp-login.php" "Mozilla/5.0 (X11; Ubuntu; Linux x86_64) AppleWebKit/537.36 (KHTML, like Gecko) Chrome/121.0.0.0 Safari/537.36"
62.60.130.36 - - [01/Sep/2026:11:44:57 -0500] "GET /wp-login.php?redirect_to=https%3A%2F%2Fcampanaarquidiocesana.org%2Fwp-admin%2Findex.php&reauth=1 HTTP/1.1" 200 9325 "https://iglesiaerestu.org/wp-login.php" "Mozilla/5.0 (X11; Ubuntu; Linux x86_64) AppleWebKit/537.36 (KHTML, like Gecko) Chrome/121.0.0.0 Safari/537.36"
62.60.130.36 - - [01/Sep/2026:11:44:58 -0500] "GET /wp-admin/index.php HTTP/1.1" 302 - "https://iglesiaerestu.org/wp-login.php" "Mozilla/5.0 (Windows NT 10.0; Win64; x64) AppleWebKit/537.36 (KHTML, like Gecko) Chrome/118.0.0.0 Safari/537.36"
62.60.130.36 - - [01/Sep/2026:11:44:59 -0500] "GET /wp-login.php?redirect_to=https%3A%2F%2Fcampanaarquidiocesana.org%2Fwp-admin%2Findex.php&reauth=1 HTTP/1.1" 200 9325 "https://iglesiaerestu.org/wp-login.php" "Mozilla/5.0 (Windows NT 10.0; Win64; x64) AppleWebKit/537.36 (KHTML, like Gecko) Chrome/118.0.0.0 Safari/537.36"
62.60.130.36 - - [01/Sep/2026:11:45:01 -0500] "GET /wp-admin/index.php HTTP/1.1" 302 - "https://iglesiaerestu.org/wp-login.php" "Mozilla/5.0 (Windows NT 10.0; Win64; x64) AppleWebKit/537.36 (KHTML, like Gecko) Chrome/119.0.0.0 Safari/537.36"
62.60.130.36 - - [01/Sep/2026:11:45:03 -0500] "GET /wp-login.php?redirect_to=https%3A%2F%2Fcampanaarquidiocesana.org%2Fwp-admin%2Findex.php&reauth=1 HTTP/1.1" 200 9325 "https://iglesiaerestu.org/wp-login.php" "Mozilla/5.0 (Windows NT 10.0; Win64; x64) AppleWebKit/537.36 (KHTML, like Gecko) Chrome/119.0.0.0 Safari/537.36"
62.60.130.36 - - [01/Sep/2026:11:45:05 -0500] "GET /wp-admin/index.php HTTP/1.1" 302 - "https://iglesiaerestu.org/wp-login.php" "Mozilla/5.0 (Macintosh; Intel Mac OS X 10_15_7) AppleWebKit/537.36 (KHTML, like Gecko) Chrome/120.0.0.0 Safari/537.36"
62.60.130.36 - - [01/Sep/2026:11:45:07 -0500] "GET /wp-login.php?redirect_to=https%3A%2F%2Fcampanaarquidiocesana.org%2Fwp-admin%2Findex.php&reauth=1 HTTP/1.1" 200 9325 "https://iglesiaerestu.org/wp-login.php" "Mozilla/5.0 (Macintosh; Intel Mac OS X 10_15_7) AppleWebKit/537.36 (KHTML, like Gecko) Chrome/120.0.0.0 Safari/537.36"
62.60.130.36 - - [01/Sep/2026:11:45:08 -0500] "GET /wp-admin/index.php HTTP/1.1" 302 - "https://iglesiaerestu.org/wp-login.php" "Mozilla/5.0 (X11; Ubuntu; Linux x86_64) AppleWebKit/537.36 (KHTML, like Gecko) Chrome/121.0.0.0 Safari/537.36"
62.60.130.36 - - [01/Sep/2026:11:45:10 -0500] "GET /wp-login.php?redirect_to=https%3A%2F%2Fcampanaarquidiocesana.org%2Fwp-admin%2Findex.php&reauth=1 HTTP/1.1" 200 9325 "https://iglesiaerestu.org/wp-login.php" "Mozilla/5.0 (X11; Ubuntu; Linux x86_64) AppleWebKit/537.36 (KHTML, like Gecko) Chrome/121.0.0.0 Safari/537.36"
62.60.130.36 - - [01/Sep/2026:11:45:11 -0500] "GET /wp-admin/index.php HTTP/1.1" 302 - "https://iglesiaerestu.org/wp-login.php" "Mozilla/5.0 (Macintosh; Intel Mac OS X 10_15_7) AppleWebKit/605.1.15 (KHTML, like Gecko) Version/16.6 Safari/605.1.15"
62.60.130.36 - - [01/Sep/2026:11:45:12 -0500] "GET /wp-login.php?redirect_to=https%3A%2F%2Fcampanaarquidiocesana.org%2Fwp-admin%2Findex.php&reauth=1 HTTP/1.1" 200 9325 "https://iglesiaerestu.org/wp-login.php" "Mozilla/5.0 (Macintosh; Intel Mac OS X 10_15_7) AppleWebKit/605.1.15 (KHTML, like Gecko) Version/16.6 Safari/605.1.15"
62.60.130.36 - - [01/Sep/2026:11:45:14 -0500] "GET /wp-admin/index.php HTTP/1.1" 302 - "https://iglesiaerestu.org/wp-login.php" "Mozilla/5.0 (Macintosh; Intel Mac OS X 13_6_1; rv:120.0) Gecko/20100101 Firefox/120.0"
62.60.130.36 - - [01/Sep/2026:11:45:15 -0500] "GET /wp-login.php?redirect_to=https%3A%2F%2Fcampanaarquidiocesana.org%2Fwp-admin%2Findex.php&reauth=1 HTTP/1.1" 200 9325 "https://iglesiaerestu.org/wp-login.php" "Mozilla/5.0 (Macintosh; Intel Mac OS X 13_6_1; rv:120.0) Gecko/20100101 Firefox/120.0"
62.60.130.36 - - [01/Sep/2026:11:45:17 -0500] "GET /wp-admin/index.php HTTP/1.1" 302 - "https://iglesiaerestu.org/wp-login.php" "Mozilla/5.0 (Windows NT 10.0; Win64; x64; rv:118.0) Gecko/20100101 Firefox/118.0"
62.60.130.36 - - [01/Sep/2026:11:45:18 -0500] "GET /wp-login.php?redirect_to=https%3A%2F%2Fcampanaarquidiocesana.org%2Fwp-admin%2Findex.php&reauth=1 HTTP/1.1" 200 9325 "https://iglesiaerestu.org/wp-login.php" "Mozilla/5.0 (Windows NT 10.0; Win64; x64; rv:118.0) Gecko/20100101 Firefox/118.0"
62.60.130.36 - - [01/Sep/2026:11:45:19 -0500] "GET /wp-admin/index.php HTTP/1.1" 302 - "https://iglesiaerestu.org/wp-login.php" "Mozilla/5.0 (Macintosh; Intel Mac OS X 13_6_1) AppleWebKit/605.1.15 (KHTML, like Gecko) Version/17.1 Safari/605.1.15"
62.60.130.36 - - [01/Sep/2026:11:45:21 -0500] "GET /wp-login.php?redirect_to=https%3A%2F%2Fcampanaarquidiocesana.org%2Fwp-admin%2Findex.php&reauth=1 HTTP/1.1" 200 9325 "https://iglesiaerestu.org/wp-login.php" "Mozilla/5.0 (Macintosh; Intel Mac OS X 13_6_1) AppleWebKit/605.1.15 (KHTML, like Gecko) Version/17.1 Safari/605.1.15"
62.60.130.36 - - [01/Sep/2026:11:45:22 -0500] "GET /wp-admin/index.php HTTP/1.1" 302 - "https://iglesiaerestu.org/wp-login.php" "Mozilla/5.0 (Macintosh; Intel Mac OS X 13_6_1; rv:118.0) Gecko/20100101 Firefox/118.0"
62.60.130.36 - - [01/Sep/2026:11:45:24 -0500] "GET /wp-login.php?redirect_to=https%3A%2F%2Fcampanaarquidiocesana.org%2Fwp-admin%2Findex.php&reauth=1 HTTP/1.1" 200 9325 "https://iglesiaerestu.org/wp-login.php" "Mozilla/5.0 (Macintosh; Intel Mac OS X 13_6_1; rv:118.0) Gecko/20100101 Firefox/118.0"
62.60.130.36 - - [01/Sep/2026:11:45:25 -0500] "GET /wp-admin/index.php HTTP/1.1" 302 - "https://iglesiaerestu.org/wp-login.php" "Mozilla/5.0 (Macintosh; Intel Mac OS X 10_15_7) AppleWebKit/605.1.15 (KHTML, like Gecko) Version/17.2 Safari/605.1.15"
62.60.130.36 - - [01/Sep/2026:11:45:26 -0500] "GET /wp-login.php?redirect_to=https%3A%2F%2Fcampanaarquidiocesana.org%2Fwp-admin%2Findex.php&reauth=1 HTTP/1.1" 200 9325 "https://iglesiaerestu.org/wp-login.php" "Mozilla/5.0 (Macintosh; Intel Mac OS X 10_15_7) AppleWebKit/605.1.15 (KHTML, like Gecko) Version/17.2 Safari/605.1.15"
62.60.130.36 - - [01/Sep/2026:11:45:28 -0500] "GET /wp-admin/index.php HTTP/1.1" 302 - "https://iglesiaerestu.org/wp-login.php" "Mozilla/5.0 (Macintosh; Intel Mac OS X 13_6_1) AppleWebKit/605.1.15 (KHTML, like Gecko) Version/17.1 Safari/605.1.15"
62.60.130.36 - - [01/Sep/2026:11:45:29 -0500] "GET /wp-login.php?redirect_to=https%3A%2F%2Fcampanaarquidiocesana.org%2Fwp-admin%2Findex.php&reauth=1 HTTP/1.1" 200 9325 "https://iglesiaerestu.org/wp-login.php" "Mozilla/5.0 (Macintosh; Intel Mac OS X 13_6_1) AppleWebKit/605.1.15 (KHTML, like Gecko) Version/17.1 Safari/605.1.15"
62.60.130.36 - - [01/Sep/2026:11:45:30 -0500] "GET /wp-admin/index.php HTTP/1.1" 302 - "https://iglesiaerestu.org/wp-login.php" "Mozilla/5.0 (Macintosh; Intel Mac OS X 13_6_1) AppleWebKit/605.1.15 (KHTML, like Gecko) Version/17.2 Safari/605.1.15"
62.60.130.36 - - [01/Sep/2026:11:45:32 -0500] "GET /wp-login.php?redirect_to=https%3A%2F%2Fcampanaarquidiocesana.org%2Fwp-admin%2Findex.php&reauth=1 HTTP/1.1" 200 9325 "https://iglesiaerestu.org/wp-login.php" "Mozilla/5.0 (Macintosh; Intel Mac OS X 13_6_1) AppleWebKit/605.1.15 (KHTML, like Gecko) Version/17.2 Safari/605.1.15"
62.60.130.36 - - [01/Sep/2026:11:45:33 -0500] "GET /wp-admin/index.php HTTP/1.1" 302 - "https://iglesiaerestu.org/wp-login.php" "Mozilla/5.0 (X11; Ubuntu; Linux x86_64) AppleWebKit/537.36 (KHTML, like Gecko) Chrome/120.0.0.0 Safari/537.36"
62.60.130.36 - - [01/Sep/2026:11:45:35 -0500] "GET /wp-login.php?redirect_to=https%3A%2F%2Fcampanaarquidiocesana.org%2Fwp-admin%2Findex.php&reauth=1 HTTP/1.1" 200 9325 "https://iglesiaerestu.org/wp-login.php" "Mozilla/5.0 (X11; Ubuntu; Linux x86_64) AppleWebKit/537.36 (KHTML, like Gecko) Chrome/120.0.0.0 Safari/537.36"
62.60.130.36 - - [01/Sep/2026:11:45:36 -0500] "GET /wp-admin/index.php HTTP/1.1" 302 - "https://iglesiaerestu.org/wp-login.php" "Mozilla/5.0 (Macintosh; Intel Mac OS X 10_15_7) AppleWebKit/605.1.15 (KHTML, like Gecko) Version/16.6 Safari/605.1.15"
62.60.130.36 - - [01/Sep/2026:11:45:38 -0500] "GET /wp-login.php?redirect_to=https%3A%2F%2Fcampanaarquidiocesana.org%2Fwp-admin%2Findex.php&reauth=1 HTTP/1.1" 200 9325 "https://iglesiaerestu.org/wp-login.php" "Mozilla/5.0 (Macintosh; Intel Mac OS X 10_15_7) AppleWebKit/605.1.15 (KHTML, like Gecko) Version/16.6 Safari/605.1.15"
62.60.130.36 - - [01/Sep/2026:11:45:39 -0500] "GET /wp-admin/index.php HTTP/1.1" 302 - "https://iglesiaerestu.org/wp-login.php" "Mozilla/5.0 (Macintosh; Intel Mac OS X 13_6_1) AppleWebKit/605.1.15 (KHTML, like Gecko) Version/16.6 Safari/605.1.15"
62.60.130.36 - - [01/Sep/2026:11:45:41 -0500] "GET /wp-login.php?redirect_to=https%3A%2F%2Fcampanaarquidiocesana.org%2Fwp-admin%2Findex.php&reauth=1 HTTP/1.1" 200 9325 "https://iglesiaerestu.org/wp-login.php" "Mozilla/5.0 (Macintosh; Intel Mac OS X 13_6_1) AppleWebKit/605.1.15 (KHTML, like Gecko) Version/16.6 Safari/605.1.15"
62.60.130.36 - - [01/Sep/2026:11:45:42 -0500] "GET /wp-admin/index.php HTTP/1.1" 302 - "https://iglesiaerestu.org/wp-login.php" "Mozilla/5.0 (Macintosh; Intel Mac OS X 10_15_7) AppleWebKit/605.1.15 (KHTML, like Gecko) Version/16.6 Safari/605.1.15"
62.60.130.36 - - [01/Sep/2026:11:45:44 -0500] "GET /wp-login.php?redirect_to=https%3A%2F%2Fcampanaarquidiocesana.org%2Fwp-admin%2Findex.php&reauth=1 HTTP/1.1" 200 9325 "https://iglesiaerestu.org/wp-login.php" "Mozilla/5.0 (Macintosh; Intel Mac OS X 10_15_7) AppleWebKit/605.1.15 (KHTML, like Gecko) Version/16.6 Safari/605.1.15"
62.60.130.36 - - [01/Sep/2026:11:45:45 -0500] "GET /wp-admin/index.php HTTP/1.1" 302 - "https://iglesiaerestu.org/wp-login.php" "Mozilla/5.0 (Macintosh; Intel Mac OS X 13_6_1) AppleWebKit/605.1.15 (KHTML, like Gecko) Version/17.0 Safari/605.1.15"
62.60.130.36 - - [01/Sep/2026:11:45:47 -0500] "GET /wp-login.php?redirect_to=https%3A%2F%2Fcampanaarquidiocesana.org%2Fwp-admin%2Findex.php&reauth=1 HTTP/1.1" 200 9325 "https://iglesiaerestu.org/wp-login.php" "Mozilla/5.0 (Macintosh; Intel Mac OS X 13_6_1) AppleWebKit/605.1.15 (KHTML, like Gecko) Version/17.0 Safari/605.1.15"
62.60.130.36 - - [01/Sep/2026:11:45:48 -0500] "GET /wp-admin/index.php HTTP/1.1" 302 - "https://iglesiaerestu.org/wp-login.php" "Mozilla/5.0 (Windows NT 11.0; Win64; x64; rv:120.0) Gecko/20100101 Firefox/120.0"
62.60.130.36 - - [01/Sep/2026:11:45:50 -0500] "GET /wp-login.php?redirect_to=https%3A%2F%2Fcampanaarquidiocesana.org%2Fwp-admin%2Findex.php&reauth=1 HTTP/1.1" 200 9325 "https://iglesiaerestu.org/wp-login.php" "Mozilla/5.0 (Windows NT 11.0; Win64; x64; rv:120.0) Gecko/20100101 Firefox/120.0"
62.60.130.36 - - [01/Sep/2026:11:45:51 -0500] "GET /wp-admin/index.php HTTP/1.1" 302 - "https://iglesiaerestu.org/wp-login.php" "Mozilla/5.0 (Windows NT 10.0; Win64; x64) AppleWebKit/537.36 (KHTML, like Gecko) Chrome/120.0.0.0 Safari/537.36"
62.60.130.36 - - [01/Sep/2026:11:45:53 -0500] "GET /wp-login.php?redirect_to=https%3A%2F%2Fcampanaarquidiocesana.org%2Fwp-admin%2Findex.php&reauth=1 HTTP/1.1" 200 9325 "https://iglesiaerestu.org/wp-login.php" "Mozilla/5.0 (Windows NT 10.0; Win64; x64) AppleWebKit/537.36 (KHTML, like Gecko) Chrome/120.0.0.0 Safari/537.36"
62.60.130.36 - - [01/Sep/2026:11:45:54 -0500] "GET /wp-admin/index.php HTTP/1.1" 302 - "https://iglesiaerestu.org/wp-login.php" "Mozilla/5.0 (Macintosh; Intel Mac OS X 13_6_1; rv:121.0) Gecko/20100101 Firefox/121.0"
62.60.130.36 - - [01/Sep/2026:11:45:56 -0500] "GET /wp-login.php?redirect_to=https%3A%2F%2Fcampanaarquidiocesana.org%2Fwp-admin%2Findex.php&reauth=1 HTTP/1.1" 200 9325 "https://iglesiaerestu.org/wp-login.php" "Mozilla/5.0 (Macintosh; Intel Mac OS X 13_6_1; rv:121.0) Gecko/20100101 Firefox/121.0"
62.60.130.36 - - [01/Sep/2026:11:45:57 -0500] "GET /wp-admin/index.php HTTP/1.1" 302 - "https://iglesiaerestu.org/wp-login.php" "Mozilla/5.0 (Macintosh; Intel Mac OS X 13_6_1; rv:120.0) Gecko/20100101 Firefox/120.0"
62.60.130.36 - - [01/Sep/2026:11:45:59 -0500] "GET /wp-login.php?redirect_to=https%3A%2F%2Fcampanaarquidiocesana.org%2Fwp-admin%2Findex.php&reauth=1 HTTP/1.1" 200 9325 "https://iglesiaerestu.org/wp-login.php" "Mozilla/5.0 (Macintosh; Intel Mac OS X 13_6_1; rv:120.0) Gecko/20100101 Firefox/120.0"
62.60.130.36 - - [01/Sep/2026:11:46:00 -0500] "GET /wp-admin/index.php HTTP/1.1" 302 - "https://iglesiaerestu.org/wp-login.php" "Mozilla/5.0 (X11; Linux x86_64) AppleWebKit/537.36 (KHTML, like Gecko) Chrome/120.0.0.0 Safari/537.36"
50.6.160.110 - - [01/Sep/2026:11:46:02 -0500] "GET /wp-login.php HTTP/1.1" 200 9201 "https://iglesiaerestu.org/wp-login.php" "Mozilla/5.0 (Windows NT 10.0; Win64; x64) AppleWebKit/537.36 (KHTML, like Gecko) Chrome/151.0.0.0 Safari/537.36"
62.60.130.36 - - [01/Sep/2026:11:46:01 -0500] "GET /wp-login.php?redirect_to=https%3A%2F%2Fcampanaarquidiocesana.org%2Fwp-admin%2Findex.php&reauth=1 HTTP/1.1" 200 9325 "https://iglesiaerestu.org/wp-login.php" "Mozilla/5.0 (X11; Linux x86_64) AppleWebKit/537.36 (KHTML, like Gecko) Chrome/120.0.0.0 Safari/537.36"
50.6.160.110 - - [01/Sep/2026:11:46:03 -0500] "GET /wp-login.php HTTP/1.1" 200 9201 "https://iglesiaerestu.org/wp-login.php" "Mozilla/5.0 (Windows NT 10.0; Win64; x64) AppleWebKit/537.36 (KHTML, like Gecko) Chrome/151.0.0.0 Safari/537.36"
62.60.130.36 - - [01/Sep/2026:11:46:03 -0500] "GET /wp-admin/index.php HTTP/1.1" 302 - "https://iglesiaerestu.org/wp-login.php" "Mozilla/5.0 (Macintosh; Intel Mac OS X 13_6_1) AppleWebKit/605.1.15 (KHTML, like Gecko) Version/17.2 Safari/605.1.15"
34.6.87.143 - - [01/Sep/2026:11:46:04 -0500] "GET / HTTP/1.1" 301 - "-" "Mozilla/5.0 (compatible; CMS-Checker/1.0; +https://example.com)"
62.60.130.36 - - [01/Sep/2026:11:46:05 -0500] "GET /wp-login.php?redirect_to=https%3A%2F%2Fcampanaarquidiocesana.org%2Fwp-admin%2Findex.php&reauth=1 HTTP/1.1" 200 9325 "https://iglesiaerestu.org/wp-login.php" "Mozilla/5.0 (Macintosh; Intel Mac OS X 13_6_1) AppleWebKit/605.1.15 (KHTML, like Gecko) Version/17.2 Safari/605.1.15"
34.6.87.143 - - [01/Sep/2026:11:46:07 -0500] "GET / HTTP/1.1" 200 19791 "http://campanaarquidiocesana.org" "Mozilla/5.0 (compatible; CMS-Checker/1.0; +https://example.com)"
62.60.130.36 - - [01/Sep/2026:11:46:06 -0500] "GET /wp-admin/index.php HTTP/1.1" 302 - "https://iglesiaerestu.org/wp-login.php" "Mozilla/5.0 (Windows NT 11.0; Win64; x64) AppleWebKit/537.36 (KHTML, like Gecko) Chrome/118.0.0.0 Safari/537.36"
62.60.130.36 - - [01/Sep/2026:11:46:09 -0500] "GET /wp-login.php?redirect_to=https%3A%2F%2Fcampanaarquidiocesana.org%2Fwp-admin%2Findex.php&reauth=1 HTTP/1.1" 200 9325 "https://iglesiaerestu.org/wp-login.php" "Mozilla/5.0 (Windows NT 11.0; Win64; x64) AppleWebKit/537.36 (KHTML, like Gecko) Chrome/118.0.0.0 Safari/537.36"
62.60.130.36 - - [01/Sep/2026:11:46:12 -0500] "GET /wp-admin/index.php HTTP/1.1" 302 - "https://iglesiaerestu.org/wp-login.php" "Mozilla/5.0 (Macintosh; Intel Mac OS X 10_15_7; rv:120.0) Gecko/20100101 Firefox/120.0"
62.60.130.36 - - [01/Sep/2026:11:46:15 -0500] "GET /wp-login.php?redirect_to=https%3A%2F%2Fcampanaarquidiocesana.org%2Fwp-admin%2Findex.php&reauth=1 HTTP/1.1" 200 9325 "https://iglesiaerestu.org/wp-login.php" "Mozilla/5.0 (Macintosh; Intel Mac OS X 10_15_7; rv:120.0) Gecko/20100101 Firefox/120.0"
62.60.130.36 - - [01/Sep/2026:11:46:16 -0500] "GET /wp-admin/index.php HTTP/1.1" 302 - "https://iglesiaerestu.org/wp-login.php" "Mozilla/5.0 (Macintosh; Intel Mac OS X 13_6_1) AppleWebKit/537.36 (KHTML, like Gecko) Chrome/120.0.0.0 Safari/537.36"
62.60.130.36 - - [01/Sep/2026:11:46:18 -0500] "GET /wp-login.php?redirect_to=https%3A%2F%2Fcampanaarquidiocesana.org%2Fwp-admin%2Findex.php&reauth=1 HTTP/1.1" 200 9325 "https://iglesiaerestu.org/wp-login.php" "Mozilla/5.0 (Macintosh; Intel Mac OS X 13_6_1) AppleWebKit/537.36 (KHTML, like Gecko) Chrome/120.0.0.0 Safari/537.36"
62.60.130.36 - - [01/Sep/2026:11:46:20 -0500] "GET /wp-admin/index.php HTTP/1.1" 302 - "https://iglesiaerestu.org/wp-login.php" "Mozilla/5.0 (Macintosh; Intel Mac OS X 13_6_1) AppleWebKit/605.1.15 (KHTML, like Gecko) Version/17.1 Safari/605.1.15"
62.60.130.36 - - [01/Sep/2026:11:46:21 -0500] "GET /wp-login.php?redirect_to=https%3A%2F%2Fcampanaarquidiocesana.org%2Fwp-admin%2Findex.php&reauth=1 HTTP/1.1" 200 9325 "https://iglesiaerestu.org/wp-login.php" "Mozilla/5.0 (Macintosh; Intel Mac OS X 13_6_1) AppleWebKit/605.1.15 (KHTML, like Gecko) Version/17.1 Safari/605.1.15"
62.60.130.36 - - [01/Sep/2026:11:46:22 -0500] "GET /wp-admin/index.php HTTP/1.1" 302 - "https://iglesiaerestu.org/wp-login.php" "Mozilla/5.0 (Macintosh; Intel Mac OS X 10_15_7) AppleWebKit/605.1.15 (KHTML, like Gecko) Version/17.0 Safari/605.1.15"
62.60.130.36 - - [01/Sep/2026:11:46:24 -0500] "GET /wp-login.php?redirect_to=https%3A%2F%2Fcampanaarquidiocesana.org%2Fwp-admin%2Findex.php&reauth=1 HTTP/1.1" 200 9325 "https://iglesiaerestu.org/wp-login.php" "Mozilla/5.0 (Macintosh; Intel Mac OS X 10_15_7) AppleWebKit/605.1.15 (KHTML, like Gecko) Version/17.0 Safari/605.1.15"
62.60.130.36 - - [01/Sep/2026:11:46:26 -0500] "GET /wp-admin/index.php HTTP/1.1" 302 - "https://iglesiaerestu.org/wp-login.php" "Mozilla/5.0 (Macintosh; Intel Mac OS X 13_6_1) AppleWebKit/605.1.15 (KHTML, like Gecko) Version/17.0 Safari/605.1.15"
62.60.130.36 - - [01/Sep/2026:11:46:27 -0500] "GET /wp-login.php?redirect_to=https%3A%2F%2Fcampanaarquidiocesana.org%2Fwp-admin%2Findex.php&reauth=1 HTTP/1.1" 200 9325 "https://iglesiaerestu.org/wp-login.php" "Mozilla/5.0 (Macintosh; Intel Mac OS X 13_6_1) AppleWebKit/605.1.15 (KHTML, like Gecko) Version/17.0 Safari/605.1.15"
62.60.130.36 - - [01/Sep/2026:11:46:28 -0500] "GET /wp-admin/index.php HTTP/1.1" 302 - "https://iglesiaerestu.org/wp-login.php" "Mozilla/5.0 (X11; Ubuntu; Linux x86_64) AppleWebKit/537.36 (KHTML, like Gecko) Chrome/120.0.0.0 Safari/537.36"
62.60.130.36 - - [01/Sep/2026:11:46:30 -0500] "GET /wp-login.php?redirect_to=https%3A%2F%2Fcampanaarquidiocesana.org%2Fwp-admin%2Findex.php&reauth=1 HTTP/1.1" 200 9325 "https://iglesiaerestu.org/wp-login.php" "Mozilla/5.0 (X11; Ubuntu; Linux x86_64) AppleWebKit/537.36 (KHTML, like Gecko) Chrome/120.0.0.0 Safari/537.36"
62.60.130.36 - - [01/Sep/2026:11:46:31 -0500] "GET /wp-admin/index.php HTTP/1.1" 302 - "https://iglesiaerestu.org/wp-login.php" "Mozilla/5.0 (Macintosh; Intel Mac OS X 10_15_7; rv:120.0) Gecko/20100101 Firefox/120.0"
62.60.130.36 - - [01/Sep/2026:11:46:33 -0500] "GET /wp-login.php?redirect_to=https%3A%2F%2Fcampanaarquidiocesana.org%2Fwp-admin%2Findex.php&reauth=1 HTTP/1.1" 200 9325 "https://iglesiaerestu.org/wp-login.php" "Mozilla/5.0 (Macintosh; Intel Mac OS X 10_15_7; rv:120.0) Gecko/20100101 Firefox/120.0"
62.60.130.36 - - [01/Sep/2026:11:46:35 -0500] "GET /wp-admin/index.php HTTP/1.1" 302 - "https://iglesiaerestu.org/wp-login.php" "Mozilla/5.0 (Macintosh; Intel Mac OS X 13_6_1) AppleWebKit/605.1.15 (KHTML, like Gecko) Version/16.6 Safari/605.1.15"
62.60.130.36 - - [01/Sep/2026:11:46:36 -0500] "GET /wp-login.php?redirect_to=https%3A%2F%2Fcampanaarquidiocesana.org%2Fwp-admin%2Findex.php&reauth=1 HTTP/1.1" 200 9325 "https://iglesiaerestu.org/wp-login.php" "Mozilla/5.0 (Macintosh; Intel Mac OS X 13_6_1) AppleWebKit/605.1.15 (KHTML, like Gecko) Version/16.6 Safari/605.1.15"
62.60.130.36 - - [01/Sep/2026:11:46:38 -0500] "GET /wp-admin/index.php HTTP/1.1" 302 - "https://iglesiaerestu.org/wp-login.php" "Mozilla/5.0 (Macintosh; Intel Mac OS X 10_15_7; rv:120.0) Gecko/20100101 Firefox/120.0"
62.60.130.36 - - [01/Sep/2026:11:46:39 -0500] "GET /wp-login.php?redirect_to=https%3A%2F%2Fcampanaarquidiocesana.org%2Fwp-admin%2Findex.php&reauth=1 HTTP/1.1" 200 9325 "https://iglesiaerestu.org/wp-login.php" "Mozilla/5.0 (Macintosh; Intel Mac OS X 10_15_7; rv:120.0) Gecko/20100101 Firefox/120.0"
62.60.130.36 - - [01/Sep/2026:11:46:41 -0500] "GET /wp-admin/index.php HTTP/1.1" 302 - "https://iglesiaerestu.org/wp-login.php" "Mozilla/5.0 (Macintosh; Intel Mac OS X 10_15_7) AppleWebKit/605.1.15 (KHTML, like Gecko) Version/17.2 Safari/605.1.15"
62.60.130.36 - - [01/Sep/2026:11:46:42 -0500] "GET /wp-login.php?redirect_to=https%3A%2F%2Fcampanaarquidiocesana.org%2Fwp-admin%2Findex.php&reauth=1 HTTP/1.1" 200 9325 "https://iglesiaerestu.org/wp-login.php" "Mozilla/5.0 (Macintosh; Intel Mac OS X 10_15_7) AppleWebKit/605.1.15 (KHTML, like Gecko) Version/17.2 Safari/605.1.15"
62.60.130.36 - - [01/Sep/2026:11:46:43 -0500] "GET /wp-admin/index.php HTTP/1.1" 302 - "https://iglesiaerestu.org/wp-login.php" "Mozilla/5.0 (Macintosh; Intel Mac OS X 13_6_1) AppleWebKit/537.36 (KHTML, like Gecko) Chrome/118.0.0.0 Safari/537.36"
62.60.130.36 - - [01/Sep/2026:11:46:45 -0500] "GET /wp-login.php?redirect_to=https%3A%2F%2Fcampanaarquidiocesana.org%2Fwp-admin%2Findex.php&reauth=1 HTTP/1.1" 200 9325 "https://iglesiaerestu.org/wp-login.php" "Mozilla/5.0 (Macintosh; Intel Mac OS X 13_6_1) AppleWebKit/537.36 (KHTML, like Gecko) Chrome/118.0.0.0 Safari/537.36"
62.60.130.36 - - [01/Sep/2026:11:46:46 -0500] "GET /wp-admin/index.php HTTP/1.1" 302 - "https://iglesiaerestu.org/wp-login.php" "Mozilla/5.0 (Macintosh; Intel Mac OS X 13_6_1) AppleWebKit/605.1.15 (KHTML, like Gecko) Version/17.2 Safari/605.1.15"
20.151.10.161 - - [01/Sep/2026:11:46:46 -0500] "GET /wp-content/plugins/hellopress/wp_filemanager.php HTTP/1.1" 404 51009 "-" "-"
62.60.130.36 - - [01/Sep/2026:11:46:48 -0500] "GET /wp-login.php?redirect_to=https%3A%2F%2Fcampanaarquidiocesana.org%2Fwp-admin%2Findex.php&reauth=1 HTTP/1.1" 200 9325 "https://iglesiaerestu.org/wp-login.php" "Mozilla/5.0 (Macintosh; Intel Mac OS X 13_6_1) AppleWebKit/605.1.15 (KHTML, like Gecko) Version/17.2 Safari/605.1.15"
20.151.10.161 - - [01/Sep/2026:11:46:48 -0500] "GET /this_is_a_new_hello_world.php HTTP/1.1" 404 41678 "-" "-"
62.60.130.36 - - [01/Sep/2026:11:46:49 -0500] "GET /wp-admin/index.php HTTP/1.1" 302 - "https://iglesiaerestu.org/wp-login.php" "Mozilla/5.0 (Macintosh; Intel Mac OS X 10_15_7) AppleWebKit/537.36 (KHTML, like Gecko) Chrome/120.0.0.0 Safari/537.36"
20.151.10.161 - - [01/Sep/2026:11:46:50 -0500] "GET //admin1.php HTTP/1.1" 301 - "-" "-"
62.60.130.36 - - [01/Sep/2026:11:46:51 -0500] "GET /wp-login.php?redirect_to=https%3A%2F%2Fcampanaarquidiocesana.org%2Fwp-admin%2Findex.php&reauth=1 HTTP/1.1" 200 9325 "https://iglesiaerestu.org/wp-login.php" "Mozilla/5.0 (Macintosh; Intel Mac OS X 10_15_7) AppleWebKit/537.36 (KHTML, like Gecko) Chrome/120.0.0.0 Safari/537.36"
62.60.130.36 - - [01/Sep/2026:11:46:52 -0500] "GET /wp-admin/index.php HTTP/1.1" 302 - "https://iglesiaerestu.org/wp-login.php" "Mozilla/5.0 (Macintosh; Intel Mac OS X 10_15_7) AppleWebKit/537.36 (KHTML, like Gecko) Chrome/120.0.0.0 Safari/537.36"
62.60.130.36 - - [01/Sep/2026:11:46:54 -0500] "GET /wp-login.php?redirect_to=https%3A%2F%2Fcampanaarquidiocesana.org%2Fwp-admin%2Findex.php&reauth=1 HTTP/1.1" 200 9325 "https://iglesiaerestu.org/wp-login.php" "Mozilla/5.0 (Macintosh; Intel Mac OS X 10_15_7) AppleWebKit/537.36 (KHTML, like Gecko) Chrome/120.0.0.0 Safari/537.36"
62.60.130.36 - - [01/Sep/2026:11:46:56 -0500] "GET /wp-admin/index.php HTTP/1.1" 302 - "https://iglesiaerestu.org/wp-login.php" "Mozilla/5.0 (Windows NT 11.0; Win64; x64) AppleWebKit/537.36 (KHTML, like Gecko) Chrome/119.0.0.0 Safari/537.36"
62.60.130.36 - - [01/Sep/2026:11:46:57 -0500] "GET /wp-login.php?redirect_to=https%3A%2F%2Fcampanaarquidiocesana.org%2Fwp-admin%2Findex.php&reauth=1 HTTP/1.1" 200 9325 "https://iglesiaerestu.org/wp-login.php" "Mozilla/5.0 (Windows NT 11.0; Win64; x64) AppleWebKit/537.36 (KHTML, like Gecko) Chrome/119.0.0.0 Safari/537.36"
62.60.130.36 - - [01/Sep/2026:11:46:58 -0500] "GET /wp-admin/index.php HTTP/1.1" 302 - "https://iglesiaerestu.org/wp-login.php" "Mozilla/5.0 (X11; Ubuntu; Linux x86_64) AppleWebKit/537.36 (KHTML, like Gecko) Chrome/119.0.0.0 Safari/537.36"
20.151.10.161 - - [01/Sep/2026:11:46:51 -0500] "GET /admin1.php HTTP/1.1" 404 41678 "-" "-"
62.60.130.36 - - [01/Sep/2026:11:47:00 -0500] "GET /wp-login.php?redirect_to=https%3A%2F%2Fcampanaarquidiocesana.org%2Fwp-admin%2Findex.php&reauth=1 HTTP/1.1" 200 9325 "https://iglesiaerestu.org/wp-login.php" "Mozilla/5.0 (X11; Ubuntu; Linux x86_64) AppleWebKit/537.36 (KHTML, like Gecko) Chrome/119.0.0.0 Safari/537.36"
20.151.10.161 - - [01/Sep/2026:11:47:00 -0500] "GET /nail.php HTTP/1.1" 404 41678 "-" "-"
62.60.130.36 - - [01/Sep/2026:11:47:01 -0500] "GET /wp-admin/index.php HTTP/1.1" 302 - "https://iglesiaerestu.org/wp-login.php" "Mozilla/5.0 (Macintosh; Intel Mac OS X 10_15_7) AppleWebKit/537.36 (KHTML, like Gecko) Chrome/119.0.0.0 Safari/537.36"
20.151.10.161 - - [01/Sep/2026:11:47:02 -0500] "GET /xamp.php HTTP/1.1" 404 41678 "-" "-"
62.60.130.36 - - [01/Sep/2026:11:47:03 -0500] "GET /wp-login.php?redirect_to=https%3A%2F%2Fcampanaarquidiocesana.org%2Fwp-admin%2Findex.php&reauth=1 HTTP/1.1" 200 9325 "https://iglesiaerestu.org/wp-login.php" "Mozilla/5.0 (Macintosh; Intel Mac OS X 10_15_7) AppleWebKit/537.36 (KHTML, like Gecko) Chrome/119.0.0.0 Safari/537.36"
20.151.10.161 - - [01/Sep/2026:11:47:03 -0500] "GET /fi22.php HTTP/1.1" 404 41678 "-" "-"
62.60.130.36 - - [01/Sep/2026:11:47:05 -0500] "GET /wp-admin/index.php HTTP/1.1" 302 - "https://iglesiaerestu.org/wp-login.php" "Mozilla/5.0 (Macintosh; Intel Mac OS X 13_6_1) AppleWebKit/537.36 (KHTML, like Gecko) Chrome/118.0.0.0 Safari/537.36"
62.60.130.36 - - [01/Sep/2026:11:47:06 -0500] "GET /wp-login.php?redirect_to=https%3A%2F%2Fcampanaarquidiocesana.org%2Fwp-admin%2Findex.php&reauth=1 HTTP/1.1" 200 9325 "https://iglesiaerestu.org/wp-login.php" "Mozilla/5.0 (Macintosh; Intel Mac OS X 13_6_1) AppleWebKit/537.36 (KHTML, like Gecko) Chrome/118.0.0.0 Safari/537.36"
62.60.130.36 - - [01/Sep/2026:11:47:08 -0500] "GET /wp-admin/index.php HTTP/1.1" 302 - "https://iglesiaerestu.org/wp-login.php" "Mozilla/5.0 (Macintosh; Intel Mac OS X 10_15_7; rv:120.0) Gecko/20100101 Firefox/120.0"
62.60.130.36 - - [01/Sep/2026:11:47:09 -0500] "GET /wp-login.php?redirect_to=https%3A%2F%2Fcampanaarquidiocesana.org%2Fwp-admin%2Findex.php&reauth=1 HTTP/1.1" 200 9325 "https://iglesiaerestu.org/wp-login.php" "Mozilla/5.0 (Macintosh; Intel Mac OS X 10_15_7; rv:120.0) Gecko/20100101 Firefox/120.0"
62.60.130.36 - - [01/Sep/2026:11:47:10 -0500] "GET /wp-admin/index.php HTTP/1.1" 302 - "https://iglesiaerestu.org/wp-login.php" "Mozilla/5.0 (Windows NT 11.0; Win64; x64; rv:121.0) Gecko/20100101 Firefox/121.0"
62.60.130.36 - - [01/Sep/2026:11:47:12 -0500] "GET /wp-login.php?redirect_to=https%3A%2F%2Fcampanaarquidiocesana.org%2Fwp-admin%2Findex.php&reauth=1 HTTP/1.1" 200 9325 "https://iglesiaerestu.org/wp-login.php" "Mozilla/5.0 (Windows NT 11.0; Win64; x64; rv:121.0) Gecko/20100101 Firefox/121.0"
62.60.130.36 - - [01/Sep/2026:11:47:14 -0500] "GET /wp-admin/index.php HTTP/1.1" 302 - "https://iglesiaerestu.org/wp-login.php" "Mozilla/5.0 (Macintosh; Intel Mac OS X 13_6_1) AppleWebKit/537.36 (KHTML, like Gecko) Chrome/120.0.0.0 Safari/537.36"
20.151.10.161 - - [01/Sep/2026:11:47:05 -0500] "GET /baba.php HTTP/1.1" 404 41678 "-" "-"
62.60.130.36 - - [01/Sep/2026:11:47:15 -0500] "GET /wp-login.php?redirect_to=https%3A%2F%2Fcampanaarquidiocesana.org%2Fwp-admin%2Findex.php&reauth=1 HTTP/1.1" 200 9325 "https://iglesiaerestu.org/wp-login.php" "Mozilla/5.0 (Macintosh; Intel Mac OS X 13_6_1) AppleWebKit/537.36 (KHTML, like Gecko) Chrome/120.0.0.0 Safari/537.36"
20.151.10.161 - - [01/Sep/2026:11:47:15 -0500] "GET /403dd.php HTTP/1.1" 404 41678 "-" "-"
62.60.130.36 - - [01/Sep/2026:11:47:16 -0500] "GET /wp-admin/index.php HTTP/1.1" 302 - "https://iglesiaerestu.org/wp-login.php" "Mozilla/5.0 (Macintosh; Intel Mac OS X 10_15_7) AppleWebKit/537.36 (KHTML, like Gecko) Chrome/119.0.0.0 Safari/537.36"
20.151.10.161 - - [01/Sep/2026:11:47:17 -0500] "GET /silver.php HTTP/1.1" 404 41678 "-" "-"
62.60.130.36 - - [01/Sep/2026:11:47:19 -0500] "GET /wp-login.php?redirect_to=https%3A%2F%2Fcampanaarquidiocesana.org%2Fwp-admin%2Findex.php&reauth=1 HTTP/1.1" 200 9325 "https://iglesiaerestu.org/wp-login.php" "Mozilla/5.0 (Macintosh; Intel Mac OS X 10_15_7) AppleWebKit/537.36 (KHTML, like Gecko) Chrome/119.0.0.0 Safari/537.36"
20.151.10.161 - - [01/Sep/2026:11:47:20 -0500] "GET /ssg.php HTTP/1.1" 404 41678 "-" "-"
62.60.130.36 - - [01/Sep/2026:11:47:21 -0500] "GET /wp-admin/index.php HTTP/1.1" 302 - "https://iglesiaerestu.org/wp-login.php" "Mozilla/5.0 (Macintosh; Intel Mac OS X 10_15_7; rv:121.0) Gecko/20100101 Firefox/121.0"
20.151.10.161 - - [01/Sep/2026:11:47:22 -0500] "GET /araso.php HTTP/1.1" 404 41678 "-" "-"
62.60.130.36 - - [01/Sep/2026:11:47:22 -0500] "GET /wp-login.php?redirect_to=https%3A%2F%2Fcampanaarquidiocesana.org%2Fwp-admin%2Findex.php&reauth=1 HTTP/1.1" 200 9325 "https://iglesiaerestu.org/wp-login.php" "Mozilla/5.0 (Macintosh; Intel Mac OS X 10_15_7; rv:121.0) Gecko/20100101 Firefox/121.0"
20.151.10.161 - - [01/Sep/2026:11:47:24 -0500] "GET /sm.php HTTP/1.1" 404 41678 "-" "-"
62.60.130.36 - - [01/Sep/2026:11:47:24 -0500] "GET /wp-admin/index.php HTTP/1.1" 302 - "https://iglesiaerestu.org/wp-login.php" "Mozilla/5.0 (Windows NT 10.0; Win64; x64) AppleWebKit/537.36 (KHTML, like Gecko) Chrome/118.0.0.0 Safari/537.36"
20.151.10.161 - - [01/Sep/2026:11:47:25 -0500] "GET /file0.php HTTP/1.1" 404 41678 "-" "-"
62.60.130.36 - - [01/Sep/2026:11:47:25 -0500] "GET /wp-login.php?redirect_to=https%3A%2F%2Fcampanaarquidiocesana.org%2Fwp-admin%2Findex.php&reauth=1 HTTP/1.1" 200 9325 "https://iglesiaerestu.org/wp-login.php" "Mozilla/5.0 (Windows NT 10.0; Win64; x64) AppleWebKit/537.36 (KHTML, like Gecko) Chrome/118.0.0.0 Safari/537.36"
20.151.10.161 - - [01/Sep/2026:11:47:27 -0500] "GET /file-gertdxz.php HTTP/1.1" 404 41678 "-" "-"
62.60.130.36 - - [01/Sep/2026:11:47:27 -0500] "GET /wp-admin/index.php HTTP/1.1" 302 - "https://iglesiaerestu.org/wp-login.php" "Mozilla/5.0 (Macintosh; Intel Mac OS X 13_6_1) AppleWebKit/537.36 (KHTML, like Gecko) Chrome/118.0.0.0 Safari/537.36"
62.60.130.36 - - [01/Sep/2026:11:47:29 -0500] "GET /wp-login.php?redirect_to=https%3A%2F%2Fcampanaarquidiocesana.org%2Fwp-admin%2Findex.php&reauth=1 HTTP/1.1" 200 9325 "https://iglesiaerestu.org/wp-login.php" "Mozilla/5.0 (Macintosh; Intel Mac OS X 13_6_1) AppleWebKit/537.36 (KHTML, like Gecko) Chrome/118.0.0.0 Safari/537.36"
20.151.10.161 - - [01/Sep/2026:11:47:29 -0500] "GET /ddd.php HTTP/1.1" 404 41678 "-" "-"
62.60.130.36 - - [01/Sep/2026:11:47:30 -0500] "GET /wp-admin/index.php HTTP/1.1" 302 - "https://iglesiaerestu.org/wp-login.php" "Mozilla/5.0 (Windows NT 11.0; Win64; x64; rv:119.0) Gecko/20100101 Firefox/119.0"
20.151.10.161 - - [01/Sep/2026:11:47:31 -0500] "GET /file58.php HTTP/1.1" 404 41678 "-" "-"
62.60.130.36 - - [01/Sep/2026:11:47:32 -0500] "GET /wp-login.php?redirect_to=https%3A%2F%2Fcampanaarquidiocesana.org%2Fwp-admin%2Findex.php&reauth=1 HTTP/1.1" 200 9325 "https://iglesiaerestu.org/wp-login.php" "Mozilla/5.0 (Windows NT 11.0; Win64; x64; rv:119.0) Gecko/20100101 Firefox/119.0"
66.249.64.66 - - [01/Sep/2026:11:47:32 -0500] "GET /robots.txt HTTP/1.1" 200 183 "-" "Mozilla/5.0 (compatible; Googlebot/2.1; +http://www.google.com/bot.html)"
20.151.10.161 - - [01/Sep/2026:11:47:33 -0500] "GET /888.php HTTP/1.1" 404 41678 "-" "-"
62.60.130.36 - - [01/Sep/2026:11:47:33 -0500] "GET /wp-admin/index.php HTTP/1.1" 302 - "https://iglesiaerestu.org/wp-login.php" "Mozilla/5.0 (Windows NT 10.0; Win64; x64; rv:119.0) Gecko/20100101 Firefox/119.0"
20.151.10.161 - - [01/Sep/2026:11:47:34 -0500] "GET /bibil.php HTTP/1.1" 404 41678 "-" "-"
62.60.130.36 - - [01/Sep/2026:11:47:35 -0500] "GET /wp-login.php?redirect_to=https%3A%2F%2Fcampanaarquidiocesana.org%2Fwp-admin%2Findex.php&reauth=1 HTTP/1.1" 200 9325 "https://iglesiaerestu.org/wp-login.php" "Mozilla/5.0 (Windows NT 10.0; Win64; x64; rv:119.0) Gecko/20100101 Firefox/119.0"
20.151.10.161 - - [01/Sep/2026:11:47:36 -0500] "GET /file48.php HTTP/1.1" 404 41678 "-" "-"
62.60.130.36 - - [01/Sep/2026:11:47:36 -0500] "GET /wp-admin/index.php HTTP/1.1" 302 - "https://iglesiaerestu.org/wp-login.php" "Mozilla/5.0 (X11; Ubuntu; Linux x86_64) AppleWebKit/537.36 (KHTML, like Gecko) Chrome/121.0.0.0 Safari/537.36"
66.249.75.167 - - [01/Sep/2026:11:47:38 -0500] "GET /wp-content/themes/mesmerize/assets/css/theme.bundle.min.css?ver=1.6.158 HTTP/1.1" 200 104262 "https://campanaarquidiocesana.org/" "Mozilla/5.0 (Linux; Android 6.0.1; Nexus 5X Build/MMB29P) AppleWebKit/537.36 (KHTML, like Gecko) Chrome/151.0.7922.173 Mobile Safari/537.36 (compatible; Googlebot/2.1; +http://www.google.com/bot.html)"
62.60.130.36 - - [01/Sep/2026:11:47:38 -0500] "GET /wp-login.php?redirect_to=https%3A%2F%2Fcampanaarquidiocesana.org%2Fwp-admin%2Findex.php&reauth=1 HTTP/1.1" 200 9325 "https://iglesiaerestu.org/wp-login.php" "Mozilla/5.0 (X11; Ubuntu; Linux x86_64) AppleWebKit/537.36 (KHTML, like Gecko) Chrome/121.0.0.0 Safari/537.36"
20.151.10.161 - - [01/Sep/2026:11:47:38 -0500] "GET /fifii.php HTTP/1.1" 404 41678 "-" "-"
62.60.130.36 - - [01/Sep/2026:11:47:39 -0500] "GET /wp-admin/index.php HTTP/1.1" 302 - "https://iglesiaerestu.org/wp-login.php" "Mozilla/5.0 (Macintosh; Intel Mac OS X 10_15_7) AppleWebKit/537.36 (KHTML, like Gecko) Chrome/120.0.0.0 Safari/537.36"
20.151.10.161 - - [01/Sep/2026:11:47:40 -0500] "GET /fifi.php HTTP/1.1" 404 41678 "-" "-"
62.60.130.36 - - [01/Sep/2026:11:47:41 -0500] "GET /wp-login.php?redirect_to=https%3A%2F%2Fcampanaarquidiocesana.org%2Fwp-admin%2Findex.php&reauth=1 HTTP/1.1" 200 9325 "https://iglesiaerestu.org/wp-login.php" "Mozilla/5.0 (Macintosh; Intel Mac OS X 10_15_7) AppleWebKit/537.36 (KHTML, like Gecko) Chrome/120.0.0.0 Safari/537.36"
20.151.10.161 - - [01/Sep/2026:11:47:42 -0500] "GET /file10.php HTTP/1.1" 404 41678 "-" "-"
62.60.130.36 - - [01/Sep/2026:11:47:42 -0500] "GET /wp-admin/index.php HTTP/1.1" 302 - "https://iglesiaerestu.org/wp-login.php" "Mozilla/5.0 (Windows NT 11.0; Win64; x64; rv:121.0) Gecko/20100101 Firefox/121.0"
20.151.10.161 - - [01/Sep/2026:11:47:43 -0500] "GET /moon.php?p HTTP/1.1" 301 - "-" "-"
62.60.130.36 - - [01/Sep/2026:11:47:44 -0500] "GET /wp-login.php?redirect_to=https%3A%2F%2Fcampanaarquidiocesana.org%2Fwp-admin%2Findex.php&reauth=1 HTTP/1.1" 200 9325 "https://iglesiaerestu.org/wp-login.php" "Mozilla/5.0 (Windows NT 11.0; Win64; x64; rv:121.0) Gecko/20100101 Firefox/121.0"
20.151.10.161 - - [01/Sep/2026:11:47:45 -0500] "GET /moon.php HTTP/1.1" 404 41678 "-" "-"
62.60.130.36 - - [01/Sep/2026:11:47:45 -0500] "GET /wp-admin/index.php HTTP/1.1" 302 - "https://iglesiaerestu.org/wp-login.php" "Mozilla/5.0 (X11; Linux x86_64) AppleWebKit/537.36 (KHTML, like Gecko) Chrome/121.0.0.0 Safari/537.36"
20.151.10.161 - - [01/Sep/2026:11:47:46 -0500] "GET /file88.php HTTP/1.1" 404 41678 "-" "-"
62.60.130.36 - - [01/Sep/2026:11:47:47 -0500] "GET /wp-login.php?redirect_to=https%3A%2F%2Fcampanaarquidiocesana.org%2Fwp-admin%2Findex.php&reauth=1 HTTP/1.1" 200 9325 "https://iglesiaerestu.org/wp-login.php" "Mozilla/5.0 (X11; Linux x86_64) AppleWebKit/537.36 (KHTML, like Gecko) Chrome/121.0.0.0 Safari/537.36"
20.151.10.161 - - [01/Sep/2026:11:47:48 -0500] "GET /class.5.php HTTP/1.1" 404 41678 "-" "-"
62.60.130.36 - - [01/Sep/2026:11:47:48 -0500] "GET /wp-admin/index.php HTTP/1.1" 302 - "https://iglesiaerestu.org/wp-login.php" "Mozilla/5.0 (Macintosh; Intel Mac OS X 10_15_7) AppleWebKit/537.36 (KHTML, like Gecko) Chrome/120.0.0.0 Safari/537.36"
62.60.130.36 - - [01/Sep/2026:11:47:50 -0500] "GET /wp-login.php?redirect_to=https%3A%2F%2Fcampanaarquidiocesana.org%2Fwp-admin%2Findex.php&reauth=1 HTTP/1.1" 200 9325 "https://iglesiaerestu.org/wp-login.php" "Mozilla/5.0 (Macintosh; Intel Mac OS X 10_15_7) AppleWebKit/537.36 (KHTML, like Gecko) Chrome/120.0.0.0 Safari/537.36"
20.151.10.161 - - [01/Sep/2026:11:47:50 -0500] "GET /class.2.php HTTP/1.1" 404 41678 "-" "-"
62.60.130.36 - - [01/Sep/2026:11:47:51 -0500] "GET /wp-admin/index.php HTTP/1.1" 302 - "https://iglesiaerestu.org/wp-login.php" "Mozilla/5.0 (Windows NT 10.0; Win64; x64) AppleWebKit/537.36 (KHTML, like Gecko) Chrome/121.0.0.0 Safari/537.36"
20.151.10.161 - - [01/Sep/2026:11:47:52 -0500] "GET /cccc.php HTTP/1.1" 404 41678 "-" "-"
62.60.130.36 - - [01/Sep/2026:11:47:53 -0500] "GET /wp-login.php?redirect_to=https%3A%2F%2Fcampanaarquidiocesana.org%2Fwp-admin%2Findex.php&reauth=1 HTTP/1.1" 200 9325 "https://iglesiaerestu.org/wp-login.php" "Mozilla/5.0 (Windows NT 10.0; Win64; x64) AppleWebKit/537.36 (KHTML, like Gecko) Chrome/121.0.0.0 Safari/537.36"
20.151.10.161 - - [01/Sep/2026:11:47:54 -0500] "GET /efile.php HTTP/1.1" 404 41678 "-" "-"
62.60.130.36 - - [01/Sep/2026:11:47:55 -0500] "GET /wp-admin/index.php HTTP/1.1" 302 - "https://iglesiaerestu.org/wp-login.php" "Mozilla/5.0 (Macintosh; Intel Mac OS X 10_15_7) AppleWebKit/605.1.15 (KHTML, like Gecko) Version/17.0 Safari/605.1.15"
20.151.10.161 - - [01/Sep/2026:11:47:55 -0500] "GET /admi.php HTTP/1.1" 404 41678 "-" "-"
62.60.130.36 - - [01/Sep/2026:11:47:56 -0500] "GET /wp-login.php?redirect_to=https%3A%2F%2Fcampanaarquidiocesana.org%2Fwp-admin%2Findex.php&reauth=1 HTTP/1.1" 200 9325 "https://iglesiaerestu.org/wp-login.php" "Mozilla/5.0 (Macintosh; Intel Mac OS X 10_15_7) AppleWebKit/605.1.15 (KHTML, like Gecko) Version/17.0 Safari/605.1.15"
20.151.10.161 - - [01/Sep/2026:11:47:57 -0500] "GET /dox.php HTTP/1.1" 404 41678 "-" "-"
20.151.10.161 - - [01/Sep/2026:11:47:59 -0500] "GET /file9.php HTTP/1.1" 404 41678 "-" "-"
20.151.10.161 - - [01/Sep/2026:11:48:01 -0500] "GET /file8.php HTTP/1.1" 404 41678 "-" "-"
20.151.10.161 - - [01/Sep/2026:11:48:02 -0500] "GET /file6.php HTTP/1.1" 404 41678 "-" "-"
51.68.107.142 - - [01/Sep/2026:11:47:51 -0500] "GET / HTTP/1.1" 200 113794 "-" "Mozilla/5.0 (compatible; MJ12bot/v2.0.5; http://mj12bot.com/)"
20.151.10.161 - - [01/Sep/2026:11:48:04 -0500] "GET /file4.php HTTP/1.1" 404 41678 "-" "-"
20.151.10.161 - - [01/Sep/2026:11:48:06 -0500] "GET /media.php HTTP/1.1" 404 41678 "-" "-"
20.151.10.161 - - [01/Sep/2026:11:48:08 -0500] "GET //adminfuns.php HTTP/1.1" 403 199 "-" "-"
20.151.10.161 - - [01/Sep/2026:11:48:08 -0500] "GET /classwithtostring.php?p= HTTP/1.1" 301 - "-" "-"
62.60.130.36 - - [01/Sep/2026:11:47:58 -0500] "GET /wp-admin/index.php HTTP/1.1" 302 - "https://iglesiaerestu.org/wp-login.php" "Mozilla/5.0 (Windows NT 11.0; Win64; x64; rv:121.0) Gecko/20100101 Firefox/121.0"
20.151.10.161 - - [01/Sep/2026:11:48:09 -0500] "GET /classwithtostring.php HTTP/1.1" 404 41678 "-" "-"
62.60.130.36 - - [01/Sep/2026:11:48:10 -0500] "GET /wp-admin/profile.php HTTP/1.1" 302 - "https://iglesiaerestu.org/wp-login.php" "Mozilla/5.0 (Windows NT 11.0; Win64; x64; rv:121.0) Gecko/20100101 Firefox/121.0"
62.60.130.36 - - [01/Sep/2026:11:48:11 -0500] "GET /wp-login.php?redirect_to=https%3A%2F%2Fcampanaarquidiocesana.org%2Fwp-admin%2Findex.php&reauth=1 HTTP/1.1" 200 9325 "https://iglesiaerestu.org/wp-login.php" "Mozilla/5.0 (Windows NT 11.0; Win64; x64; rv:121.0) Gecko/20100101 Firefox/121.0"
