141.98.11.41 - - [01/Sep/2026:17:24:39 -0500] "GET /wp-admin/index.php HTTP/1.1" 503 19284 "https://campanaarquidiocesana.org/wp-login.php" "Mozilla/5.0 (X11; Linux x86_64) Gecko/20100101 Firefox/119.0.1"
157.90.185.123 - - [01/Sep/2026:17:24:40 -0500] "POST /?wordfence_syncAttackData=1788301480.4307 HTTP/1.1" 200 - "-" "WordPress/6.6.7; https://campanaarquidiocesana.org"
141.98.11.41 - - [01/Sep/2026:17:24:41 -0500] "GET /wp-admin/profile.php HTTP/1.1" 503 19284 "https://campanaarquidiocesana.org/wp-login.php" "Mozilla/5.0 (X11; Linux x86_64) Gecko/20100101 Firefox/119.0.1"
141.98.11.41 - - [01/Sep/2026:17:24:42 -0500] "GET /wp-admin/edit.php HTTP/1.1" 503 19284 "https://campanaarquidiocesana.org/wp-login.php" "Mozilla/5.0 (X11; Linux x86_64) Gecko/20100101 Firefox/119.0.1"
141.98.11.41 - - [01/Sep/2026:17:24:43 -0500] "GET /wp-admin/plugins.php HTTP/1.1" 503 19284 "https://campanaarquidiocesana.org/wp-login.php" "Mozilla/5.0 (X11; Linux x86_64) Gecko/20100101 Firefox/119.0.1"
141.98.11.41 - - [01/Sep/2026:17:24:45 -0500] "POST /wp-login.php HTTP/1.1" 503 18282 "https://campanaarquidiocesana.org/wp-login.php" "Mozilla/5.0 (Windows NT 11.0; Win64; x64) AppleWebKit/537.36 (KHTML, like Gecko) Chrome/119.0.6045.159 Safari/537.36"
141.98.11.41 - - [01/Sep/2026:17:24:46 -0500] "GET /wp-admin/index.php HTTP/1.1" 503 19284 "https://campanaarquidiocesana.org/wp-login.php" "Mozilla/5.0 (Windows NT 11.0; Win64; x64) AppleWebKit/537.36 (KHTML, like Gecko) Chrome/119.0.6045.159 Safari/537.36"
141.98.11.41 - - [01/Sep/2026:17:24:47 -0500] "GET /wp-admin/profile.php HTTP/1.1" 503 19284 "https://campanaarquidiocesana.org/wp-login.php" "Mozilla/5.0 (Windows NT 11.0; Win64; x64) AppleWebKit/537.36 (KHTML, like Gecko) Chrome/119.0.6045.159 Safari/537.36"
141.98.11.41 - - [01/Sep/2026:17:24:48 -0500] "GET /wp-admin/edit.php HTTP/1.1" 503 19284 "https://campanaarquidiocesana.org/wp-login.php" "Mozilla/5.0 (Windows NT 11.0; Win64; x64) AppleWebKit/537.36 (KHTML, like Gecko) Chrome/119.0.6045.159 Safari/537.36"
141.98.11.41 - - [01/Sep/2026:17:24:49 -0500] "GET /wp-admin/plugins.php HTTP/1.1" 503 19284 "https://campanaarquidiocesana.org/wp-login.php" "Mozilla/5.0 (Windows NT 11.0; Win64; x64) AppleWebKit/537.36 (KHTML, like Gecko) Chrome/119.0.6045.159 Safari/537.36"
141.98.11.41 - - [01/Sep/2026:17:24:50 -0500] "POST /wp-login.php HTTP/1.1" 503 18282 "https://campanaarquidiocesana.org/wp-login.php" "Mozilla/5.0 (X11; Ubuntu; Linux x86_64) AppleWebKit/537.36 (KHTML, like Gecko) Chrome/120.0.6099.130 Safari/537.36"
157.90.185.123 - - [01/Sep/2026:17:24:51 -0500] "POST /?wordfence_syncAttackData=1788301491.9688 HTTP/1.1" 200 - "-" "WordPress/6.6.7; https://campanaarquidiocesana.org"
141.98.11.41 - - [01/Sep/2026:17:24:51 -0500] "GET /wp-admin/index.php HTTP/1.1" 503 19284 "https://campanaarquidiocesana.org/wp-login.php" "Mozilla/5.0 (X11; Ubuntu; Linux x86_64) AppleWebKit/537.36 (KHTML, like Gecko) Chrome/120.0.6099.130 Safari/537.36"
141.98.11.41 - - [01/Sep/2026:17:24:53 -0500] "GET /wp-admin/profile.php HTTP/1.1" 503 19284 "https://campanaarquidiocesana.org/wp-login.php" "Mozilla/5.0 (X11; Ubuntu; Linux x86_64) AppleWebKit/537.36 (KHTML, like Gecko) Chrome/120.0.6099.130 Safari/537.36"
141.98.11.41 - - [01/Sep/2026:17:24:54 -0500] "GET /wp-admin/edit.php HTTP/1.1" 503 19284 "https://campanaarquidiocesana.org/wp-login.php" "Mozilla/5.0 (X11; Ubuntu; Linux x86_64) AppleWebKit/537.36 (KHTML, like Gecko) Chrome/120.0.6099.130 Safari/537.36"
141.98.11.41 - - [01/Sep/2026:17:24:55 -0500] "GET /wp-admin/plugins.php HTTP/1.1" 503 19284 "https://campanaarquidiocesana.org/wp-login.php" "Mozilla/5.0 (X11; Ubuntu; Linux x86_64) AppleWebKit/537.36 (KHTML, like Gecko) Chrome/120.0.6099.130 Safari/537.36"
141.98.11.41 - - [01/Sep/2026:17:24:56 -0500] "POST /wp-login.php HTTP/1.1" 503 18282 "https://campanaarquidiocesana.org/wp-login.php" "Mozilla/5.0 (X11; Ubuntu; Linux x86_64) AppleWebKit/537.36 (KHTML, like Gecko) Chrome/122.0.6261.57 Safari/537.36"
141.98.11.41 - - [01/Sep/2026:17:24:57 -0500] "GET /wp-admin/index.php HTTP/1.1" 503 19284 "https://campanaarquidiocesana.org/wp-login.php" "Mozilla/5.0 (X11; Ubuntu; Linux x86_64) AppleWebKit/537.36 (KHTML, like Gecko) Chrome/122.0.6261.57 Safari/537.36"
141.98.11.41 - - [01/Sep/2026:17:24:58 -0500] "GET /wp-admin/profile.php HTTP/1.1" 503 19284 "https://campanaarquidiocesana.org/wp-login.php" "Mozilla/5.0 (X11; Ubuntu; Linux x86_64) AppleWebKit/537.36 (KHTML, like Gecko) Chrome/122.0.6261.57 Safari/537.36"
141.98.11.41 - - [01/Sep/2026:17:24:59 -0500] "GET /wp-admin/edit.php HTTP/1.1" 503 19284 "https://campanaarquidiocesana.org/wp-login.php" "Mozilla/5.0 (X11; Ubuntu; Linux x86_64) AppleWebKit/537.36 (KHTML, like Gecko) Chrome/122.0.6261.57 Safari/537.36"
157.90.185.123 - - [01/Sep/2026:17:25:01 -0500] "POST /?wordfence_syncAttackData=1788301501.0669 HTTP/1.1" 200 - "-" "WordPress/6.6.7; https://campanaarquidiocesana.org"
141.98.11.41 - - [01/Sep/2026:17:25:00 -0500] "GET /wp-admin/plugins.php HTTP/1.1" 503 19284 "https://campanaarquidiocesana.org/wp-login.php" "Mozilla/5.0 (X11; Ubuntu; Linux x86_64) AppleWebKit/537.36 (KHTML, like Gecko) Chrome/122.0.6261.57 Safari/537.36"
141.98.11.41 - - [01/Sep/2026:17:25:02 -0500] "POST /wp-login.php HTTP/1.1" 503 18282 "https://campanaarquidiocesana.org/wp-login.php" "Mozilla/5.0 (Windows NT 11.0; Win64; x64) AppleWebKit/537.36 (KHTML, like Gecko) Chrome/118.0.5993.88 Safari/537.36"
141.98.11.41 - - [01/Sep/2026:17:25:03 -0500] "GET /wp-admin/index.php HTTP/1.1" 503 19284 "https://campanaarquidiocesana.org/wp-login.php" "Mozilla/5.0 (Windows NT 11.0; Win64; x64) AppleWebKit/537.36 (KHTML, like Gecko) Chrome/118.0.5993.88 Safari/537.36"
141.98.11.41 - - [01/Sep/2026:17:25:04 -0500] "GET /wp-admin/profile.php HTTP/1.1" 503 19284 "https://campanaarquidiocesana.org/wp-login.php" "Mozilla/5.0 (Windows NT 11.0; Win64; x64) AppleWebKit/537.36 (KHTML, like Gecko) Chrome/118.0.5993.88 Safari/537.36"
141.98.11.41 - - [01/Sep/2026:17:25:05 -0500] "GET /wp-admin/edit.php HTTP/1.1" 503 19284 "https://campanaarquidiocesana.org/wp-login.php" "Mozilla/5.0 (Windows NT 11.0; Win64; x64) AppleWebKit/537.36 (KHTML, like Gecko) Chrome/118.0.5993.88 Safari/537.36"
141.98.11.41 - - [01/Sep/2026:17:25:06 -0500] "GET /wp-admin/plugins.php HTTP/1.1" 503 19284 "https://campanaarquidiocesana.org/wp-login.php" "Mozilla/5.0 (Windows NT 11.0; Win64; x64) AppleWebKit/537.36 (KHTML, like Gecko) Chrome/118.0.5993.88 Safari/537.36"
141.98.11.41 - - [01/Sep/2026:17:25:08 -0500] "POST /wp-login.php HTTP/1.1" 503 18282 "https://campanaarquidiocesana.org/wp-login.php" "Mozilla/5.0 (Macintosh; Intel Mac OS X 13_6_2) AppleWebKit/537.36 (KHTML, like Gecko) Chrome/121.0.6167.85 Safari/537.36"
141.98.11.41 - - [01/Sep/2026:17:25:09 -0500] "GET /wp-admin/index.php HTTP/1.1" 503 19284 "https://campanaarquidiocesana.org/wp-login.php" "Mozilla/5.0 (Macintosh; Intel Mac OS X 13_6_2) AppleWebKit/537.36 (KHTML, like Gecko) Chrome/121.0.6167.85 Safari/537.36"
141.98.11.41 - - [01/Sep/2026:17:25:09 -0500] "GET /wp-admin/profile.php HTTP/1.1" 503 19284 "https://campanaarquidiocesana.org/wp-login.php" "Mozilla/5.0 (Macintosh; Intel Mac OS X 13_6_2) AppleWebKit/537.36 (KHTML, like Gecko) Chrome/121.0.6167.85 Safari/537.36"
141.98.11.41 - - [01/Sep/2026:17:25:10 -0500] "GET /wp-admin/edit.php HTTP/1.1" 503 19284 "https://campanaarquidiocesana.org/wp-login.php" "Mozilla/5.0 (Macintosh; Intel Mac OS X 13_6_2) AppleWebKit/537.36 (KHTML, like Gecko) Chrome/121.0.6167.85 Safari/537.36"
157.90.185.123 - - [01/Sep/2026:17:25:11 -0500] "POST /?wordfence_syncAttackData=1788301511.6113 HTTP/1.1" 200 - "-" "WordPress/6.6.7; https://campanaarquidiocesana.org"
141.98.11.41 - - [01/Sep/2026:17:25:12 -0500] "GET /wp-admin/plugins.php HTTP/1.1" 503 19284 "https://campanaarquidiocesana.org/wp-login.php" "Mozilla/5.0 (Macintosh; Intel Mac OS X 13_6_2) AppleWebKit/537.36 (KHTML, like Gecko) Chrome/121.0.6167.85 Safari/537.36"
141.98.11.41 - - [01/Sep/2026:17:25:14 -0500] "POST /wp-login.php HTTP/1.1" 503 18282 "https://campanaarquidiocesana.org/wp-login.php" "Mozilla/5.0 (Macintosh; Intel Mac OS X 13_6_2) AppleWebKit/537.36 (KHTML, like Gecko) Chrome/122.0.6261.57 Safari/537.36"
141.98.11.41 - - [01/Sep/2026:17:25:15 -0500] "GET /wp-admin/index.php HTTP/1.1" 503 19284 "https://campanaarquidiocesana.org/wp-login.php" "Mozilla/5.0 (Macintosh; Intel Mac OS X 13_6_2) AppleWebKit/537.36 (KHTML, like Gecko) Chrome/122.0.6261.57 Safari/537.36"
141.98.11.41 - - [01/Sep/2026:17:25:16 -0500] "GET /wp-admin/profile.php HTTP/1.1" 503 19284 "https://campanaarquidiocesana.org/wp-login.php" "Mozilla/5.0 (Macintosh; Intel Mac OS X 13_6_2) AppleWebKit/537.36 (KHTML, like Gecko) Chrome/122.0.6261.57 Safari/537.36"
141.98.11.41 - - [01/Sep/2026:17:25:17 -0500] "GET /wp-admin/edit.php HTTP/1.1" 503 19284 "https://campanaarquidiocesana.org/wp-login.php" "Mozilla/5.0 (Macintosh; Intel Mac OS X 13_6_2) AppleWebKit/537.36 (KHTML, like Gecko) Chrome/122.0.6261.57 Safari/537.36"
141.98.11.41 - - [01/Sep/2026:17:25:18 -0500] "GET /wp-admin/plugins.php HTTP/1.1" 503 19284 "https://campanaarquidiocesana.org/wp-login.php" "Mozilla/5.0 (Macintosh; Intel Mac OS X 13_6_2) AppleWebKit/537.36 (KHTML, like Gecko) Chrome/122.0.6261.57 Safari/537.36"
141.98.11.41 - - [01/Sep/2026:17:25:20 -0500] "POST /wp-login.php HTTP/1.1" 503 18282 "https://campanaarquidiocesana.org/wp-login.php" "Mozilla/5.0 (Macintosh; Intel Mac OS X 10_15_7) AppleWebKit/605.1.15 (KHTML, like Gecko) Version/17.2.1 Safari/605.1.15"
141.98.11.41 - - [01/Sep/2026:17:25:21 -0500] "GET /wp-admin/index.php HTTP/1.1" 503 19284 "https://campanaarquidiocesana.org/wp-login.php" "Mozilla/5.0 (Macintosh; Intel Mac OS X 10_15_7) AppleWebKit/605.1.15 (KHTML, like Gecko) Version/17.2.1 Safari/605.1.15"
157.90.185.123 - - [01/Sep/2026:17:25:21 -0500] "POST /?wordfence_syncAttackData=1788301521.7004 HTTP/1.1" 200 - "-" "WordPress/6.6.7; https://campanaarquidiocesana.org"
141.98.11.41 - - [01/Sep/2026:17:25:22 -0500] "GET /wp-admin/profile.php HTTP/1.1" 503 19284 "https://campanaarquidiocesana.org/wp-login.php" "Mozilla/5.0 (Macintosh; Intel Mac OS X 10_15_7) AppleWebKit/605.1.15 (KHTML, like Gecko) Version/17.2.1 Safari/605.1.15"
141.98.11.41 - - [01/Sep/2026:17:25:23 -0500] "GET /wp-admin/edit.php HTTP/1.1" 503 19284 "https://campanaarquidiocesana.org/wp-login.php" "Mozilla/5.0 (Macintosh; Intel Mac OS X 10_15_7) AppleWebKit/605.1.15 (KHTML, like Gecko) Version/17.2.1 Safari/605.1.15"
141.98.11.41 - - [01/Sep/2026:17:25:25 -0500] "GET /wp-admin/plugins.php HTTP/1.1" 503 19284 "https://campanaarquidiocesana.org/wp-login.php" "Mozilla/5.0 (Macintosh; Intel Mac OS X 10_15_7) AppleWebKit/605.1.15 (KHTML, like Gecko) Version/17.2.1 Safari/605.1.15"
141.98.11.41 - - [01/Sep/2026:17:25:26 -0500] "POST /wp-login.php HTTP/1.1" 503 18282 "https://campanaarquidiocesana.org/wp-login.php" "Mozilla/5.0 (X11; Ubuntu; Linux x86_64; rv:118.0.2) Gecko/20100101 Firefox/118.0.2"
141.98.11.41 - - [01/Sep/2026:17:25:27 -0500] "GET /wp-admin/index.php HTTP/1.1" 503 19284 "https://campanaarquidiocesana.org/wp-login.php" "Mozilla/5.0 (X11; Ubuntu; Linux x86_64; rv:118.0.2) Gecko/20100101 Firefox/118.0.2"
141.98.11.41 - - [01/Sep/2026:17:25:28 -0500] "GET /wp-admin/profile.php HTTP/1.1" 503 19284 "https://campanaarquidiocesana.org/wp-login.php" "Mozilla/5.0 (X11; Ubuntu; Linux x86_64; rv:118.0.2) Gecko/20100101 Firefox/118.0.2"
141.98.11.41 - - [01/Sep/2026:17:25:29 -0500] "GET /wp-admin/edit.php HTTP/1.1" 503 19284 "https://campanaarquidiocesana.org/wp-login.php" "Mozilla/5.0 (X11; Ubuntu; Linux x86_64; rv:118.0.2) Gecko/20100101 Firefox/118.0.2"
141.98.11.41 - - [01/Sep/2026:17:25:30 -0500] "GET /wp-admin/plugins.php HTTP/1.1" 503 19284 "https://campanaarquidiocesana.org/wp-login.php" "Mozilla/5.0 (X11; Ubuntu; Linux x86_64; rv:118.0.2) Gecko/20100101 Firefox/118.0.2"
157.90.185.123 - - [01/Sep/2026:17:25:31 -0500] "POST /?wordfence_syncAttackData=1788301531.2543 HTTP/1.1" 200 - "-" "WordPress/6.6.7; https://campanaarquidiocesana.org"
141.98.11.41 - - [01/Sep/2026:17:25:32 -0500] "POST /wp-login.php HTTP/1.1" 503 18282 "https://campanaarquidiocesana.org/wp-login.php" "Mozilla/5.0 (X11; Linux x86_64) Gecko/20100101 Firefox/119.0.1"
141.98.11.41 - - [01/Sep/2026:17:25:33 -0500] "GET /wp-admin/index.php HTTP/1.1" 503 19284 "https://campanaarquidiocesana.org/wp-login.php" "Mozilla/5.0 (X11; Linux x86_64) Gecko/20100101 Firefox/119.0.1"
141.98.11.41 - - [01/Sep/2026:17:25:34 -0500] "GET /wp-admin/profile.php HTTP/1.1" 503 19284 "https://campanaarquidiocesana.org/wp-login.php" "Mozilla/5.0 (X11; Linux x86_64) Gecko/20100101 Firefox/119.0.1"
141.98.11.41 - - [01/Sep/2026:17:25:35 -0500] "GET /wp-admin/edit.php HTTP/1.1" 503 19284 "https://campanaarquidiocesana.org/wp-login.php" "Mozilla/5.0 (X11; Linux x86_64) Gecko/20100101 Firefox/119.0.1"
141.98.11.41 - - [01/Sep/2026:17:25:38 -0500] "POST /wp-login.php HTTP/1.1" 503 18282 "https://campanaarquidiocesana.org/wp-login.php" "Mozilla/5.0 (Windows NT 11.0; Win64; x64) AppleWebKit/537.36 (KHTML, like Gecko) Chrome/121.0.6167.85 Safari/537.36"
141.98.11.41 - - [01/Sep/2026:17:25:39 -0500] "GET /wp-admin/index.php HTTP/1.1" 503 19284 "https://campanaarquidiocesana.org/wp-login.php" "Mozilla/5.0 (Windows NT 11.0; Win64; x64) AppleWebKit/537.36 (KHTML, like Gecko) Chrome/121.0.6167.85 Safari/537.36"
141.98.11.41 - - [01/Sep/2026:17:25:40 -0500] "GET /wp-admin/profile.php HTTP/1.1" 503 19284 "https://campanaarquidiocesana.org/wp-login.php" "Mozilla/5.0 (Windows NT 11.0; Win64; x64) AppleWebKit/537.36 (KHTML, like Gecko) Chrome/121.0.6167.85 Safari/537.36"
141.98.11.41 - - [01/Sep/2026:17:25:41 -0500] "GET /wp-admin/edit.php HTTP/1.1" 503 19284 "https://campanaarquidiocesana.org/wp-login.php" "Mozilla/5.0 (Windows NT 11.0; Win64; x64) AppleWebKit/537.36 (KHTML, like Gecko) Chrome/121.0.6167.85 Safari/537.36"
157.90.185.123 - - [01/Sep/2026:17:25:41 -0500] "POST /?wordfence_syncAttackData=1788301541.9324 HTTP/1.1" 200 - "-" "WordPress/6.6.7; https://campanaarquidiocesana.org"
141.98.11.41 - - [01/Sep/2026:17:25:43 -0500] "GET /wp-admin/plugins.php HTTP/1.1" 503 19284 "https://campanaarquidiocesana.org/wp-login.php" "Mozilla/5.0 (Windows NT 11.0; Win64; x64) AppleWebKit/537.36 (KHTML, like Gecko) Chrome/121.0.6167.85 Safari/537.36"
141.98.11.41 - - [01/Sep/2026:17:25:36 -0500] "GET /wp-admin/plugins.php HTTP/1.1" 503 19284 "https://campanaarquidiocesana.org/wp-login.php" "Mozilla/5.0 (X11; Linux x86_64) Gecko/20100101 Firefox/119.0.1"
141.98.11.41 - - [01/Sep/2026:17:25:44 -0500] "POST /wp-login.php HTTP/1.1" 503 18282 "https://campanaarquidiocesana.org/wp-login.php" "Mozilla/5.0 (Windows NT 10.0; Win64; x64) AppleWebKit/537.36 (KHTML, like Gecko) Chrome/120.0.0.0 Safari/537.36 Edg/120.0.2210.133"
141.98.11.41 - - [01/Sep/2026:17:25:45 -0500] "GET /wp-admin/index.php HTTP/1.1" 503 19284 "https://campanaarquidiocesana.org/wp-login.php" "Mozilla/5.0 (Windows NT 10.0; Win64; x64) AppleWebKit/537.36 (KHTML, like Gecko) Chrome/120.0.0.0 Safari/537.36 Edg/120.0.2210.133"
141.98.11.41 - - [01/Sep/2026:17:25:46 -0500] "GET /wp-admin/profile.php HTTP/1.1" 503 19284 "https://campanaarquidiocesana.org/wp-login.php" "Mozilla/5.0 (Windows NT 10.0; Win64; x64) AppleWebKit/537.36 (KHTML, like Gecko) Chrome/120.0.0.0 Safari/537.36 Edg/120.0.2210.133"
141.98.11.41 - - [01/Sep/2026:17:25:47 -0500] "GET /wp-admin/edit.php HTTP/1.1" 503 19284 "https://campanaarquidiocesana.org/wp-login.php" "Mozilla/5.0 (Windows NT 10.0; Win64; x64) AppleWebKit/537.36 (KHTML, like Gecko) Chrome/120.0.0.0 Safari/537.36 Edg/120.0.2210.133"
141.98.11.41 - - [01/Sep/2026:17:25:48 -0500] "GET /wp-admin/plugins.php HTTP/1.1" 503 19284 "https://campanaarquidiocesana.org/wp-login.php" "Mozilla/5.0 (Windows NT 10.0; Win64; x64) AppleWebKit/537.36 (KHTML, like Gecko) Chrome/120.0.0.0 Safari/537.36 Edg/120.0.2210.133"
141.98.11.41 - - [01/Sep/2026:17:25:50 -0500] "POST /wp-login.php HTTP/1.1" 503 18282 "https://campanaarquidiocesana.org/wp-login.php" "Mozilla/5.0 (Windows NT 10.0; Win64; x64) AppleWebKit/537.36 (KHTML, like Gecko) Chrome/120.0.0.0 Safari/537.36 Edg/120.0.2210.133"
141.98.11.41 - - [01/Sep/2026:17:25:50 -0500] "GET /wp-admin/index.php HTTP/1.1" 503 19284 "https://campanaarquidiocesana.org/wp-login.php" "Mozilla/5.0 (Windows NT 10.0; Win64; x64) AppleWebKit/537.36 (KHTML, like Gecko) Chrome/120.0.0.0 Safari/537.36 Edg/120.0.2210.133"
141.98.11.41 - - [01/Sep/2026:17:25:51 -0500] "GET /wp-admin/profile.php HTTP/1.1" 503 19284 "https://campanaarquidiocesana.org/wp-login.php" "Mozilla/5.0 (Windows NT 10.0; Win64; x64) AppleWebKit/537.36 (KHTML, like Gecko) Chrome/120.0.0.0 Safari/537.36 Edg/120.0.2210.133"
157.90.185.123 - - [01/Sep/2026:17:25:52 -0500] "POST /?wordfence_syncAttackData=1788301552.4196 HTTP/1.1" 200 - "-" "WordPress/6.6.7; https://campanaarquidiocesana.org"
141.98.11.41 - - [01/Sep/2026:17:25:53 -0500] "GET /wp-admin/edit.php HTTP/1.1" 503 19284 "https://campanaarquidiocesana.org/wp-login.php" "Mozilla/5.0 (Windows NT 10.0; Win64; x64) AppleWebKit/537.36 (KHTML, like Gecko) Chrome/120.0.0.0 Safari/537.36 Edg/120.0.2210.133"
141.98.11.41 - - [01/Sep/2026:17:25:54 -0500] "GET /wp-admin/plugins.php HTTP/1.1" 503 19284 "https://campanaarquidiocesana.org/wp-login.php" "Mozilla/5.0 (Windows NT 10.0; Win64; x64) AppleWebKit/537.36 (KHTML, like Gecko) Chrome/120.0.0.0 Safari/537.36 Edg/120.0.2210.133"
141.98.11.41 - - [01/Sep/2026:17:25:56 -0500] "POST /wp-login.php HTTP/1.1" 503 18282 "https://campanaarquidiocesana.org/wp-login.php" "Mozilla/5.0 (X11; Linux x86_64) Gecko/20100101 Firefox/121.0"
141.98.11.41 - - [01/Sep/2026:17:25:57 -0500] "GET /wp-admin/index.php HTTP/1.1" 503 19284 "https://campanaarquidiocesana.org/wp-login.php" "Mozilla/5.0 (X11; Linux x86_64) Gecko/20100101 Firefox/121.0"
141.98.11.41 - - [01/Sep/2026:17:25:58 -0500] "GET /wp-admin/profile.php HTTP/1.1" 503 19284 "https://campanaarquidiocesana.org/wp-login.php" "Mozilla/5.0 (X11; Linux x86_64) Gecko/20100101 Firefox/121.0"
141.98.11.41 - - [01/Sep/2026:17:25:59 -0500] "GET /wp-admin/edit.php HTTP/1.1" 503 19284 "https://campanaarquidiocesana.org/wp-login.php" "Mozilla/5.0 (X11; Linux x86_64) Gecko/20100101 Firefox/121.0"
141.98.11.41 - - [01/Sep/2026:17:26:00 -0500] "GET /wp-admin/plugins.php HTTP/1.1" 503 19284 "https://campanaarquidiocesana.org/wp-login.php" "Mozilla/5.0 (X11; Linux x86_64) Gecko/20100101 Firefox/121.0"
141.98.11.41 - - [01/Sep/2026:17:26:01 -0500] "POST /wp-login.php HTTP/1.1" 503 18282 "https://campanaarquidiocesana.org/wp-login.php" "Mozilla/5.0 (Windows NT 10.0; Win64; x64) AppleWebKit/537.36 (KHTML, like Gecko) Chrome/121.0.6167.85 Safari/537.36"
141.98.11.41 - - [01/Sep/2026:17:26:02 -0500] "GET /wp-admin/index.php HTTP/1.1" 503 19284 "https://campanaarquidiocesana.org/wp-login.php" "Mozilla/5.0 (Windows NT 10.0; Win64; x64) AppleWebKit/537.36 (KHTML, like Gecko) Chrome/121.0.6167.85 Safari/537.36"
157.90.185.123 - - [01/Sep/2026:17:26:02 -0500] "POST /?wordfence_syncAttackData=1788301562.9587 HTTP/1.1" 200 - "-" "WordPress/6.6.7; https://campanaarquidiocesana.org"
141.98.11.41 - - [01/Sep/2026:17:26:04 -0500] "GET /wp-admin/profile.php HTTP/1.1" 503 19284 "https://campanaarquidiocesana.org/wp-login.php" "Mozilla/5.0 (Windows NT 10.0; Win64; x64) AppleWebKit/537.36 (KHTML, like Gecko) Chrome/121.0.6167.85 Safari/537.36"
47.128.116.7 - - [01/Sep/2026:17:26:03 -0500] "GET /robots.txt HTTP/1.1" 200 183 "https://xn--campaaarquidiocesana-76b.com/robots.txt" "Mozilla/5.0 (iPhone; CPU iPhone OS 7_1_2 like Mac OS X) AppleWebKit/537.36 (KHTML, like Gecko) Version/7.0 Mobile Safari/537.36 (compatible; Bytespider; https://bytedance.sg.larkoffice.com/docx/K5bxdypulop3IIxrJb0lOjLVgFe)"
141.98.11.41 - - [01/Sep/2026:17:26:05 -0500] "GET /wp-admin/edit.php HTTP/1.1" 503 19284 "https://campanaarquidiocesana.org/wp-login.php" "Mozilla/5.0 (Windows NT 10.0; Win64; x64) AppleWebKit/537.36 (KHTML, like Gecko) Chrome/121.0.6167.85 Safari/537.36"
141.98.11.41 - - [01/Sep/2026:17:26:06 -0500] "GET /wp-admin/plugins.php HTTP/1.1" 503 19284 "https://campanaarquidiocesana.org/wp-login.php" "Mozilla/5.0 (Windows NT 10.0; Win64; x64) AppleWebKit/537.36 (KHTML, like Gecko) Chrome/121.0.6167.85 Safari/537.36"
141.98.11.41 - - [01/Sep/2026:17:26:21 -0500] "POST /wp-login.php HTTP/1.1" 503 18282 "https://campanaarquidiocesana.org/wp-login.php" "Mozilla/5.0 (X11; Ubuntu; Linux x86_64) AppleWebKit/537.36 (KHTML, like Gecko) Chrome/119.0.6045.159 Safari/537.36"
141.98.11.41 - - [01/Sep/2026:17:26:22 -0500] "GET /wp-admin/index.php HTTP/1.1" 503 19284 "https://campanaarquidiocesana.org/wp-login.php" "Mozilla/5.0 (X11; Ubuntu; Linux x86_64) AppleWebKit/537.36 (KHTML, like Gecko) Chrome/119.0.6045.159 Safari/537.36"
157.90.185.123 - - [01/Sep/2026:17:26:23 -0500] "POST /?wordfence_syncAttackData=1788301583.171 HTTP/1.1" 200 - "-" "WordPress/6.6.7; https://campanaarquidiocesana.org"
141.98.11.41 - - [01/Sep/2026:17:26:24 -0500] "GET /wp-admin/profile.php HTTP/1.1" 503 19284 "https://campanaarquidiocesana.org/wp-login.php" "Mozilla/5.0 (X11; Ubuntu; Linux x86_64) AppleWebKit/537.36 (KHTML, like Gecko) Chrome/119.0.6045.159 Safari/537.36"
141.98.11.41 - - [01/Sep/2026:17:26:25 -0500] "GET /wp-admin/edit.php HTTP/1.1" 503 19284 "https://campanaarquidiocesana.org/wp-login.php" "Mozilla/5.0 (X11; Ubuntu; Linux x86_64) AppleWebKit/537.36 (KHTML, like Gecko) Chrome/119.0.6045.159 Safari/537.36"
141.98.11.41 - - [01/Sep/2026:17:26:26 -0500] "GET /wp-admin/plugins.php HTTP/1.1" 503 19284 "https://campanaarquidiocesana.org/wp-login.php" "Mozilla/5.0 (X11; Ubuntu; Linux x86_64) AppleWebKit/537.36 (KHTML, like Gecko) Chrome/119.0.6045.159 Safari/537.36"
141.98.11.41 - - [01/Sep/2026:17:26:28 -0500] "POST /wp-login.php HTTP/1.1" 503 18282 "https://campanaarquidiocesana.org/wp-login.php" "Mozilla/5.0 (Windows NT 10.0; Win64; x64) AppleWebKit/537.36 (KHTML, like Gecko) Chrome/121.0.0.0 Safari/537.36 Edg/121.0.2277.83"
141.98.11.41 - - [01/Sep/2026:17:26:29 -0500] "GET /wp-admin/index.php HTTP/1.1" 503 19284 "https://campanaarquidiocesana.org/wp-login.php" "Mozilla/5.0 (Windows NT 10.0; Win64; x64) AppleWebKit/537.36 (KHTML, like Gecko) Chrome/121.0.0.0 Safari/537.36 Edg/121.0.2277.83"
141.98.11.41 - - [01/Sep/2026:17:26:30 -0500] "GET /wp-admin/profile.php HTTP/1.1" 503 19284 "https://campanaarquidiocesana.org/wp-login.php" "Mozilla/5.0 (Windows NT 10.0; Win64; x64) AppleWebKit/537.36 (KHTML, like Gecko) Chrome/121.0.0.0 Safari/537.36 Edg/121.0.2277.83"
141.98.11.41 - - [01/Sep/2026:17:26:31 -0500] "GET /wp-admin/edit.php HTTP/1.1" 503 19284 "https://campanaarquidiocesana.org/wp-login.php" "Mozilla/5.0 (Windows NT 10.0; Win64; x64) AppleWebKit/537.36 (KHTML, like Gecko) Chrome/121.0.0.0 Safari/537.36 Edg/121.0.2277.83"
141.98.11.41 - - [01/Sep/2026:17:26:32 -0500] "GET /wp-admin/plugins.php HTTP/1.1" 503 19284 "https://campanaarquidiocesana.org/wp-login.php" "Mozilla/5.0 (Windows NT 10.0; Win64; x64) AppleWebKit/537.36 (KHTML, like Gecko) Chrome/121.0.0.0 Safari/537.36 Edg/121.0.2277.83"
141.98.11.41 - - [01/Sep/2026:17:26:33 -0500] "POST /wp-login.php HTTP/1.1" 503 18282 "https://campanaarquidiocesana.org/wp-login.php" "Mozilla/5.0 (Macintosh; Intel Mac OS X 13_6_1) AppleWebKit/605.1.15 (KHTML, like Gecko) Version/17.0 Safari/605.1.15"
141.98.11.41 - - [01/Sep/2026:17:26:34 -0500] "GET /wp-admin/index.php HTTP/1.1" 503 19284 "https://campanaarquidiocesana.org/wp-login.php" "Mozilla/5.0 (Macintosh; Intel Mac OS X 13_6_1) AppleWebKit/605.1.15 (KHTML, like Gecko) Version/17.0 Safari/605.1.15"
157.90.185.123 - - [01/Sep/2026:17:26:35 -0500] "POST /?wordfence_syncAttackData=1788301595.4091 HTTP/1.1" 200 - "-" "WordPress/6.6.7; https://campanaarquidiocesana.org"
141.98.11.41 - - [01/Sep/2026:17:26:36 -0500] "GET /wp-admin/profile.php HTTP/1.1" 503 19284 "https://campanaarquidiocesana.org/wp-login.php" "Mozilla/5.0 (Macintosh; Intel Mac OS X 13_6_1) AppleWebKit/605.1.15 (KHTML, like Gecko) Version/17.0 Safari/605.1.15"
141.98.11.41 - - [01/Sep/2026:17:26:37 -0500] "GET /wp-admin/edit.php HTTP/1.1" 503 19284 "https://campanaarquidiocesana.org/wp-login.php" "Mozilla/5.0 (Macintosh; Intel Mac OS X 13_6_1) AppleWebKit/605.1.15 (KHTML, like Gecko) Version/17.0 Safari/605.1.15"
141.98.11.41 - - [01/Sep/2026:17:26:38 -0500] "GET /wp-admin/plugins.php HTTP/1.1" 503 19284 "https://campanaarquidiocesana.org/wp-login.php" "Mozilla/5.0 (Macintosh; Intel Mac OS X 13_6_1) AppleWebKit/605.1.15 (KHTML, like Gecko) Version/17.0 Safari/605.1.15"
141.98.11.41 - - [01/Sep/2026:17:26:40 -0500] "POST /wp-login.php HTTP/1.1" 503 18282 "https://campanaarquidiocesana.org/wp-login.php" "Mozilla/5.0 (Windows NT 11.0; Win64; x64) AppleWebKit/537.36 (KHTML, like Gecko) Chrome/122.0.6261.57 Safari/537.36"
141.98.11.41 - - [01/Sep/2026:17:26:41 -0500] "GET /wp-admin/index.php HTTP/1.1" 503 19284 "https://campanaarquidiocesana.org/wp-login.php" "Mozilla/5.0 (Windows NT 11.0; Win64; x64) AppleWebKit/537.36 (KHTML, like Gecko) Chrome/122.0.6261.57 Safari/537.36"
141.98.11.41 - - [01/Sep/2026:17:26:42 -0500] "GET /wp-admin/profile.php HTTP/1.1" 503 19284 "https://campanaarquidiocesana.org/wp-login.php" "Mozilla/5.0 (Windows NT 11.0; Win64; x64) AppleWebKit/537.36 (KHTML, like Gecko) Chrome/122.0.6261.57 Safari/537.36"
141.98.11.41 - - [01/Sep/2026:17:26:43 -0500] "GET /wp-admin/edit.php HTTP/1.1" 503 19284 "https://campanaarquidiocesana.org/wp-login.php" "Mozilla/5.0 (Windows NT 11.0; Win64; x64) AppleWebKit/537.36 (KHTML, like Gecko) Chrome/122.0.6261.57 Safari/537.36"
141.98.11.41 - - [01/Sep/2026:17:26:44 -0500] "GET /wp-admin/plugins.php HTTP/1.1" 503 19284 "https://campanaarquidiocesana.org/wp-login.php" "Mozilla/5.0 (Windows NT 11.0; Win64; x64) AppleWebKit/537.36 (KHTML, like Gecko) Chrome/122.0.6261.57 Safari/537.36"
141.98.11.41 - - [01/Sep/2026:17:26:45 -0500] "POST /wp-login.php HTTP/1.1" 503 18282 "https://campanaarquidiocesana.org/wp-login.php" "Mozilla/5.0 (Windows NT 10.0; Win64; x64) AppleWebKit/537.36 (KHTML, like Gecko) Chrome/119.0.0.0 Safari/537.36 Edg/119.0.2151.97"
141.98.11.41 - - [01/Sep/2026:17:26:46 -0500] "GET /wp-admin/index.php HTTP/1.1" 503 19284 "https://campanaarquidiocesana.org/wp-login.php" "Mozilla/5.0 (Windows NT 10.0; Win64; x64) AppleWebKit/537.36 (KHTML, like Gecko) Chrome/119.0.0.0 Safari/537.36 Edg/119.0.2151.97"
157.90.185.123 - - [01/Sep/2026:17:26:47 -0500] "POST /?wordfence_syncAttackData=1788301607.3044 HTTP/1.1" 200 - "-" "WordPress/6.6.7; https://campanaarquidiocesana.org"
141.98.11.41 - - [01/Sep/2026:17:26:48 -0500] "GET /wp-admin/profile.php HTTP/1.1" 503 19284 "https://campanaarquidiocesana.org/wp-login.php" "Mozilla/5.0 (Windows NT 10.0; Win64; x64) AppleWebKit/537.36 (KHTML, like Gecko) Chrome/119.0.0.0 Safari/537.36 Edg/119.0.2151.97"
141.98.11.41 - - [01/Sep/2026:17:26:49 -0500] "GET /wp-admin/edit.php HTTP/1.1" 503 19284 "https://campanaarquidiocesana.org/wp-login.php" "Mozilla/5.0 (Windows NT 10.0; Win64; x64) AppleWebKit/537.36 (KHTML, like Gecko) Chrome/119.0.0.0 Safari/537.36 Edg/119.0.2151.97"
141.98.11.41 - - [01/Sep/2026:17:26:50 -0500] "GET /wp-admin/plugins.php HTTP/1.1" 503 19284 "https://campanaarquidiocesana.org/wp-login.php" "Mozilla/5.0 (Windows NT 10.0; Win64; x64) AppleWebKit/537.36 (KHTML, like Gecko) Chrome/119.0.0.0 Safari/537.36 Edg/119.0.2151.97"
141.98.11.41 - - [01/Sep/2026:17:26:52 -0500] "POST /wp-login.php HTTP/1.1" 503 18282 "https://campanaarquidiocesana.org/wp-login.php" "Mozilla/5.0 (Windows NT 11.0; Win64; x64) AppleWebKit/537.36 (KHTML, like Gecko) Chrome/120.0.6099.130 Safari/537.36"
141.98.11.41 - - [01/Sep/2026:17:26:52 -0500] "GET /wp-admin/index.php HTTP/1.1" 503 19284 "https://campanaarquidiocesana.org/wp-login.php" "Mozilla/5.0 (Windows NT 11.0; Win64; x64) AppleWebKit/537.36 (KHTML, like Gecko) Chrome/120.0.6099.130 Safari/537.36"
141.98.11.41 - - [01/Sep/2026:17:26:53 -0500] "GET /wp-admin/profile.php HTTP/1.1" 503 19284 "https://campanaarquidiocesana.org/wp-login.php" "Mozilla/5.0 (Windows NT 11.0; Win64; x64) AppleWebKit/537.36 (KHTML, like Gecko) Chrome/120.0.6099.130 Safari/537.36"
141.98.11.41 - - [01/Sep/2026:17:26:55 -0500] "GET /wp-admin/edit.php HTTP/1.1" 503 19284 "https://campanaarquidiocesana.org/wp-login.php" "Mozilla/5.0 (Windows NT 11.0; Win64; x64) AppleWebKit/537.36 (KHTML, like Gecko) Chrome/120.0.6099.130 Safari/537.36"
141.98.11.41 - - [01/Sep/2026:17:26:56 -0500] "GET /wp-admin/plugins.php HTTP/1.1" 503 19284 "https://campanaarquidiocesana.org/wp-login.php" "Mozilla/5.0 (Windows NT 11.0; Win64; x64) AppleWebKit/537.36 (KHTML, like Gecko) Chrome/120.0.6099.130 Safari/537.36"
141.98.11.41 - - [01/Sep/2026:17:26:57 -0500] "POST /wp-login.php HTTP/1.1" 503 18282 "https://campanaarquidiocesana.org/wp-login.php" "Mozilla/5.0 (Macintosh; Intel Mac OS X 11_7_2) AppleWebKit/605.1.15 (KHTML, like Gecko) Version/17.2.1 Safari/605.1.15"
141.98.11.41 - - [01/Sep/2026:17:26:58 -0500] "GET /wp-admin/index.php HTTP/1.1" 503 19284 "https://campanaarquidiocesana.org/wp-login.php" "Mozilla/5.0 (Macintosh; Intel Mac OS X 11_7_2) AppleWebKit/605.1.15 (KHTML, like Gecko) Version/17.2.1 Safari/605.1.15"
157.90.185.123 - - [01/Sep/2026:17:26:59 -0500] "POST /?wordfence_syncAttackData=1788301619.103 HTTP/1.1" 200 - "-" "WordPress/6.6.7; https://campanaarquidiocesana.org"
141.98.11.41 - - [01/Sep/2026:17:27:00 -0500] "GET /wp-admin/profile.php HTTP/1.1" 503 19284 "https://campanaarquidiocesana.org/wp-login.php" "Mozilla/5.0 (Macintosh; Intel Mac OS X 11_7_2) AppleWebKit/605.1.15 (KHTML, like Gecko) Version/17.2.1 Safari/605.1.15"
141.98.11.41 - - [01/Sep/2026:17:27:01 -0500] "GET /wp-admin/edit.php HTTP/1.1" 503 19284 "https://campanaarquidiocesana.org/wp-login.php" "Mozilla/5.0 (Macintosh; Intel Mac OS X 11_7_2) AppleWebKit/605.1.15 (KHTML, like Gecko) Version/17.2.1 Safari/605.1.15"
141.98.11.41 - - [01/Sep/2026:17:27:02 -0500] "GET /wp-admin/plugins.php HTTP/1.1" 503 19284 "https://campanaarquidiocesana.org/wp-login.php" "Mozilla/5.0 (Macintosh; Intel Mac OS X 11_7_2) AppleWebKit/605.1.15 (KHTML, like Gecko) Version/17.2.1 Safari/605.1.15"
141.98.11.41 - - [01/Sep/2026:17:27:03 -0500] "POST /wp-login.php HTTP/1.1" 503 18282 "https://campanaarquidiocesana.org/wp-login.php" "Mozilla/5.0 (Windows NT 10.0; Win64; x64) AppleWebKit/537.36 (KHTML, like Gecko) Chrome/122.0.6261.57 Safari/537.36"
141.98.11.41 - - [01/Sep/2026:17:27:04 -0500] "GET /wp-admin/index.php HTTP/1.1" 503 19284 "https://campanaarquidiocesana.org/wp-login.php" "Mozilla/5.0 (Windows NT 10.0; Win64; x64) AppleWebKit/537.36 (KHTML, like Gecko) Chrome/122.0.6261.57 Safari/537.36"
141.98.11.41 - - [01/Sep/2026:17:27:05 -0500] "GET /wp-admin/profile.php HTTP/1.1" 503 19284 "https://campanaarquidiocesana.org/wp-login.php" "Mozilla/5.0 (Windows NT 10.0; Win64; x64) AppleWebKit/537.36 (KHTML, like Gecko) Chrome/122.0.6261.57 Safari/537.36"
141.98.11.41 - - [01/Sep/2026:17:27:08 -0500] "GET /wp-admin/plugins.php HTTP/1.1" 503 19284 "https://campanaarquidiocesana.org/wp-login.php" "Mozilla/5.0 (Windows NT 10.0; Win64; x64) AppleWebKit/537.36 (KHTML, like Gecko) Chrome/122.0.6261.57 Safari/537.36"
157.90.185.123 - - [01/Sep/2026:17:27:09 -0500] "POST /?wordfence_syncAttackData=1788301629.447 HTTP/1.1" 200 - "-" "WordPress/6.6.7; https://campanaarquidiocesana.org"
141.98.11.41 - - [01/Sep/2026:17:27:11 -0500] "POST /wp-login.php HTTP/1.1" 503 18282 "https://campanaarquidiocesana.org/wp-login.php" "Mozilla/5.0 (Macintosh; Intel Mac OS X 10_15_7) AppleWebKit/537.36 (KHTML, like Gecko) Chrome/121.0.6167.85 Safari/537.36"
172.98.33.7 - - [01/Sep/2026:17:27:09 -0500] "POST /wp-login.php HTTP/1.1" 503 19284 "-" "Mozilla/5.0 (Macintosh; Intel Mac OS X 10_15_7) AppleWebKit/605.1.15 Version/17.0 Safari/605.1.15"
157.90.185.123 - - [01/Sep/2026:17:27:10 -0500] "POST /?wordfence_syncAttackData=1788301630.3491 HTTP/1.1" 200 16384 "-" "WordPress/6.6.7; https://campanaarquidiocesana.org"
141.98.11.41 - - [01/Sep/2026:17:27:12 -0500] "GET /wp-admin/index.php HTTP/1.1" 503 19284 "https://campanaarquidiocesana.org/wp-login.php" "Mozilla/5.0 (Macintosh; Intel Mac OS X 10_15_7) AppleWebKit/537.36 (KHTML, like Gecko) Chrome/121.0.6167.85 Safari/537.36"
141.98.11.41 - - [01/Sep/2026:17:27:14 -0500] "GET /wp-admin/profile.php HTTP/1.1" 503 19284 "https://campanaarquidiocesana.org/wp-login.php" "Mozilla/5.0 (Macintosh; Intel Mac OS X 10_15_7) AppleWebKit/537.36 (KHTML, like Gecko) Chrome/121.0.6167.85 Safari/537.36"
141.98.11.41 - - [01/Sep/2026:17:27:06 -0500] "GET /wp-admin/edit.php HTTP/1.1" 503 19284 "https://campanaarquidiocesana.org/wp-login.php" "Mozilla/5.0 (Windows NT 10.0; Win64; x64) AppleWebKit/537.36 (KHTML, like Gecko) Chrome/122.0.6261.57 Safari/537.36"
141.98.11.41 - - [01/Sep/2026:17:27:16 -0500] "GET /wp-admin/edit.php HTTP/1.1" 503 19284 "https://campanaarquidiocesana.org/wp-login.php" "Mozilla/5.0 (Macintosh; Intel Mac OS X 10_15_7) AppleWebKit/537.36 (KHTML, like Gecko) Chrome/121.0.6167.85 Safari/537.36"
141.98.11.41 - - [01/Sep/2026:17:27:18 -0500] "GET /wp-admin/plugins.php HTTP/1.1" 503 19284 "https://campanaarquidiocesana.org/wp-login.php" "Mozilla/5.0 (Macintosh; Intel Mac OS X 10_15_7) AppleWebKit/537.36 (KHTML, like Gecko) Chrome/121.0.6167.85 Safari/537.36"
141.98.11.41 - - [01/Sep/2026:17:27:20 -0500] "POST /wp-login.php HTTP/1.1" 503 18282 "https://campanaarquidiocesana.org/wp-login.php" "Mozilla/5.0 (Macintosh; Intel Mac OS X 10.15) Gecko/20100101 Firefox/118.0.2"
141.98.11.41 - - [01/Sep/2026:17:27:21 -0500] "GET /wp-admin/index.php HTTP/1.1" 503 19284 "https://campanaarquidiocesana.org/wp-login.php" "Mozilla/5.0 (Macintosh; Intel Mac OS X 10.15) Gecko/20100101 Firefox/118.0.2"
157.90.185.123 - - [01/Sep/2026:17:27:23 -0500] "POST /?wordfence_syncAttackData=1788301643.0235 HTTP/1.1" 200 - "-" "WordPress/6.6.7; https://campanaarquidiocesana.org"
141.98.11.41 - - [01/Sep/2026:17:27:24 -0500] "GET /wp-admin/profile.php HTTP/1.1" 503 19284 "https://campanaarquidiocesana.org/wp-login.php" "Mozilla/5.0 (Macintosh; Intel Mac OS X 10.15) Gecko/20100101 Firefox/118.0.2"
141.98.11.41 - - [01/Sep/2026:17:27:25 -0500] "GET /wp-admin/edit.php HTTP/1.1" 503 19284 "https://campanaarquidiocesana.org/wp-login.php" "Mozilla/5.0 (Macintosh; Intel Mac OS X 10.15) Gecko/20100101 Firefox/118.0.2"
141.98.11.41 - - [01/Sep/2026:17:27:25 -0500] "GET /wp-admin/plugins.php HTTP/1.1" 503 19284 "https://campanaarquidiocesana.org/wp-login.php" "Mozilla/5.0 (Macintosh; Intel Mac OS X 10.15) Gecko/20100101 Firefox/118.0.2"
141.98.11.41 - - [01/Sep/2026:17:27:27 -0500] "POST /wp-login.php HTTP/1.1" 503 18282 "https://campanaarquidiocesana.org/wp-login.php" "Mozilla/5.0 (X11; Linux x86_64) AppleWebKit/537.36 (KHTML, like Gecko) Chrome/122.0.6261.57 Safari/537.36"
141.98.11.41 - - [01/Sep/2026:17:27:28 -0500] "GET /wp-admin/index.php HTTP/1.1" 503 19284 "https://campanaarquidiocesana.org/wp-login.php" "Mozilla/5.0 (X11; Linux x86_64) AppleWebKit/537.36 (KHTML, like Gecko) Chrome/122.0.6261.57 Safari/537.36"
141.98.11.41 - - [01/Sep/2026:17:27:29 -0500] "GET /wp-admin/profile.php HTTP/1.1" 503 19284 "https://campanaarquidiocesana.org/wp-login.php" "Mozilla/5.0 (X11; Linux x86_64) AppleWebKit/537.36 (KHTML, like Gecko) Chrome/122.0.6261.57 Safari/537.36"
141.98.11.41 - - [01/Sep/2026:17:27:30 -0500] "GET /wp-admin/edit.php HTTP/1.1" 503 19284 "https://campanaarquidiocesana.org/wp-login.php" "Mozilla/5.0 (X11; Linux x86_64) AppleWebKit/537.36 (KHTML, like Gecko) Chrome/122.0.6261.57 Safari/537.36"
141.98.11.41 - - [01/Sep/2026:17:27:31 -0500] "GET /wp-admin/plugins.php HTTP/1.1" 503 19284 "https://campanaarquidiocesana.org/wp-login.php" "Mozilla/5.0 (X11; Linux x86_64) AppleWebKit/537.36 (KHTML, like Gecko) Chrome/122.0.6261.57 Safari/537.36"
141.98.11.41 - - [01/Sep/2026:17:27:32 -0500] "POST /wp-login.php HTTP/1.1" 503 18282 "https://campanaarquidiocesana.org/wp-login.php" "Mozilla/5.0 (Macintosh; Intel Mac OS X 12_6_2) AppleWebKit/605.1.15 (KHTML, like Gecko) Version/17.1 Safari/605.1.15"
141.98.11.41 - - [01/Sep/2026:17:27:33 -0500] "GET /wp-admin/index.php HTTP/1.1" 503 19284 "https://campanaarquidiocesana.org/wp-login.php" "Mozilla/5.0 (Macintosh; Intel Mac OS X 12_6_2) AppleWebKit/605.1.15 (KHTML, like Gecko) Version/17.1 Safari/605.1.15"
157.90.185.123 - - [01/Sep/2026:17:27:34 -0500] "POST /?wordfence_syncAttackData=1788301654.2413 HTTP/1.1" 200 - "-" "WordPress/6.6.7; https://campanaarquidiocesana.org"
141.98.11.41 - - [01/Sep/2026:17:27:35 -0500] "GET /wp-admin/profile.php HTTP/1.1" 503 19284 "https://campanaarquidiocesana.org/wp-login.php" "Mozilla/5.0 (Macintosh; Intel Mac OS X 12_6_2) AppleWebKit/605.1.15 (KHTML, like Gecko) Version/17.1 Safari/605.1.15"
141.98.11.41 - - [01/Sep/2026:17:27:36 -0500] "GET /wp-admin/edit.php HTTP/1.1" 503 19284 "https://campanaarquidiocesana.org/wp-login.php" "Mozilla/5.0 (Macintosh; Intel Mac OS X 12_6_2) AppleWebKit/605.1.15 (KHTML, like Gecko) Version/17.1 Safari/605.1.15"
141.98.11.41 - - [01/Sep/2026:17:27:37 -0500] "GET /wp-admin/plugins.php HTTP/1.1" 503 19284 "https://campanaarquidiocesana.org/wp-login.php" "Mozilla/5.0 (Macintosh; Intel Mac OS X 12_6_2) AppleWebKit/605.1.15 (KHTML, like Gecko) Version/17.1 Safari/605.1.15"
141.98.11.41 - - [01/Sep/2026:17:27:38 -0500] "POST /wp-login.php HTTP/1.1" 503 18282 "https://campanaarquidiocesana.org/wp-login.php" "Mozilla/5.0 (Windows NT 10.0; Win64; x64) AppleWebKit/537.36 (KHTML, like Gecko) Chrome/119.0.6045.159 Safari/537.36"
141.98.11.41 - - [01/Sep/2026:17:27:39 -0500] "GET /wp-admin/index.php HTTP/1.1" 503 19284 "https://campanaarquidiocesana.org/wp-login.php" "Mozilla/5.0 (Windows NT 10.0; Win64; x64) AppleWebKit/537.36 (KHTML, like Gecko) Chrome/119.0.6045.159 Safari/537.36"
141.98.11.41 - - [01/Sep/2026:17:27:40 -0500] "GET /wp-admin/profile.php HTTP/1.1" 503 19284 "https://campanaarquidiocesana.org/wp-login.php" "Mozilla/5.0 (Windows NT 10.0; Win64; x64) AppleWebKit/537.36 (KHTML, like Gecko) Chrome/119.0.6045.159 Safari/537.36"
141.98.11.41 - - [01/Sep/2026:17:27:41 -0500] "GET /wp-admin/edit.php HTTP/1.1" 503 19284 "https://campanaarquidiocesana.org/wp-login.php" "Mozilla/5.0 (Windows NT 10.0; Win64; x64) AppleWebKit/537.36 (KHTML, like Gecko) Chrome/119.0.6045.159 Safari/537.36"
141.98.11.41 - - [01/Sep/2026:17:27:42 -0500] "GET /wp-admin/plugins.php HTTP/1.1" 503 19284 "https://campanaarquidiocesana.org/wp-login.php" "Mozilla/5.0 (Windows NT 10.0; Win64; x64) AppleWebKit/537.36 (KHTML, like Gecko) Chrome/119.0.6045.159 Safari/537.36"
141.98.11.41 - - [01/Sep/2026:17:27:44 -0500] "POST /wp-login.php HTTP/1.1" 503 18282 "https://campanaarquidiocesana.org/wp-login.php" "Mozilla/5.0 (Macintosh; Intel Mac OS X 10.15) Gecko/20100101 Firefox/119.0.1"
141.98.11.41 - - [01/Sep/2026:17:27:45 -0500] "GET /wp-admin/index.php HTTP/1.1" 503 19284 "https://campanaarquidiocesana.org/wp-login.php" "Mozilla/5.0 (Macintosh; Intel Mac OS X 10.15) Gecko/20100101 Firefox/119.0.1"
157.90.185.123 - - [01/Sep/2026:17:27:46 -0500] "POST /?wordfence_syncAttackData=1788301666.4689 HTTP/1.1" 200 - "-" "WordPress/6.6.7; https://campanaarquidiocesana.org"
141.98.11.41 - - [01/Sep/2026:17:27:47 -0500] "GET /wp-admin/profile.php HTTP/1.1" 503 19284 "https://campanaarquidiocesana.org/wp-login.php" "Mozilla/5.0 (Macintosh; Intel Mac OS X 10.15) Gecko/20100101 Firefox/119.0.1"
141.98.11.41 - - [01/Sep/2026:17:27:48 -0500] "GET /wp-admin/edit.php HTTP/1.1" 503 19284 "https://campanaarquidiocesana.org/wp-login.php" "Mozilla/5.0 (Macintosh; Intel Mac OS X 10.15) Gecko/20100101 Firefox/119.0.1"
141.98.11.41 - - [01/Sep/2026:17:27:49 -0500] "GET /wp-admin/plugins.php HTTP/1.1" 503 19284 "https://campanaarquidiocesana.org/wp-login.php" "Mozilla/5.0 (Macintosh; Intel Mac OS X 10.15) Gecko/20100101 Firefox/119.0.1"
141.98.11.41 - - [01/Sep/2026:17:27:51 -0500] "POST /wp-login.php HTTP/1.1" 503 18282 "https://campanaarquidiocesana.org/wp-login.php" "Mozilla/5.0 (Windows NT 11.0; Win64; x64) AppleWebKit/537.36 (KHTML, like Gecko) Chrome/119.0.6045.159 Safari/537.36"
141.98.11.41 - - [01/Sep/2026:17:27:52 -0500] "GET /wp-admin/index.php HTTP/1.1" 503 19284 "https://campanaarquidiocesana.org/wp-login.php" "Mozilla/5.0 (Windows NT 11.0; Win64; x64) AppleWebKit/537.36 (KHTML, like Gecko) Chrome/119.0.6045.159 Safari/537.36"
141.98.11.41 - - [01/Sep/2026:17:27:53 -0500] "GET /wp-admin/profile.php HTTP/1.1" 503 19284 "https://campanaarquidiocesana.org/wp-login.php" "Mozilla/5.0 (Windows NT 11.0; Win64; x64) AppleWebKit/537.36 (KHTML, like Gecko) Chrome/119.0.6045.159 Safari/537.36"
141.98.11.41 - - [01/Sep/2026:17:27:54 -0500] "GET /wp-admin/edit.php HTTP/1.1" 503 19284 "https://campanaarquidiocesana.org/wp-login.php" "Mozilla/5.0 (Windows NT 11.0; Win64; x64) AppleWebKit/537.36 (KHTML, like Gecko) Chrome/119.0.6045.159 Safari/537.36"
141.98.11.41 - - [01/Sep/2026:17:27:55 -0500] "GET /wp-admin/plugins.php HTTP/1.1" 503 19284 "https://campanaarquidiocesana.org/wp-login.php" "Mozilla/5.0 (Windows NT 11.0; Win64; x64) AppleWebKit/537.36 (KHTML, like Gecko) Chrome/119.0.6045.159 Safari/537.36"
141.98.11.41 - - [01/Sep/2026:17:27:56 -0500] "POST /wp-login.php HTTP/1.1" 503 18282 "https://campanaarquidiocesana.org/wp-login.php" "Mozilla/5.0 (Macintosh; Intel Mac OS X 10.15) Gecko/20100101 Firefox/121.0"
141.98.11.41 - - [01/Sep/2026:17:27:57 -0500] "GET /wp-admin/index.php HTTP/1.1" 503 19284 "https://campanaarquidiocesana.org/wp-login.php" "Mozilla/5.0 (Macintosh; Intel Mac OS X 10.15) Gecko/20100101 Firefox/121.0"
157.90.185.123 - - [01/Sep/2026:17:27:58 -0500] "POST /?wordfence_syncAttackData=1788301678.1083 HTTP/1.1" 200 - "-" "WordPress/6.6.7; https://campanaarquidiocesana.org"
141.98.11.41 - - [01/Sep/2026:17:27:59 -0500] "GET /wp-admin/profile.php HTTP/1.1" 503 19284 "https://campanaarquidiocesana.org/wp-login.php" "Mozilla/5.0 (Macintosh; Intel Mac OS X 10.15) Gecko/20100101 Firefox/121.0"
141.98.11.41 - - [01/Sep/2026:17:28:00 -0500] "GET /wp-admin/edit.php HTTP/1.1" 503 19284 "https://campanaarquidiocesana.org/wp-login.php" "Mozilla/5.0 (Macintosh; Intel Mac OS X 10.15) Gecko/20100101 Firefox/121.0"
141.98.11.41 - - [01/Sep/2026:17:28:01 -0500] "GET /wp-admin/plugins.php HTTP/1.1" 503 19284 "https://campanaarquidiocesana.org/wp-login.php" "Mozilla/5.0 (Macintosh; Intel Mac OS X 10.15) Gecko/20100101 Firefox/121.0"
141.98.11.41 - - [01/Sep/2026:17:28:03 -0500] "POST /wp-login.php HTTP/1.1" 503 18282 "https://campanaarquidiocesana.org/wp-login.php" "Mozilla/5.0 (Macintosh; Intel Mac OS X 10_15_7) AppleWebKit/537.36 (KHTML, like Gecko) Chrome/118.0.5993.88 Safari/537.36"
141.98.11.41 - - [01/Sep/2026:17:28:03 -0500] "GET /wp-admin/index.php HTTP/1.1" 503 19284 "https://campanaarquidiocesana.org/wp-login.php" "Mozilla/5.0 (Macintosh; Intel Mac OS X 10_15_7) AppleWebKit/537.36 (KHTML, like Gecko) Chrome/118.0.5993.88 Safari/537.36"
141.98.11.41 - - [01/Sep/2026:17:28:05 -0500] "GET /wp-admin/profile.php HTTP/1.1" 503 19284 "https://campanaarquidiocesana.org/wp-login.php" "Mozilla/5.0 (Macintosh; Intel Mac OS X 10_15_7) AppleWebKit/537.36 (KHTML, like Gecko) Chrome/118.0.5993.88 Safari/537.36"
141.98.11.41 - - [01/Sep/2026:17:28:05 -0500] "GET /wp-admin/edit.php HTTP/1.1" 503 19284 "https://campanaarquidiocesana.org/wp-login.php" "Mozilla/5.0 (Macintosh; Intel Mac OS X 10_15_7) AppleWebKit/537.36 (KHTML, like Gecko) Chrome/118.0.5993.88 Safari/537.36"
141.98.11.41 - - [01/Sep/2026:17:28:06 -0500] "GET /wp-admin/plugins.php HTTP/1.1" 503 19284 "https://campanaarquidiocesana.org/wp-login.php" "Mozilla/5.0 (Macintosh; Intel Mac OS X 10_15_7) AppleWebKit/537.36 (KHTML, like Gecko) Chrome/118.0.5993.88 Safari/537.36"
141.98.11.41 - - [01/Sep/2026:17:28:08 -0500] "POST /wp-login.php HTTP/1.1" 503 18282 "https://campanaarquidiocesana.org/wp-login.php" "Mozilla/5.0 (Macintosh; Intel Mac OS X 10_15_7) AppleWebKit/605.1.15 (KHTML, like Gecko) Version/17.1 Safari/605.1.15"
141.98.11.41 - - [01/Sep/2026:17:28:09 -0500] "GET /wp-admin/index.php HTTP/1.1" 503 19284 "https://campanaarquidiocesana.org/wp-login.php" "Mozilla/5.0 (Macintosh; Intel Mac OS X 10_15_7) AppleWebKit/605.1.15 (KHTML, like Gecko) Version/17.1 Safari/605.1.15"
157.90.185.123 - - [01/Sep/2026:17:28:10 -0500] "POST /?wordfence_syncAttackData=1788301690.1368 HTTP/1.1" 200 - "-" "WordPress/6.6.7; https://campanaarquidiocesana.org"
141.98.11.41 - - [01/Sep/2026:17:28:11 -0500] "GET /wp-admin/profile.php HTTP/1.1" 503 19284 "https://campanaarquidiocesana.org/wp-login.php" "Mozilla/5.0 (Macintosh; Intel Mac OS X 10_15_7) AppleWebKit/605.1.15 (KHTML, like Gecko) Version/17.1 Safari/605.1.15"
141.98.11.41 - - [01/Sep/2026:17:28:12 -0500] "GET /wp-admin/edit.php HTTP/1.1" 503 19284 "https://campanaarquidiocesana.org/wp-login.php" "Mozilla/5.0 (Macintosh; Intel Mac OS X 10_15_7) AppleWebKit/605.1.15 (KHTML, like Gecko) Version/17.1 Safari/605.1.15"
141.98.11.41 - - [01/Sep/2026:17:28:13 -0500] "GET /wp-admin/plugins.php HTTP/1.1" 503 19284 "https://campanaarquidiocesana.org/wp-login.php" "Mozilla/5.0 (Macintosh; Intel Mac OS X 10_15_7) AppleWebKit/605.1.15 (KHTML, like Gecko) Version/17.1 Safari/605.1.15"
185.122.114.33 - - [01/Sep/2026:17:28:13 -0500] "GET /robots.txt HTTP/1.1" 200 183 "http://iglesiaerestu.org/robots.txt" "Mozilla/5.0 (Windows NT 10.0; Win64; x64) AppleWebKit/537.36 (KHTML, like Gecko) Chrome/122.0.0.0 Safari/537.36 Agency/93.8.2357.5"
141.98.11.41 - - [01/Sep/2026:17:28:15 -0500] "POST /wp-login.php HTTP/1.1" 503 18282 "https://campanaarquidiocesana.org/wp-login.php" "Mozilla/5.0 (Windows NT 10.0; Win64; x64) Gecko/20100101 Firefox/121.0"
178.73.224.73 - - [01/Sep/2026:17:28:15 -0500] "GET /llms.txt HTTP/1.1" 404 41721 "http://iglesiaerestu.org/llms.txt" "Mozilla/5.0 (Windows NT 10.0; Win64; x64) AppleWebKit/537.36 (KHTML, like Gecko) Chrome/122.0.0.0 Safari/537.36 Agency/93.8.2357.5"
193.183.88.235 - - [01/Sep/2026:17:28:16 -0500] "GET / HTTP/1.1" 200 19791 "http://iglesiaerestu.org/" "Mozilla/5.0 (Windows NT 10.0; Win64; x64) AppleWebKit/537.36 (KHTML, like Gecko) Chrome/122.0.0.0 Safari/537.36 Agency/93.8.2357.5"
141.98.11.41 - - [01/Sep/2026:17:28:16 -0500] "GET /wp-admin/index.php HTTP/1.1" 503 19284 "https://campanaarquidiocesana.org/wp-login.php" "Mozilla/5.0 (Windows NT 10.0; Win64; x64) Gecko/20100101 Firefox/121.0"
141.98.11.41 - - [01/Sep/2026:17:28:17 -0500] "GET /wp-admin/profile.php HTTP/1.1" 503 19284 "https://campanaarquidiocesana.org/wp-login.php" "Mozilla/5.0 (Windows NT 10.0; Win64; x64) Gecko/20100101 Firefox/121.0"
141.98.11.41 - - [01/Sep/2026:17:28:17 -0500] "GET /wp-admin/edit.php HTTP/1.1" 503 19284 "https://campanaarquidiocesana.org/wp-login.php" "Mozilla/5.0 (Windows NT 10.0; Win64; x64) Gecko/20100101 Firefox/121.0"
141.98.11.41 - - [01/Sep/2026:17:28:18 -0500] "GET /wp-admin/plugins.php HTTP/1.1" 503 19284 "https://campanaarquidiocesana.org/wp-login.php" "Mozilla/5.0 (Windows NT 10.0; Win64; x64) Gecko/20100101 Firefox/121.0"
141.98.11.41 - - [01/Sep/2026:17:28:21 -0500] "GET /wp-admin/index.php HTTP/1.1" 503 19284 "https://campanaarquidiocesana.org/wp-login.php" "Mozilla/5.0 (Macintosh; Intel Mac OS X 10.15) Gecko/20100101 Firefox/119.0.1"
141.98.11.41 - - [01/Sep/2026:17:28:23 -0500] "GET /wp-admin/profile.php HTTP/1.1" 503 19284 "https://campanaarquidiocesana.org/wp-login.php" "Mozilla/5.0 (Macintosh; Intel Mac OS X 10.15) Gecko/20100101 Firefox/119.0.1"
141.98.11.41 - - [01/Sep/2026:17:28:24 -0500] "GET /wp-admin/edit.php HTTP/1.1" 503 19284 "https://campanaarquidiocesana.org/wp-login.php" "Mozilla/5.0 (Macintosh; Intel Mac OS X 10.15) Gecko/20100101 Firefox/119.0.1"
141.98.11.41 - - [01/Sep/2026:17:28:25 -0500] "GET /wp-admin/plugins.php HTTP/1.1" 503 19284 "https://campanaarquidiocesana.org/wp-login.php" "Mozilla/5.0 (Macintosh; Intel Mac OS X 10.15) Gecko/20100101 Firefox/119.0.1"
141.98.11.41 - - [01/Sep/2026:17:28:20 -0500] "POST /wp-login.php HTTP/1.1" 503 18282 "https://campanaarquidiocesana.org/wp-login.php" "Mozilla/5.0 (Macintosh; Intel Mac OS X 10.15) Gecko/20100101 Firefox/119.0.1"
141.98.11.41 - - [01/Sep/2026:17:28:27 -0500] "POST /wp-login.php HTTP/1.1" 503 18282 "https://campanaarquidiocesana.org/wp-login.php" "Mozilla/5.0 (X11; Ubuntu; Linux x86_64) AppleWebKit/537.36 (KHTML, like Gecko) Chrome/118.0.5993.88 Safari/537.36"
141.98.11.41 - - [01/Sep/2026:17:28:28 -0500] "GET /wp-admin/index.php HTTP/1.1" 503 19284 "https://campanaarquidiocesana.org/wp-login.php" "Mozilla/5.0 (X11; Ubuntu; Linux x86_64) AppleWebKit/537.36 (KHTML, like Gecko) Chrome/118.0.5993.88 Safari/537.36"
141.98.11.41 - - [01/Sep/2026:17:28:30 -0500] "GET /wp-admin/profile.php HTTP/1.1" 503 19284 "https://campanaarquidiocesana.org/wp-login.php" "Mozilla/5.0 (X11; Ubuntu; Linux x86_64) AppleWebKit/537.36 (KHTML, like Gecko) Chrome/118.0.5993.88 Safari/537.36"
141.98.11.41 - - [01/Sep/2026:17:28:31 -0500] "GET /wp-admin/edit.php HTTP/1.1" 503 19284 "https://campanaarquidiocesana.org/wp-login.php" "Mozilla/5.0 (X11; Ubuntu; Linux x86_64) AppleWebKit/537.36 (KHTML, like Gecko) Chrome/118.0.5993.88 Safari/537.36"
157.90.185.123 - - [01/Sep/2026:17:28:33 -0500] "POST /?wordfence_syncAttackData=1788301713.655 HTTP/1.1" 200 - "-" "WordPress/6.6.7; https://campanaarquidiocesana.org"
157.90.185.123 - - [01/Sep/2026:17:28:22 -0500] "POST /?wordfence_syncAttackData=1788301702.3499 HTTP/1.1" 200 - "-" "WordPress/6.6.7; https://campanaarquidiocesana.org"
141.98.11.41 - - [01/Sep/2026:17:28:34 -0500] "GET /wp-admin/plugins.php HTTP/1.1" 503 19284 "https://campanaarquidiocesana.org/wp-login.php" "Mozilla/5.0 (X11; Ubuntu; Linux x86_64) AppleWebKit/537.36 (KHTML, like Gecko) Chrome/118.0.5993.88 Safari/537.36"
141.98.11.41 - - [01/Sep/2026:17:28:36 -0500] "POST /wp-login.php HTTP/1.1" 503 18282 "https://campanaarquidiocesana.org/wp-login.php" "Mozilla/5.0 (X11; Linux x86_64) AppleWebKit/537.36 (KHTML, like Gecko) Chrome/119.0.6045.159 Safari/537.36"
