173.239.211.49 - - [01/Sep/2026:18:57:19 -0500] "GET /wp-login.php?redirect_to=https%3A%2F%2Fcampanaarquidiocesana.org%2Fwp-admin%2Fprofile.php&reauth=1 HTTP/1.1" 200 9329 "https://campanaarquidiocesana.org/wp-login.php" "Mozilla/5.0 (X11; Linux x86_64) AppleWebKit/537.36 (KHTML, like Gecko) Chrome/119.0.0.0 Safari/537.36"
173.239.211.49 - - [01/Sep/2026:18:57:21 -0500] "POST /wp-login.php HTTP/1.1" 503 19284 "https://campanaarquidiocesana.org/wp-login.php" "Mozilla/5.0 (Macintosh; Intel Mac OS X 13_6_1; rv:118.0) Gecko/20100101 Firefox/118.0"
173.239.211.51 - - [01/Sep/2026:18:57:26 -0500] "GET /wp-admin/index.php HTTP/1.1" 503 19284 "https://campanaarquidiocesana.org/wp-login.php" "Mozilla/5.0 (X11; Ubuntu; Linux x86_64) AppleWebKit/537.36 (KHTML, like Gecko) Chrome/121.0.0.0 Safari/537.36"
192.145.125.92 - - [01/Sep/2026:18:57:28 -0500] "GET / HTTP/1.1" 301 - "-" "Mozilla/5.0 (Windows NT 10.0; Win64; x64) AppleWebKit/537.36 (KHTML, like Gecko) Chrome/78.0.3904.108 Safari/537.36"
192.145.125.92 - - [01/Sep/2026:18:57:29 -0500] "GET / HTTP/1.1" 200 109966 "-" "Mozilla/5.0 (Windows NT 10.0; Win64; x64) AppleWebKit/537.36 (KHTML, like Gecko) Chrome/78.0.3904.108 Safari/537.36"
192.145.125.92 - - [01/Sep/2026:18:57:29 -0500] "GET //wp-includes/wlwmanifest.xml HTTP/1.1" 301 - "-" "Mozilla/5.0 (Windows NT 10.0; Win64; x64) AppleWebKit/537.36 (KHTML, like Gecko) Chrome/78.0.3904.108 Safari/537.36"
192.145.125.92 - - [01/Sep/2026:18:57:30 -0500] "GET //xmlrpc.php?rsd HTTP/1.1" 403 199 "-" "Mozilla/5.0 (Windows NT 10.0; Win64; x64) AppleWebKit/537.36 (KHTML, like Gecko) Chrome/78.0.3904.108 Safari/537.36"
192.145.125.92 - - [01/Sep/2026:18:57:30 -0500] "GET / HTTP/1.1" 200 109966 "-" "Mozilla/5.0 (Windows NT 10.0; Win64; x64) AppleWebKit/537.36 (KHTML, like Gecko) Chrome/78.0.3904.108 Safari/537.36"
192.145.125.92 - - [01/Sep/2026:18:57:30 -0500] "GET //?author=1 HTTP/1.1" 200 109966 "-" "Mozilla/5.0 (Windows NT 10.0; Win64; x64) AppleWebKit/537.36 (KHTML, like Gecko) Chrome/78.0.3904.108 Safari/537.36"
192.145.125.92 - - [01/Sep/2026:18:57:30 -0500] "GET //?author=2 HTTP/1.1" 200 109966 "-" "Mozilla/5.0 (Windows NT 10.0; Win64; x64) AppleWebKit/537.36 (KHTML, like Gecko) Chrome/78.0.3904.108 Safari/537.36"
192.145.125.92 - - [01/Sep/2026:18:57:30 -0500] "GET //wp-json/wp/v2/users/ HTTP/1.1" 403 199 "-" "Mozilla/5.0 (Windows NT 10.0; Win64; x64) AppleWebKit/537.36 (KHTML, like Gecko) Chrome/78.0.3904.108 Safari/537.36"
63.135.161.114 - - [01/Sep/2026:18:57:29 -0500] "GET /wp-admin/profile.php HTTP/1.1" 302 - "https://campanaarquidiocesana.org/wp-login.php" "Mozilla/5.0 (X11; Ubuntu; Linux x86_64) AppleWebKit/537.36 (KHTML, like Gecko) Chrome/121.0.0.0 Safari/537.36"
192.145.125.92 - - [01/Sep/2026:18:57:30 -0500] "GET //wp-json/oembed/1.0/embed?url=https://campanaarquidiocesana.org/ HTTP/1.1" 200 2529 "-" "Mozilla/5.0 (Windows NT 10.0; Win64; x64) AppleWebKit/537.36 (KHTML, like Gecko) Chrome/78.0.3904.108 Safari/537.36"
192.145.125.92 - - [01/Sep/2026:18:57:32 -0500] "POST //xmlrpc.php HTTP/1.1" 403 199 "-" "Mozilla/5.0 (Windows NT 10.0; Win64; x64) AppleWebKit/537.36 (KHTML, like Gecko) Chrome/78.0.3904.108 Safari/537.36"
63.135.161.114 - - [01/Sep/2026:18:57:32 -0500] "GET /wp-login.php?redirect_to=https%3A%2F%2Fcampanaarquidiocesana.org%2Fwp-admin%2Fprofile.php&reauth=1 HTTP/1.1" 200 9329 "https://campanaarquidiocesana.org/wp-login.php" "Mozilla/5.0 (X11; Ubuntu; Linux x86_64) AppleWebKit/537.36 (KHTML, like Gecko) Chrome/121.0.0.0 Safari/537.36"
173.239.211.38 - - [01/Sep/2026:18:57:37 -0500] "GET /wp-admin/index.php HTTP/1.1" 503 19284 "https://campanaarquidiocesana.org/wp-login.php" "Mozilla/5.0 (X11; Ubuntu; Linux x86_64) AppleWebKit/537.36 (KHTML, like Gecko) Chrome/120.0.0.0 Safari/537.36"
45.130.83.239 - - [01/Sep/2026:18:57:40 -0500] "GET /wp-admin/profile.php HTTP/1.1" 503 19284 "https://campanaarquidiocesana.org/wp-login.php" "Mozilla/5.0 (X11; Ubuntu; Linux x86_64) AppleWebKit/537.36 (KHTML, like Gecko) Chrome/120.0.0.0 Safari/537.36"
173.239.211.50 - - [01/Sep/2026:18:57:44 -0500] "GET /wp-admin/plugins.php HTTP/1.1" 503 19284 "https://campanaarquidiocesana.org/wp-login.php" "Mozilla/5.0 (X11; Ubuntu; Linux x86_64) AppleWebKit/537.36 (KHTML, like Gecko) Chrome/120.0.0.0 Safari/537.36"
173.239.211.52 - - [01/Sep/2026:18:57:51 -0500] "POST /wp-login.php HTTP/1.1" 503 18282 "https://campanaarquidiocesana.org/wp-login.php" "Mozilla/5.0 (X11; Linux x86_64) AppleWebKit/537.36 (KHTML, like Gecko) Chrome/121.0.0.0 Safari/537.36"
63.135.161.114 - - [01/Sep/2026:18:57:34 -0500] "POST /wp-login.php HTTP/1.1" 503 19284 "https://campanaarquidiocesana.org/wp-login.php" "Mozilla/5.0 (Macintosh; Intel Mac OS X 10_15_7; rv:121.0) Gecko/20100101 Firefox/121.0"
173.239.211.40 - - [01/Sep/2026:18:57:42 -0500] "GET /wp-admin/edit.php HTTP/1.1" 503 19284 "https://campanaarquidiocesana.org/wp-login.php" "Mozilla/5.0 (X11; Ubuntu; Linux x86_64) AppleWebKit/537.36 (KHTML, like Gecko) Chrome/120.0.0.0 Safari/537.36"
157.90.185.123 - - [01/Sep/2026:18:57:54 -0500] "POST /?wordfence_syncAttackData=1788307074.9237 HTTP/1.1" 200 - "-" "WordPress/6.6.7; https://campanaarquidiocesana.org"
63.135.161.121 - - [01/Sep/2026:18:57:54 -0500] "GET /wp-admin/index.php HTTP/1.1" 302 - "https://campanaarquidiocesana.org/wp-login.php" "Mozilla/5.0 (X11; Linux x86_64) AppleWebKit/537.36 (KHTML, like Gecko) Chrome/120.0.0.0 Safari/537.36"
63.135.161.121 - - [01/Sep/2026:18:57:56 -0500] "GET /wp-login.php?redirect_to=https%3A%2F%2Fcampanaarquidiocesana.org%2Fwp-admin%2Findex.php&reauth=1 HTTP/1.1" 200 9325 "https://campanaarquidiocesana.org/wp-login.php" "Mozilla/5.0 (X11; Linux x86_64) AppleWebKit/537.36 (KHTML, like Gecko) Chrome/120.0.0.0 Safari/537.36"
63.135.161.121 - - [01/Sep/2026:18:57:58 -0500] "POST /wp-login.php HTTP/1.1" 503 19284 "https://campanaarquidiocesana.org/wp-login.php" "Mozilla/5.0 (Windows NT 11.0; Win64; x64) AppleWebKit/537.36 (KHTML, like Gecko) Chrome/118.0.0.0 Safari/537.36"
63.135.161.119 - - [01/Sep/2026:18:58:02 -0500] "GET /wp-admin/index.php HTTP/1.1" 302 - "https://campanaarquidiocesana.org/wp-login.php" "Mozilla/5.0 (Macintosh; Intel Mac OS X 13_6_1; rv:121.0) Gecko/20100101 Firefox/121.0"
63.135.161.119 - - [01/Sep/2026:18:58:04 -0500] "GET /wp-login.php?redirect_to=https%3A%2F%2Fcampanaarquidiocesana.org%2Fwp-admin%2Findex.php&reauth=1 HTTP/1.1" 200 9325 "https://campanaarquidiocesana.org/wp-login.php" "Mozilla/5.0 (Macintosh; Intel Mac OS X 13_6_1; rv:121.0) Gecko/20100101 Firefox/121.0"
204.12.162.60 - - [01/Sep/2026:18:58:08 -0500] "GET /robots.txt HTTP/1.1" 200 183 "-" "Mozilla/5.0 (Linux; Android 10; K) AppleWebKit/537.36 (KHTML, like Gecko) Chrome/131.0.0.0 Mobile Safari/537.36"
204.12.162.60 - - [01/Sep/2026:18:58:10 -0500] "GET /.well-known/tdmrep.json HTTP/1.1" 404 41721 "-" "Mozilla/5.0 (Linux; Android 10; K) AppleWebKit/537.36 (KHTML, like Gecko) Chrome/131.0.0.0 Mobile Safari/537.36"
204.12.162.60 - - [01/Sep/2026:18:58:12 -0500] "GET /ai.txt HTTP/1.1" 404 41721 "-" "Mozilla/5.0 (Linux; Android 10; K) AppleWebKit/537.36 (KHTML, like Gecko) Chrome/131.0.0.0 Mobile Safari/537.36"
43.159.143.187 - - [01/Sep/2026:18:58:21 -0500] "GET / HTTP/1.1" 403 199 "http://www.xn--campaaarquidiocesana-76b.com" "Mozilla/5.0 (iPhone; CPU iPhone OS 13_2_3 like Mac OS X) AppleWebKit/605.1.15 (KHTML, like Gecko) Version/13.0.3 Mobile/15E148 Safari/604.1"
45.130.83.240 - - [01/Sep/2026:18:58:33 -0500] "POST /wp-login.php HTTP/1.1" 503 19284 "https://campanaarquidiocesana.org/wp-login.php" "Mozilla/5.0 (Macintosh; Intel Mac OS X 10_15_7) AppleWebKit/537.36 (KHTML, like Gecko) Chrome/121.0.0.0 Safari/537.36"
173.239.211.35 - - [01/Sep/2026:18:58:38 -0500] "GET /wp-admin/index.php HTTP/1.1" 302 - "https://campanaarquidiocesana.org/wp-login.php" "Mozilla/5.0 (Windows NT 10.0; Win64; x64) AppleWebKit/537.36 (KHTML, like Gecko) Chrome/120.0.0.0 Safari/537.36"
173.239.211.35 - - [01/Sep/2026:18:58:40 -0500] "GET /wp-login.php?redirect_to=https%3A%2F%2Fcampanaarquidiocesana.org%2Fwp-admin%2Findex.php&reauth=1 HTTP/1.1" 200 9325 "https://campanaarquidiocesana.org/wp-login.php" "Mozilla/5.0 (Windows NT 10.0; Win64; x64) AppleWebKit/537.36 (KHTML, like Gecko) Chrome/120.0.0.0 Safari/537.36"
173.239.211.35 - - [01/Sep/2026:18:58:43 -0500] "POST /wp-login.php HTTP/1.1" 503 19284 "https://campanaarquidiocesana.org/wp-login.php" "Mozilla/5.0 (Macintosh; Intel Mac OS X 13_6_1; rv:121.0) Gecko/20100101 Firefox/121.0"
63.135.161.114 - - [01/Sep/2026:18:58:49 -0500] "GET /wp-admin/index.php HTTP/1.1" 503 19284 "https://campanaarquidiocesana.org/wp-login.php" "Mozilla/5.0 (X11; Linux x86_64) AppleWebKit/537.36 (KHTML, like Gecko) Chrome/121.0.0.0 Safari/537.36"
45.130.83.246 - - [01/Sep/2026:18:58:52 -0500] "GET /wp-admin/profile.php HTTP/1.1" 302 - "https://campanaarquidiocesana.org/wp-login.php" "Mozilla/5.0 (X11; Linux x86_64) AppleWebKit/537.36 (KHTML, like Gecko) Chrome/121.0.0.0 Safari/537.36"
45.130.83.246 - - [01/Sep/2026:18:58:53 -0500] "GET /wp-login.php?redirect_to=https%3A%2F%2Fcampanaarquidiocesana.org%2Fwp-admin%2Fprofile.php&reauth=1 HTTP/1.1" 200 9329 "https://campanaarquidiocesana.org/wp-login.php" "Mozilla/5.0 (X11; Linux x86_64) AppleWebKit/537.36 (KHTML, like Gecko) Chrome/121.0.0.0 Safari/537.36"
45.130.83.246 - - [01/Sep/2026:18:58:55 -0500] "POST /wp-login.php HTTP/1.1" 503 19284 "https://campanaarquidiocesana.org/wp-login.php" "Mozilla/5.0 (X11; Linux x86_64) AppleWebKit/537.36 (KHTML, like Gecko) Chrome/119.0.0.0 Safari/537.36"
45.130.83.242 - - [01/Sep/2026:18:59:02 -0500] "GET /wp-admin/index.php HTTP/1.1" 503 19284 "https://campanaarquidiocesana.org/wp-login.php" "Mozilla/5.0 (X11; Ubuntu; Linux x86_64) AppleWebKit/537.36 (KHTML, like Gecko) Chrome/118.0.0.0 Safari/537.36"
173.239.211.39 - - [01/Sep/2026:18:59:05 -0500] "GET /wp-admin/profile.php HTTP/1.1" 302 - "https://campanaarquidiocesana.org/wp-login.php" "Mozilla/5.0 (X11; Ubuntu; Linux x86_64) AppleWebKit/537.36 (KHTML, like Gecko) Chrome/118.0.0.0 Safari/537.36"
173.239.211.39 - - [01/Sep/2026:18:59:07 -0500] "GET /wp-login.php?redirect_to=https%3A%2F%2Fcampanaarquidiocesana.org%2Fwp-admin%2Fprofile.php&reauth=1 HTTP/1.1" 200 9329 "https://campanaarquidiocesana.org/wp-login.php" "Mozilla/5.0 (X11; Ubuntu; Linux x86_64) AppleWebKit/537.36 (KHTML, like Gecko) Chrome/118.0.0.0 Safari/537.36"
2a06:98c0:3600::103 - - [01/Sep/2026:18:59:08 -0500] "GET /.git/config HTTP/1.1" 403 199 "-" "Mozilla/5.0 (Macintosh; Intel Mac OS X 10.15; rv:126.0) Gecko/20100101 Firefox/126.0"
2a06:98c0:3600::103 - - [01/Sep/2026:18:59:08 -0500] "GET /.git/HEAD HTTP/1.1" 403 199 "-" "Mozilla/5.0 (Macintosh; Intel Mac OS X 10.15; rv:126.0) Gecko/20100101 Firefox/126.0"
173.239.211.39 - - [01/Sep/2026:18:59:08 -0500] "POST /wp-login.php HTTP/1.1" 503 19284 "https://campanaarquidiocesana.org/wp-login.php" "Mozilla/5.0 (Macintosh; Intel Mac OS X 10_15_7) AppleWebKit/537.36 (KHTML, like Gecko) Chrome/120.0.0.0 Safari/537.36"
45.130.83.245 - - [01/Sep/2026:18:59:13 -0500] "GET /wp-admin/index.php HTTP/1.1" 503 19284 "https://campanaarquidiocesana.org/wp-login.php" "Mozilla/5.0 (Macintosh; Intel Mac OS X 13_6_1; rv:119.0) Gecko/20100101 Firefox/119.0"
173.239.211.38 - - [01/Sep/2026:18:59:17 -0500] "GET /wp-admin/profile.php HTTP/1.1" 503 19284 "https://campanaarquidiocesana.org/wp-login.php" "Mozilla/5.0 (Macintosh; Intel Mac OS X 13_6_1; rv:119.0) Gecko/20100101 Firefox/119.0"
63.135.161.113 - - [01/Sep/2026:18:59:20 -0500] "GET /wp-admin/edit.php HTTP/1.1" 503 19284 "https://campanaarquidiocesana.org/wp-login.php" "Mozilla/5.0 (Macintosh; Intel Mac OS X 13_6_1; rv:119.0) Gecko/20100101 Firefox/119.0"
63.135.161.113 - - [01/Sep/2026:18:59:25 -0500] "GET /wp-admin/plugins.php HTTP/1.1" 503 19284 "https://campanaarquidiocesana.org/wp-login.php" "Mozilla/5.0 (Macintosh; Intel Mac OS X 13_6_1; rv:119.0) Gecko/20100101 Firefox/119.0"
173.239.211.48 - - [01/Sep/2026:18:59:27 -0500] "POST /wp-login.php HTTP/1.1" 503 18282 "https://campanaarquidiocesana.org/wp-login.php" "Mozilla/5.0 (Macintosh; Intel Mac OS X 10_15_7) AppleWebKit/605.1.15 (KHTML, like Gecko) Version/17.2 Safari/605.1.15"
157.90.185.123 - - [01/Sep/2026:18:59:32 -0500] "POST /?wordfence_syncAttackData=1788307172.3357 HTTP/1.1" 200 - "-" "WordPress/6.6.7; https://campanaarquidiocesana.org"
173.239.211.37 - - [01/Sep/2026:18:59:31 -0500] "GET /wp-admin/index.php HTTP/1.1" 302 - "https://campanaarquidiocesana.org/wp-login.php" "Mozilla/5.0 (X11; Ubuntu; Linux x86_64) AppleWebKit/537.36 (KHTML, like Gecko) Chrome/118.0.0.0 Safari/537.36"
63.135.161.113 - - [01/Sep/2026:18:59:42 -0500] "GET /wp-login.php?redirect_to=https%3A%2F%2Fcampanaarquidiocesana.org%2Fwp-admin%2Findex.php&reauth=1 HTTP/1.1" 503 18282 "https://campanaarquidiocesana.org/wp-login.php" "Mozilla/5.0 (X11; Ubuntu; Linux x86_64) AppleWebKit/537.36 (KHTML, like Gecko) Chrome/118.0.0.0 Safari/537.36"
63.135.161.129 - - [01/Sep/2026:18:59:44 -0500] "GET /wp-admin/profile.php HTTP/1.1" 503 19284 "https://campanaarquidiocesana.org/wp-login.php" "Mozilla/5.0 (X11; Ubuntu; Linux x86_64) AppleWebKit/537.36 (KHTML, like Gecko) Chrome/118.0.0.0 Safari/537.36"
157.90.185.123 - - [01/Sep/2026:18:59:45 -0500] "POST /?wordfence_syncAttackData=1788307185.4607 HTTP/1.1" 200 - "-" "WordPress/6.6.7; https://campanaarquidiocesana.org"
173.239.211.49 - - [01/Sep/2026:18:59:53 -0500] "GET /wp-admin/edit.php HTTP/1.1" 503 19284 "https://campanaarquidiocesana.org/wp-login.php" "Mozilla/5.0 (X11; Ubuntu; Linux x86_64) AppleWebKit/537.36 (KHTML, like Gecko) Chrome/118.0.0.0 Safari/537.36"
173.239.211.52 - - [01/Sep/2026:18:59:55 -0500] "GET /wp-admin/plugins.php HTTP/1.1" 503 19284 "https://campanaarquidiocesana.org/wp-login.php" "Mozilla/5.0 (X11; Ubuntu; Linux x86_64) AppleWebKit/537.36 (KHTML, like Gecko) Chrome/118.0.0.0 Safari/537.36"
63.135.161.129 - - [01/Sep/2026:19:00:00 -0500] "POST /wp-login.php HTTP/1.1" 503 18282 "https://campanaarquidiocesana.org/wp-login.php" "Mozilla/5.0 (X11; Ubuntu; Linux x86_64) AppleWebKit/537.36 (KHTML, like Gecko) Chrome/121.0.0.0 Safari/537.36"
157.90.185.123 - - [01/Sep/2026:19:00:03 -0500] "POST /?wordfence_syncAttackData=1788307203.3908 HTTP/1.1" 200 - "-" "WordPress/6.6.7; https://campanaarquidiocesana.org"
63.135.161.119 - - [01/Sep/2026:19:00:02 -0500] "GET /wp-admin/index.php HTTP/1.1" 302 - "https://campanaarquidiocesana.org/wp-login.php" "Mozilla/5.0 (X11; Ubuntu; Linux x86_64) AppleWebKit/537.36 (KHTML, like Gecko) Chrome/120.0.0.0 Safari/537.36"
63.135.161.119 - - [01/Sep/2026:19:00:06 -0500] "GET /wp-login.php?redirect_to=https%3A%2F%2Fcampanaarquidiocesana.org%2Fwp-admin%2Findex.php&reauth=1 HTTP/1.1" 200 9325 "https://campanaarquidiocesana.org/wp-login.php" "Mozilla/5.0 (X11; Ubuntu; Linux x86_64) AppleWebKit/537.36 (KHTML, like Gecko) Chrome/120.0.0.0 Safari/537.36"
63.135.161.119 - - [01/Sep/2026:19:00:07 -0500] "POST /wp-login.php HTTP/1.1" 503 19282 "https://campanaarquidiocesana.org/wp-login.php" "Mozilla/5.0 (X11; Ubuntu; Linux x86_64) AppleWebKit/537.36 (KHTML, like Gecko) Chrome/121.0.0.0 Safari/537.36"
63.135.161.113 - - [01/Sep/2026:19:00:15 -0500] "GET /wp-admin/index.php HTTP/1.1" 503 19282 "https://campanaarquidiocesana.org/wp-login.php" "Mozilla/5.0 (Macintosh; Intel Mac OS X 13_6_1; rv:121.0) Gecko/20100101 Firefox/121.0"
173.239.211.55 - - [01/Sep/2026:19:00:18 -0500] "GET /wp-admin/profile.php HTTP/1.1" 503 19282 "https://campanaarquidiocesana.org/wp-login.php" "Mozilla/5.0 (Macintosh; Intel Mac OS X 13_6_1; rv:121.0) Gecko/20100101 Firefox/121.0"
173.239.211.50 - - [01/Sep/2026:19:00:25 -0500] "GET /wp-admin/edit.php HTTP/1.1" 302 - "https://campanaarquidiocesana.org/wp-login.php" "Mozilla/5.0 (Macintosh; Intel Mac OS X 13_6_1; rv:121.0) Gecko/20100101 Firefox/121.0"
173.239.211.50 - - [01/Sep/2026:19:00:28 -0500] "GET /wp-login.php?redirect_to=https%3A%2F%2Fcampanaarquidiocesana.org%2Fwp-admin%2Fedit.php&reauth=1 HTTP/1.1" 200 9323 "https://campanaarquidiocesana.org/wp-login.php" "Mozilla/5.0 (Macintosh; Intel Mac OS X 13_6_1; rv:121.0) Gecko/20100101 Firefox/121.0"
173.239.211.50 - - [01/Sep/2026:19:00:31 -0500] "POST /wp-login.php HTTP/1.1" 503 19282 "https://campanaarquidiocesana.org/wp-login.php" "Mozilla/5.0 (X11; Ubuntu; Linux x86_64) AppleWebKit/537.36 (KHTML, like Gecko) Chrome/120.0.0.0 Safari/537.36"
173.239.211.54 - - [01/Sep/2026:19:00:37 -0500] "GET /wp-admin/index.php HTTP/1.1" 302 - "https://campanaarquidiocesana.org/wp-login.php" "Mozilla/5.0 (Macintosh; Intel Mac OS X 10_15_7) AppleWebKit/605.1.15 (KHTML, like Gecko) Version/16.6 Safari/605.1.15"
173.239.211.54 - - [01/Sep/2026:19:00:38 -0500] "GET /wp-login.php?redirect_to=https%3A%2F%2Fcampanaarquidiocesana.org%2Fwp-admin%2Findex.php&reauth=1 HTTP/1.1" 200 9325 "https://campanaarquidiocesana.org/wp-login.php" "Mozilla/5.0 (Macintosh; Intel Mac OS X 10_15_7) AppleWebKit/605.1.15 (KHTML, like Gecko) Version/16.6 Safari/605.1.15"
173.239.211.54 - - [01/Sep/2026:19:00:40 -0500] "POST /wp-login.php HTTP/1.1" 503 19282 "https://campanaarquidiocesana.org/wp-login.php" "Mozilla/5.0 (Macintosh; Intel Mac OS X 13_6_1) AppleWebKit/605.1.15 (KHTML, like Gecko) Version/16.6 Safari/605.1.15"
173.239.211.36 - - [01/Sep/2026:19:00:50 -0500] "GET /wp-admin/index.php HTTP/1.1" 302 - "https://campanaarquidiocesana.org/wp-login.php" "Mozilla/5.0 (X11; Ubuntu; Linux x86_64) AppleWebKit/537.36 (KHTML, like Gecko) Chrome/118.0.0.0 Safari/537.36"
173.239.211.36 - - [01/Sep/2026:19:00:52 -0500] "GET /wp-login.php?redirect_to=https%3A%2F%2Fcampanaarquidiocesana.org%2Fwp-admin%2Findex.php&reauth=1 HTTP/1.1" 200 9325 "https://campanaarquidiocesana.org/wp-login.php" "Mozilla/5.0 (X11; Ubuntu; Linux x86_64) AppleWebKit/537.36 (KHTML, like Gecko) Chrome/118.0.0.0 Safari/537.36"
173.239.211.36 - - [01/Sep/2026:19:00:54 -0500] "POST /wp-login.php HTTP/1.1" 503 19282 "https://campanaarquidiocesana.org/wp-login.php" "Mozilla/5.0 (Windows NT 11.0; Win64; x64) AppleWebKit/537.36 (KHTML, like Gecko) Chrome/121.0.0.0 Safari/537.36"
173.239.211.51 - - [01/Sep/2026:19:00:59 -0500] "GET /wp-admin/index.php HTTP/1.1" 503 19282 "https://campanaarquidiocesana.org/wp-login.php" "Mozilla/5.0 (Macintosh; Intel Mac OS X 10_15_7) AppleWebKit/605.1.15 (KHTML, like Gecko) Version/17.0 Safari/605.1.15"
173.239.211.41 - - [01/Sep/2026:19:01:03 -0500] "GET /wp-admin/profile.php HTTP/1.1" 302 - "https://campanaarquidiocesana.org/wp-login.php" "Mozilla/5.0 (Macintosh; Intel Mac OS X 10_15_7) AppleWebKit/605.1.15 (KHTML, like Gecko) Version/17.0 Safari/605.1.15"
173.239.211.41 - - [01/Sep/2026:19:01:05 -0500] "GET /wp-login.php?redirect_to=https%3A%2F%2Fcampanaarquidiocesana.org%2Fwp-admin%2Fprofile.php&reauth=1 HTTP/1.1" 200 9329 "https://campanaarquidiocesana.org/wp-login.php" "Mozilla/5.0 (Macintosh; Intel Mac OS X 10_15_7) AppleWebKit/605.1.15 (KHTML, like Gecko) Version/17.0 Safari/605.1.15"
43.166.132.142 - - [01/Sep/2026:19:02:55 -0500] "GET / HTTP/1.1" 403 199 "http://xn--campaaarquidiocesana-76b.org" "Mozilla/5.0 (iPhone; CPU iPhone OS 13_2_3 like Mac OS X) AppleWebKit/605.1.15 (KHTML, like Gecko) Version/13.0.3 Mobile/15E148 Safari/604.1"
63.135.161.129 - - [01/Sep/2026:19:03:37 -0500] "POST /wp-login.php HTTP/1.1" 503 18280 "https://campanaarquidiocesana.org/wp-login.php" "Mozilla/5.0 (X11; Ubuntu; Linux x86_64) AppleWebKit/537.36 (KHTML, like Gecko) Chrome/121.0.0.0 Safari/537.36"
173.239.211.35 - - [01/Sep/2026:19:03:40 -0500] "GET /wp-admin/index.php HTTP/1.1" 503 19282 "https://campanaarquidiocesana.org/wp-login.php" "Mozilla/5.0 (Windows NT 11.0; Win64; x64; rv:119.0) Gecko/20100101 Firefox/119.0"
157.90.185.123 - - [01/Sep/2026:19:03:41 -0500] "POST /?wordfence_syncAttackData=1788307421.1513 HTTP/1.1" 200 - "-" "WordPress/6.6.7; https://campanaarquidiocesana.org"
63.135.161.115 - - [01/Sep/2026:19:03:44 -0500] "GET /wp-admin/profile.php HTTP/1.1" 302 - "https://campanaarquidiocesana.org/wp-login.php" "Mozilla/5.0 (Windows NT 11.0; Win64; x64; rv:119.0) Gecko/20100101 Firefox/119.0"
63.135.161.115 - - [01/Sep/2026:19:03:48 -0500] "GET /wp-login.php?redirect_to=https%3A%2F%2Fcampanaarquidiocesana.org%2Fwp-admin%2Fprofile.php&reauth=1 HTTP/1.1" 200 9329 "https://campanaarquidiocesana.org/wp-login.php" "Mozilla/5.0 (Windows NT 11.0; Win64; x64; rv:119.0) Gecko/20100101 Firefox/119.0"
63.135.161.115 - - [01/Sep/2026:19:03:50 -0500] "POST /wp-login.php HTTP/1.1" 503 19282 "https://campanaarquidiocesana.org/wp-login.php" "Mozilla/5.0 (Macintosh; Intel Mac OS X 13_6_1) AppleWebKit/605.1.15 (KHTML, like Gecko) Version/17.2 Safari/605.1.15"
173.239.211.39 - - [01/Sep/2026:19:03:55 -0500] "GET /wp-admin/index.php HTTP/1.1" 503 19282 "https://campanaarquidiocesana.org/wp-login.php" "Mozilla/5.0 (Macintosh; Intel Mac OS X 10_15_7) AppleWebKit/605.1.15 (KHTML, like Gecko) Version/17.2 Safari/605.1.15"
63.135.161.118 - - [01/Sep/2026:19:03:57 -0500] "GET /wp-admin/profile.php HTTP/1.1" 302 - "https://campanaarquidiocesana.org/wp-login.php" "Mozilla/5.0 (Macintosh; Intel Mac OS X 10_15_7) AppleWebKit/605.1.15 (KHTML, like Gecko) Version/17.2 Safari/605.1.15"
63.135.161.118 - - [01/Sep/2026:19:03:59 -0500] "GET /wp-login.php?redirect_to=https%3A%2F%2Fcampanaarquidiocesana.org%2Fwp-admin%2Fprofile.php&reauth=1 HTTP/1.1" 200 9329 "https://campanaarquidiocesana.org/wp-login.php" "Mozilla/5.0 (Macintosh; Intel Mac OS X 10_15_7) AppleWebKit/605.1.15 (KHTML, like Gecko) Version/17.2 Safari/605.1.15"
63.135.161.118 - - [01/Sep/2026:19:04:01 -0500] "POST /wp-login.php HTTP/1.1" 503 19282 "https://campanaarquidiocesana.org/wp-login.php" "Mozilla/5.0 (Windows NT 11.0; Win64; x64) AppleWebKit/537.36 (KHTML, like Gecko) Chrome/121.0.0.0 Safari/537.36"
173.239.211.36 - - [01/Sep/2026:19:04:05 -0500] "GET /wp-admin/index.php HTTP/1.1" 503 19282 "https://campanaarquidiocesana.org/wp-login.php" "Mozilla/5.0 (Windows NT 11.0; Win64; x64; rv:121.0) Gecko/20100101 Firefox/121.0"
173.239.211.36 - - [01/Sep/2026:19:04:08 -0500] "GET /wp-admin/profile.php HTTP/1.1" 503 19282 "https://campanaarquidiocesana.org/wp-login.php" "Mozilla/5.0 (Windows NT 11.0; Win64; x64; rv:121.0) Gecko/20100101 Firefox/121.0"
63.135.161.123 - - [01/Sep/2026:19:04:09 -0500] "GET /wp-admin/edit.php HTTP/1.1" 503 19282 "https://campanaarquidiocesana.org/wp-login.php" "Mozilla/5.0 (Windows NT 11.0; Win64; x64; rv:121.0) Gecko/20100101 Firefox/121.0"
173.239.211.50 - - [01/Sep/2026:19:04:11 -0500] "GET /wp-admin/plugins.php HTTP/1.1" 503 19282 "https://campanaarquidiocesana.org/wp-login.php" "Mozilla/5.0 (Windows NT 11.0; Win64; x64; rv:121.0) Gecko/20100101 Firefox/121.0"
173.239.211.42 - - [01/Sep/2026:19:04:14 -0500] "POST /wp-login.php HTTP/1.1" 503 19282 "https://campanaarquidiocesana.org/wp-login.php" "Mozilla/5.0 (Macintosh; Intel Mac OS X 10_15_7) AppleWebKit/605.1.15 (KHTML, like Gecko) Version/17.2 Safari/605.1.15"
63.135.161.114 - - [01/Sep/2026:19:04:17 -0500] "GET /wp-admin/index.php HTTP/1.1" 503 19282 "https://campanaarquidiocesana.org/wp-login.php" "Mozilla/5.0 (Windows NT 11.0; Win64; x64) AppleWebKit/537.36 (KHTML, like Gecko) Chrome/118.0.0.0 Safari/537.36"
173.239.211.50 - - [01/Sep/2026:19:04:19 -0500] "GET /wp-admin/profile.php HTTP/1.1" 503 19282 "https://campanaarquidiocesana.org/wp-login.php" "Mozilla/5.0 (Windows NT 11.0; Win64; x64) AppleWebKit/537.36 (KHTML, like Gecko) Chrome/118.0.0.0 Safari/537.36"
63.135.161.121 - - [01/Sep/2026:19:04:22 -0500] "GET /wp-admin/edit.php HTTP/1.1" 503 19282 "https://campanaarquidiocesana.org/wp-login.php" "Mozilla/5.0 (Windows NT 11.0; Win64; x64) AppleWebKit/537.36 (KHTML, like Gecko) Chrome/118.0.0.0 Safari/537.36"
63.135.161.115 - - [01/Sep/2026:19:04:25 -0500] "GET /wp-admin/plugins.php HTTP/1.1" 503 19282 "https://campanaarquidiocesana.org/wp-login.php" "Mozilla/5.0 (Windows NT 11.0; Win64; x64) AppleWebKit/537.36 (KHTML, like Gecko) Chrome/118.0.0.0 Safari/537.36"
173.239.211.39 - - [01/Sep/2026:19:04:29 -0500] "POST /wp-login.php HTTP/1.1" 503 18280 "https://campanaarquidiocesana.org/wp-login.php" "Mozilla/5.0 (X11; Ubuntu; Linux x86_64) AppleWebKit/537.36 (KHTML, like Gecko) Chrome/119.0.0.0 Safari/537.36"
157.90.185.123 - - [01/Sep/2026:19:04:34 -0500] "POST /?wordfence_syncAttackData=1788307474.2678 HTTP/1.1" 200 - "-" "WordPress/6.6.7; https://campanaarquidiocesana.org"
63.135.161.117 - - [01/Sep/2026:19:04:33 -0500] "GET /wp-admin/index.php HTTP/1.1" 302 - "https://campanaarquidiocesana.org/wp-login.php" "Mozilla/5.0 (Macintosh; Intel Mac OS X 13_6_1) AppleWebKit/605.1.15 (KHTML, like Gecko) Version/17.1 Safari/605.1.15"
63.135.161.117 - - [01/Sep/2026:19:04:37 -0500] "GET /wp-login.php?redirect_to=https%3A%2F%2Fcampanaarquidiocesana.org%2Fwp-admin%2Findex.php&reauth=1 HTTP/1.1" 200 9325 "https://campanaarquidiocesana.org/wp-login.php" "Mozilla/5.0 (Macintosh; Intel Mac OS X 13_6_1) AppleWebKit/605.1.15 (KHTML, like Gecko) Version/17.1 Safari/605.1.15"
63.135.161.117 - - [01/Sep/2026:19:04:39 -0500] "POST /wp-login.php HTTP/1.1" 503 19282 "https://campanaarquidiocesana.org/wp-login.php" "Mozilla/5.0 (Windows NT 11.0; Win64; x64; rv:121.0) Gecko/20100101 Firefox/121.0"
173.239.211.36 - - [01/Sep/2026:19:04:43 -0500] "GET /wp-admin/index.php HTTP/1.1" 503 19282 "https://campanaarquidiocesana.org/wp-login.php" "Mozilla/5.0 (Windows NT 11.0; Win64; x64; rv:120.0) Gecko/20100101 Firefox/120.0"
45.130.83.247 - - [01/Sep/2026:19:04:47 -0500] "GET /wp-admin/profile.php HTTP/1.1" 503 19282 "https://campanaarquidiocesana.org/wp-login.php" "Mozilla/5.0 (Windows NT 11.0; Win64; x64; rv:120.0) Gecko/20100101 Firefox/120.0"
45.130.83.244 - - [01/Sep/2026:19:04:51 -0500] "GET /wp-admin/edit.php HTTP/1.1" 503 19282 "https://campanaarquidiocesana.org/wp-login.php" "Mozilla/5.0 (Windows NT 11.0; Win64; x64; rv:120.0) Gecko/20100101 Firefox/120.0"
173.239.211.47 - - [01/Sep/2026:19:04:56 -0500] "GET /wp-admin/plugins.php HTTP/1.1" 302 - "https://campanaarquidiocesana.org/wp-login.php" "Mozilla/5.0 (Windows NT 11.0; Win64; x64; rv:120.0) Gecko/20100101 Firefox/120.0"
173.239.211.47 - - [01/Sep/2026:19:04:58 -0500] "GET /wp-login.php?redirect_to=https%3A%2F%2Fcampanaarquidiocesana.org%2Fwp-admin%2Fplugins.php&reauth=1 HTTP/1.1" 200 9329 "https://campanaarquidiocesana.org/wp-login.php" "Mozilla/5.0 (Windows NT 11.0; Win64; x64; rv:120.0) Gecko/20100101 Firefox/120.0"
173.239.211.47 - - [01/Sep/2026:19:04:59 -0500] "POST /wp-login.php HTTP/1.1" 503 19282 "https://campanaarquidiocesana.org/wp-login.php" "Mozilla/5.0 (Macintosh; Intel Mac OS X 10_15_7) AppleWebKit/605.1.15 (KHTML, like Gecko) Version/17.1 Safari/605.1.15"
45.130.83.243 - - [01/Sep/2026:19:05:03 -0500] "GET /wp-admin/index.php HTTP/1.1" 503 19282 "https://campanaarquidiocesana.org/wp-login.php" "Mozilla/5.0 (Windows NT 10.0; Win64; x64) AppleWebKit/537.36 (KHTML, like Gecko) Chrome/121.0.0.0 Safari/537.36"
45.130.83.239 - - [01/Sep/2026:19:05:05 -0500] "GET /wp-admin/profile.php HTTP/1.1" 503 19282 "https://campanaarquidiocesana.org/wp-login.php" "Mozilla/5.0 (Windows NT 10.0; Win64; x64) AppleWebKit/537.36 (KHTML, like Gecko) Chrome/121.0.0.0 Safari/537.36"
173.239.211.42 - - [01/Sep/2026:19:05:11 -0500] "GET /wp-admin/edit.php HTTP/1.1" 503 19282 "https://campanaarquidiocesana.org/wp-login.php" "Mozilla/5.0 (Windows NT 10.0; Win64; x64) AppleWebKit/537.36 (KHTML, like Gecko) Chrome/121.0.0.0 Safari/537.36"
45.130.83.239 - - [01/Sep/2026:19:05:13 -0500] "GET /wp-admin/plugins.php HTTP/1.1" 503 19282 "https://campanaarquidiocesana.org/wp-login.php" "Mozilla/5.0 (Windows NT 10.0; Win64; x64) AppleWebKit/537.36 (KHTML, like Gecko) Chrome/121.0.0.0 Safari/537.36"
45.130.83.239 - - [01/Sep/2026:19:05:15 -0500] "POST /wp-login.php HTTP/1.1" 503 18280 "https://campanaarquidiocesana.org/wp-login.php" "Mozilla/5.0 (Macintosh; Intel Mac OS X 13_6_1; rv:119.0) Gecko/20100101 Firefox/119.0"
173.239.211.35 - - [01/Sep/2026:19:05:20 -0500] "GET /wp-admin/index.php HTTP/1.1" 503 19282 "https://campanaarquidiocesana.org/wp-login.php" "Mozilla/5.0 (Windows NT 10.0; Win64; x64) AppleWebKit/537.36 (KHTML, like Gecko) Chrome/121.0.0.0 Safari/537.36"
157.90.185.123 - - [01/Sep/2026:19:05:20 -0500] "POST /?wordfence_syncAttackData=1788307520.9238 HTTP/1.1" 200 - "-" "WordPress/6.6.7; https://campanaarquidiocesana.org"
63.135.161.116 - - [01/Sep/2026:19:05:24 -0500] "GET /wp-admin/profile.php HTTP/1.1" 503 19282 "https://campanaarquidiocesana.org/wp-login.php" "Mozilla/5.0 (Windows NT 10.0; Win64; x64) AppleWebKit/537.36 (KHTML, like Gecko) Chrome/121.0.0.0 Safari/537.36"
45.130.83.246 - - [01/Sep/2026:19:05:28 -0500] "GET /wp-admin/edit.php HTTP/1.1" 503 19282 "https://campanaarquidiocesana.org/wp-login.php" "Mozilla/5.0 (Windows NT 10.0; Win64; x64) AppleWebKit/537.36 (KHTML, like Gecko) Chrome/121.0.0.0 Safari/537.36"
173.239.211.42 - - [01/Sep/2026:19:05:31 -0500] "GET /wp-admin/plugins.php HTTP/1.1" 503 19282 "https://campanaarquidiocesana.org/wp-login.php" "Mozilla/5.0 (Windows NT 10.0; Win64; x64) AppleWebKit/537.36 (KHTML, like Gecko) Chrome/121.0.0.0 Safari/537.36"
157.90.185.123 - - [01/Sep/2026:19:05:38 -0500] "POST /?wordfence_syncAttackData=1788307538.1556 HTTP/1.1" 200 - "-" "WordPress/6.6.7; https://campanaarquidiocesana.org"
63.135.161.119 - - [01/Sep/2026:19:05:37 -0500] "GET /wp-admin/index.php HTTP/1.1" 503 19282 "https://campanaarquidiocesana.org/wp-login.php" "Mozilla/5.0 (X11; Ubuntu; Linux x86_64) AppleWebKit/537.36 (KHTML, like Gecko) Chrome/118.0.0.0 Safari/537.36"
45.130.83.238 - - [01/Sep/2026:19:05:40 -0500] "GET /wp-admin/profile.php HTTP/1.1" 302 - "https://campanaarquidiocesana.org/wp-login.php" "Mozilla/5.0 (X11; Ubuntu; Linux x86_64) AppleWebKit/537.36 (KHTML, like Gecko) Chrome/118.0.0.0 Safari/537.36"
63.135.161.116 - - [01/Sep/2026:19:05:34 -0500] "POST /wp-login.php HTTP/1.1" 503 18280 "https://campanaarquidiocesana.org/wp-login.php" "Mozilla/5.0 (Macintosh; Intel Mac OS X 13_6_1) AppleWebKit/605.1.15 (KHTML, like Gecko) Version/17.2 Safari/605.1.15"
45.130.83.238 - - [01/Sep/2026:19:05:43 -0500] "GET /wp-login.php?redirect_to=https%3A%2F%2Fcampanaarquidiocesana.org%2Fwp-admin%2Fprofile.php&reauth=1 HTTP/1.1" 200 9329 "https://campanaarquidiocesana.org/wp-login.php" "Mozilla/5.0 (X11; Ubuntu; Linux x86_64) AppleWebKit/537.36 (KHTML, like Gecko) Chrome/118.0.0.0 Safari/537.36"
45.130.83.238 - - [01/Sep/2026:19:05:45 -0500] "POST /wp-login.php HTTP/1.1" 503 19282 "https://campanaarquidiocesana.org/wp-login.php" "Mozilla/5.0 (Macintosh; Intel Mac OS X 10_15_7; rv:120.0) Gecko/20100101 Firefox/120.0"
173.239.211.40 - - [01/Sep/2026:19:05:51 -0500] "GET /wp-admin/index.php HTTP/1.1" 302 - "https://campanaarquidiocesana.org/wp-login.php" "Mozilla/5.0 (Macintosh; Intel Mac OS X 10_15_7; rv:120.0) Gecko/20100101 Firefox/120.0"
173.239.211.40 - - [01/Sep/2026:19:05:53 -0500] "GET /wp-login.php?redirect_to=https%3A%2F%2Fcampanaarquidiocesana.org%2Fwp-admin%2Findex.php&reauth=1 HTTP/1.1" 200 9325 "https://campanaarquidiocesana.org/wp-login.php" "Mozilla/5.0 (Macintosh; Intel Mac OS X 10_15_7; rv:120.0) Gecko/20100101 Firefox/120.0"
45.130.83.241 - - [01/Sep/2026:19:06:51 -0500] "POST /wp-login.php HTTP/1.1" 503 19282 "https://campanaarquidiocesana.org/wp-login.php" "Mozilla/5.0 (X11; Ubuntu; Linux x86_64) AppleWebKit/537.36 (KHTML, like Gecko) Chrome/120.0.0.0 Safari/537.36"
45.130.83.239 - - [01/Sep/2026:19:06:59 -0500] "GET /wp-admin/index.php HTTP/1.1" 302 - "https://campanaarquidiocesana.org/wp-login.php" "Mozilla/5.0 (Windows NT 10.0; Win64; x64) AppleWebKit/537.36 (KHTML, like Gecko) Chrome/118.0.0.0 Safari/537.36"
173.239.211.41 - - [01/Sep/2026:19:07:12 -0500] "GET /wp-login.php?redirect_to=https%3A%2F%2Fcampanaarquidiocesana.org%2Fwp-admin%2Findex.php&reauth=1 HTTP/1.1" 200 9325 "https://campanaarquidiocesana.org/wp-login.php" "Mozilla/5.0 (Windows NT 10.0; Win64; x64) AppleWebKit/537.36 (KHTML, like Gecko) Chrome/118.0.0.0 Safari/537.36"
173.239.211.41 - - [01/Sep/2026:19:07:14 -0500] "POST /wp-login.php HTTP/1.1" 503 19282 "https://campanaarquidiocesana.org/wp-login.php" "Mozilla/5.0 (Windows NT 10.0; Win64; x64) AppleWebKit/537.36 (KHTML, like Gecko) Chrome/120.0.0.0 Safari/537.36"
45.130.83.242 - - [01/Sep/2026:19:07:20 -0500] "GET /wp-admin/index.php HTTP/1.1" 302 - "https://campanaarquidiocesana.org/wp-login.php" "Mozilla/5.0 (Macintosh; Intel Mac OS X 13_6_1) AppleWebKit/537.36 (KHTML, like Gecko) Chrome/118.0.0.0 Safari/537.36"
45.130.83.242 - - [01/Sep/2026:19:07:22 -0500] "GET /wp-login.php?redirect_to=https%3A%2F%2Fcampanaarquidiocesana.org%2Fwp-admin%2Findex.php&reauth=1 HTTP/1.1" 200 9325 "https://campanaarquidiocesana.org/wp-login.php" "Mozilla/5.0 (Macintosh; Intel Mac OS X 13_6_1) AppleWebKit/537.36 (KHTML, like Gecko) Chrome/118.0.0.0 Safari/537.36"
45.130.83.242 - - [01/Sep/2026:19:07:25 -0500] "POST /wp-login.php HTTP/1.1" 503 19282 "https://campanaarquidiocesana.org/wp-login.php" "Mozilla/5.0 (Macintosh; Intel Mac OS X 10_15_7) AppleWebKit/605.1.15 (KHTML, like Gecko) Version/17.0 Safari/605.1.15"
63.135.161.116 - - [01/Sep/2026:19:07:28 -0500] "GET /wp-admin/index.php HTTP/1.1" 302 - "https://campanaarquidiocesana.org/wp-login.php" "Mozilla/5.0 (Macintosh; Intel Mac OS X 13_6_1) AppleWebKit/605.1.15 (KHTML, like Gecko) Version/17.1 Safari/605.1.15"
63.135.161.116 - - [01/Sep/2026:19:07:34 -0500] "GET /wp-login.php?redirect_to=https%3A%2F%2Fcampanaarquidiocesana.org%2Fwp-admin%2Findex.php&reauth=1 HTTP/1.1" 200 9325 "https://campanaarquidiocesana.org/wp-login.php" "Mozilla/5.0 (Macintosh; Intel Mac OS X 13_6_1) AppleWebKit/605.1.15 (KHTML, like Gecko) Version/17.1 Safari/605.1.15"
63.135.161.116 - - [01/Sep/2026:19:07:40 -0500] "POST /wp-login.php HTTP/1.1" 503 19282 "https://campanaarquidiocesana.org/wp-login.php" "Mozilla/5.0 (Windows NT 11.0; Win64; x64) AppleWebKit/537.36 (KHTML, like Gecko) Chrome/121.0.0.0 Safari/537.36"
45.130.83.242 - - [01/Sep/2026:19:07:44 -0500] "GET /wp-admin/index.php HTTP/1.1" 503 19282 "https://campanaarquidiocesana.org/wp-login.php" "Mozilla/5.0 (Macintosh; Intel Mac OS X 13_6_1) AppleWebKit/537.36 (KHTML, like Gecko) Chrome/120.0.0.0 Safari/537.36"
173.239.211.49 - - [01/Sep/2026:19:07:54 -0500] "GET /wp-admin/profile.php HTTP/1.1" 302 - "https://campanaarquidiocesana.org/wp-login.php" "Mozilla/5.0 (Macintosh; Intel Mac OS X 13_6_1) AppleWebKit/537.36 (KHTML, like Gecko) Chrome/120.0.0.0 Safari/537.36"
173.239.211.49 - - [01/Sep/2026:19:07:55 -0500] "GET /wp-login.php?redirect_to=https%3A%2F%2Fcampanaarquidiocesana.org%2Fwp-admin%2Fprofile.php&reauth=1 HTTP/1.1" 200 9329 "https://campanaarquidiocesana.org/wp-login.php" "Mozilla/5.0 (Macintosh; Intel Mac OS X 13_6_1) AppleWebKit/537.36 (KHTML, like Gecko) Chrome/120.0.0.0 Safari/537.36"
173.239.211.49 - - [01/Sep/2026:19:07:57 -0500] "POST /wp-login.php HTTP/1.1" 503 19282 "https://campanaarquidiocesana.org/wp-login.php" "Mozilla/5.0 (X11; Ubuntu; Linux x86_64) AppleWebKit/537.36 (KHTML, like Gecko) Chrome/120.0.0.0 Safari/537.36"
63.135.161.122 - - [01/Sep/2026:19:08:03 -0500] "GET /wp-admin/index.php HTTP/1.1" 302 - "https://campanaarquidiocesana.org/wp-login.php" "Mozilla/5.0 (X11; Linux x86_64) AppleWebKit/537.36 (KHTML, like Gecko) Chrome/118.0.0.0 Safari/537.36"
63.135.161.122 - - [01/Sep/2026:19:08:06 -0500] "GET /wp-login.php?redirect_to=https%3A%2F%2Fcampanaarquidiocesana.org%2Fwp-admin%2Findex.php&reauth=1 HTTP/1.1" 200 9325 "https://campanaarquidiocesana.org/wp-login.php" "Mozilla/5.0 (X11; Linux x86_64) AppleWebKit/537.36 (KHTML, like Gecko) Chrome/118.0.0.0 Safari/537.36"
63.135.161.122 - - [01/Sep/2026:19:08:08 -0500] "POST /wp-login.php HTTP/1.1" 503 19282 "https://campanaarquidiocesana.org/wp-login.php" "Mozilla/5.0 (X11; Linux x86_64) AppleWebKit/537.36 (KHTML, like Gecko) Chrome/118.0.0.0 Safari/537.36"
173.239.211.50 - - [01/Sep/2026:19:08:12 -0500] "GET /wp-admin/index.php HTTP/1.1" 503 19282 "https://campanaarquidiocesana.org/wp-login.php" "Mozilla/5.0 (X11; Ubuntu; Linux x86_64) AppleWebKit/537.36 (KHTML, like Gecko) Chrome/118.0.0.0 Safari/537.36"
173.239.211.39 - - [01/Sep/2026:19:08:15 -0500] "GET /wp-admin/profile.php HTTP/1.1" 503 19282 "https://campanaarquidiocesana.org/wp-login.php" "Mozilla/5.0 (X11; Ubuntu; Linux x86_64) AppleWebKit/537.36 (KHTML, like Gecko) Chrome/118.0.0.0 Safari/537.36"
63.135.161.121 - - [01/Sep/2026:19:08:17 -0500] "GET /wp-admin/edit.php HTTP/1.1" 302 - "https://campanaarquidiocesana.org/wp-login.php" "Mozilla/5.0 (X11; Ubuntu; Linux x86_64) AppleWebKit/537.36 (KHTML, like Gecko) Chrome/118.0.0.0 Safari/537.36"
63.135.161.121 - - [01/Sep/2026:19:08:19 -0500] "GET /wp-login.php?redirect_to=https%3A%2F%2Fcampanaarquidiocesana.org%2Fwp-admin%2Fedit.php&reauth=1 HTTP/1.1" 200 9323 "https://campanaarquidiocesana.org/wp-login.php" "Mozilla/5.0 (X11; Ubuntu; Linux x86_64) AppleWebKit/537.36 (KHTML, like Gecko) Chrome/118.0.0.0 Safari/537.36"
63.135.161.121 - - [01/Sep/2026:19:08:20 -0500] "POST /wp-login.php HTTP/1.1" 503 19282 "https://campanaarquidiocesana.org/wp-login.php" "Mozilla/5.0 (Macintosh; Intel Mac OS X 13_6_1) AppleWebKit/537.36 (KHTML, like Gecko) Chrome/121.0.0.0 Safari/537.36"
45.130.83.243 - - [01/Sep/2026:19:08:25 -0500] "GET /wp-admin/index.php HTTP/1.1" 302 - "https://campanaarquidiocesana.org/wp-login.php" "Mozilla/5.0 (Macintosh; Intel Mac OS X 13_6_1) AppleWebKit/605.1.15 (KHTML, like Gecko) Version/17.2 Safari/605.1.15"
45.130.83.243 - - [01/Sep/2026:19:08:27 -0500] "GET /wp-login.php?redirect_to=https%3A%2F%2Fcampanaarquidiocesana.org%2Fwp-admin%2Findex.php&reauth=1 HTTP/1.1" 200 9325 "https://campanaarquidiocesana.org/wp-login.php" "Mozilla/5.0 (Macintosh; Intel Mac OS X 13_6_1) AppleWebKit/605.1.15 (KHTML, like Gecko) Version/17.2 Safari/605.1.15"
45.130.83.243 - - [01/Sep/2026:19:08:29 -0500] "POST /wp-login.php HTTP/1.1" 503 19282 "https://campanaarquidiocesana.org/wp-login.php" "Mozilla/5.0 (Macintosh; Intel Mac OS X 10_15_7) AppleWebKit/605.1.15 (KHTML, like Gecko) Version/17.2 Safari/605.1.15"
173.239.211.53 - - [01/Sep/2026:19:08:33 -0500] "GET /wp-admin/index.php HTTP/1.1" 302 - "https://campanaarquidiocesana.org/wp-login.php" "Mozilla/5.0 (Macintosh; Intel Mac OS X 13_6_1) AppleWebKit/537.36 (KHTML, like Gecko) Chrome/120.0.0.0 Safari/537.36"
173.239.211.53 - - [01/Sep/2026:19:08:35 -0500] "GET /wp-login.php?redirect_to=https%3A%2F%2Fcampanaarquidiocesana.org%2Fwp-admin%2Findex.php&reauth=1 HTTP/1.1" 200 9325 "https://campanaarquidiocesana.org/wp-login.php" "Mozilla/5.0 (Macintosh; Intel Mac OS X 13_6_1) AppleWebKit/537.36 (KHTML, like Gecko) Chrome/120.0.0.0 Safari/537.36"
173.239.211.53 - - [01/Sep/2026:19:08:39 -0500] "POST /wp-login.php HTTP/1.1" 503 19282 "https://campanaarquidiocesana.org/wp-login.php" "Mozilla/5.0 (X11; Linux x86_64) AppleWebKit/537.36 (KHTML, like Gecko) Chrome/119.0.0.0 Safari/537.36"
173.239.211.53 - - [01/Sep/2026:19:08:44 -0500] "GET /wp-admin/index.php HTTP/1.1" 503 19282 "https://campanaarquidiocesana.org/wp-login.php" "Mozilla/5.0 (Macintosh; Intel Mac OS X 10_15_7; rv:120.0) Gecko/20100101 Firefox/120.0"
63.135.161.113 - - [01/Sep/2026:19:08:47 -0500] "GET /wp-admin/profile.php HTTP/1.1" 302 - "https://campanaarquidiocesana.org/wp-login.php" "Mozilla/5.0 (Macintosh; Intel Mac OS X 10_15_7; rv:120.0) Gecko/20100101 Firefox/120.0"
63.135.161.113 - - [01/Sep/2026:19:08:51 -0500] "GET /wp-login.php?redirect_to=https%3A%2F%2Fcampanaarquidiocesana.org%2Fwp-admin%2Fprofile.php&reauth=1 HTTP/1.1" 200 9329 "https://campanaarquidiocesana.org/wp-login.php" "Mozilla/5.0 (Macintosh; Intel Mac OS X 10_15_7; rv:120.0) Gecko/20100101 Firefox/120.0"
63.135.161.113 - - [01/Sep/2026:19:08:54 -0500] "POST /wp-login.php HTTP/1.1" 503 19282 "https://campanaarquidiocesana.org/wp-login.php" "Mozilla/5.0 (Macintosh; Intel Mac OS X 10_15_7; rv:118.0) Gecko/20100101 Firefox/118.0"
45.130.83.247 - - [01/Sep/2026:19:08:59 -0500] "GET /wp-admin/index.php HTTP/1.1" 302 - "https://campanaarquidiocesana.org/wp-login.php" "Mozilla/5.0 (Macintosh; Intel Mac OS X 13_6_1; rv:119.0) Gecko/20100101 Firefox/119.0"
45.130.83.247 - - [01/Sep/2026:19:09:02 -0500] "GET /wp-login.php?redirect_to=https%3A%2F%2Fcampanaarquidiocesana.org%2Fwp-admin%2Findex.php&reauth=1 HTTP/1.1" 200 9325 "https://campanaarquidiocesana.org/wp-login.php" "Mozilla/5.0 (Macintosh; Intel Mac OS X 13_6_1; rv:119.0) Gecko/20100101 Firefox/119.0"
45.130.83.246 - - [01/Sep/2026:19:09:35 -0500] "POST /wp-login.php HTTP/1.1" 503 19282 "https://campanaarquidiocesana.org/wp-login.php" "Mozilla/5.0 (Macintosh; Intel Mac OS X 10_15_7) AppleWebKit/537.36 (KHTML, like Gecko) Chrome/121.0.0.0 Safari/537.36"
45.130.83.247 - - [01/Sep/2026:19:09:43 -0500] "GET /wp-admin/index.php HTTP/1.1" 302 - "https://campanaarquidiocesana.org/wp-login.php" "Mozilla/5.0 (Macintosh; Intel Mac OS X 10_15_7) AppleWebKit/537.36 (KHTML, like Gecko) Chrome/120.0.0.0 Safari/537.36"
45.130.83.247 - - [01/Sep/2026:19:09:45 -0500] "GET /wp-login.php?redirect_to=https%3A%2F%2Fcampanaarquidiocesana.org%2Fwp-admin%2Findex.php&reauth=1 HTTP/1.1" 200 9325 "https://campanaarquidiocesana.org/wp-login.php" "Mozilla/5.0 (Macintosh; Intel Mac OS X 10_15_7) AppleWebKit/537.36 (KHTML, like Gecko) Chrome/120.0.0.0 Safari/537.36"
45.130.83.247 - - [01/Sep/2026:19:09:47 -0500] "POST /wp-login.php HTTP/1.1" 503 19282 "https://campanaarquidiocesana.org/wp-login.php" "Mozilla/5.0 (Macintosh; Intel Mac OS X 13_6_1) AppleWebKit/605.1.15 (KHTML, like Gecko) Version/17.1 Safari/605.1.15"
45.130.83.239 - - [01/Sep/2026:19:09:52 -0500] "GET /wp-admin/index.php HTTP/1.1" 302 - "https://campanaarquidiocesana.org/wp-login.php" "Mozilla/5.0 (Macintosh; Intel Mac OS X 13_6_1) AppleWebKit/537.36 (KHTML, like Gecko) Chrome/118.0.0.0 Safari/537.36"
45.130.83.239 - - [01/Sep/2026:19:09:54 -0500] "GET /wp-login.php?redirect_to=https%3A%2F%2Fcampanaarquidiocesana.org%2Fwp-admin%2Findex.php&reauth=1 HTTP/1.1" 200 9325 "https://campanaarquidiocesana.org/wp-login.php" "Mozilla/5.0 (Macintosh; Intel Mac OS X 13_6_1) AppleWebKit/537.36 (KHTML, like Gecko) Chrome/118.0.0.0 Safari/537.36"
45.130.83.239 - - [01/Sep/2026:19:09:55 -0500] "POST /wp-login.php HTTP/1.1" 503 19282 "https://campanaarquidiocesana.org/wp-login.php" "Mozilla/5.0 (Windows NT 10.0; Win64; x64; rv:118.0) Gecko/20100101 Firefox/118.0"
63.135.161.119 - - [01/Sep/2026:19:09:59 -0500] "GET /wp-admin/index.php HTTP/1.1" 503 19282 "https://campanaarquidiocesana.org/wp-login.php" "Mozilla/5.0 (Windows NT 10.0; Win64; x64) AppleWebKit/537.36 (KHTML, like Gecko) Chrome/119.0.0.0 Safari/537.36"
63.135.161.115 - - [01/Sep/2026:19:10:03 -0500] "GET /wp-admin/profile.php HTTP/1.1" 503 19282 "https://campanaarquidiocesana.org/wp-login.php" "Mozilla/5.0 (Windows NT 10.0; Win64; x64) AppleWebKit/537.36 (KHTML, like Gecko) Chrome/119.0.0.0 Safari/537.36"
63.135.161.120 - - [01/Sep/2026:19:10:05 -0500] "GET /wp-admin/edit.php HTTP/1.1" 302 - "https://campanaarquidiocesana.org/wp-login.php" "Mozilla/5.0 (Windows NT 10.0; Win64; x64) AppleWebKit/537.36 (KHTML, like Gecko) Chrome/119.0.0.0 Safari/537.36"
63.135.161.120 - - [01/Sep/2026:19:10:07 -0500] "GET /wp-login.php?redirect_to=https%3A%2F%2Fcampanaarquidiocesana.org%2Fwp-admin%2Fedit.php&reauth=1 HTTP/1.1" 200 9323 "https://campanaarquidiocesana.org/wp-login.php" "Mozilla/5.0 (Windows NT 10.0; Win64; x64) AppleWebKit/537.36 (KHTML, like Gecko) Chrome/119.0.0.0 Safari/537.36"
63.135.161.120 - - [01/Sep/2026:19:10:09 -0500] "POST /wp-login.php HTTP/1.1" 503 19282 "https://campanaarquidiocesana.org/wp-login.php" "Mozilla/5.0 (X11; Ubuntu; Linux x86_64) AppleWebKit/537.36 (KHTML, like Gecko) Chrome/121.0.0.0 Safari/537.36"
173.239.211.55 - - [01/Sep/2026:19:10:13 -0500] "GET /wp-admin/index.php HTTP/1.1" 302 - "https://campanaarquidiocesana.org/wp-login.php" "Mozilla/5.0 (Windows NT 10.0; Win64; x64; rv:118.0) Gecko/20100101 Firefox/118.0"
173.239.211.55 - - [01/Sep/2026:19:10:22 -0500] "GET /wp-login.php?redirect_to=https%3A%2F%2Fcampanaarquidiocesana.org%2Fwp-admin%2Findex.php&reauth=1 HTTP/1.1" 200 9325 "https://campanaarquidiocesana.org/wp-login.php" "Mozilla/5.0 (Windows NT 10.0; Win64; x64; rv:118.0) Gecko/20100101 Firefox/118.0"
173.239.211.55 - - [01/Sep/2026:19:10:24 -0500] "POST /wp-login.php HTTP/1.1" 503 19282 "https://campanaarquidiocesana.org/wp-login.php" "Mozilla/5.0 (Macintosh; Intel Mac OS X 13_6_1) AppleWebKit/605.1.15 (KHTML, like Gecko) Version/17.1 Safari/605.1.15"
63.135.161.114 - - [01/Sep/2026:19:10:28 -0500] "GET /wp-admin/index.php HTTP/1.1" 302 - "https://campanaarquidiocesana.org/wp-login.php" "Mozilla/5.0 (Macintosh; Intel Mac OS X 10_15_7; rv:118.0) Gecko/20100101 Firefox/118.0"
63.135.161.114 - - [01/Sep/2026:19:10:30 -0500] "GET /wp-login.php?redirect_to=https%3A%2F%2Fcampanaarquidiocesana.org%2Fwp-admin%2Findex.php&reauth=1 HTTP/1.1" 200 9325 "https://campanaarquidiocesana.org/wp-login.php" "Mozilla/5.0 (Macintosh; Intel Mac OS X 10_15_7; rv:118.0) Gecko/20100101 Firefox/118.0"
63.135.161.114 - - [01/Sep/2026:19:10:32 -0500] "POST /wp-login.php HTTP/1.1" 503 19282 "https://campanaarquidiocesana.org/wp-login.php" "Mozilla/5.0 (Macintosh; Intel Mac OS X 13_6_1) AppleWebKit/605.1.15 (KHTML, like Gecko) Version/17.2 Safari/605.1.15"
173.239.211.42 - - [01/Sep/2026:19:10:36 -0500] "GET /wp-admin/index.php HTTP/1.1" 503 19282 "https://campanaarquidiocesana.org/wp-login.php" "Mozilla/5.0 (Macintosh; Intel Mac OS X 10_15_7) AppleWebKit/605.1.15 (KHTML, like Gecko) Version/16.6 Safari/605.1.15"
63.135.161.120 - - [01/Sep/2026:19:10:39 -0500] "GET /wp-admin/profile.php HTTP/1.1" 503 19282 "https://campanaarquidiocesana.org/wp-login.php" "Mozilla/5.0 (Macintosh; Intel Mac OS X 10_15_7) AppleWebKit/605.1.15 (KHTML, like Gecko) Version/16.6 Safari/605.1.15"
45.130.83.245 - - [01/Sep/2026:19:10:41 -0500] "GET /wp-admin/edit.php HTTP/1.1" 302 - "https://campanaarquidiocesana.org/wp-login.php" "Mozilla/5.0 (Macintosh; Intel Mac OS X 10_15_7) AppleWebKit/605.1.15 (KHTML, like Gecko) Version/16.6 Safari/605.1.15"
45.130.83.245 - - [01/Sep/2026:19:10:43 -0500] "GET /wp-login.php?redirect_to=https%3A%2F%2Fcampanaarquidiocesana.org%2Fwp-admin%2Fedit.php&reauth=1 HTTP/1.1" 200 9323 "https://campanaarquidiocesana.org/wp-login.php" "Mozilla/5.0 (Macintosh; Intel Mac OS X 10_15_7) AppleWebKit/605.1.15 (KHTML, like Gecko) Version/16.6 Safari/605.1.15"
45.130.83.245 - - [01/Sep/2026:19:10:45 -0500] "POST /wp-login.php HTTP/1.1" 503 19282 "https://campanaarquidiocesana.org/wp-login.php" "Mozilla/5.0 (Macintosh; Intel Mac OS X 10_15_7) AppleWebKit/537.36 (KHTML, like Gecko) Chrome/119.0.0.0 Safari/537.36"
45.130.83.247 - - [01/Sep/2026:19:10:49 -0500] "GET /wp-admin/index.php HTTP/1.1" 503 19282 "https://campanaarquidiocesana.org/wp-login.php" "Mozilla/5.0 (Macintosh; Intel Mac OS X 10_15_7; rv:118.0) Gecko/20100101 Firefox/118.0"
173.239.211.43 - - [01/Sep/2026:19:10:53 -0500] "GET /wp-admin/profile.php HTTP/1.1" 302 - "https://campanaarquidiocesana.org/wp-login.php" "Mozilla/5.0 (Macintosh; Intel Mac OS X 10_15_7; rv:118.0) Gecko/20100101 Firefox/118.0"
173.239.211.43 - - [01/Sep/2026:19:10:54 -0500] "GET /wp-login.php?redirect_to=https%3A%2F%2Fcampanaarquidiocesana.org%2Fwp-admin%2Fprofile.php&reauth=1 HTTP/1.1" 200 9329 "https://campanaarquidiocesana.org/wp-login.php" "Mozilla/5.0 (Macintosh; Intel Mac OS X 10_15_7; rv:118.0) Gecko/20100101 Firefox/118.0"
173.239.211.43 - - [01/Sep/2026:19:10:57 -0500] "POST /wp-login.php HTTP/1.1" 503 19282 "https://campanaarquidiocesana.org/wp-login.php" "Mozilla/5.0 (Macintosh; Intel Mac OS X 13_6_1; rv:119.0) Gecko/20100101 Firefox/119.0"
63.135.161.120 - - [01/Sep/2026:19:11:03 -0500] "GET /wp-admin/index.php HTTP/1.1" 503 19282 "https://campanaarquidiocesana.org/wp-login.php" "Mozilla/5.0 (X11; Linux x86_64) AppleWebKit/537.36 (KHTML, like Gecko) Chrome/118.0.0.0 Safari/537.36"
45.130.83.238 - - [01/Sep/2026:19:11:05 -0500] "GET /wp-admin/profile.php HTTP/1.1" 503 19282 "https://campanaarquidiocesana.org/wp-login.php" "Mozilla/5.0 (X11; Linux x86_64) AppleWebKit/537.36 (KHTML, like Gecko) Chrome/118.0.0.0 Safari/537.36"
63.135.161.115 - - [01/Sep/2026:19:11:11 -0500] "GET /wp-admin/edit.php HTTP/1.1" 503 19282 "https://campanaarquidiocesana.org/wp-login.php" "Mozilla/5.0 (X11; Linux x86_64) AppleWebKit/537.36 (KHTML, like Gecko) Chrome/118.0.0.0 Safari/537.36"
63.135.161.115 - - [01/Sep/2026:19:11:14 -0500] "GET /wp-admin/plugins.php HTTP/1.1" 503 19282 "https://campanaarquidiocesana.org/wp-login.php" "Mozilla/5.0 (X11; Linux x86_64) AppleWebKit/537.36 (KHTML, like Gecko) Chrome/118.0.0.0 Safari/537.36"
63.135.161.129 - - [01/Sep/2026:19:11:16 -0500] "POST /wp-login.php HTTP/1.1" 503 19282 "https://campanaarquidiocesana.org/wp-login.php" "Mozilla/5.0 (Windows NT 11.0; Win64; x64) AppleWebKit/537.36 (KHTML, like Gecko) Chrome/121.0.0.0 Safari/537.36"
45.130.83.241 - - [01/Sep/2026:19:11:21 -0500] "GET /wp-admin/index.php HTTP/1.1" 503 19282 "https://campanaarquidiocesana.org/wp-login.php" "Mozilla/5.0 (Windows NT 10.0; Win64; x64) AppleWebKit/537.36 (KHTML, like Gecko) Chrome/120.0.0.0 Safari/537.36"
173.239.211.36 - - [01/Sep/2026:19:11:23 -0500] "GET /wp-admin/profile.php HTTP/1.1" 302 - "https://campanaarquidiocesana.org/wp-login.php" "Mozilla/5.0 (Windows NT 10.0; Win64; x64) AppleWebKit/537.36 (KHTML, like Gecko) Chrome/120.0.0.0 Safari/537.36"
173.239.211.36 - - [01/Sep/2026:19:11:25 -0500] "GET /wp-login.php?redirect_to=https%3A%2F%2Fcampanaarquidiocesana.org%2Fwp-admin%2Fprofile.php&reauth=1 HTTP/1.1" 200 9329 "https://campanaarquidiocesana.org/wp-login.php" "Mozilla/5.0 (Windows NT 10.0; Win64; x64) AppleWebKit/537.36 (KHTML, like Gecko) Chrome/120.0.0.0 Safari/537.36"
173.239.211.36 - - [01/Sep/2026:19:11:27 -0500] "POST /wp-login.php HTTP/1.1" 503 19282 "https://campanaarquidiocesana.org/wp-login.php" "Mozilla/5.0 (Windows NT 10.0; Win64; x64; rv:120.0) Gecko/20100101 Firefox/120.0"
173.239.211.51 - - [01/Sep/2026:19:11:32 -0500] "GET /wp-admin/index.php HTTP/1.1" 302 - "https://campanaarquidiocesana.org/wp-login.php" "Mozilla/5.0 (Macintosh; Intel Mac OS X 10_15_7; rv:118.0) Gecko/20100101 Firefox/118.0"
