173.239.211.42 - - [01/Sep/2026:18:31:00 -0500] "GET /wp-admin/plugins.php HTTP/1.1" 503 19284 "https://campanaarquidiocesana.org/wp-login.php" "Mozilla/5.0 (Windows NT 10.0; Win64; x64; rv:119.0) Gecko/20100101 Firefox/119.0"
173.239.211.42 - - [01/Sep/2026:18:31:03 -0500] "POST /wp-login.php HTTP/1.1" 503 18282 "https://campanaarquidiocesana.org/wp-login.php" "Mozilla/5.0 (Macintosh; Intel Mac OS X 10_15_7) AppleWebKit/537.36 (KHTML, like Gecko) Chrome/118.0.0.0 Safari/537.36"
157.90.185.123 - - [01/Sep/2026:18:31:06 -0500] "POST /?wordfence_syncAttackData=1788305466.7945 HTTP/1.1" 200 - "-" "WordPress/6.6.7; https://campanaarquidiocesana.org"
63.135.161.115 - - [01/Sep/2026:18:31:06 -0500] "GET /wp-admin/index.php HTTP/1.1" 302 - "https://campanaarquidiocesana.org/wp-login.php" "Mozilla/5.0 (Macintosh; Intel Mac OS X 10_15_7) AppleWebKit/605.1.15 (KHTML, like Gecko) Version/17.0 Safari/605.1.15"
63.135.161.115 - - [01/Sep/2026:18:31:08 -0500] "GET /wp-login.php?redirect_to=https%3A%2F%2Fcampanaarquidiocesana.org%2Fwp-admin%2Findex.php&reauth=1 HTTP/1.1" 200 9325 "https://campanaarquidiocesana.org/wp-login.php" "Mozilla/5.0 (Macintosh; Intel Mac OS X 10_15_7) AppleWebKit/605.1.15 (KHTML, like Gecko) Version/17.0 Safari/605.1.15"
63.135.161.115 - - [01/Sep/2026:18:31:11 -0500] "POST /wp-login.php HTTP/1.1" 503 19284 "https://campanaarquidiocesana.org/wp-login.php" "Mozilla/5.0 (Windows NT 10.0; Win64; x64; rv:121.0) Gecko/20100101 Firefox/121.0"
45.130.83.238 - - [01/Sep/2026:18:31:15 -0500] "GET /wp-admin/index.php HTTP/1.1" 302 - "https://campanaarquidiocesana.org/wp-login.php" "Mozilla/5.0 (X11; Linux x86_64) AppleWebKit/537.36 (KHTML, like Gecko) Chrome/120.0.0.0 Safari/537.36"
45.130.83.238 - - [01/Sep/2026:18:31:16 -0500] "GET /wp-login.php?redirect_to=https%3A%2F%2Fcampanaarquidiocesana.org%2Fwp-admin%2Findex.php&reauth=1 HTTP/1.1" 200 9325 "https://campanaarquidiocesana.org/wp-login.php" "Mozilla/5.0 (X11; Linux x86_64) AppleWebKit/537.36 (KHTML, like Gecko) Chrome/120.0.0.0 Safari/537.36"
45.130.83.238 - - [01/Sep/2026:18:31:18 -0500] "POST /wp-login.php HTTP/1.1" 503 19284 "https://campanaarquidiocesana.org/wp-login.php" "Mozilla/5.0 (Windows NT 11.0; Win64; x64) AppleWebKit/537.36 (KHTML, like Gecko) Chrome/119.0.0.0 Safari/537.36"
173.239.211.41 - - [01/Sep/2026:18:31:22 -0500] "GET /wp-admin/index.php HTTP/1.1" 302 - "https://campanaarquidiocesana.org/wp-login.php" "Mozilla/5.0 (X11; Linux x86_64) AppleWebKit/537.36 (KHTML, like Gecko) Chrome/121.0.0.0 Safari/537.36"
173.239.211.41 - - [01/Sep/2026:18:31:25 -0500] "GET /wp-login.php?redirect_to=https%3A%2F%2Fcampanaarquidiocesana.org%2Fwp-admin%2Findex.php&reauth=1 HTTP/1.1" 200 9325 "https://campanaarquidiocesana.org/wp-login.php" "Mozilla/5.0 (X11; Linux x86_64) AppleWebKit/537.36 (KHTML, like Gecko) Chrome/121.0.0.0 Safari/537.36"
173.239.211.41 - - [01/Sep/2026:18:31:28 -0500] "POST /wp-login.php HTTP/1.1" 503 19284 "https://campanaarquidiocesana.org/wp-login.php" "Mozilla/5.0 (Macintosh; Intel Mac OS X 10_15_7) AppleWebKit/605.1.15 (KHTML, like Gecko) Version/17.2 Safari/605.1.15"
45.130.83.239 - - [01/Sep/2026:18:31:33 -0500] "GET /wp-admin/index.php HTTP/1.1" 503 19284 "https://campanaarquidiocesana.org/wp-login.php" "Mozilla/5.0 (Macintosh; Intel Mac OS X 13_6_1) AppleWebKit/605.1.15 (KHTML, like Gecko) Version/16.6 Safari/605.1.15"
173.239.211.41 - - [01/Sep/2026:18:31:36 -0500] "GET /wp-admin/profile.php HTTP/1.1" 503 19284 "https://campanaarquidiocesana.org/wp-login.php" "Mozilla/5.0 (Macintosh; Intel Mac OS X 13_6_1) AppleWebKit/605.1.15 (KHTML, like Gecko) Version/16.6 Safari/605.1.15"
63.135.161.115 - - [01/Sep/2026:18:31:44 -0500] "GET /wp-admin/edit.php HTTP/1.1" 503 19284 "https://campanaarquidiocesana.org/wp-login.php" "Mozilla/5.0 (Macintosh; Intel Mac OS X 13_6_1) AppleWebKit/605.1.15 (KHTML, like Gecko) Version/16.6 Safari/605.1.15"
63.135.161.119 - - [01/Sep/2026:18:31:48 -0500] "GET /wp-admin/plugins.php HTTP/1.1" 503 19284 "https://campanaarquidiocesana.org/wp-login.php" "Mozilla/5.0 (Macintosh; Intel Mac OS X 13_6_1) AppleWebKit/605.1.15 (KHTML, like Gecko) Version/16.6 Safari/605.1.15"
45.130.83.238 - - [01/Sep/2026:18:31:51 -0500] "POST /wp-login.php HTTP/1.1" 503 18282 "https://campanaarquidiocesana.org/wp-login.php" "Mozilla/5.0 (Macintosh; Intel Mac OS X 10_15_7) AppleWebKit/537.36 (KHTML, like Gecko) Chrome/119.0.0.0 Safari/537.36"
157.90.185.123 - - [01/Sep/2026:18:31:55 -0500] "POST /?wordfence_syncAttackData=1788305515.694 HTTP/1.1" 200 - "-" "WordPress/6.6.7; https://campanaarquidiocesana.org"
63.135.161.129 - - [01/Sep/2026:18:31:54 -0500] "GET /wp-admin/index.php HTTP/1.1" 302 - "https://campanaarquidiocesana.org/wp-login.php" "Mozilla/5.0 (Macintosh; Intel Mac OS X 10_15_7) AppleWebKit/605.1.15 (KHTML, like Gecko) Version/17.2 Safari/605.1.15"
63.135.161.129 - - [01/Sep/2026:18:31:58 -0500] "GET /wp-login.php?redirect_to=https%3A%2F%2Fcampanaarquidiocesana.org%2Fwp-admin%2Findex.php&reauth=1 HTTP/1.1" 200 9325 "https://campanaarquidiocesana.org/wp-login.php" "Mozilla/5.0 (Macintosh; Intel Mac OS X 10_15_7) AppleWebKit/605.1.15 (KHTML, like Gecko) Version/17.2 Safari/605.1.15"
63.135.161.129 - - [01/Sep/2026:18:32:00 -0500] "POST /wp-login.php HTTP/1.1" 503 19284 "https://campanaarquidiocesana.org/wp-login.php" "Mozilla/5.0 (Macintosh; Intel Mac OS X 13_6_1; rv:121.0) Gecko/20100101 Firefox/121.0"
63.135.161.118 - - [01/Sep/2026:18:32:04 -0500] "GET /wp-admin/index.php HTTP/1.1" 302 - "https://campanaarquidiocesana.org/wp-login.php" "Mozilla/5.0 (X11; Ubuntu; Linux x86_64) AppleWebKit/537.36 (KHTML, like Gecko) Chrome/121.0.0.0 Safari/537.36"
63.135.161.118 - - [01/Sep/2026:18:32:06 -0500] "GET /wp-login.php?redirect_to=https%3A%2F%2Fcampanaarquidiocesana.org%2Fwp-admin%2Findex.php&reauth=1 HTTP/1.1" 200 9325 "https://campanaarquidiocesana.org/wp-login.php" "Mozilla/5.0 (X11; Ubuntu; Linux x86_64) AppleWebKit/537.36 (KHTML, like Gecko) Chrome/121.0.0.0 Safari/537.36"
63.135.161.118 - - [01/Sep/2026:18:32:08 -0500] "POST /wp-login.php HTTP/1.1" 503 19284 "https://campanaarquidiocesana.org/wp-login.php" "Mozilla/5.0 (Macintosh; Intel Mac OS X 10_15_7) AppleWebKit/605.1.15 (KHTML, like Gecko) Version/16.6 Safari/605.1.15"
173.239.211.37 - - [01/Sep/2026:18:32:12 -0500] "GET /wp-admin/index.php HTTP/1.1" 302 - "https://campanaarquidiocesana.org/wp-login.php" "Mozilla/5.0 (Windows NT 10.0; Win64; x64; rv:119.0) Gecko/20100101 Firefox/119.0"
173.239.211.37 - - [01/Sep/2026:18:32:15 -0500] "GET /wp-login.php?redirect_to=https%3A%2F%2Fcampanaarquidiocesana.org%2Fwp-admin%2Findex.php&reauth=1 HTTP/1.1" 200 9325 "https://campanaarquidiocesana.org/wp-login.php" "Mozilla/5.0 (Windows NT 10.0; Win64; x64; rv:119.0) Gecko/20100101 Firefox/119.0"
173.239.211.37 - - [01/Sep/2026:18:32:17 -0500] "POST /wp-login.php HTTP/1.1" 503 19284 "https://campanaarquidiocesana.org/wp-login.php" "Mozilla/5.0 (Macintosh; Intel Mac OS X 13_6_1) AppleWebKit/605.1.15 (KHTML, like Gecko) Version/17.0 Safari/605.1.15"
45.130.83.239 - - [01/Sep/2026:18:32:22 -0500] "GET /wp-admin/index.php HTTP/1.1" 503 19284 "https://campanaarquidiocesana.org/wp-login.php" "Mozilla/5.0 (Windows NT 11.0; Win64; x64) AppleWebKit/537.36 (KHTML, like Gecko) Chrome/118.0.0.0 Safari/537.36"
173.239.211.52 - - [01/Sep/2026:18:32:24 -0500] "GET /wp-admin/profile.php HTTP/1.1" 503 19284 "https://campanaarquidiocesana.org/wp-login.php" "Mozilla/5.0 (Windows NT 11.0; Win64; x64) AppleWebKit/537.36 (KHTML, like Gecko) Chrome/118.0.0.0 Safari/537.36"
63.135.161.114 - - [01/Sep/2026:18:32:30 -0500] "GET /wp-admin/edit.php HTTP/1.1" 302 - "https://campanaarquidiocesana.org/wp-login.php" "Mozilla/5.0 (Windows NT 11.0; Win64; x64) AppleWebKit/537.36 (KHTML, like Gecko) Chrome/118.0.0.0 Safari/537.36"
63.135.161.114 - - [01/Sep/2026:18:32:31 -0500] "GET /wp-login.php?redirect_to=https%3A%2F%2Fcampanaarquidiocesana.org%2Fwp-admin%2Fedit.php&reauth=1 HTTP/1.1" 200 9323 "https://campanaarquidiocesana.org/wp-login.php" "Mozilla/5.0 (Windows NT 11.0; Win64; x64) AppleWebKit/537.36 (KHTML, like Gecko) Chrome/118.0.0.0 Safari/537.36"
45.130.83.240 - - [01/Sep/2026:18:33:08 -0500] "POST /wp-login.php HTTP/1.1" 503 18282 "https://campanaarquidiocesana.org/wp-login.php" "Mozilla/5.0 (Macintosh; Intel Mac OS X 13_6_1) AppleWebKit/537.36 (KHTML, like Gecko) Chrome/118.0.0.0 Safari/537.36"
63.135.161.129 - - [01/Sep/2026:18:33:12 -0500] "GET /wp-admin/index.php HTTP/1.1" 503 19284 "https://campanaarquidiocesana.org/wp-login.php" "Mozilla/5.0 (X11; Ubuntu; Linux x86_64) AppleWebKit/537.36 (KHTML, like Gecko) Chrome/119.0.0.0 Safari/537.36"
157.90.185.123 - - [01/Sep/2026:18:33:13 -0500] "POST /?wordfence_syncAttackData=1788305593.2317 HTTP/1.1" 200 - "-" "WordPress/6.6.7; https://campanaarquidiocesana.org"
173.239.211.47 - - [01/Sep/2026:18:33:16 -0500] "GET /wp-admin/profile.php HTTP/1.1" 503 19284 "https://campanaarquidiocesana.org/wp-login.php" "Mozilla/5.0 (X11; Ubuntu; Linux x86_64) AppleWebKit/537.36 (KHTML, like Gecko) Chrome/119.0.0.0 Safari/537.36"
173.239.211.54 - - [01/Sep/2026:18:33:20 -0500] "GET /wp-admin/edit.php HTTP/1.1" 503 19284 "https://campanaarquidiocesana.org/wp-login.php" "Mozilla/5.0 (X11; Ubuntu; Linux x86_64) AppleWebKit/537.36 (KHTML, like Gecko) Chrome/119.0.0.0 Safari/537.36"
173.239.211.52 - - [01/Sep/2026:18:33:23 -0500] "GET /wp-admin/plugins.php HTTP/1.1" 503 19284 "https://campanaarquidiocesana.org/wp-login.php" "Mozilla/5.0 (X11; Ubuntu; Linux x86_64) AppleWebKit/537.36 (KHTML, like Gecko) Chrome/119.0.0.0 Safari/537.36"
173.239.211.50 - - [01/Sep/2026:18:33:25 -0500] "POST /wp-login.php HTTP/1.1" 503 19284 "https://campanaarquidiocesana.org/wp-login.php" "Mozilla/5.0 (X11; Linux x86_64) AppleWebKit/537.36 (KHTML, like Gecko) Chrome/120.0.0.0 Safari/537.36"
173.239.211.36 - - [01/Sep/2026:18:33:30 -0500] "GET /wp-admin/index.php HTTP/1.1" 302 - "https://campanaarquidiocesana.org/wp-login.php" "Mozilla/5.0 (Macintosh; Intel Mac OS X 13_6_1; rv:118.0) Gecko/20100101 Firefox/118.0"
173.239.211.36 - - [01/Sep/2026:18:33:32 -0500] "GET /wp-login.php?redirect_to=https%3A%2F%2Fcampanaarquidiocesana.org%2Fwp-admin%2Findex.php&reauth=1 HTTP/1.1" 200 9325 "https://campanaarquidiocesana.org/wp-login.php" "Mozilla/5.0 (Macintosh; Intel Mac OS X 13_6_1; rv:118.0) Gecko/20100101 Firefox/118.0"
173.239.211.36 - - [01/Sep/2026:18:33:34 -0500] "POST /wp-login.php HTTP/1.1" 503 19284 "https://campanaarquidiocesana.org/wp-login.php" "Mozilla/5.0 (Macintosh; Intel Mac OS X 10_15_7; rv:120.0) Gecko/20100101 Firefox/120.0"
63.135.161.122 - - [01/Sep/2026:18:33:38 -0500] "GET /wp-admin/index.php HTTP/1.1" 503 19284 "https://campanaarquidiocesana.org/wp-login.php" "Mozilla/5.0 (X11; Linux x86_64) AppleWebKit/537.36 (KHTML, like Gecko) Chrome/120.0.0.0 Safari/537.36"
45.130.83.244 - - [01/Sep/2026:18:33:42 -0500] "GET /wp-admin/profile.php HTTP/1.1" 302 - "https://campanaarquidiocesana.org/wp-login.php" "Mozilla/5.0 (X11; Linux x86_64) AppleWebKit/537.36 (KHTML, like Gecko) Chrome/120.0.0.0 Safari/537.36"
45.130.83.244 - - [01/Sep/2026:18:33:44 -0500] "GET /wp-login.php?redirect_to=https%3A%2F%2Fcampanaarquidiocesana.org%2Fwp-admin%2Fprofile.php&reauth=1 HTTP/1.1" 200 9329 "https://campanaarquidiocesana.org/wp-login.php" "Mozilla/5.0 (X11; Linux x86_64) AppleWebKit/537.36 (KHTML, like Gecko) Chrome/120.0.0.0 Safari/537.36"
45.130.83.244 - - [01/Sep/2026:18:33:46 -0500] "POST /wp-login.php HTTP/1.1" 503 19284 "https://campanaarquidiocesana.org/wp-login.php" "Mozilla/5.0 (Windows NT 11.0; Win64; x64) AppleWebKit/537.36 (KHTML, like Gecko) Chrome/120.0.0.0 Safari/537.36"
173.239.211.37 - - [01/Sep/2026:18:33:51 -0500] "GET /wp-admin/index.php HTTP/1.1" 503 19284 "https://campanaarquidiocesana.org/wp-login.php" "Mozilla/5.0 (Windows NT 11.0; Win64; x64) AppleWebKit/537.36 (KHTML, like Gecko) Chrome/121.0.0.0 Safari/537.36"
63.135.161.117 - - [01/Sep/2026:18:33:54 -0500] "GET /wp-admin/profile.php HTTP/1.1" 302 - "https://campanaarquidiocesana.org/wp-login.php" "Mozilla/5.0 (Windows NT 11.0; Win64; x64) AppleWebKit/537.36 (KHTML, like Gecko) Chrome/121.0.0.0 Safari/537.36"
63.135.161.117 - - [01/Sep/2026:18:33:56 -0500] "GET /wp-login.php?redirect_to=https%3A%2F%2Fcampanaarquidiocesana.org%2Fwp-admin%2Fprofile.php&reauth=1 HTTP/1.1" 200 9329 "https://campanaarquidiocesana.org/wp-login.php" "Mozilla/5.0 (Windows NT 11.0; Win64; x64) AppleWebKit/537.36 (KHTML, like Gecko) Chrome/121.0.0.0 Safari/537.36"
63.135.161.117 - - [01/Sep/2026:18:33:58 -0500] "POST /wp-login.php HTTP/1.1" 503 19284 "https://campanaarquidiocesana.org/wp-login.php" "Mozilla/5.0 (X11; Linux x86_64) AppleWebKit/537.36 (KHTML, like Gecko) Chrome/120.0.0.0 Safari/537.36"
173.239.211.41 - - [01/Sep/2026:18:34:01 -0500] "GET /wp-admin/index.php HTTP/1.1" 503 19284 "https://campanaarquidiocesana.org/wp-login.php" "Mozilla/5.0 (X11; Linux x86_64) AppleWebKit/537.36 (KHTML, like Gecko) Chrome/120.0.0.0 Safari/537.36"
173.239.211.49 - - [01/Sep/2026:18:34:05 -0500] "GET /wp-admin/profile.php HTTP/1.1" 503 19284 "https://campanaarquidiocesana.org/wp-login.php" "Mozilla/5.0 (X11; Linux x86_64) AppleWebKit/537.36 (KHTML, like Gecko) Chrome/120.0.0.0 Safari/537.36"
63.135.161.115 - - [01/Sep/2026:18:34:07 -0500] "GET /wp-admin/edit.php HTTP/1.1" 503 19284 "https://campanaarquidiocesana.org/wp-login.php" "Mozilla/5.0 (X11; Linux x86_64) AppleWebKit/537.36 (KHTML, like Gecko) Chrome/120.0.0.0 Safari/537.36"
173.239.211.46 - - [01/Sep/2026:18:34:13 -0500] "GET /wp-admin/plugins.php HTTP/1.1" 503 19284 "https://campanaarquidiocesana.org/wp-login.php" "Mozilla/5.0 (X11; Linux x86_64) AppleWebKit/537.36 (KHTML, like Gecko) Chrome/120.0.0.0 Safari/537.36"
173.239.211.48 - - [01/Sep/2026:18:34:20 -0500] "GET /wp-admin/index.php HTTP/1.1" 503 19284 "https://campanaarquidiocesana.org/wp-login.php" "Mozilla/5.0 (Macintosh; Intel Mac OS X 13_6_1) AppleWebKit/605.1.15 (KHTML, like Gecko) Version/17.0 Safari/605.1.15"
157.90.185.123 - - [01/Sep/2026:18:34:21 -0500] "POST /?wordfence_syncAttackData=1788305661.1586 HTTP/1.1" 200 - "-" "WordPress/6.6.7; https://campanaarquidiocesana.org"
63.135.161.115 - - [01/Sep/2026:18:34:23 -0500] "GET /wp-admin/profile.php HTTP/1.1" 503 19284 "https://campanaarquidiocesana.org/wp-login.php" "Mozilla/5.0 (Macintosh; Intel Mac OS X 13_6_1) AppleWebKit/605.1.15 (KHTML, like Gecko) Version/17.0 Safari/605.1.15"
173.239.211.44 - - [01/Sep/2026:18:34:17 -0500] "POST /wp-login.php HTTP/1.1" 503 18282 "https://campanaarquidiocesana.org/wp-login.php" "Mozilla/5.0 (Macintosh; Intel Mac OS X 10_15_7) AppleWebKit/605.1.15 (KHTML, like Gecko) Version/16.6 Safari/605.1.15"
173.239.211.43 - - [01/Sep/2026:18:34:26 -0500] "GET /wp-admin/edit.php HTTP/1.1" 302 - "https://campanaarquidiocesana.org/wp-login.php" "Mozilla/5.0 (Macintosh; Intel Mac OS X 13_6_1) AppleWebKit/605.1.15 (KHTML, like Gecko) Version/17.0 Safari/605.1.15"
173.239.211.43 - - [01/Sep/2026:18:34:28 -0500] "GET /wp-login.php?redirect_to=https%3A%2F%2Fcampanaarquidiocesana.org%2Fwp-admin%2Fedit.php&reauth=1 HTTP/1.1" 200 9323 "https://campanaarquidiocesana.org/wp-login.php" "Mozilla/5.0 (Macintosh; Intel Mac OS X 13_6_1) AppleWebKit/605.1.15 (KHTML, like Gecko) Version/17.0 Safari/605.1.15"
173.239.211.43 - - [01/Sep/2026:18:34:31 -0500] "POST /wp-login.php HTTP/1.1" 503 19284 "https://campanaarquidiocesana.org/wp-login.php" "Mozilla/5.0 (Windows NT 11.0; Win64; x64) AppleWebKit/537.36 (KHTML, like Gecko) Chrome/119.0.0.0 Safari/537.36"
173.239.211.41 - - [01/Sep/2026:18:34:38 -0500] "GET /wp-admin/index.php HTTP/1.1" 503 19284 "https://campanaarquidiocesana.org/wp-login.php" "Mozilla/5.0 (Macintosh; Intel Mac OS X 10_15_7) AppleWebKit/537.36 (KHTML, like Gecko) Chrome/119.0.0.0 Safari/537.36"
63.135.161.117 - - [01/Sep/2026:18:34:44 -0500] "GET /wp-admin/profile.php HTTP/1.1" 503 19284 "https://campanaarquidiocesana.org/wp-login.php" "Mozilla/5.0 (Macintosh; Intel Mac OS X 10_15_7) AppleWebKit/537.36 (KHTML, like Gecko) Chrome/119.0.0.0 Safari/537.36"
45.130.83.245 - - [01/Sep/2026:18:34:50 -0500] "GET /wp-admin/edit.php HTTP/1.1" 302 - "https://campanaarquidiocesana.org/wp-login.php" "Mozilla/5.0 (Macintosh; Intel Mac OS X 10_15_7) AppleWebKit/537.36 (KHTML, like Gecko) Chrome/119.0.0.0 Safari/537.36"
45.130.83.245 - - [01/Sep/2026:18:34:52 -0500] "GET /wp-login.php?redirect_to=https%3A%2F%2Fcampanaarquidiocesana.org%2Fwp-admin%2Fedit.php&reauth=1 HTTP/1.1" 200 9323 "https://campanaarquidiocesana.org/wp-login.php" "Mozilla/5.0 (Macintosh; Intel Mac OS X 10_15_7) AppleWebKit/537.36 (KHTML, like Gecko) Chrome/119.0.0.0 Safari/537.36"
45.130.83.245 - - [01/Sep/2026:18:34:55 -0500] "POST /wp-login.php HTTP/1.1" 503 19284 "https://campanaarquidiocesana.org/wp-login.php" "Mozilla/5.0 (Macintosh; Intel Mac OS X 10_15_7) AppleWebKit/537.36 (KHTML, like Gecko) Chrome/119.0.0.0 Safari/537.36"
45.130.83.242 - - [01/Sep/2026:18:35:08 -0500] "GET /wp-admin/index.php HTTP/1.1" 302 - "https://campanaarquidiocesana.org/wp-login.php" "Mozilla/5.0 (Windows NT 10.0; Win64; x64) AppleWebKit/537.36 (KHTML, like Gecko) Chrome/119.0.0.0 Safari/537.36"
45.130.83.242 - - [01/Sep/2026:18:35:10 -0500] "GET /wp-login.php?redirect_to=https%3A%2F%2Fcampanaarquidiocesana.org%2Fwp-admin%2Findex.php&reauth=1 HTTP/1.1" 200 9325 "https://campanaarquidiocesana.org/wp-login.php" "Mozilla/5.0 (Windows NT 10.0; Win64; x64) AppleWebKit/537.36 (KHTML, like Gecko) Chrome/119.0.0.0 Safari/537.36"
45.130.83.242 - - [01/Sep/2026:18:35:12 -0500] "POST /wp-login.php HTTP/1.1" 503 19284 "https://campanaarquidiocesana.org/wp-login.php" "Mozilla/5.0 (Windows NT 11.0; Win64; x64; rv:119.0) Gecko/20100101 Firefox/119.0"
63.135.161.115 - - [01/Sep/2026:18:35:15 -0500] "GET /wp-admin/index.php HTTP/1.1" 503 19284 "https://campanaarquidiocesana.org/wp-login.php" "Mozilla/5.0 (Macintosh; Intel Mac OS X 10_15_7) AppleWebKit/537.36 (KHTML, like Gecko) Chrome/120.0.0.0 Safari/537.36"
173.239.211.43 - - [01/Sep/2026:18:35:18 -0500] "GET /wp-admin/profile.php HTTP/1.1" 503 19284 "https://campanaarquidiocesana.org/wp-login.php" "Mozilla/5.0 (Macintosh; Intel Mac OS X 10_15_7) AppleWebKit/537.36 (KHTML, like Gecko) Chrome/120.0.0.0 Safari/537.36"
173.239.211.39 - - [01/Sep/2026:18:35:20 -0500] "GET /wp-admin/edit.php HTTP/1.1" 302 - "https://campanaarquidiocesana.org/wp-login.php" "Mozilla/5.0 (Macintosh; Intel Mac OS X 10_15_7) AppleWebKit/537.36 (KHTML, like Gecko) Chrome/120.0.0.0 Safari/537.36"
173.239.211.39 - - [01/Sep/2026:18:35:22 -0500] "GET /wp-login.php?redirect_to=https%3A%2F%2Fcampanaarquidiocesana.org%2Fwp-admin%2Fedit.php&reauth=1 HTTP/1.1" 200 9323 "https://campanaarquidiocesana.org/wp-login.php" "Mozilla/5.0 (Macintosh; Intel Mac OS X 10_15_7) AppleWebKit/537.36 (KHTML, like Gecko) Chrome/120.0.0.0 Safari/537.36"
173.239.211.39 - - [01/Sep/2026:18:35:23 -0500] "POST /wp-login.php HTTP/1.1" 503 19284 "https://campanaarquidiocesana.org/wp-login.php" "Mozilla/5.0 (X11; Linux x86_64) AppleWebKit/537.36 (KHTML, like Gecko) Chrome/120.0.0.0 Safari/537.36"
45.130.83.241 - - [01/Sep/2026:18:35:27 -0500] "GET /wp-admin/index.php HTTP/1.1" 503 19284 "https://campanaarquidiocesana.org/wp-login.php" "Mozilla/5.0 (Macintosh; Intel Mac OS X 10_15_7) AppleWebKit/537.36 (KHTML, like Gecko) Chrome/121.0.0.0 Safari/537.36"
45.130.83.243 - - [01/Sep/2026:18:35:32 -0500] "GET /wp-admin/profile.php HTTP/1.1" 302 - "https://campanaarquidiocesana.org/wp-login.php" "Mozilla/5.0 (Macintosh; Intel Mac OS X 10_15_7) AppleWebKit/537.36 (KHTML, like Gecko) Chrome/121.0.0.0 Safari/537.36"
45.130.83.243 - - [01/Sep/2026:18:35:33 -0500] "GET /wp-login.php?redirect_to=https%3A%2F%2Fcampanaarquidiocesana.org%2Fwp-admin%2Fprofile.php&reauth=1 HTTP/1.1" 200 9329 "https://campanaarquidiocesana.org/wp-login.php" "Mozilla/5.0 (Macintosh; Intel Mac OS X 10_15_7) AppleWebKit/537.36 (KHTML, like Gecko) Chrome/121.0.0.0 Safari/537.36"
51.8.102.52 - - [01/Sep/2026:18:36:46 -0500] "GET /robots.txt HTTP/1.1" 200 183 "-" "Mozilla/5.0 (Macintosh; Intel Mac OS X 10_15_7) AppleWebKit/537.36 (KHTML, like Gecko) Chrome/131.0.0.0 Safari/537.36; compatible; OAI-SearchBot/1.0; +https://openai.com/searchbot"
52.167.144.18 - - [01/Sep/2026:18:37:32 -0500] "GET /fknljfo/viewtopic.php?id=pros-and-cons-of-genetic-privacy HTTP/1.1" 301 - "-" "Mozilla/5.0 AppleWebKit/537.36 (KHTML, like Gecko; compatible; bingbot/2.0; +http://www.bing.com/bingbot.htm) Chrome/116.0.1938.76 Safari/537.36"
43.157.148.38 - - [01/Sep/2026:18:37:47 -0500] "GET / HTTP/1.1" 403 199 "http://www.campanaarquidiocesana.com" "Mozilla/5.0 (iPhone; CPU iPhone OS 13_2_3 like Mac OS X) AppleWebKit/605.1.15 (KHTML, like Gecko) Version/13.0.3 Mobile/15E148 Safari/604.1"
63.135.161.120 - - [01/Sep/2026:18:37:45 -0500] "POST /wp-login.php HTTP/1.1" 503 19284 "https://campanaarquidiocesana.org/wp-login.php" "Mozilla/5.0 (Macintosh; Intel Mac OS X 10_15_7) AppleWebKit/605.1.15 (KHTML, like Gecko) Version/16.6 Safari/605.1.15"
173.239.211.38 - - [01/Sep/2026:18:37:51 -0500] "GET /wp-admin/index.php HTTP/1.1" 302 - "https://campanaarquidiocesana.org/wp-login.php" "Mozilla/5.0 (X11; Ubuntu; Linux x86_64) AppleWebKit/537.36 (KHTML, like Gecko) Chrome/119.0.0.0 Safari/537.36"
173.239.211.38 - - [01/Sep/2026:18:37:53 -0500] "GET /wp-login.php?redirect_to=https%3A%2F%2Fcampanaarquidiocesana.org%2Fwp-admin%2Findex.php&reauth=1 HTTP/1.1" 200 9325 "https://campanaarquidiocesana.org/wp-login.php" "Mozilla/5.0 (X11; Ubuntu; Linux x86_64) AppleWebKit/537.36 (KHTML, like Gecko) Chrome/119.0.0.0 Safari/537.36"
173.239.211.38 - - [01/Sep/2026:18:37:55 -0500] "POST /wp-login.php HTTP/1.1" 503 19284 "https://campanaarquidiocesana.org/wp-login.php" "Mozilla/5.0 (Windows NT 10.0; Win64; x64) AppleWebKit/537.36 (KHTML, like Gecko) Chrome/121.0.0.0 Safari/537.36"
173.239.211.53 - - [01/Sep/2026:18:38:06 -0500] "GET /wp-admin/index.php HTTP/1.1" 302 - "https://campanaarquidiocesana.org/wp-login.php" "Mozilla/5.0 (Macintosh; Intel Mac OS X 10_15_7) AppleWebKit/605.1.15 (KHTML, like Gecko) Version/16.6 Safari/605.1.15"
173.239.211.53 - - [01/Sep/2026:18:38:07 -0500] "GET /wp-login.php?redirect_to=https%3A%2F%2Fcampanaarquidiocesana.org%2Fwp-admin%2Findex.php&reauth=1 HTTP/1.1" 200 9325 "https://campanaarquidiocesana.org/wp-login.php" "Mozilla/5.0 (Macintosh; Intel Mac OS X 10_15_7) AppleWebKit/605.1.15 (KHTML, like Gecko) Version/16.6 Safari/605.1.15"
173.239.211.53 - - [01/Sep/2026:18:38:09 -0500] "POST /wp-login.php HTTP/1.1" 503 19284 "https://campanaarquidiocesana.org/wp-login.php" "Mozilla/5.0 (Macintosh; Intel Mac OS X 10_15_7) AppleWebKit/605.1.15 (KHTML, like Gecko) Version/17.1 Safari/605.1.15"
173.239.211.40 - - [01/Sep/2026:18:38:14 -0500] "GET /wp-admin/index.php HTTP/1.1" 302 - "https://campanaarquidiocesana.org/wp-login.php" "Mozilla/5.0 (Windows NT 10.0; Win64; x64; rv:121.0) Gecko/20100101 Firefox/121.0"
173.239.211.40 - - [01/Sep/2026:18:38:16 -0500] "GET /wp-login.php?redirect_to=https%3A%2F%2Fcampanaarquidiocesana.org%2Fwp-admin%2Findex.php&reauth=1 HTTP/1.1" 200 9325 "https://campanaarquidiocesana.org/wp-login.php" "Mozilla/5.0 (Windows NT 10.0; Win64; x64; rv:121.0) Gecko/20100101 Firefox/121.0"
173.239.211.40 - - [01/Sep/2026:18:38:18 -0500] "POST /wp-login.php HTTP/1.1" 503 19284 "https://campanaarquidiocesana.org/wp-login.php" "Mozilla/5.0 (Macintosh; Intel Mac OS X 13_6_1) AppleWebKit/537.36 (KHTML, like Gecko) Chrome/120.0.0.0 Safari/537.36"
45.130.83.246 - - [01/Sep/2026:18:38:23 -0500] "GET /wp-admin/index.php HTTP/1.1" 302 - "https://campanaarquidiocesana.org/wp-login.php" "Mozilla/5.0 (X11; Linux x86_64) AppleWebKit/537.36 (KHTML, like Gecko) Chrome/120.0.0.0 Safari/537.36"
45.130.83.246 - - [01/Sep/2026:18:38:24 -0500] "GET /wp-login.php?redirect_to=https%3A%2F%2Fcampanaarquidiocesana.org%2Fwp-admin%2Findex.php&reauth=1 HTTP/1.1" 200 9325 "https://campanaarquidiocesana.org/wp-login.php" "Mozilla/5.0 (X11; Linux x86_64) AppleWebKit/537.36 (KHTML, like Gecko) Chrome/120.0.0.0 Safari/537.36"
45.130.83.246 - - [01/Sep/2026:18:38:27 -0500] "POST /wp-login.php HTTP/1.1" 503 19284 "https://campanaarquidiocesana.org/wp-login.php" "Mozilla/5.0 (Macintosh; Intel Mac OS X 13_6_1; rv:118.0) Gecko/20100101 Firefox/118.0"
63.135.161.123 - - [01/Sep/2026:18:38:34 -0500] "GET /wp-admin/index.php HTTP/1.1" 503 19284 "https://campanaarquidiocesana.org/wp-login.php" "Mozilla/5.0 (Macintosh; Intel Mac OS X 13_6_1) AppleWebKit/537.36 (KHTML, like Gecko) Chrome/120.0.0.0 Safari/537.36"
63.135.161.117 - - [01/Sep/2026:18:38:36 -0500] "GET /wp-admin/profile.php HTTP/1.1" 503 19284 "https://campanaarquidiocesana.org/wp-login.php" "Mozilla/5.0 (Macintosh; Intel Mac OS X 13_6_1) AppleWebKit/537.36 (KHTML, like Gecko) Chrome/120.0.0.0 Safari/537.36"
63.135.161.113 - - [01/Sep/2026:18:38:38 -0500] "GET /wp-admin/edit.php HTTP/1.1" 302 - "https://campanaarquidiocesana.org/wp-login.php" "Mozilla/5.0 (Macintosh; Intel Mac OS X 13_6_1) AppleWebKit/537.36 (KHTML, like Gecko) Chrome/120.0.0.0 Safari/537.36"
63.135.161.113 - - [01/Sep/2026:18:38:40 -0500] "GET /wp-login.php?redirect_to=https%3A%2F%2Fcampanaarquidiocesana.org%2Fwp-admin%2Fedit.php&reauth=1 HTTP/1.1" 200 9323 "https://campanaarquidiocesana.org/wp-login.php" "Mozilla/5.0 (Macintosh; Intel Mac OS X 13_6_1) AppleWebKit/537.36 (KHTML, like Gecko) Chrome/120.0.0.0 Safari/537.36"
63.135.161.113 - - [01/Sep/2026:18:38:42 -0500] "POST /wp-login.php HTTP/1.1" 503 19284 "https://campanaarquidiocesana.org/wp-login.php" "Mozilla/5.0 (Macintosh; Intel Mac OS X 13_6_1; rv:119.0) Gecko/20100101 Firefox/119.0"
173.239.211.50 - - [01/Sep/2026:18:38:48 -0500] "GET /wp-admin/index.php HTTP/1.1" 503 19284 "https://campanaarquidiocesana.org/wp-login.php" "Mozilla/5.0 (Macintosh; Intel Mac OS X 10_15_7) AppleWebKit/605.1.15 (KHTML, like Gecko) Version/17.0 Safari/605.1.15"
173.239.211.48 - - [01/Sep/2026:18:38:52 -0500] "GET /wp-admin/profile.php HTTP/1.1" 302 - "https://campanaarquidiocesana.org/wp-login.php" "Mozilla/5.0 (Macintosh; Intel Mac OS X 10_15_7) AppleWebKit/605.1.15 (KHTML, like Gecko) Version/17.0 Safari/605.1.15"
173.239.211.48 - - [01/Sep/2026:18:38:54 -0500] "GET /wp-login.php?redirect_to=https%3A%2F%2Fcampanaarquidiocesana.org%2Fwp-admin%2Fprofile.php&reauth=1 HTTP/1.1" 200 9329 "https://campanaarquidiocesana.org/wp-login.php" "Mozilla/5.0 (Macintosh; Intel Mac OS X 10_15_7) AppleWebKit/605.1.15 (KHTML, like Gecko) Version/17.0 Safari/605.1.15"
173.239.211.48 - - [01/Sep/2026:18:38:56 -0500] "POST /wp-login.php HTTP/1.1" 503 19284 "https://campanaarquidiocesana.org/wp-login.php" "Mozilla/5.0 (Windows NT 11.0; Win64; x64; rv:119.0) Gecko/20100101 Firefox/119.0"
173.239.211.51 - - [01/Sep/2026:18:39:00 -0500] "GET /wp-admin/index.php HTTP/1.1" 302 - "https://campanaarquidiocesana.org/wp-login.php" "Mozilla/5.0 (Macintosh; Intel Mac OS X 10_15_7; rv:121.0) Gecko/20100101 Firefox/121.0"
173.239.211.51 - - [01/Sep/2026:18:39:02 -0500] "GET /wp-login.php?redirect_to=https%3A%2F%2Fcampanaarquidiocesana.org%2Fwp-admin%2Findex.php&reauth=1 HTTP/1.1" 200 9325 "https://campanaarquidiocesana.org/wp-login.php" "Mozilla/5.0 (Macintosh; Intel Mac OS X 10_15_7; rv:121.0) Gecko/20100101 Firefox/121.0"
173.239.211.51 - - [01/Sep/2026:18:39:04 -0500] "POST /wp-login.php HTTP/1.1" 503 19284 "https://campanaarquidiocesana.org/wp-login.php" "Mozilla/5.0 (Macintosh; Intel Mac OS X 10_15_7; rv:118.0) Gecko/20100101 Firefox/118.0"
45.130.83.240 - - [01/Sep/2026:18:39:12 -0500] "GET /wp-admin/index.php HTTP/1.1" 302 - "https://campanaarquidiocesana.org/wp-login.php" "Mozilla/5.0 (Macintosh; Intel Mac OS X 13_6_1) AppleWebKit/605.1.15 (KHTML, like Gecko) Version/17.1 Safari/605.1.15"
45.130.83.240 - - [01/Sep/2026:18:39:14 -0500] "GET /wp-login.php?redirect_to=https%3A%2F%2Fcampanaarquidiocesana.org%2Fwp-admin%2Findex.php&reauth=1 HTTP/1.1" 200 9325 "https://campanaarquidiocesana.org/wp-login.php" "Mozilla/5.0 (Macintosh; Intel Mac OS X 13_6_1) AppleWebKit/605.1.15 (KHTML, like Gecko) Version/17.1 Safari/605.1.15"
45.130.83.240 - - [01/Sep/2026:18:39:15 -0500] "POST /wp-login.php HTTP/1.1" 503 19284 "https://campanaarquidiocesana.org/wp-login.php" "Mozilla/5.0 (Windows NT 11.0; Win64; x64) AppleWebKit/537.36 (KHTML, like Gecko) Chrome/121.0.0.0 Safari/537.36"
45.130.83.241 - - [01/Sep/2026:18:39:18 -0500] "GET /wp-admin/index.php HTTP/1.1" 302 - "https://campanaarquidiocesana.org/wp-login.php" "Mozilla/5.0 (Macintosh; Intel Mac OS X 13_6_1) AppleWebKit/605.1.15 (KHTML, like Gecko) Version/17.0 Safari/605.1.15"
45.130.83.241 - - [01/Sep/2026:18:39:20 -0500] "GET /wp-login.php?redirect_to=https%3A%2F%2Fcampanaarquidiocesana.org%2Fwp-admin%2Findex.php&reauth=1 HTTP/1.1" 200 9325 "https://campanaarquidiocesana.org/wp-login.php" "Mozilla/5.0 (Macintosh; Intel Mac OS X 13_6_1) AppleWebKit/605.1.15 (KHTML, like Gecko) Version/17.0 Safari/605.1.15"
45.130.83.241 - - [01/Sep/2026:18:39:25 -0500] "POST /wp-login.php HTTP/1.1" 503 19284 "https://campanaarquidiocesana.org/wp-login.php" "Mozilla/5.0 (Macintosh; Intel Mac OS X 13_6_1; rv:120.0) Gecko/20100101 Firefox/120.0"
63.135.161.119 - - [01/Sep/2026:18:39:29 -0500] "GET /wp-admin/index.php HTTP/1.1" 302 - "https://campanaarquidiocesana.org/wp-login.php" "Mozilla/5.0 (Windows NT 10.0; Win64; x64) AppleWebKit/537.36 (KHTML, like Gecko) Chrome/121.0.0.0 Safari/537.36"
63.135.161.119 - - [01/Sep/2026:18:39:33 -0500] "GET /wp-login.php?redirect_to=https%3A%2F%2Fcampanaarquidiocesana.org%2Fwp-admin%2Findex.php&reauth=1 HTTP/1.1" 200 9325 "https://campanaarquidiocesana.org/wp-login.php" "Mozilla/5.0 (Windows NT 10.0; Win64; x64) AppleWebKit/537.36 (KHTML, like Gecko) Chrome/121.0.0.0 Safari/537.36"
173.239.211.42 - - [01/Sep/2026:18:41:02 -0500] "POST /wp-login.php HTTP/1.1" 503 19284 "https://campanaarquidiocesana.org/wp-login.php" "Mozilla/5.0 (Windows NT 11.0; Win64; x64) AppleWebKit/537.36 (KHTML, like Gecko) Chrome/120.0.0.0 Safari/537.36"
173.239.211.50 - - [01/Sep/2026:18:41:06 -0500] "GET /wp-admin/index.php HTTP/1.1" 503 19284 "https://campanaarquidiocesana.org/wp-login.php" "Mozilla/5.0 (Windows NT 11.0; Win64; x64) AppleWebKit/537.36 (KHTML, like Gecko) Chrome/120.0.0.0 Safari/537.36"
63.135.161.113 - - [01/Sep/2026:18:41:10 -0500] "GET /wp-admin/profile.php HTTP/1.1" 503 19284 "https://campanaarquidiocesana.org/wp-login.php" "Mozilla/5.0 (Windows NT 11.0; Win64; x64) AppleWebKit/537.36 (KHTML, like Gecko) Chrome/120.0.0.0 Safari/537.36"
63.135.161.117 - - [01/Sep/2026:18:41:15 -0500] "GET /wp-admin/edit.php HTTP/1.1" 503 19284 "https://campanaarquidiocesana.org/wp-login.php" "Mozilla/5.0 (Windows NT 11.0; Win64; x64) AppleWebKit/537.36 (KHTML, like Gecko) Chrome/120.0.0.0 Safari/537.36"
173.239.211.48 - - [01/Sep/2026:18:41:20 -0500] "GET /wp-admin/plugins.php HTTP/1.1" 503 19284 "https://campanaarquidiocesana.org/wp-login.php" "Mozilla/5.0 (Windows NT 11.0; Win64; x64) AppleWebKit/537.36 (KHTML, like Gecko) Chrome/120.0.0.0 Safari/537.36"
173.239.211.37 - - [01/Sep/2026:18:41:22 -0500] "POST /wp-login.php HTTP/1.1" 503 18282 "https://campanaarquidiocesana.org/wp-login.php" "Mozilla/5.0 (Macintosh; Intel Mac OS X 13_6_1; rv:118.0) Gecko/20100101 Firefox/118.0"
173.239.211.53 - - [01/Sep/2026:18:41:24 -0500] "GET /wp-admin/index.php HTTP/1.1" 503 19284 "https://campanaarquidiocesana.org/wp-login.php" "Mozilla/5.0 (Macintosh; Intel Mac OS X 10_15_7; rv:118.0) Gecko/20100101 Firefox/118.0"
157.90.185.123 - - [01/Sep/2026:18:41:25 -0500] "POST /?wordfence_syncAttackData=1788306085.1479 HTTP/1.1" 200 - "-" "WordPress/6.6.7; https://campanaarquidiocesana.org"
63.135.161.129 - - [01/Sep/2026:18:41:27 -0500] "GET /wp-admin/profile.php HTTP/1.1" 503 19284 "https://campanaarquidiocesana.org/wp-login.php" "Mozilla/5.0 (Macintosh; Intel Mac OS X 10_15_7; rv:118.0) Gecko/20100101 Firefox/118.0"
173.239.211.43 - - [01/Sep/2026:18:41:29 -0500] "GET /wp-admin/edit.php HTTP/1.1" 503 19284 "https://campanaarquidiocesana.org/wp-login.php" "Mozilla/5.0 (Macintosh; Intel Mac OS X 10_15_7; rv:118.0) Gecko/20100101 Firefox/118.0"
173.239.211.54 - - [01/Sep/2026:18:41:33 -0500] "GET /wp-admin/plugins.php HTTP/1.1" 302 - "https://campanaarquidiocesana.org/wp-login.php" "Mozilla/5.0 (Macintosh; Intel Mac OS X 10_15_7; rv:118.0) Gecko/20100101 Firefox/118.0"
173.239.211.54 - - [01/Sep/2026:18:41:35 -0500] "GET /wp-login.php?redirect_to=https%3A%2F%2Fcampanaarquidiocesana.org%2Fwp-admin%2Fplugins.php&reauth=1 HTTP/1.1" 200 9329 "https://campanaarquidiocesana.org/wp-login.php" "Mozilla/5.0 (Macintosh; Intel Mac OS X 10_15_7; rv:118.0) Gecko/20100101 Firefox/118.0"
173.239.211.54 - - [01/Sep/2026:18:41:37 -0500] "POST /wp-login.php HTTP/1.1" 503 19284 "https://campanaarquidiocesana.org/wp-login.php" "Mozilla/5.0 (Macintosh; Intel Mac OS X 13_6_1) AppleWebKit/605.1.15 (KHTML, like Gecko) Version/17.2 Safari/605.1.15"
173.239.211.41 - - [01/Sep/2026:18:41:41 -0500] "GET /wp-admin/index.php HTTP/1.1" 302 - "https://campanaarquidiocesana.org/wp-login.php" "Mozilla/5.0 (X11; Ubuntu; Linux x86_64) AppleWebKit/537.36 (KHTML, like Gecko) Chrome/119.0.0.0 Safari/537.36"
173.239.211.41 - - [01/Sep/2026:18:41:43 -0500] "GET /wp-login.php?redirect_to=https%3A%2F%2Fcampanaarquidiocesana.org%2Fwp-admin%2Findex.php&reauth=1 HTTP/1.1" 200 9325 "https://campanaarquidiocesana.org/wp-login.php" "Mozilla/5.0 (X11; Ubuntu; Linux x86_64) AppleWebKit/537.36 (KHTML, like Gecko) Chrome/119.0.0.0 Safari/537.36"
173.239.211.41 - - [01/Sep/2026:18:41:45 -0500] "POST /wp-login.php HTTP/1.1" 503 19284 "https://campanaarquidiocesana.org/wp-login.php" "Mozilla/5.0 (Macintosh; Intel Mac OS X 13_6_1) AppleWebKit/537.36 (KHTML, like Gecko) Chrome/118.0.0.0 Safari/537.36"
173.239.211.51 - - [01/Sep/2026:18:41:49 -0500] "GET /wp-admin/index.php HTTP/1.1" 503 19284 "https://campanaarquidiocesana.org/wp-login.php" "Mozilla/5.0 (Macintosh; Intel Mac OS X 10_15_7) AppleWebKit/605.1.15 (KHTML, like Gecko) Version/17.1 Safari/605.1.15"
45.130.83.243 - - [01/Sep/2026:18:41:52 -0500] "GET /wp-admin/profile.php HTTP/1.1" 302 - "https://campanaarquidiocesana.org/wp-login.php" "Mozilla/5.0 (Macintosh; Intel Mac OS X 10_15_7) AppleWebKit/605.1.15 (KHTML, like Gecko) Version/17.1 Safari/605.1.15"
45.130.83.243 - - [01/Sep/2026:18:41:53 -0500] "GET /wp-login.php?redirect_to=https%3A%2F%2Fcampanaarquidiocesana.org%2Fwp-admin%2Fprofile.php&reauth=1 HTTP/1.1" 200 9329 "https://campanaarquidiocesana.org/wp-login.php" "Mozilla/5.0 (Macintosh; Intel Mac OS X 10_15_7) AppleWebKit/605.1.15 (KHTML, like Gecko) Version/17.1 Safari/605.1.15"
45.130.83.243 - - [01/Sep/2026:18:41:55 -0500] "POST /wp-login.php HTTP/1.1" 503 19284 "https://campanaarquidiocesana.org/wp-login.php" "Mozilla/5.0 (Windows NT 10.0; Win64; x64) AppleWebKit/537.36 (KHTML, like Gecko) Chrome/118.0.0.0 Safari/537.36"
63.135.161.114 - - [01/Sep/2026:18:41:59 -0500] "GET /wp-admin/index.php HTTP/1.1" 302 - "https://campanaarquidiocesana.org/wp-login.php" "Mozilla/5.0 (Macintosh; Intel Mac OS X 13_6_1) AppleWebKit/605.1.15 (KHTML, like Gecko) Version/17.0 Safari/605.1.15"
63.135.161.114 - - [01/Sep/2026:18:42:01 -0500] "GET /wp-login.php?redirect_to=https%3A%2F%2Fcampanaarquidiocesana.org%2Fwp-admin%2Findex.php&reauth=1 HTTP/1.1" 200 9325 "https://campanaarquidiocesana.org/wp-login.php" "Mozilla/5.0 (Macintosh; Intel Mac OS X 13_6_1) AppleWebKit/605.1.15 (KHTML, like Gecko) Version/17.0 Safari/605.1.15"
63.135.161.114 - - [01/Sep/2026:18:42:03 -0500] "POST /wp-login.php HTTP/1.1" 503 19284 "https://campanaarquidiocesana.org/wp-login.php" "Mozilla/5.0 (Macintosh; Intel Mac OS X 10_15_7) AppleWebKit/605.1.15 (KHTML, like Gecko) Version/17.1 Safari/605.1.15"
173.239.211.40 - - [01/Sep/2026:18:42:09 -0500] "GET /wp-admin/index.php HTTP/1.1" 503 19284 "https://campanaarquidiocesana.org/wp-login.php" "Mozilla/5.0 (Windows NT 11.0; Win64; x64) AppleWebKit/537.36 (KHTML, like Gecko) Chrome/121.0.0.0 Safari/537.36"
63.135.161.129 - - [01/Sep/2026:18:42:11 -0500] "GET /wp-admin/profile.php HTTP/1.1" 302 - "https://campanaarquidiocesana.org/wp-login.php" "Mozilla/5.0 (Windows NT 11.0; Win64; x64) AppleWebKit/537.36 (KHTML, like Gecko) Chrome/121.0.0.0 Safari/537.36"
63.135.161.129 - - [01/Sep/2026:18:42:13 -0500] "GET /wp-login.php?redirect_to=https%3A%2F%2Fcampanaarquidiocesana.org%2Fwp-admin%2Fprofile.php&reauth=1 HTTP/1.1" 200 9329 "https://campanaarquidiocesana.org/wp-login.php" "Mozilla/5.0 (Windows NT 11.0; Win64; x64) AppleWebKit/537.36 (KHTML, like Gecko) Chrome/121.0.0.0 Safari/537.36"
63.135.161.129 - - [01/Sep/2026:18:42:15 -0500] "POST /wp-login.php HTTP/1.1" 503 19284 "https://campanaarquidiocesana.org/wp-login.php" "Mozilla/5.0 (Macintosh; Intel Mac OS X 10_15_7) AppleWebKit/605.1.15 (KHTML, like Gecko) Version/17.0 Safari/605.1.15"
173.239.211.49 - - [01/Sep/2026:18:42:20 -0500] "GET /wp-admin/index.php HTTP/1.1" 302 - "https://campanaarquidiocesana.org/wp-login.php" "Mozilla/5.0 (Macintosh; Intel Mac OS X 13_6_1; rv:120.0) Gecko/20100101 Firefox/120.0"
173.239.211.49 - - [01/Sep/2026:18:42:21 -0500] "GET /wp-login.php?redirect_to=https%3A%2F%2Fcampanaarquidiocesana.org%2Fwp-admin%2Findex.php&reauth=1 HTTP/1.1" 200 9325 "https://campanaarquidiocesana.org/wp-login.php" "Mozilla/5.0 (Macintosh; Intel Mac OS X 13_6_1; rv:120.0) Gecko/20100101 Firefox/120.0"
63.135.161.114 - - [01/Sep/2026:18:42:29 -0500] "GET /wp-admin/index.php HTTP/1.1" 503 19284 "https://campanaarquidiocesana.org/wp-login.php" "Mozilla/5.0 (X11; Ubuntu; Linux x86_64) AppleWebKit/537.36 (KHTML, like Gecko) Chrome/118.0.0.0 Safari/537.36"
63.135.161.113 - - [01/Sep/2026:18:42:32 -0500] "GET /wp-admin/profile.php HTTP/1.1" 503 19284 "https://campanaarquidiocesana.org/wp-login.php" "Mozilla/5.0 (X11; Ubuntu; Linux x86_64) AppleWebKit/537.36 (KHTML, like Gecko) Chrome/118.0.0.0 Safari/537.36"
173.239.211.49 - - [01/Sep/2026:18:42:23 -0500] "POST /wp-login.php HTTP/1.1" 503 19284 "https://campanaarquidiocesana.org/wp-login.php" "Mozilla/5.0 (Windows NT 10.0; Win64; x64; rv:121.0) Gecko/20100101 Firefox/121.0"
45.130.83.240 - - [01/Sep/2026:18:42:36 -0500] "GET /wp-admin/edit.php HTTP/1.1" 503 19284 "https://campanaarquidiocesana.org/wp-login.php" "Mozilla/5.0 (X11; Ubuntu; Linux x86_64) AppleWebKit/537.36 (KHTML, like Gecko) Chrome/118.0.0.0 Safari/537.36"
45.130.83.239 - - [01/Sep/2026:18:42:38 -0500] "GET /wp-admin/plugins.php HTTP/1.1" 302 - "https://campanaarquidiocesana.org/wp-login.php" "Mozilla/5.0 (X11; Ubuntu; Linux x86_64) AppleWebKit/537.36 (KHTML, like Gecko) Chrome/118.0.0.0 Safari/537.36"
45.130.83.239 - - [01/Sep/2026:18:42:40 -0500] "GET /wp-login.php?redirect_to=https%3A%2F%2Fcampanaarquidiocesana.org%2Fwp-admin%2Fplugins.php&reauth=1 HTTP/1.1" 200 9329 "https://campanaarquidiocesana.org/wp-login.php" "Mozilla/5.0 (X11; Ubuntu; Linux x86_64) AppleWebKit/537.36 (KHTML, like Gecko) Chrome/118.0.0.0 Safari/537.36"
45.130.83.239 - - [01/Sep/2026:18:42:42 -0500] "POST /wp-login.php HTTP/1.1" 503 19284 "https://campanaarquidiocesana.org/wp-login.php" "Mozilla/5.0 (X11; Ubuntu; Linux x86_64) AppleWebKit/537.36 (KHTML, like Gecko) Chrome/120.0.0.0 Safari/537.36"
45.130.83.247 - - [01/Sep/2026:18:42:46 -0500] "GET /wp-admin/index.php HTTP/1.1" 302 - "https://campanaarquidiocesana.org/wp-login.php" "Mozilla/5.0 (Macintosh; Intel Mac OS X 10_15_7; rv:120.0) Gecko/20100101 Firefox/120.0"
45.130.83.247 - - [01/Sep/2026:18:42:48 -0500] "GET /wp-login.php?redirect_to=https%3A%2F%2Fcampanaarquidiocesana.org%2Fwp-admin%2Findex.php&reauth=1 HTTP/1.1" 200 9325 "https://campanaarquidiocesana.org/wp-login.php" "Mozilla/5.0 (Macintosh; Intel Mac OS X 10_15_7; rv:120.0) Gecko/20100101 Firefox/120.0"
45.130.83.247 - - [01/Sep/2026:18:42:49 -0500] "POST /wp-login.php HTTP/1.1" 503 19284 "https://campanaarquidiocesana.org/wp-login.php" "Mozilla/5.0 (Macintosh; Intel Mac OS X 13_6_1) AppleWebKit/605.1.15 (KHTML, like Gecko) Version/16.6 Safari/605.1.15"
63.135.161.122 - - [01/Sep/2026:18:42:55 -0500] "GET /wp-admin/index.php HTTP/1.1" 302 - "https://campanaarquidiocesana.org/wp-login.php" "Mozilla/5.0 (Windows NT 10.0; Win64; x64) AppleWebKit/537.36 (KHTML, like Gecko) Chrome/120.0.0.0 Safari/537.36"
63.135.161.122 - - [01/Sep/2026:18:42:56 -0500] "GET /wp-login.php?redirect_to=https%3A%2F%2Fcampanaarquidiocesana.org%2Fwp-admin%2Findex.php&reauth=1 HTTP/1.1" 200 9325 "https://campanaarquidiocesana.org/wp-login.php" "Mozilla/5.0 (Windows NT 10.0; Win64; x64) AppleWebKit/537.36 (KHTML, like Gecko) Chrome/120.0.0.0 Safari/537.36"
173.239.211.45 - - [01/Sep/2026:18:43:50 -0500] "POST /wp-login.php HTTP/1.1" 503 19284 "https://campanaarquidiocesana.org/wp-login.php" "Mozilla/5.0 (Macintosh; Intel Mac OS X 13_6_1; rv:120.0) Gecko/20100101 Firefox/120.0"
45.130.83.238 - - [01/Sep/2026:18:43:54 -0500] "GET /wp-admin/index.php HTTP/1.1" 302 - "https://campanaarquidiocesana.org/wp-login.php" "Mozilla/5.0 (Windows NT 11.0; Win64; x64) AppleWebKit/537.36 (KHTML, like Gecko) Chrome/119.0.0.0 Safari/537.36"
45.130.83.238 - - [01/Sep/2026:18:43:56 -0500] "GET /wp-login.php?redirect_to=https%3A%2F%2Fcampanaarquidiocesana.org%2Fwp-admin%2Findex.php&reauth=1 HTTP/1.1" 200 9325 "https://campanaarquidiocesana.org/wp-login.php" "Mozilla/5.0 (Windows NT 11.0; Win64; x64) AppleWebKit/537.36 (KHTML, like Gecko) Chrome/119.0.0.0 Safari/537.36"
45.130.83.238 - - [01/Sep/2026:18:43:58 -0500] "POST /wp-login.php HTTP/1.1" 503 19284 "https://campanaarquidiocesana.org/wp-login.php" "Mozilla/5.0 (Windows NT 11.0; Win64; x64) AppleWebKit/537.36 (KHTML, like Gecko) Chrome/119.0.0.0 Safari/537.36"
173.239.211.52 - - [01/Sep/2026:18:44:02 -0500] "GET /wp-admin/index.php HTTP/1.1" 302 - "https://campanaarquidiocesana.org/wp-login.php" "Mozilla/5.0 (Macintosh; Intel Mac OS X 10_15_7) AppleWebKit/537.36 (KHTML, like Gecko) Chrome/118.0.0.0 Safari/537.36"
173.239.211.52 - - [01/Sep/2026:18:44:05 -0500] "GET /wp-login.php?redirect_to=https%3A%2F%2Fcampanaarquidiocesana.org%2Fwp-admin%2Findex.php&reauth=1 HTTP/1.1" 200 9325 "https://campanaarquidiocesana.org/wp-login.php" "Mozilla/5.0 (Macintosh; Intel Mac OS X 10_15_7) AppleWebKit/537.36 (KHTML, like Gecko) Chrome/118.0.0.0 Safari/537.36"
173.239.211.52 - - [01/Sep/2026:18:44:07 -0500] "POST /wp-login.php HTTP/1.1" 503 19284 "https://campanaarquidiocesana.org/wp-login.php" "Mozilla/5.0 (Macintosh; Intel Mac OS X 13_6_1) AppleWebKit/537.36 (KHTML, like Gecko) Chrome/119.0.0.0 Safari/537.36"
173.239.211.44 - - [01/Sep/2026:18:44:14 -0500] "GET /wp-admin/index.php HTTP/1.1" 302 - "https://campanaarquidiocesana.org/wp-login.php" "Mozilla/5.0 (Macintosh; Intel Mac OS X 10_15_7; rv:121.0) Gecko/20100101 Firefox/121.0"
173.239.211.44 - - [01/Sep/2026:18:44:16 -0500] "GET /wp-login.php?redirect_to=https%3A%2F%2Fcampanaarquidiocesana.org%2Fwp-admin%2Findex.php&reauth=1 HTTP/1.1" 200 9325 "https://campanaarquidiocesana.org/wp-login.php" "Mozilla/5.0 (Macintosh; Intel Mac OS X 10_15_7; rv:121.0) Gecko/20100101 Firefox/121.0"
173.239.211.44 - - [01/Sep/2026:18:44:17 -0500] "POST /wp-login.php HTTP/1.1" 503 19284 "https://campanaarquidiocesana.org/wp-login.php" "Mozilla/5.0 (Windows NT 11.0; Win64; x64; rv:121.0) Gecko/20100101 Firefox/121.0"
104.28.213.127 - - [01/Sep/2026:18:44:20 -0500] "GET /wp-json/batch/v1 HTTP/1.1" 404 149 "-" "Mozilla/5.0 (Windows NT 10.0; Win64; x64) AppleWebKit/537.36 (KHTML, like Gecko) Chrome/131.0.0.0 Safari/537.36"
173.239.211.44 - - [01/Sep/2026:18:44:23 -0500] "GET /wp-admin/index.php HTTP/1.1" 503 19284 "https://campanaarquidiocesana.org/wp-login.php" "Mozilla/5.0 (Macintosh; Intel Mac OS X 13_6_1) AppleWebKit/537.36 (KHTML, like Gecko) Chrome/119.0.0.0 Safari/537.36"
45.130.83.244 - - [01/Sep/2026:18:44:26 -0500] "GET /wp-admin/profile.php HTTP/1.1" 302 - "https://campanaarquidiocesana.org/wp-login.php" "Mozilla/5.0 (Macintosh; Intel Mac OS X 13_6_1) AppleWebKit/537.36 (KHTML, like Gecko) Chrome/119.0.0.0 Safari/537.36"
45.130.83.244 - - [01/Sep/2026:18:44:27 -0500] "GET /wp-login.php?redirect_to=https%3A%2F%2Fcampanaarquidiocesana.org%2Fwp-admin%2Fprofile.php&reauth=1 HTTP/1.1" 200 9329 "https://campanaarquidiocesana.org/wp-login.php" "Mozilla/5.0 (Macintosh; Intel Mac OS X 13_6_1) AppleWebKit/537.36 (KHTML, like Gecko) Chrome/119.0.0.0 Safari/537.36"
45.130.83.244 - - [01/Sep/2026:18:44:32 -0500] "POST /wp-login.php HTTP/1.1" 503 19284 "https://campanaarquidiocesana.org/wp-login.php" "Mozilla/5.0 (Macintosh; Intel Mac OS X 13_6_1) AppleWebKit/537.36 (KHTML, like Gecko) Chrome/119.0.0.0 Safari/537.36"
173.239.211.45 - - [01/Sep/2026:18:44:39 -0500] "GET /wp-admin/profile.php HTTP/1.1" 503 19284 "https://campanaarquidiocesana.org/wp-login.php" "Mozilla/5.0 (X11; Linux x86_64) AppleWebKit/537.36 (KHTML, like Gecko) Chrome/121.0.0.0 Safari/537.36"
63.135.161.122 - - [01/Sep/2026:18:44:44 -0500] "GET /wp-admin/edit.php HTTP/1.1" 302 - "https://campanaarquidiocesana.org/wp-login.php" "Mozilla/5.0 (X11; Linux x86_64) AppleWebKit/537.36 (KHTML, like Gecko) Chrome/121.0.0.0 Safari/537.36"
173.239.211.39 - - [01/Sep/2026:18:44:37 -0500] "GET /wp-admin/index.php HTTP/1.1" 503 19284 "https://campanaarquidiocesana.org/wp-login.php" "Mozilla/5.0 (X11; Linux x86_64) AppleWebKit/537.36 (KHTML, like Gecko) Chrome/121.0.0.0 Safari/537.36"
63.135.161.122 - - [01/Sep/2026:18:44:47 -0500] "GET /wp-login.php?redirect_to=https%3A%2F%2Fcampanaarquidiocesana.org%2Fwp-admin%2Fedit.php&reauth=1 HTTP/1.1" 200 9323 "https://campanaarquidiocesana.org/wp-login.php" "Mozilla/5.0 (X11; Linux x86_64) AppleWebKit/537.36 (KHTML, like Gecko) Chrome/121.0.0.0 Safari/537.36"
63.135.161.122 - - [01/Sep/2026:18:44:49 -0500] "POST /wp-login.php HTTP/1.1" 503 19284 "https://campanaarquidiocesana.org/wp-login.php" "Mozilla/5.0 (Macintosh; Intel Mac OS X 10_15_7) AppleWebKit/537.36 (KHTML, like Gecko) Chrome/121.0.0.0 Safari/537.36"
66.29.153.181 - - [01/Sep/2026:18:44:51 -0500] "GET /wp-login.php HTTP/1.1" 200 9201 "https://iglesiaerestu.org/wp-login.php" "Mozilla/5.0 (Windows NT 10.0; Win64; x64) AppleWebKit/537.36 (KHTML, like Gecko) Chrome/151.0.0.0 Safari/537.36"
66.29.153.181 - - [01/Sep/2026:18:44:53 -0500] "GET /wp-login.php HTTP/1.1" 200 9201 "https://iglesiaerestu.org/wp-login.php" "Mozilla/5.0 (Windows NT 10.0; Win64; x64) AppleWebKit/537.36 (KHTML, like Gecko) Chrome/151.0.0.0 Safari/537.36"
173.239.211.39 - - [01/Sep/2026:18:44:54 -0500] "GET /wp-admin/index.php HTTP/1.1" 503 19284 "https://campanaarquidiocesana.org/wp-login.php" "Mozilla/5.0 (Windows NT 11.0; Win64; x64) AppleWebKit/537.36 (KHTML, like Gecko) Chrome/120.0.0.0 Safari/537.36"
173.239.211.54 - - [01/Sep/2026:18:44:57 -0500] "GET /wp-admin/profile.php HTTP/1.1" 503 19284 "https://campanaarquidiocesana.org/wp-login.php" "Mozilla/5.0 (Windows NT 11.0; Win64; x64) AppleWebKit/537.36 (KHTML, like Gecko) Chrome/120.0.0.0 Safari/537.36"
63.135.161.123 - - [01/Sep/2026:18:45:00 -0500] "GET /wp-admin/edit.php HTTP/1.1" 302 - "https://campanaarquidiocesana.org/wp-login.php" "Mozilla/5.0 (Windows NT 11.0; Win64; x64) AppleWebKit/537.36 (KHTML, like Gecko) Chrome/120.0.0.0 Safari/537.36"
63.135.161.123 - - [01/Sep/2026:18:45:01 -0500] "GET /wp-login.php?redirect_to=https%3A%2F%2Fcampanaarquidiocesana.org%2Fwp-admin%2Fedit.php&reauth=1 HTTP/1.1" 200 9323 "https://campanaarquidiocesana.org/wp-login.php" "Mozilla/5.0 (Windows NT 11.0; Win64; x64) AppleWebKit/537.36 (KHTML, like Gecko) Chrome/120.0.0.0 Safari/537.36"
63.135.161.123 - - [01/Sep/2026:18:45:03 -0500] "POST /wp-login.php HTTP/1.1" 503 19284 "https://campanaarquidiocesana.org/wp-login.php" "Mozilla/5.0 (Windows NT 10.0; Win64; x64; rv:120.0) Gecko/20100101 Firefox/120.0"
173.239.211.35 - - [01/Sep/2026:18:45:09 -0500] "GET /wp-admin/index.php HTTP/1.1" 302 - "https://campanaarquidiocesana.org/wp-login.php" "Mozilla/5.0 (Macintosh; Intel Mac OS X 10_15_7; rv:119.0) Gecko/20100101 Firefox/119.0"
173.239.211.35 - - [01/Sep/2026:18:45:11 -0500] "GET /wp-login.php?redirect_to=https%3A%2F%2Fcampanaarquidiocesana.org%2Fwp-admin%2Findex.php&reauth=1 HTTP/1.1" 200 9325 "https://campanaarquidiocesana.org/wp-login.php" "Mozilla/5.0 (Macintosh; Intel Mac OS X 10_15_7; rv:119.0) Gecko/20100101 Firefox/119.0"
173.239.211.35 - - [01/Sep/2026:18:45:13 -0500] "POST /wp-login.php HTTP/1.1" 503 19284 "https://campanaarquidiocesana.org/wp-login.php" "Mozilla/5.0 (Macintosh; Intel Mac OS X 13_6_1) AppleWebKit/537.36 (KHTML, like Gecko) Chrome/120.0.0.0 Safari/537.36"
63.135.161.115 - - [01/Sep/2026:18:45:20 -0500] "GET /wp-admin/index.php HTTP/1.1" 302 - "https://campanaarquidiocesana.org/wp-login.php" "Mozilla/5.0 (Windows NT 11.0; Win64; x64; rv:121.0) Gecko/20100101 Firefox/121.0"
63.135.161.115 - - [01/Sep/2026:18:45:22 -0500] "GET /wp-login.php?redirect_to=https%3A%2F%2Fcampanaarquidiocesana.org%2Fwp-admin%2Findex.php&reauth=1 HTTP/1.1" 200 9325 "https://campanaarquidiocesana.org/wp-login.php" "Mozilla/5.0 (Windows NT 11.0; Win64; x64; rv:121.0) Gecko/20100101 Firefox/121.0"
63.135.161.115 - - [01/Sep/2026:18:45:24 -0500] "POST /wp-login.php HTTP/1.1" 503 19284 "https://campanaarquidiocesana.org/wp-login.php" "Mozilla/5.0 (Windows NT 11.0; Win64; x64) AppleWebKit/537.36 (KHTML, like Gecko) Chrome/119.0.0.0 Safari/537.36"
173.239.211.40 - - [01/Sep/2026:18:45:28 -0500] "GET /wp-admin/index.php HTTP/1.1" 503 19284 "https://campanaarquidiocesana.org/wp-login.php" "Mozilla/5.0 (Macintosh; Intel Mac OS X 13_6_1; rv:120.0) Gecko/20100101 Firefox/120.0"
173.239.211.45 - - [01/Sep/2026:18:45:34 -0500] "GET /wp-admin/profile.php HTTP/1.1" 503 19284 "https://campanaarquidiocesana.org/wp-login.php" "Mozilla/5.0 (Macintosh; Intel Mac OS X 13_6_1; rv:120.0) Gecko/20100101 Firefox/120.0"
63.135.161.117 - - [01/Sep/2026:18:45:36 -0500] "GET /wp-admin/edit.php HTTP/1.1" 302 - "https://campanaarquidiocesana.org/wp-login.php" "Mozilla/5.0 (Macintosh; Intel Mac OS X 13_6_1; rv:120.0) Gecko/20100101 Firefox/120.0"
