62.60.130.247 - - [01/Sep/2026:10:48:49 -0500] "GET /wp-admin/edit.php HTTP/1.1" 503 19284 "https://campanaarquidiocesana.org/wp-login.php" "Mozilla/5.0 (Macintosh; Intel Mac OS X 13_6_1) AppleWebKit/605.1.15 (KHTML, like Gecko) Version/17.0 Safari/605.1.15"
62.60.130.247 - - [01/Sep/2026:10:48:50 -0500] "GET /wp-admin/plugins.php HTTP/1.1" 503 19284 "https://campanaarquidiocesana.org/wp-login.php" "Mozilla/5.0 (Macintosh; Intel Mac OS X 13_6_1) AppleWebKit/605.1.15 (KHTML, like Gecko) Version/17.0 Safari/605.1.15"
62.60.130.247 - - [01/Sep/2026:10:48:51 -0500] "POST /wp-login.php HTTP/1.1" 503 18282 "https://campanaarquidiocesana.org/wp-login.php" "Mozilla/5.0 (Macintosh; Intel Mac OS X 13_6_1) AppleWebKit/605.1.15 (KHTML, like Gecko) Version/17.2 Safari/605.1.15"
62.60.130.247 - - [01/Sep/2026:10:48:52 -0500] "GET /wp-admin/index.php HTTP/1.1" 503 19284 "https://campanaarquidiocesana.org/wp-login.php" "Mozilla/5.0 (X11; Linux x86_64) AppleWebKit/537.36 (KHTML, like Gecko) Chrome/120.0.0.0 Safari/537.36"
62.60.130.247 - - [01/Sep/2026:10:48:53 -0500] "GET /wp-admin/profile.php HTTP/1.1" 503 19284 "https://campanaarquidiocesana.org/wp-login.php" "Mozilla/5.0 (X11; Linux x86_64) AppleWebKit/537.36 (KHTML, like Gecko) Chrome/120.0.0.0 Safari/537.36"
62.60.130.247 - - [01/Sep/2026:10:48:54 -0500] "GET /wp-admin/edit.php HTTP/1.1" 503 19284 "https://campanaarquidiocesana.org/wp-login.php" "Mozilla/5.0 (X11; Linux x86_64) AppleWebKit/537.36 (KHTML, like Gecko) Chrome/120.0.0.0 Safari/537.36"
62.60.130.247 - - [01/Sep/2026:10:48:55 -0500] "GET /wp-admin/plugins.php HTTP/1.1" 503 19284 "https://campanaarquidiocesana.org/wp-login.php" "Mozilla/5.0 (X11; Linux x86_64) AppleWebKit/537.36 (KHTML, like Gecko) Chrome/120.0.0.0 Safari/537.36"
62.60.130.247 - - [01/Sep/2026:10:48:56 -0500] "POST /wp-login.php HTTP/1.1" 503 18282 "https://campanaarquidiocesana.org/wp-login.php" "Mozilla/5.0 (Windows NT 10.0; Win64; x64) AppleWebKit/537.36 (KHTML, like Gecko) Chrome/118.0.0.0 Safari/537.36"
62.60.130.247 - - [01/Sep/2026:10:48:57 -0500] "GET /wp-admin/index.php HTTP/1.1" 503 19284 "https://campanaarquidiocesana.org/wp-login.php" "Mozilla/5.0 (X11; Linux x86_64) AppleWebKit/537.36 (KHTML, like Gecko) Chrome/120.0.0.0 Safari/537.36"
157.90.185.123 - - [01/Sep/2026:10:48:57 -0500] "POST /?wordfence_syncAttackData=1788277737.8968 HTTP/1.1" 200 - "-" "WordPress/6.6.7; https://campanaarquidiocesana.org"
62.60.130.247 - - [01/Sep/2026:10:48:59 -0500] "GET /wp-admin/profile.php HTTP/1.1" 503 19284 "https://campanaarquidiocesana.org/wp-login.php" "Mozilla/5.0 (X11; Linux x86_64) AppleWebKit/537.36 (KHTML, like Gecko) Chrome/120.0.0.0 Safari/537.36"
62.60.130.247 - - [01/Sep/2026:10:49:00 -0500] "GET /wp-admin/edit.php HTTP/1.1" 503 19284 "https://campanaarquidiocesana.org/wp-login.php" "Mozilla/5.0 (X11; Linux x86_64) AppleWebKit/537.36 (KHTML, like Gecko) Chrome/120.0.0.0 Safari/537.36"
62.60.130.247 - - [01/Sep/2026:10:49:01 -0500] "GET /wp-admin/plugins.php HTTP/1.1" 503 19284 "https://campanaarquidiocesana.org/wp-login.php" "Mozilla/5.0 (X11; Linux x86_64) AppleWebKit/537.36 (KHTML, like Gecko) Chrome/120.0.0.0 Safari/537.36"
62.60.130.247 - - [01/Sep/2026:10:49:02 -0500] "POST /wp-login.php HTTP/1.1" 503 18282 "https://campanaarquidiocesana.org/wp-login.php" "Mozilla/5.0 (Macintosh; Intel Mac OS X 13_6_1) AppleWebKit/537.36 (KHTML, like Gecko) Chrome/120.0.0.0 Safari/537.36"
62.60.130.247 - - [01/Sep/2026:10:49:03 -0500] "GET /wp-admin/index.php HTTP/1.1" 503 19284 "https://campanaarquidiocesana.org/wp-login.php" "Mozilla/5.0 (Macintosh; Intel Mac OS X 13_6_1) AppleWebKit/605.1.15 (KHTML, like Gecko) Version/17.1 Safari/605.1.15"
62.60.130.247 - - [01/Sep/2026:10:49:05 -0500] "GET /wp-admin/profile.php HTTP/1.1" 503 19284 "https://campanaarquidiocesana.org/wp-login.php" "Mozilla/5.0 (Macintosh; Intel Mac OS X 13_6_1) AppleWebKit/605.1.15 (KHTML, like Gecko) Version/17.1 Safari/605.1.15"
62.60.130.247 - - [01/Sep/2026:10:49:06 -0500] "GET /wp-admin/edit.php HTTP/1.1" 503 19284 "https://campanaarquidiocesana.org/wp-login.php" "Mozilla/5.0 (Macintosh; Intel Mac OS X 13_6_1) AppleWebKit/605.1.15 (KHTML, like Gecko) Version/17.1 Safari/605.1.15"
62.60.130.247 - - [01/Sep/2026:10:49:07 -0500] "GET /wp-admin/plugins.php HTTP/1.1" 503 19284 "https://campanaarquidiocesana.org/wp-login.php" "Mozilla/5.0 (Macintosh; Intel Mac OS X 13_6_1) AppleWebKit/605.1.15 (KHTML, like Gecko) Version/17.1 Safari/605.1.15"
62.60.130.247 - - [01/Sep/2026:10:49:08 -0500] "POST /wp-login.php HTTP/1.1" 503 18282 "https://campanaarquidiocesana.org/wp-login.php" "Mozilla/5.0 (Macintosh; Intel Mac OS X 10_15_7) AppleWebKit/537.36 (KHTML, like Gecko) Chrome/121.0.0.0 Safari/537.36"
62.60.130.247 - - [01/Sep/2026:10:49:09 -0500] "GET /wp-admin/index.php HTTP/1.1" 503 19284 "https://campanaarquidiocesana.org/wp-login.php" "Mozilla/5.0 (Windows NT 10.0; Win64; x64; rv:118.0) Gecko/20100101 Firefox/118.0"
157.90.185.123 - - [01/Sep/2026:10:49:09 -0500] "POST /?wordfence_syncAttackData=1788277749.9557 HTTP/1.1" 200 - "-" "WordPress/6.6.7; https://campanaarquidiocesana.org"
62.60.130.247 - - [01/Sep/2026:10:49:11 -0500] "GET /wp-admin/profile.php HTTP/1.1" 503 19284 "https://campanaarquidiocesana.org/wp-login.php" "Mozilla/5.0 (Windows NT 10.0; Win64; x64; rv:118.0) Gecko/20100101 Firefox/118.0"
62.60.130.247 - - [01/Sep/2026:10:49:12 -0500] "GET /wp-admin/edit.php HTTP/1.1" 503 19284 "https://campanaarquidiocesana.org/wp-login.php" "Mozilla/5.0 (Windows NT 10.0; Win64; x64; rv:118.0) Gecko/20100101 Firefox/118.0"
62.60.130.247 - - [01/Sep/2026:10:49:13 -0500] "GET /wp-admin/plugins.php HTTP/1.1" 503 19284 "https://campanaarquidiocesana.org/wp-login.php" "Mozilla/5.0 (Windows NT 10.0; Win64; x64; rv:118.0) Gecko/20100101 Firefox/118.0"
62.60.130.247 - - [01/Sep/2026:10:49:14 -0500] "POST /wp-login.php HTTP/1.1" 503 18282 "https://campanaarquidiocesana.org/wp-login.php" "Mozilla/5.0 (Windows NT 10.0; Win64; x64) AppleWebKit/537.36 (KHTML, like Gecko) Chrome/120.0.0.0 Safari/537.36"
62.60.130.247 - - [01/Sep/2026:10:49:15 -0500] "GET /wp-admin/index.php HTTP/1.1" 503 19284 "https://campanaarquidiocesana.org/wp-login.php" "Mozilla/5.0 (Macintosh; Intel Mac OS X 13_6_1) AppleWebKit/605.1.15 (KHTML, like Gecko) Version/17.1 Safari/605.1.15"
62.60.130.247 - - [01/Sep/2026:10:49:16 -0500] "GET /wp-admin/profile.php HTTP/1.1" 503 19284 "https://campanaarquidiocesana.org/wp-login.php" "Mozilla/5.0 (Macintosh; Intel Mac OS X 13_6_1) AppleWebKit/605.1.15 (KHTML, like Gecko) Version/17.1 Safari/605.1.15"
62.60.130.247 - - [01/Sep/2026:10:49:17 -0500] "GET /wp-admin/edit.php HTTP/1.1" 503 19284 "https://campanaarquidiocesana.org/wp-login.php" "Mozilla/5.0 (Macintosh; Intel Mac OS X 13_6_1) AppleWebKit/605.1.15 (KHTML, like Gecko) Version/17.1 Safari/605.1.15"
62.60.130.247 - - [01/Sep/2026:10:49:18 -0500] "GET /wp-admin/plugins.php HTTP/1.1" 503 19284 "https://campanaarquidiocesana.org/wp-login.php" "Mozilla/5.0 (Macintosh; Intel Mac OS X 13_6_1) AppleWebKit/605.1.15 (KHTML, like Gecko) Version/17.1 Safari/605.1.15"
62.60.130.247 - - [01/Sep/2026:10:49:19 -0500] "POST /wp-login.php HTTP/1.1" 503 18282 "https://campanaarquidiocesana.org/wp-login.php" "Mozilla/5.0 (Windows NT 11.0; Win64; x64) AppleWebKit/537.36 (KHTML, like Gecko) Chrome/121.0.0.0 Safari/537.36"
62.60.130.247 - - [01/Sep/2026:10:49:20 -0500] "GET /wp-admin/index.php HTTP/1.1" 503 19284 "https://campanaarquidiocesana.org/wp-login.php" "Mozilla/5.0 (X11; Linux x86_64) AppleWebKit/537.36 (KHTML, like Gecko) Chrome/120.0.0.0 Safari/537.36"
157.90.185.123 - - [01/Sep/2026:10:49:20 -0500] "POST /?wordfence_syncAttackData=1788277760.6875 HTTP/1.1" 200 - "-" "WordPress/6.6.7; https://campanaarquidiocesana.org"
62.60.130.247 - - [01/Sep/2026:10:49:21 -0500] "GET /wp-admin/profile.php HTTP/1.1" 503 19284 "https://campanaarquidiocesana.org/wp-login.php" "Mozilla/5.0 (X11; Linux x86_64) AppleWebKit/537.36 (KHTML, like Gecko) Chrome/120.0.0.0 Safari/537.36"
62.60.130.247 - - [01/Sep/2026:10:49:22 -0500] "GET /wp-admin/edit.php HTTP/1.1" 503 19284 "https://campanaarquidiocesana.org/wp-login.php" "Mozilla/5.0 (X11; Linux x86_64) AppleWebKit/537.36 (KHTML, like Gecko) Chrome/120.0.0.0 Safari/537.36"
62.60.130.247 - - [01/Sep/2026:10:49:23 -0500] "GET /wp-admin/plugins.php HTTP/1.1" 503 19284 "https://campanaarquidiocesana.org/wp-login.php" "Mozilla/5.0 (X11; Linux x86_64) AppleWebKit/537.36 (KHTML, like Gecko) Chrome/120.0.0.0 Safari/537.36"
62.60.130.247 - - [01/Sep/2026:10:49:25 -0500] "POST /wp-login.php HTTP/1.1" 503 18282 "https://campanaarquidiocesana.org/wp-login.php" "Mozilla/5.0 (X11; Linux x86_64) AppleWebKit/537.36 (KHTML, like Gecko) Chrome/120.0.0.0 Safari/537.36"
62.60.130.247 - - [01/Sep/2026:10:49:26 -0500] "GET /wp-admin/index.php HTTP/1.1" 503 19284 "https://campanaarquidiocesana.org/wp-login.php" "Mozilla/5.0 (Windows NT 10.0; Win64; x64) AppleWebKit/537.36 (KHTML, like Gecko) Chrome/119.0.0.0 Safari/537.36"
62.60.130.247 - - [01/Sep/2026:10:49:26 -0500] "GET /wp-admin/profile.php HTTP/1.1" 503 19284 "https://campanaarquidiocesana.org/wp-login.php" "Mozilla/5.0 (Windows NT 10.0; Win64; x64) AppleWebKit/537.36 (KHTML, like Gecko) Chrome/119.0.0.0 Safari/537.36"
62.60.130.247 - - [01/Sep/2026:10:49:27 -0500] "GET /wp-admin/edit.php HTTP/1.1" 503 19284 "https://campanaarquidiocesana.org/wp-login.php" "Mozilla/5.0 (Windows NT 10.0; Win64; x64) AppleWebKit/537.36 (KHTML, like Gecko) Chrome/119.0.0.0 Safari/537.36"
62.60.130.247 - - [01/Sep/2026:10:49:28 -0500] "GET /wp-admin/plugins.php HTTP/1.1" 503 19284 "https://campanaarquidiocesana.org/wp-login.php" "Mozilla/5.0 (Windows NT 10.0; Win64; x64) AppleWebKit/537.36 (KHTML, like Gecko) Chrome/119.0.0.0 Safari/537.36"
62.60.130.247 - - [01/Sep/2026:10:49:29 -0500] "POST /wp-login.php HTTP/1.1" 503 18282 "https://campanaarquidiocesana.org/wp-login.php" "Mozilla/5.0 (Macintosh; Intel Mac OS X 13_6_1) AppleWebKit/605.1.15 (KHTML, like Gecko) Version/17.0 Safari/605.1.15"
62.60.130.247 - - [01/Sep/2026:10:49:30 -0500] "GET /wp-admin/index.php HTTP/1.1" 503 19284 "https://campanaarquidiocesana.org/wp-login.php" "Mozilla/5.0 (Windows NT 10.0; Win64; x64) AppleWebKit/537.36 (KHTML, like Gecko) Chrome/120.0.0.0 Safari/537.36"
157.90.185.123 - - [01/Sep/2026:10:49:31 -0500] "POST /?wordfence_syncAttackData=1788277771.6154 HTTP/1.1" 200 - "-" "WordPress/6.6.7; https://campanaarquidiocesana.org"
62.60.130.247 - - [01/Sep/2026:10:49:33 -0500] "GET /wp-admin/profile.php HTTP/1.1" 503 19284 "https://campanaarquidiocesana.org/wp-login.php" "Mozilla/5.0 (Windows NT 10.0; Win64; x64) AppleWebKit/537.36 (KHTML, like Gecko) Chrome/120.0.0.0 Safari/537.36"
62.60.130.247 - - [01/Sep/2026:10:49:34 -0500] "GET /wp-admin/edit.php HTTP/1.1" 503 19284 "https://campanaarquidiocesana.org/wp-login.php" "Mozilla/5.0 (Windows NT 10.0; Win64; x64) AppleWebKit/537.36 (KHTML, like Gecko) Chrome/120.0.0.0 Safari/537.36"
62.60.130.247 - - [01/Sep/2026:10:49:35 -0500] "GET /wp-admin/plugins.php HTTP/1.1" 503 19284 "https://campanaarquidiocesana.org/wp-login.php" "Mozilla/5.0 (Windows NT 10.0; Win64; x64) AppleWebKit/537.36 (KHTML, like Gecko) Chrome/120.0.0.0 Safari/537.36"
62.60.130.247 - - [01/Sep/2026:10:49:36 -0500] "POST /wp-login.php HTTP/1.1" 503 18282 "https://campanaarquidiocesana.org/wp-login.php" "Mozilla/5.0 (Macintosh; Intel Mac OS X 10_15_7) AppleWebKit/605.1.15 (KHTML, like Gecko) Version/16.6 Safari/605.1.15"
62.60.130.247 - - [01/Sep/2026:10:49:37 -0500] "GET /wp-admin/index.php HTTP/1.1" 503 19284 "https://campanaarquidiocesana.org/wp-login.php" "Mozilla/5.0 (Windows NT 11.0; Win64; x64; rv:120.0) Gecko/20100101 Firefox/120.0"
62.60.130.247 - - [01/Sep/2026:10:49:38 -0500] "GET /wp-admin/profile.php HTTP/1.1" 503 19284 "https://campanaarquidiocesana.org/wp-login.php" "Mozilla/5.0 (Windows NT 11.0; Win64; x64; rv:120.0) Gecko/20100101 Firefox/120.0"
62.60.130.247 - - [01/Sep/2026:10:49:39 -0500] "GET /wp-admin/edit.php HTTP/1.1" 503 19284 "https://campanaarquidiocesana.org/wp-login.php" "Mozilla/5.0 (Windows NT 11.0; Win64; x64; rv:120.0) Gecko/20100101 Firefox/120.0"
62.60.130.247 - - [01/Sep/2026:10:49:40 -0500] "GET /wp-admin/plugins.php HTTP/1.1" 503 19284 "https://campanaarquidiocesana.org/wp-login.php" "Mozilla/5.0 (Windows NT 11.0; Win64; x64; rv:120.0) Gecko/20100101 Firefox/120.0"
157.90.185.123 - - [01/Sep/2026:10:49:41 -0500] "POST /?wordfence_syncAttackData=1788277781.0412 HTTP/1.1" 200 - "-" "WordPress/6.6.7; https://campanaarquidiocesana.org"
62.60.130.247 - - [01/Sep/2026:10:49:42 -0500] "POST /wp-login.php HTTP/1.1" 503 18282 "https://campanaarquidiocesana.org/wp-login.php" "Mozilla/5.0 (Macintosh; Intel Mac OS X 13_6_1; rv:121.0) Gecko/20100101 Firefox/121.0"
62.60.130.247 - - [01/Sep/2026:10:49:43 -0500] "GET /wp-admin/index.php HTTP/1.1" 503 19284 "https://campanaarquidiocesana.org/wp-login.php" "Mozilla/5.0 (Macintosh; Intel Mac OS X 10_15_7) AppleWebKit/537.36 (KHTML, like Gecko) Chrome/118.0.0.0 Safari/537.36"
62.60.130.247 - - [01/Sep/2026:10:49:44 -0500] "GET /wp-admin/profile.php HTTP/1.1" 503 19284 "https://campanaarquidiocesana.org/wp-login.php" "Mozilla/5.0 (Macintosh; Intel Mac OS X 10_15_7) AppleWebKit/537.36 (KHTML, like Gecko) Chrome/118.0.0.0 Safari/537.36"
62.60.130.247 - - [01/Sep/2026:10:49:44 -0500] "GET /wp-admin/edit.php HTTP/1.1" 503 19284 "https://campanaarquidiocesana.org/wp-login.php" "Mozilla/5.0 (Macintosh; Intel Mac OS X 10_15_7) AppleWebKit/537.36 (KHTML, like Gecko) Chrome/118.0.0.0 Safari/537.36"
62.60.130.247 - - [01/Sep/2026:10:49:46 -0500] "GET /wp-admin/plugins.php HTTP/1.1" 503 19284 "https://campanaarquidiocesana.org/wp-login.php" "Mozilla/5.0 (Macintosh; Intel Mac OS X 10_15_7) AppleWebKit/537.36 (KHTML, like Gecko) Chrome/118.0.0.0 Safari/537.36"
62.60.130.247 - - [01/Sep/2026:10:49:47 -0500] "POST /wp-login.php HTTP/1.1" 503 18282 "https://campanaarquidiocesana.org/wp-login.php" "Mozilla/5.0 (X11; Linux x86_64) AppleWebKit/537.36 (KHTML, like Gecko) Chrome/121.0.0.0 Safari/537.36"
62.60.130.247 - - [01/Sep/2026:10:49:48 -0500] "GET /wp-admin/index.php HTTP/1.1" 503 19284 "https://campanaarquidiocesana.org/wp-login.php" "Mozilla/5.0 (Macintosh; Intel Mac OS X 10_15_7; rv:119.0) Gecko/20100101 Firefox/119.0"
62.60.130.247 - - [01/Sep/2026:10:49:49 -0500] "GET /wp-admin/profile.php HTTP/1.1" 503 19284 "https://campanaarquidiocesana.org/wp-login.php" "Mozilla/5.0 (Macintosh; Intel Mac OS X 10_15_7; rv:119.0) Gecko/20100101 Firefox/119.0"
62.60.130.247 - - [01/Sep/2026:10:49:50 -0500] "GET /wp-admin/edit.php HTTP/1.1" 503 19284 "https://campanaarquidiocesana.org/wp-login.php" "Mozilla/5.0 (Macintosh; Intel Mac OS X 10_15_7; rv:119.0) Gecko/20100101 Firefox/119.0"
62.60.130.247 - - [01/Sep/2026:10:49:51 -0500] "GET /wp-admin/plugins.php HTTP/1.1" 503 19284 "https://campanaarquidiocesana.org/wp-login.php" "Mozilla/5.0 (Macintosh; Intel Mac OS X 10_15_7; rv:119.0) Gecko/20100101 Firefox/119.0"
157.90.185.123 - - [01/Sep/2026:10:49:51 -0500] "POST /?wordfence_syncAttackData=1788277791.84 HTTP/1.1" 200 - "-" "WordPress/6.6.7; https://campanaarquidiocesana.org"
62.60.130.247 - - [01/Sep/2026:10:49:53 -0500] "POST /wp-login.php HTTP/1.1" 503 18282 "https://campanaarquidiocesana.org/wp-login.php" "Mozilla/5.0 (Macintosh; Intel Mac OS X 13_6_1; rv:119.0) Gecko/20100101 Firefox/119.0"
62.60.130.247 - - [01/Sep/2026:10:49:54 -0500] "GET /wp-admin/index.php HTTP/1.1" 503 19284 "https://campanaarquidiocesana.org/wp-login.php" "Mozilla/5.0 (Windows NT 11.0; Win64; x64) AppleWebKit/537.36 (KHTML, like Gecko) Chrome/118.0.0.0 Safari/537.36"
62.60.130.247 - - [01/Sep/2026:10:49:55 -0500] "GET /wp-admin/profile.php HTTP/1.1" 503 19284 "https://campanaarquidiocesana.org/wp-login.php" "Mozilla/5.0 (Windows NT 11.0; Win64; x64) AppleWebKit/537.36 (KHTML, like Gecko) Chrome/118.0.0.0 Safari/537.36"
62.60.130.247 - - [01/Sep/2026:10:49:56 -0500] "GET /wp-admin/edit.php HTTP/1.1" 503 19284 "https://campanaarquidiocesana.org/wp-login.php" "Mozilla/5.0 (Windows NT 11.0; Win64; x64) AppleWebKit/537.36 (KHTML, like Gecko) Chrome/118.0.0.0 Safari/537.36"
62.60.130.247 - - [01/Sep/2026:10:49:57 -0500] "GET /wp-admin/plugins.php HTTP/1.1" 503 19284 "https://campanaarquidiocesana.org/wp-login.php" "Mozilla/5.0 (Windows NT 11.0; Win64; x64) AppleWebKit/537.36 (KHTML, like Gecko) Chrome/118.0.0.0 Safari/537.36"
62.60.130.247 - - [01/Sep/2026:10:49:58 -0500] "POST /wp-login.php HTTP/1.1" 503 18282 "https://campanaarquidiocesana.org/wp-login.php" "Mozilla/5.0 (Macintosh; Intel Mac OS X 13_6_1; rv:120.0) Gecko/20100101 Firefox/120.0"
62.60.130.247 - - [01/Sep/2026:10:49:59 -0500] "GET /wp-admin/index.php HTTP/1.1" 503 19284 "https://campanaarquidiocesana.org/wp-login.php" "Mozilla/5.0 (Macintosh; Intel Mac OS X 13_6_1; rv:119.0) Gecko/20100101 Firefox/119.0"
62.60.130.247 - - [01/Sep/2026:10:50:00 -0500] "GET /wp-admin/profile.php HTTP/1.1" 503 19284 "https://campanaarquidiocesana.org/wp-login.php" "Mozilla/5.0 (Macintosh; Intel Mac OS X 13_6_1; rv:119.0) Gecko/20100101 Firefox/119.0"
62.60.130.247 - - [01/Sep/2026:10:50:01 -0500] "GET /wp-admin/edit.php HTTP/1.1" 503 19284 "https://campanaarquidiocesana.org/wp-login.php" "Mozilla/5.0 (Macintosh; Intel Mac OS X 13_6_1; rv:119.0) Gecko/20100101 Firefox/119.0"
157.90.185.123 - - [01/Sep/2026:10:50:02 -0500] "POST /?wordfence_syncAttackData=1788277802.0679 HTTP/1.1" 200 - "-" "WordPress/6.6.7; https://campanaarquidiocesana.org"
62.60.130.247 - - [01/Sep/2026:10:50:03 -0500] "GET /wp-admin/plugins.php HTTP/1.1" 503 19284 "https://campanaarquidiocesana.org/wp-login.php" "Mozilla/5.0 (Macintosh; Intel Mac OS X 13_6_1; rv:119.0) Gecko/20100101 Firefox/119.0"
62.60.130.247 - - [01/Sep/2026:10:50:04 -0500] "POST /wp-login.php HTTP/1.1" 503 18282 "https://campanaarquidiocesana.org/wp-login.php" "Mozilla/5.0 (Macintosh; Intel Mac OS X 10_15_7) AppleWebKit/605.1.15 (KHTML, like Gecko) Version/16.6 Safari/605.1.15"
62.60.130.247 - - [01/Sep/2026:10:50:05 -0500] "GET /wp-admin/index.php HTTP/1.1" 503 19284 "https://campanaarquidiocesana.org/wp-login.php" "Mozilla/5.0 (Macintosh; Intel Mac OS X 13_6_1; rv:120.0) Gecko/20100101 Firefox/120.0"
62.60.130.247 - - [01/Sep/2026:10:50:06 -0500] "GET /wp-admin/profile.php HTTP/1.1" 503 19284 "https://campanaarquidiocesana.org/wp-login.php" "Mozilla/5.0 (Macintosh; Intel Mac OS X 13_6_1; rv:120.0) Gecko/20100101 Firefox/120.0"
62.60.130.247 - - [01/Sep/2026:10:50:07 -0500] "GET /wp-admin/edit.php HTTP/1.1" 503 19284 "https://campanaarquidiocesana.org/wp-login.php" "Mozilla/5.0 (Macintosh; Intel Mac OS X 13_6_1; rv:120.0) Gecko/20100101 Firefox/120.0"
62.60.130.247 - - [01/Sep/2026:10:50:08 -0500] "GET /wp-admin/plugins.php HTTP/1.1" 503 19284 "https://campanaarquidiocesana.org/wp-login.php" "Mozilla/5.0 (Macintosh; Intel Mac OS X 13_6_1; rv:120.0) Gecko/20100101 Firefox/120.0"
62.60.130.247 - - [01/Sep/2026:10:50:09 -0500] "POST /wp-login.php HTTP/1.1" 503 18282 "https://campanaarquidiocesana.org/wp-login.php" "Mozilla/5.0 (Windows NT 10.0; Win64; x64; rv:118.0) Gecko/20100101 Firefox/118.0"
62.60.130.247 - - [01/Sep/2026:10:50:10 -0500] "GET /wp-admin/index.php HTTP/1.1" 503 19284 "https://campanaarquidiocesana.org/wp-login.php" "Mozilla/5.0 (X11; Ubuntu; Linux x86_64) AppleWebKit/537.36 (KHTML, like Gecko) Chrome/120.0.0.0 Safari/537.36"
62.60.130.247 - - [01/Sep/2026:10:50:11 -0500] "GET /wp-admin/profile.php HTTP/1.1" 503 19284 "https://campanaarquidiocesana.org/wp-login.php" "Mozilla/5.0 (X11; Ubuntu; Linux x86_64) AppleWebKit/537.36 (KHTML, like Gecko) Chrome/120.0.0.0 Safari/537.36"
62.60.130.247 - - [01/Sep/2026:10:50:12 -0500] "GET /wp-admin/edit.php HTTP/1.1" 503 19284 "https://campanaarquidiocesana.org/wp-login.php" "Mozilla/5.0 (X11; Ubuntu; Linux x86_64) AppleWebKit/537.36 (KHTML, like Gecko) Chrome/120.0.0.0 Safari/537.36"
157.90.185.123 - - [01/Sep/2026:10:50:13 -0500] "POST /?wordfence_syncAttackData=1788277813.1167 HTTP/1.1" 200 - "-" "WordPress/6.6.7; https://campanaarquidiocesana.org"
62.60.130.247 - - [01/Sep/2026:10:50:14 -0500] "GET /wp-admin/plugins.php HTTP/1.1" 503 19284 "https://campanaarquidiocesana.org/wp-login.php" "Mozilla/5.0 (X11; Ubuntu; Linux x86_64) AppleWebKit/537.36 (KHTML, like Gecko) Chrome/120.0.0.0 Safari/537.36"
62.60.130.247 - - [01/Sep/2026:10:50:15 -0500] "POST /wp-login.php HTTP/1.1" 503 18282 "https://campanaarquidiocesana.org/wp-login.php" "Mozilla/5.0 (Macintosh; Intel Mac OS X 13_6_1) AppleWebKit/605.1.15 (KHTML, like Gecko) Version/17.2 Safari/605.1.15"
62.60.130.247 - - [01/Sep/2026:10:50:16 -0500] "GET /wp-admin/index.php HTTP/1.1" 503 19284 "https://campanaarquidiocesana.org/wp-login.php" "Mozilla/5.0 (Windows NT 11.0; Win64; x64; rv:121.0) Gecko/20100101 Firefox/121.0"
62.60.130.247 - - [01/Sep/2026:10:50:17 -0500] "GET /wp-admin/profile.php HTTP/1.1" 503 19284 "https://campanaarquidiocesana.org/wp-login.php" "Mozilla/5.0 (Windows NT 11.0; Win64; x64; rv:121.0) Gecko/20100101 Firefox/121.0"
62.60.130.247 - - [01/Sep/2026:10:50:18 -0500] "GET /wp-admin/edit.php HTTP/1.1" 503 19284 "https://campanaarquidiocesana.org/wp-login.php" "Mozilla/5.0 (Windows NT 11.0; Win64; x64; rv:121.0) Gecko/20100101 Firefox/121.0"
62.60.130.247 - - [01/Sep/2026:10:50:19 -0500] "GET /wp-admin/plugins.php HTTP/1.1" 503 19284 "https://campanaarquidiocesana.org/wp-login.php" "Mozilla/5.0 (Windows NT 11.0; Win64; x64; rv:121.0) Gecko/20100101 Firefox/121.0"
62.60.130.247 - - [01/Sep/2026:10:50:20 -0500] "POST /wp-login.php HTTP/1.1" 503 18282 "https://campanaarquidiocesana.org/wp-login.php" "Mozilla/5.0 (X11; Linux x86_64) AppleWebKit/537.36 (KHTML, like Gecko) Chrome/119.0.0.0 Safari/537.36"
62.60.130.247 - - [01/Sep/2026:10:50:21 -0500] "GET /wp-admin/index.php HTTP/1.1" 503 19284 "https://campanaarquidiocesana.org/wp-login.php" "Mozilla/5.0 (Macintosh; Intel Mac OS X 13_6_1) AppleWebKit/537.36 (KHTML, like Gecko) Chrome/120.0.0.0 Safari/537.36"
62.60.130.247 - - [01/Sep/2026:10:50:22 -0500] "GET /wp-admin/profile.php HTTP/1.1" 503 19284 "https://campanaarquidiocesana.org/wp-login.php" "Mozilla/5.0 (Macintosh; Intel Mac OS X 13_6_1) AppleWebKit/537.36 (KHTML, like Gecko) Chrome/120.0.0.0 Safari/537.36"
157.90.185.123 - - [01/Sep/2026:10:50:23 -0500] "POST /?wordfence_syncAttackData=1788277823.3743 HTTP/1.1" 200 - "-" "WordPress/6.6.7; https://campanaarquidiocesana.org"
62.60.130.247 - - [01/Sep/2026:10:50:24 -0500] "GET /wp-admin/edit.php HTTP/1.1" 503 19284 "https://campanaarquidiocesana.org/wp-login.php" "Mozilla/5.0 (Macintosh; Intel Mac OS X 13_6_1) AppleWebKit/537.36 (KHTML, like Gecko) Chrome/120.0.0.0 Safari/537.36"
62.60.130.247 - - [01/Sep/2026:10:50:25 -0500] "GET /wp-admin/plugins.php HTTP/1.1" 503 19284 "https://campanaarquidiocesana.org/wp-login.php" "Mozilla/5.0 (Macintosh; Intel Mac OS X 13_6_1) AppleWebKit/537.36 (KHTML, like Gecko) Chrome/120.0.0.0 Safari/537.36"
62.60.130.247 - - [01/Sep/2026:10:50:26 -0500] "POST /wp-login.php HTTP/1.1" 503 18282 "https://campanaarquidiocesana.org/wp-login.php" "Mozilla/5.0 (Macintosh; Intel Mac OS X 13_6_1) AppleWebKit/605.1.15 (KHTML, like Gecko) Version/17.2 Safari/605.1.15"
62.60.130.247 - - [01/Sep/2026:10:50:27 -0500] "GET /wp-admin/index.php HTTP/1.1" 503 19284 "https://campanaarquidiocesana.org/wp-login.php" "Mozilla/5.0 (Windows NT 10.0; Win64; x64; rv:121.0) Gecko/20100101 Firefox/121.0"
62.60.130.247 - - [01/Sep/2026:10:50:28 -0500] "GET /wp-admin/profile.php HTTP/1.1" 503 19284 "https://campanaarquidiocesana.org/wp-login.php" "Mozilla/5.0 (Windows NT 10.0; Win64; x64; rv:121.0) Gecko/20100101 Firefox/121.0"
62.60.130.247 - - [01/Sep/2026:10:50:29 -0500] "GET /wp-admin/edit.php HTTP/1.1" 503 19284 "https://campanaarquidiocesana.org/wp-login.php" "Mozilla/5.0 (Windows NT 10.0; Win64; x64; rv:121.0) Gecko/20100101 Firefox/121.0"
62.60.130.247 - - [01/Sep/2026:10:50:30 -0500] "GET /wp-admin/plugins.php HTTP/1.1" 503 19284 "https://campanaarquidiocesana.org/wp-login.php" "Mozilla/5.0 (Windows NT 10.0; Win64; x64; rv:121.0) Gecko/20100101 Firefox/121.0"
62.60.130.247 - - [01/Sep/2026:10:50:31 -0500] "POST /wp-login.php HTTP/1.1" 503 18282 "https://campanaarquidiocesana.org/wp-login.php" "Mozilla/5.0 (Macintosh; Intel Mac OS X 10_15_7) AppleWebKit/537.36 (KHTML, like Gecko) Chrome/121.0.0.0 Safari/537.36"
62.60.130.247 - - [01/Sep/2026:10:50:32 -0500] "GET /wp-admin/index.php HTTP/1.1" 503 19284 "https://campanaarquidiocesana.org/wp-login.php" "Mozilla/5.0 (X11; Ubuntu; Linux x86_64) AppleWebKit/537.36 (KHTML, like Gecko) Chrome/119.0.0.0 Safari/537.36"
157.90.185.123 - - [01/Sep/2026:10:50:33 -0500] "POST /?wordfence_syncAttackData=1788277833.1502 HTTP/1.1" 200 - "-" "WordPress/6.6.7; https://campanaarquidiocesana.org"
62.60.130.247 - - [01/Sep/2026:10:50:34 -0500] "GET /wp-admin/profile.php HTTP/1.1" 503 19284 "https://campanaarquidiocesana.org/wp-login.php" "Mozilla/5.0 (X11; Ubuntu; Linux x86_64) AppleWebKit/537.36 (KHTML, like Gecko) Chrome/119.0.0.0 Safari/537.36"
62.60.130.247 - - [01/Sep/2026:10:50:35 -0500] "GET /wp-admin/edit.php HTTP/1.1" 503 19284 "https://campanaarquidiocesana.org/wp-login.php" "Mozilla/5.0 (X11; Ubuntu; Linux x86_64) AppleWebKit/537.36 (KHTML, like Gecko) Chrome/119.0.0.0 Safari/537.36"
62.60.130.247 - - [01/Sep/2026:10:50:36 -0500] "GET /wp-admin/plugins.php HTTP/1.1" 503 19284 "https://campanaarquidiocesana.org/wp-login.php" "Mozilla/5.0 (X11; Ubuntu; Linux x86_64) AppleWebKit/537.36 (KHTML, like Gecko) Chrome/119.0.0.0 Safari/537.36"
62.60.130.247 - - [01/Sep/2026:10:50:37 -0500] "POST /wp-login.php HTTP/1.1" 503 18282 "https://campanaarquidiocesana.org/wp-login.php" "Mozilla/5.0 (X11; Linux x86_64) AppleWebKit/537.36 (KHTML, like Gecko) Chrome/118.0.0.0 Safari/537.36"
62.60.130.247 - - [01/Sep/2026:10:50:38 -0500] "GET /wp-admin/index.php HTTP/1.1" 503 19284 "https://campanaarquidiocesana.org/wp-login.php" "Mozilla/5.0 (Windows NT 10.0; Win64; x64; rv:121.0) Gecko/20100101 Firefox/121.0"
62.60.130.247 - - [01/Sep/2026:10:50:39 -0500] "GET /wp-admin/profile.php HTTP/1.1" 503 19284 "https://campanaarquidiocesana.org/wp-login.php" "Mozilla/5.0 (Windows NT 10.0; Win64; x64; rv:121.0) Gecko/20100101 Firefox/121.0"
62.60.130.247 - - [01/Sep/2026:10:50:40 -0500] "GET /wp-admin/edit.php HTTP/1.1" 503 19284 "https://campanaarquidiocesana.org/wp-login.php" "Mozilla/5.0 (Windows NT 10.0; Win64; x64; rv:121.0) Gecko/20100101 Firefox/121.0"
62.60.130.247 - - [01/Sep/2026:10:50:41 -0500] "GET /wp-admin/plugins.php HTTP/1.1" 503 19284 "https://campanaarquidiocesana.org/wp-login.php" "Mozilla/5.0 (Windows NT 10.0; Win64; x64; rv:121.0) Gecko/20100101 Firefox/121.0"
62.60.130.247 - - [01/Sep/2026:10:50:42 -0500] "POST /wp-login.php HTTP/1.1" 503 18282 "https://campanaarquidiocesana.org/wp-login.php" "Mozilla/5.0 (Macintosh; Intel Mac OS X 10_15_7) AppleWebKit/537.36 (KHTML, like Gecko) Chrome/118.0.0.0 Safari/537.36"
62.60.130.247 - - [01/Sep/2026:10:50:43 -0500] "GET /wp-admin/index.php HTTP/1.1" 503 19284 "https://campanaarquidiocesana.org/wp-login.php" "Mozilla/5.0 (Windows NT 11.0; Win64; x64; rv:120.0) Gecko/20100101 Firefox/120.0"
157.90.185.123 - - [01/Sep/2026:10:50:44 -0500] "POST /?wordfence_syncAttackData=1788277844.8036 HTTP/1.1" 200 - "-" "WordPress/6.6.7; https://campanaarquidiocesana.org"
62.60.130.247 - - [01/Sep/2026:10:50:46 -0500] "GET /wp-admin/profile.php HTTP/1.1" 503 19284 "https://campanaarquidiocesana.org/wp-login.php" "Mozilla/5.0 (Windows NT 11.0; Win64; x64; rv:120.0) Gecko/20100101 Firefox/120.0"
62.60.130.247 - - [01/Sep/2026:10:50:47 -0500] "GET /wp-admin/edit.php HTTP/1.1" 503 19284 "https://campanaarquidiocesana.org/wp-login.php" "Mozilla/5.0 (Windows NT 11.0; Win64; x64; rv:120.0) Gecko/20100101 Firefox/120.0"
62.60.130.247 - - [01/Sep/2026:10:50:48 -0500] "GET /wp-admin/plugins.php HTTP/1.1" 503 19284 "https://campanaarquidiocesana.org/wp-login.php" "Mozilla/5.0 (Windows NT 11.0; Win64; x64; rv:120.0) Gecko/20100101 Firefox/120.0"
62.60.130.247 - - [01/Sep/2026:10:50:49 -0500] "POST /wp-login.php HTTP/1.1" 503 18282 "https://campanaarquidiocesana.org/wp-login.php" "Mozilla/5.0 (Windows NT 10.0; Win64; x64) AppleWebKit/537.36 (KHTML, like Gecko) Chrome/120.0.0.0 Safari/537.36"
62.60.130.247 - - [01/Sep/2026:10:50:50 -0500] "GET /wp-admin/index.php HTTP/1.1" 503 19284 "https://campanaarquidiocesana.org/wp-login.php" "Mozilla/5.0 (Macintosh; Intel Mac OS X 13_6_1) AppleWebKit/537.36 (KHTML, like Gecko) Chrome/121.0.0.0 Safari/537.36"
62.60.130.247 - - [01/Sep/2026:10:50:51 -0500] "GET /wp-admin/profile.php HTTP/1.1" 503 19284 "https://campanaarquidiocesana.org/wp-login.php" "Mozilla/5.0 (Macintosh; Intel Mac OS X 13_6_1) AppleWebKit/537.36 (KHTML, like Gecko) Chrome/121.0.0.0 Safari/537.36"
62.60.130.247 - - [01/Sep/2026:10:50:52 -0500] "GET /wp-admin/edit.php HTTP/1.1" 503 19284 "https://campanaarquidiocesana.org/wp-login.php" "Mozilla/5.0 (Macintosh; Intel Mac OS X 13_6_1) AppleWebKit/537.36 (KHTML, like Gecko) Chrome/121.0.0.0 Safari/537.36"
62.60.130.247 - - [01/Sep/2026:10:50:53 -0500] "GET /wp-admin/plugins.php HTTP/1.1" 503 19284 "https://campanaarquidiocesana.org/wp-login.php" "Mozilla/5.0 (Macintosh; Intel Mac OS X 13_6_1) AppleWebKit/537.36 (KHTML, like Gecko) Chrome/121.0.0.0 Safari/537.36"
62.60.130.247 - - [01/Sep/2026:10:50:54 -0500] "POST /wp-login.php HTTP/1.1" 503 18282 "https://campanaarquidiocesana.org/wp-login.php" "Mozilla/5.0 (X11; Linux x86_64) AppleWebKit/537.36 (KHTML, like Gecko) Chrome/120.0.0.0 Safari/537.36"
62.60.130.247 - - [01/Sep/2026:10:50:55 -0500] "GET /wp-admin/index.php HTTP/1.1" 503 19284 "https://campanaarquidiocesana.org/wp-login.php" "Mozilla/5.0 (Macintosh; Intel Mac OS X 10_15_7) AppleWebKit/605.1.15 (KHTML, like Gecko) Version/17.1 Safari/605.1.15"
157.90.185.123 - - [01/Sep/2026:10:50:55 -0500] "POST /?wordfence_syncAttackData=1788277855.8903 HTTP/1.1" 200 - "-" "WordPress/6.6.7; https://campanaarquidiocesana.org"
62.60.130.247 - - [01/Sep/2026:10:50:57 -0500] "GET /wp-admin/profile.php HTTP/1.1" 503 19284 "https://campanaarquidiocesana.org/wp-login.php" "Mozilla/5.0 (Macintosh; Intel Mac OS X 10_15_7) AppleWebKit/605.1.15 (KHTML, like Gecko) Version/17.1 Safari/605.1.15"
62.60.130.247 - - [01/Sep/2026:10:50:58 -0500] "GET /wp-admin/edit.php HTTP/1.1" 503 19284 "https://campanaarquidiocesana.org/wp-login.php" "Mozilla/5.0 (Macintosh; Intel Mac OS X 10_15_7) AppleWebKit/605.1.15 (KHTML, like Gecko) Version/17.1 Safari/605.1.15"
62.60.130.247 - - [01/Sep/2026:10:50:59 -0500] "GET /wp-admin/plugins.php HTTP/1.1" 503 19284 "https://campanaarquidiocesana.org/wp-login.php" "Mozilla/5.0 (Macintosh; Intel Mac OS X 10_15_7) AppleWebKit/605.1.15 (KHTML, like Gecko) Version/17.1 Safari/605.1.15"
62.60.130.247 - - [01/Sep/2026:10:51:00 -0500] "POST /wp-login.php HTTP/1.1" 503 18282 "https://campanaarquidiocesana.org/wp-login.php" "Mozilla/5.0 (Windows NT 11.0; Win64; x64) AppleWebKit/537.36 (KHTML, like Gecko) Chrome/121.0.0.0 Safari/537.36"
62.60.130.247 - - [01/Sep/2026:10:51:01 -0500] "GET /wp-admin/index.php HTTP/1.1" 503 19284 "https://campanaarquidiocesana.org/wp-login.php" "Mozilla/5.0 (Macintosh; Intel Mac OS X 13_6_1) AppleWebKit/537.36 (KHTML, like Gecko) Chrome/118.0.0.0 Safari/537.36"
62.60.130.247 - - [01/Sep/2026:10:51:02 -0500] "GET /wp-admin/profile.php HTTP/1.1" 503 19284 "https://campanaarquidiocesana.org/wp-login.php" "Mozilla/5.0 (Macintosh; Intel Mac OS X 13_6_1) AppleWebKit/537.36 (KHTML, like Gecko) Chrome/118.0.0.0 Safari/537.36"
62.60.130.247 - - [01/Sep/2026:10:51:03 -0500] "GET /wp-admin/edit.php HTTP/1.1" 503 19284 "https://campanaarquidiocesana.org/wp-login.php" "Mozilla/5.0 (Macintosh; Intel Mac OS X 13_6_1) AppleWebKit/537.36 (KHTML, like Gecko) Chrome/118.0.0.0 Safari/537.36"
62.60.130.247 - - [01/Sep/2026:10:51:04 -0500] "GET /wp-admin/plugins.php HTTP/1.1" 503 19284 "https://campanaarquidiocesana.org/wp-login.php" "Mozilla/5.0 (Macintosh; Intel Mac OS X 13_6_1) AppleWebKit/537.36 (KHTML, like Gecko) Chrome/118.0.0.0 Safari/537.36"
157.90.185.123 - - [01/Sep/2026:10:51:05 -0500] "POST /?wordfence_syncAttackData=1788277865.211 HTTP/1.1" 200 - "-" "WordPress/6.6.7; https://campanaarquidiocesana.org"
62.60.130.247 - - [01/Sep/2026:10:51:07 -0500] "GET /wp-admin/index.php HTTP/1.1" 503 19284 "https://campanaarquidiocesana.org/wp-login.php" "Mozilla/5.0 (Windows NT 11.0; Win64; x64; rv:120.0) Gecko/20100101 Firefox/120.0"
62.60.130.247 - - [01/Sep/2026:10:51:08 -0500] "GET /wp-admin/profile.php HTTP/1.1" 503 19284 "https://campanaarquidiocesana.org/wp-login.php" "Mozilla/5.0 (Windows NT 11.0; Win64; x64; rv:120.0) Gecko/20100101 Firefox/120.0"
62.60.130.247 - - [01/Sep/2026:10:51:06 -0500] "POST /wp-login.php HTTP/1.1" 503 18282 "https://campanaarquidiocesana.org/wp-login.php" "Mozilla/5.0 (Windows NT 10.0; Win64; x64) AppleWebKit/537.36 (KHTML, like Gecko) Chrome/118.0.0.0 Safari/537.36"
62.60.130.247 - - [01/Sep/2026:10:51:09 -0500] "GET /wp-admin/edit.php HTTP/1.1" 503 19284 "https://campanaarquidiocesana.org/wp-login.php" "Mozilla/5.0 (Windows NT 11.0; Win64; x64; rv:120.0) Gecko/20100101 Firefox/120.0"
62.60.130.247 - - [01/Sep/2026:10:51:10 -0500] "GET /wp-admin/plugins.php HTTP/1.1" 503 19284 "https://campanaarquidiocesana.org/wp-login.php" "Mozilla/5.0 (Windows NT 11.0; Win64; x64; rv:120.0) Gecko/20100101 Firefox/120.0"
62.60.130.247 - - [01/Sep/2026:10:51:11 -0500] "POST /wp-login.php HTTP/1.1" 503 18282 "https://campanaarquidiocesana.org/wp-login.php" "Mozilla/5.0 (Macintosh; Intel Mac OS X 10_15_7) AppleWebKit/537.36 (KHTML, like Gecko) Chrome/120.0.0.0 Safari/537.36"
62.60.130.247 - - [01/Sep/2026:10:51:12 -0500] "GET /wp-admin/index.php HTTP/1.1" 503 19284 "https://campanaarquidiocesana.org/wp-login.php" "Mozilla/5.0 (Macintosh; Intel Mac OS X 10_15_7) AppleWebKit/605.1.15 (KHTML, like Gecko) Version/17.1 Safari/605.1.15"
62.60.130.247 - - [01/Sep/2026:10:51:13 -0500] "GET /wp-admin/profile.php HTTP/1.1" 503 19284 "https://campanaarquidiocesana.org/wp-login.php" "Mozilla/5.0 (Macintosh; Intel Mac OS X 10_15_7) AppleWebKit/605.1.15 (KHTML, like Gecko) Version/17.1 Safari/605.1.15"
62.60.130.247 - - [01/Sep/2026:10:51:14 -0500] "GET /wp-admin/edit.php HTTP/1.1" 503 19284 "https://campanaarquidiocesana.org/wp-login.php" "Mozilla/5.0 (Macintosh; Intel Mac OS X 10_15_7) AppleWebKit/605.1.15 (KHTML, like Gecko) Version/17.1 Safari/605.1.15"
157.90.185.123 - - [01/Sep/2026:10:51:15 -0500] "POST /?wordfence_syncAttackData=1788277875.3283 HTTP/1.1" 200 - "-" "WordPress/6.6.7; https://campanaarquidiocesana.org"
62.60.130.247 - - [01/Sep/2026:10:51:16 -0500] "GET /wp-admin/plugins.php HTTP/1.1" 503 19284 "https://campanaarquidiocesana.org/wp-login.php" "Mozilla/5.0 (Macintosh; Intel Mac OS X 10_15_7) AppleWebKit/605.1.15 (KHTML, like Gecko) Version/17.1 Safari/605.1.15"
62.60.130.247 - - [01/Sep/2026:10:51:17 -0500] "POST /wp-login.php HTTP/1.1" 503 18282 "https://campanaarquidiocesana.org/wp-login.php" "Mozilla/5.0 (Windows NT 10.0; Win64; x64) AppleWebKit/537.36 (KHTML, like Gecko) Chrome/121.0.0.0 Safari/537.36"
62.60.130.247 - - [01/Sep/2026:10:51:18 -0500] "GET /wp-admin/index.php HTTP/1.1" 503 19284 "https://campanaarquidiocesana.org/wp-login.php" "Mozilla/5.0 (Windows NT 11.0; Win64; x64) AppleWebKit/537.36 (KHTML, like Gecko) Chrome/121.0.0.0 Safari/537.36"
62.60.130.247 - - [01/Sep/2026:10:51:19 -0500] "GET /wp-admin/profile.php HTTP/1.1" 503 19284 "https://campanaarquidiocesana.org/wp-login.php" "Mozilla/5.0 (Windows NT 11.0; Win64; x64) AppleWebKit/537.36 (KHTML, like Gecko) Chrome/121.0.0.0 Safari/537.36"
62.60.130.247 - - [01/Sep/2026:10:51:20 -0500] "GET /wp-admin/edit.php HTTP/1.1" 503 19284 "https://campanaarquidiocesana.org/wp-login.php" "Mozilla/5.0 (Windows NT 11.0; Win64; x64) AppleWebKit/537.36 (KHTML, like Gecko) Chrome/121.0.0.0 Safari/537.36"
62.60.130.247 - - [01/Sep/2026:10:51:21 -0500] "GET /wp-admin/plugins.php HTTP/1.1" 503 19284 "https://campanaarquidiocesana.org/wp-login.php" "Mozilla/5.0 (Windows NT 11.0; Win64; x64) AppleWebKit/537.36 (KHTML, like Gecko) Chrome/121.0.0.0 Safari/537.36"
62.60.130.247 - - [01/Sep/2026:10:51:22 -0500] "POST /wp-login.php HTTP/1.1" 503 18282 "https://campanaarquidiocesana.org/wp-login.php" "Mozilla/5.0 (Macintosh; Intel Mac OS X 10_15_7; rv:118.0) Gecko/20100101 Firefox/118.0"
62.60.130.247 - - [01/Sep/2026:10:51:23 -0500] "GET /wp-admin/index.php HTTP/1.1" 503 19284 "https://campanaarquidiocesana.org/wp-login.php" "Mozilla/5.0 (Macintosh; Intel Mac OS X 10_15_7) AppleWebKit/537.36 (KHTML, like Gecko) Chrome/119.0.0.0 Safari/537.36"
62.60.130.247 - - [01/Sep/2026:10:51:24 -0500] "GET /wp-admin/profile.php HTTP/1.1" 503 19284 "https://campanaarquidiocesana.org/wp-login.php" "Mozilla/5.0 (Macintosh; Intel Mac OS X 10_15_7) AppleWebKit/537.36 (KHTML, like Gecko) Chrome/119.0.0.0 Safari/537.36"
157.90.185.123 - - [01/Sep/2026:10:51:25 -0500] "POST /?wordfence_syncAttackData=1788277885.4051 HTTP/1.1" 200 - "-" "WordPress/6.6.7; https://campanaarquidiocesana.org"
62.60.130.247 - - [01/Sep/2026:10:51:26 -0500] "GET /wp-admin/edit.php HTTP/1.1" 503 19284 "https://campanaarquidiocesana.org/wp-login.php" "Mozilla/5.0 (Macintosh; Intel Mac OS X 10_15_7) AppleWebKit/537.36 (KHTML, like Gecko) Chrome/119.0.0.0 Safari/537.36"
62.60.130.247 - - [01/Sep/2026:10:51:27 -0500] "GET /wp-admin/plugins.php HTTP/1.1" 503 19284 "https://campanaarquidiocesana.org/wp-login.php" "Mozilla/5.0 (Macintosh; Intel Mac OS X 10_15_7) AppleWebKit/537.36 (KHTML, like Gecko) Chrome/119.0.0.0 Safari/537.36"
62.60.130.247 - - [01/Sep/2026:10:51:28 -0500] "POST /wp-login.php HTTP/1.1" 503 18282 "https://campanaarquidiocesana.org/wp-login.php" "Mozilla/5.0 (Windows NT 10.0; Win64; x64) AppleWebKit/537.36 (KHTML, like Gecko) Chrome/118.0.0.0 Safari/537.36"
62.60.130.247 - - [01/Sep/2026:10:51:29 -0500] "GET /wp-admin/index.php HTTP/1.1" 503 19284 "https://campanaarquidiocesana.org/wp-login.php" "Mozilla/5.0 (Windows NT 11.0; Win64; x64; rv:118.0) Gecko/20100101 Firefox/118.0"
62.60.130.247 - - [01/Sep/2026:10:51:30 -0500] "GET /wp-admin/profile.php HTTP/1.1" 503 19284 "https://campanaarquidiocesana.org/wp-login.php" "Mozilla/5.0 (Windows NT 11.0; Win64; x64; rv:118.0) Gecko/20100101 Firefox/118.0"
62.60.130.247 - - [01/Sep/2026:10:51:31 -0500] "GET /wp-admin/edit.php HTTP/1.1" 503 19284 "https://campanaarquidiocesana.org/wp-login.php" "Mozilla/5.0 (Windows NT 11.0; Win64; x64; rv:118.0) Gecko/20100101 Firefox/118.0"
62.60.130.247 - - [01/Sep/2026:10:51:33 -0500] "GET /wp-admin/plugins.php HTTP/1.1" 503 19284 "https://campanaarquidiocesana.org/wp-login.php" "Mozilla/5.0 (Windows NT 11.0; Win64; x64; rv:118.0) Gecko/20100101 Firefox/118.0"
62.60.130.247 - - [01/Sep/2026:10:51:34 -0500] "POST /wp-login.php HTTP/1.1" 503 18282 "https://campanaarquidiocesana.org/wp-login.php" "Mozilla/5.0 (X11; Ubuntu; Linux x86_64) AppleWebKit/537.36 (KHTML, like Gecko) Chrome/118.0.0.0 Safari/537.36"
62.60.130.247 - - [01/Sep/2026:10:51:34 -0500] "GET /wp-admin/index.php HTTP/1.1" 503 19284 "https://campanaarquidiocesana.org/wp-login.php" "Mozilla/5.0 (Macintosh; Intel Mac OS X 10_15_7) AppleWebKit/537.36 (KHTML, like Gecko) Chrome/121.0.0.0 Safari/537.36"
157.90.185.123 - - [01/Sep/2026:10:51:35 -0500] "POST /?wordfence_syncAttackData=1788277895.7393 HTTP/1.1" 200 - "-" "WordPress/6.6.7; https://campanaarquidiocesana.org"
62.60.130.247 - - [01/Sep/2026:10:51:36 -0500] "GET /wp-admin/profile.php HTTP/1.1" 503 19284 "https://campanaarquidiocesana.org/wp-login.php" "Mozilla/5.0 (Macintosh; Intel Mac OS X 10_15_7) AppleWebKit/537.36 (KHTML, like Gecko) Chrome/121.0.0.0 Safari/537.36"
62.60.130.247 - - [01/Sep/2026:10:51:38 -0500] "GET /wp-admin/edit.php HTTP/1.1" 503 19284 "https://campanaarquidiocesana.org/wp-login.php" "Mozilla/5.0 (Macintosh; Intel Mac OS X 10_15_7) AppleWebKit/537.36 (KHTML, like Gecko) Chrome/121.0.0.0 Safari/537.36"
62.60.130.247 - - [01/Sep/2026:10:51:39 -0500] "GET /wp-admin/plugins.php HTTP/1.1" 503 19284 "https://campanaarquidiocesana.org/wp-login.php" "Mozilla/5.0 (Macintosh; Intel Mac OS X 10_15_7) AppleWebKit/537.36 (KHTML, like Gecko) Chrome/121.0.0.0 Safari/537.36"
62.60.130.247 - - [01/Sep/2026:10:51:40 -0500] "POST /wp-login.php HTTP/1.1" 503 18282 "https://campanaarquidiocesana.org/wp-login.php" "Mozilla/5.0 (Windows NT 11.0; Win64; x64) AppleWebKit/537.36 (KHTML, like Gecko) Chrome/120.0.0.0 Safari/537.36"
62.60.130.247 - - [01/Sep/2026:10:51:41 -0500] "GET /wp-admin/index.php HTTP/1.1" 503 19284 "https://campanaarquidiocesana.org/wp-login.php" "Mozilla/5.0 (Macintosh; Intel Mac OS X 10_15_7) AppleWebKit/537.36 (KHTML, like Gecko) Chrome/120.0.0.0 Safari/537.36"
62.60.130.247 - - [01/Sep/2026:10:51:42 -0500] "GET /wp-admin/profile.php HTTP/1.1" 503 19284 "https://campanaarquidiocesana.org/wp-login.php" "Mozilla/5.0 (Macintosh; Intel Mac OS X 10_15_7) AppleWebKit/537.36 (KHTML, like Gecko) Chrome/120.0.0.0 Safari/537.36"
62.60.130.247 - - [01/Sep/2026:10:51:43 -0500] "GET /wp-admin/edit.php HTTP/1.1" 503 19284 "https://campanaarquidiocesana.org/wp-login.php" "Mozilla/5.0 (Macintosh; Intel Mac OS X 10_15_7) AppleWebKit/537.36 (KHTML, like Gecko) Chrome/120.0.0.0 Safari/537.36"
62.60.130.247 - - [01/Sep/2026:10:51:44 -0500] "GET /wp-admin/plugins.php HTTP/1.1" 503 19284 "https://campanaarquidiocesana.org/wp-login.php" "Mozilla/5.0 (Macintosh; Intel Mac OS X 10_15_7) AppleWebKit/537.36 (KHTML, like Gecko) Chrome/120.0.0.0 Safari/537.36"
157.90.185.123 - - [01/Sep/2026:10:51:45 -0500] "POST /?wordfence_syncAttackData=1788277905.0322 HTTP/1.1" 200 - "-" "WordPress/6.6.7; https://campanaarquidiocesana.org"
62.60.130.247 - - [01/Sep/2026:10:51:46 -0500] "POST /wp-login.php HTTP/1.1" 503 18282 "https://campanaarquidiocesana.org/wp-login.php" "Mozilla/5.0 (X11; Linux x86_64) AppleWebKit/537.36 (KHTML, like Gecko) Chrome/118.0.0.0 Safari/537.36"
62.60.130.247 - - [01/Sep/2026:10:51:47 -0500] "GET /wp-admin/index.php HTTP/1.1" 503 19284 "https://campanaarquidiocesana.org/wp-login.php" "Mozilla/5.0 (Macintosh; Intel Mac OS X 10_15_7) AppleWebKit/605.1.15 (KHTML, like Gecko) Version/17.1 Safari/605.1.15"
62.60.130.247 - - [01/Sep/2026:10:51:48 -0500] "GET /wp-admin/profile.php HTTP/1.1" 503 19284 "https://campanaarquidiocesana.org/wp-login.php" "Mozilla/5.0 (Macintosh; Intel Mac OS X 10_15_7) AppleWebKit/605.1.15 (KHTML, like Gecko) Version/17.1 Safari/605.1.15"
62.60.130.247 - - [01/Sep/2026:10:51:49 -0500] "GET /wp-admin/edit.php HTTP/1.1" 503 19284 "https://campanaarquidiocesana.org/wp-login.php" "Mozilla/5.0 (Macintosh; Intel Mac OS X 10_15_7) AppleWebKit/605.1.15 (KHTML, like Gecko) Version/17.1 Safari/605.1.15"
62.60.130.247 - - [01/Sep/2026:10:51:50 -0500] "GET /wp-admin/plugins.php HTTP/1.1" 503 19284 "https://campanaarquidiocesana.org/wp-login.php" "Mozilla/5.0 (Macintosh; Intel Mac OS X 10_15_7) AppleWebKit/605.1.15 (KHTML, like Gecko) Version/17.1 Safari/605.1.15"
157.90.185.123 - - [01/Sep/2026:10:53:38 -0500] "POST /?wordfence_syncAttackData=1788278018.3233 HTTP/1.1" 200 - "-" "WordPress/6.6.7; https://campanaarquidiocesana.org"
146.70.160.222 - - [01/Sep/2026:10:53:37 -0500] "GET /uploads/ HTTP/1.1" 404 41678 "-" "-"
114.116.249.208 - - [01/Sep/2026:10:53:41 -0500] "POST /wp-login.php HTTP/1.1" 503 19284 "https://campanaarquidiocesana.org/wp-login.php" "Mozilla/5.0 (Windows NT 10.0; Win64; x64) AppleWebKit/537.36 (KHTML, like Gecko) Chrome/125.0.0.0 Safari/537.36"
162.241.203.127 - - [01/Sep/2026:10:54:33 -0500] "GET /wp-login.php HTTP/1.1" 200 9201 "https://iglesiaerestu.org/wp-login.php" "Mozilla/5.0 (Windows NT 10.0; Win64; x64) AppleWebKit/537.36 (KHTML, like Gecko) Chrome/151.0.0.0 Safari/537.36"
162.241.203.127 - - [01/Sep/2026:10:54:34 -0500] "GET /wp-login.php HTTP/1.1" 200 9201 "https://iglesiaerestu.org/wp-login.php" "Mozilla/5.0 (Windows NT 10.0; Win64; x64) AppleWebKit/537.36 (KHTML, like Gecko) Chrome/151.0.0.0 Safari/537.36"
94.154.172.8 - - [01/Sep/2026:10:54:39 -0500] "GET / HTTP/1.1" 200 19791 "-" "Mozilla/5.0 (Macintosh; Intel Mac OS X 10_15_7) AppleWebKit/537.36 (KHTML, like Gecko) Chrome/131.0.0.0 Safari/537.36"
51.89.83.145 - - [01/Sep/2026:10:55:44 -0500] "GET /assets/images/accesson.php HTTP/1.1" 404 51052 "-" "Mozilla/5.0 (X11; Linux x86_64) AppleWebKit/537.36 (KHTML, like Gecko) Chrome/147.0.0.0 Safari/537.36"
94.154.43.129 - - [01/Sep/2026:10:55:50 -0500] "GET / HTTP/1.1" 200 113794 "-" "Mozilla/5.0 (Windows NT 10.0; Win64; x64) AppleWebKit/537.36 (KHTML, like Gecko) Chrome/147.0.0.0 Safari/537.36"
20.220.227.7 - - [01/Sep/2026:10:55:52 -0500] "GET /wp-content/plugins/hellopress/wp_filemanager.php HTTP/1.1" 404 51052 "-" "-"
20.220.227.7 - - [01/Sep/2026:10:55:53 -0500] "GET /this_is_a_new_hello_world.php HTTP/1.1" 404 41721 "-" "-"
20.220.227.7 - - [01/Sep/2026:10:55:55 -0500] "GET /hosty.php HTTP/1.1" 404 41721 "-" "-"
20.220.227.7 - - [01/Sep/2026:10:55:57 -0500] "GET /class-walker-footer-dev.php?p= HTTP/1.1" 301 - "-" "-"
20.220.227.7 - - [01/Sep/2026:10:55:58 -0500] "GET /class-walker-footer-dev.php HTTP/1.1" 404 41721 "-" "-"
20.220.227.7 - - [01/Sep/2026:10:56:00 -0500] "GET /rz.php HTTP/1.1" 404 41721 "-" "-"
20.220.227.7 - - [01/Sep/2026:10:56:02 -0500] "GET /shop.php HTTP/1.1" 404 41721 "-" "-"
20.220.227.7 - - [01/Sep/2026:10:56:03 -0500] "GET /style.php HTTP/1.1" 404 41721 "-" "-"
51.89.83.145 - - [01/Sep/2026:10:58:42 -0500] "GET /blog-verify HTTP/1.1" 404 41721 "-" "Mozilla/5.0 (Windows NT 10.0; Win64; x64) AppleWebKit/537.36 (KHTML, like Gecko) Chrome/148.0.0.0 Safari/537.36"
51.89.83.145 - - [01/Sep/2026:10:59:04 -0500] "GET /?dev=devupdate HTTP/1.1" 200 113794 "-" "Mozilla/5.0 (Macintosh; Intel Mac OS X 10_15_7; rv:149.0) Gecko/20100101 Firefox/149.0"
146.70.160.222 - - [01/Sep/2026:11:01:10 -0500] "GET /admin/uploads/ HTTP/1.1" 404 41678 "-" "-"
50.87.144.101 - - [01/Sep/2026:11:01:15 -0500] "GET /wp-login.php HTTP/1.1" 200 9201 "https://iglesiaerestu.org/wp-login.php" "Mozilla/5.0 (Windows NT 10.0; Win64; x64) AppleWebKit/537.36 (KHTML, like Gecko) Chrome/151.0.0.0 Safari/537.36"
50.87.144.101 - - [01/Sep/2026:11:01:21 -0500] "GET /wp-login.php HTTP/1.1" 200 9201 "https://iglesiaerestu.org/wp-login.php" "Mozilla/5.0 (Windows NT 10.0; Win64; x64) AppleWebKit/537.36 (KHTML, like Gecko) Chrome/151.0.0.0 Safari/537.36"
145.241.116.12 - - [01/Sep/2026:11:01:35 -0500] "GET /wp-login.php HTTP/1.1" 200 9201 "https://www.google.com/search?q=wordpress" "Mozilla/5.0 (X11; Ubuntu; Linux x86_64) AppleWebKit/537.36 (KHTML, like Gecko) Chrome/121.0.0.0 Safari/537.36"
145.241.116.12 - - [01/Sep/2026:11:01:36 -0500] "GET /?author=1 HTTP/1.1" 404 - "https://www.facebook.com/" "Mozilla/5.0 (X11; Linux x86_64) AppleWebKit/537.36 (KHTML, like Gecko) Chrome/119.0.0.0 Safari/537.36"
145.241.116.12 - - [01/Sep/2026:11:01:38 -0500] "GET /?author=2 HTTP/1.1" 404 - "" "Mozilla/5.0 (Windows NT 10.0; Win64; x64; rv:121.0) Gecko/20100101 Firefox/121.0"
145.241.116.12 - - [01/Sep/2026:11:01:39 -0500] "GET /?author=3 HTTP/1.1" 404 - "https://www.facebook.com/" "Mozilla/5.0 (Macintosh; Intel Mac OS X 10_15_7) AppleWebKit/537.36 (KHTML, like Gecko) Chrome/119.0.0.0 Safari/537.36"
145.241.116.12 - - [01/Sep/2026:11:01:41 -0500] "GET /?author=4 HTTP/1.1" 404 - "https://duckduckgo.com/" "Mozilla/5.0 (Macintosh; Intel Mac OS X 13_6_1) AppleWebKit/605.1.15 (KHTML, like Gecko) Version/16.6 Safari/605.1.15"
145.241.116.12 - - [01/Sep/2026:11:01:42 -0500] "GET /?author=5 HTTP/1.1" 404 - "https://www.google.com/" "Mozilla/5.0 (Windows NT 11.0; Win64; x64; rv:121.0) Gecko/20100101 Firefox/121.0"
145.241.116.12 - - [01/Sep/2026:11:01:44 -0500] "GET /?author=6 HTTP/1.1" 404 - "https://www.bing.com/" "Mozilla/5.0 (Windows NT 11.0; Win64; x64) AppleWebKit/537.36 (KHTML, like Gecko) Chrome/118.0.0.0 Safari/537.36"
145.241.116.12 - - [01/Sep/2026:11:01:45 -0500] "GET /?author=7 HTTP/1.1" 404 - "-" "Mozilla/5.0 (Macintosh; Intel Mac OS X 13_6_1) AppleWebKit/537.36 (KHTML, like Gecko) Chrome/118.0.0.0 Safari/537.36"
145.241.116.12 - - [01/Sep/2026:11:01:47 -0500] "GET /?author=8 HTTP/1.1" 404 - "-" "Mozilla/5.0 (Windows NT 11.0; Win64; x64) AppleWebKit/537.36 (KHTML, like Gecko) Chrome/118.0.0.0 Safari/537.36"
145.241.116.12 - - [01/Sep/2026:11:01:48 -0500] "GET /?author=9 HTTP/1.1" 404 - "https://wordpress.org/" "Mozilla/5.0 (Macintosh; Intel Mac OS X 10_15_7; rv:118.0) Gecko/20100101 Firefox/118.0"
145.241.116.12 - - [01/Sep/2026:11:01:50 -0500] "GET /wp-json/wp/v2/users HTTP/1.1" 403 199 "https://www.google.com/search?q=wordpress" "Mozilla/5.0 (Windows NT 11.0; Win64; x64) AppleWebKit/537.36 (KHTML, like Gecko) Chrome/118.0.0.0 Safari/537.36"
145.241.116.12 - - [01/Sep/2026:11:01:50 -0500] "GET / HTTP/1.1" 200 19791 "https://duckduckgo.com/" "Mozilla/5.0 (Macintosh; Intel Mac OS X 13_6_1; rv:120.0) Gecko/20100101 Firefox/120.0"
145.241.116.12 - - [01/Sep/2026:11:01:51 -0500] "GET /wp-admin/index.php HTTP/1.1" 302 - "https://iglesiaerestu.org/wp-login.php" "Mozilla/5.0 (X11; Ubuntu; Linux x86_64) AppleWebKit/537.36 (KHTML, like Gecko) Chrome/121.0.0.0 Safari/537.36"
145.241.116.12 - - [01/Sep/2026:11:01:52 -0500] "GET /wp-login.php?redirect_to=https%3A%2F%2Fcampanaarquidiocesana.org%2Fwp-admin%2Findex.php&reauth=1 HTTP/1.1" 200 9325 "https://iglesiaerestu.org/wp-login.php" "Mozilla/5.0 (X11; Ubuntu; Linux x86_64) AppleWebKit/537.36 (KHTML, like Gecko) Chrome/121.0.0.0 Safari/537.36"
145.241.116.12 - - [01/Sep/2026:11:01:54 -0500] "GET /wp-admin/index.php HTTP/1.1" 302 - "https://iglesiaerestu.org/wp-login.php" "Mozilla/5.0 (X11; Linux x86_64) AppleWebKit/537.36 (KHTML, like Gecko) Chrome/119.0.0.0 Safari/537.36"
145.241.116.12 - - [01/Sep/2026:11:01:56 -0500] "GET /wp-login.php?redirect_to=https%3A%2F%2Fcampanaarquidiocesana.org%2Fwp-admin%2Findex.php&reauth=1 HTTP/1.1" 200 9325 "https://iglesiaerestu.org/wp-login.php" "Mozilla/5.0 (X11; Linux x86_64) AppleWebKit/537.36 (KHTML, like Gecko) Chrome/119.0.0.0 Safari/537.36"
