34.150.65.153 - - [01/Sep/2026:14:28:24 -0500] "GET /campaign/.env HTTP/1.1" 403 199 "-" "Mozilla/5.0 (X11; Linux x86_64) AppleWebKit/537.36 (KHTML, like Gecko) Chrome/131.0.0.0 Safari/537.36"
34.150.65.153 - - [01/Sep/2026:14:28:24 -0500] "GET /newsletter/.env HTTP/1.1" 403 199 "-" "Mozilla/5.0 (X11; Linux x86_64) AppleWebKit/537.36 (KHTML, like Gecko) Chrome/131.0.0.0 Safari/537.36"
91.98.185.79 - - [01/Sep/2026:14:28:20 -0500] "GET /marca/eva-solo/?stock_status=instock&per_row=2&per_page=9&shop_view=grid&filter_color=beige HTTP/1.1" 200 226797 "-" "Mozilla/5.0 (compatible; SERankingBacklinksBot/1.0; +https://seranking.com/backlinks-crawler)"
34.150.65.153 - - [01/Sep/2026:14:28:25 -0500] "GET /ses/.env HTTP/1.1" 403 199 "-" "Mozilla/5.0 (X11; Linux x86_64) AppleWebKit/537.36 (KHTML, like Gecko) Chrome/131.0.0.0 Safari/537.36"
34.150.65.153 - - [01/Sep/2026:14:28:26 -0500] "GET /sendgrid/.env HTTP/1.1" 403 199 "-" "Mozilla/5.0 (X11; Linux x86_64) AppleWebKit/537.36 (KHTML, like Gecko) Chrome/131.0.0.0 Safari/537.36"
34.150.65.153 - - [01/Sep/2026:14:28:27 -0500] "GET /sparkpost/.env HTTP/1.1" 403 199 "-" "Mozilla/5.0 (X11; Linux x86_64) AppleWebKit/537.36 (KHTML, like Gecko) Chrome/131.0.0.0 Safari/537.36"
34.150.65.153 - - [01/Sep/2026:14:28:28 -0500] "GET /postmark/.env HTTP/1.1" 403 199 "-" "Mozilla/5.0 (X11; Linux x86_64) AppleWebKit/537.36 (KHTML, like Gecko) Chrome/131.0.0.0 Safari/537.36"
34.150.65.153 - - [01/Sep/2026:14:28:28 -0500] "GET /mailgun/.env HTTP/1.1" 403 199 "-" "Mozilla/5.0 (X11; Linux x86_64) AppleWebKit/537.36 (KHTML, like Gecko) Chrome/131.0.0.0 Safari/537.36"
34.150.65.153 - - [01/Sep/2026:14:28:29 -0500] "GET /mandrill/.env HTTP/1.1" 403 199 "-" "Mozilla/5.0 (X11; Linux x86_64) AppleWebKit/537.36 (KHTML, like Gecko) Chrome/131.0.0.0 Safari/537.36"
34.150.65.153 - - [01/Sep/2026:14:28:30 -0500] "GET /mailjet/.env HTTP/1.1" 403 199 "-" "Mozilla/5.0 (X11; Linux x86_64) AppleWebKit/537.36 (KHTML, like Gecko) Chrome/131.0.0.0 Safari/537.36"
91.98.185.79 - - [01/Sep/2026:14:28:27 -0500] "GET /marca/eva-solo/?stock_status=instock&per_row=2&per_page=9&shop_view=grid&filter_color=black HTTP/1.1" 200 222089 "-" "Mozilla/5.0 (compatible; SERankingBacklinksBot/1.0; +https://seranking.com/backlinks-crawler)"
34.150.65.153 - - [01/Sep/2026:14:28:31 -0500] "GET /brevo/.env HTTP/1.1" 403 199 "-" "Mozilla/5.0 (X11; Linux x86_64) AppleWebKit/537.36 (KHTML, like Gecko) Chrome/131.0.0.0 Safari/537.36"
34.150.65.153 - - [01/Sep/2026:14:28:32 -0500] "GET /transactional/.env HTTP/1.1" 403 199 "-" "Mozilla/5.0 (X11; Linux x86_64) AppleWebKit/537.36 (KHTML, like Gecko) Chrome/131.0.0.0 Safari/537.36"
34.150.65.153 - - [01/Sep/2026:14:28:33 -0500] "GET /bulk/.env HTTP/1.1" 403 199 "-" "Mozilla/5.0 (X11; Linux x86_64) AppleWebKit/537.36 (KHTML, like Gecko) Chrome/131.0.0.0 Safari/537.36"
34.150.65.153 - - [01/Sep/2026:14:28:33 -0500] "GET /aws/.env HTTP/1.1" 403 199 "-" "Mozilla/5.0 (X11; Linux x86_64) AppleWebKit/537.36 (KHTML, like Gecko) Chrome/131.0.0.0 Safari/537.36"
34.150.65.153 - - [01/Sep/2026:14:28:34 -0500] "GET /azure/.env HTTP/1.1" 403 199 "-" "Mozilla/5.0 (X11; Linux x86_64) AppleWebKit/537.36 (KHTML, like Gecko) Chrome/131.0.0.0 Safari/537.36"
34.150.65.153 - - [01/Sep/2026:14:28:35 -0500] "GET /gcp/.env HTTP/1.1" 403 199 "-" "Mozilla/5.0 (X11; Linux x86_64) AppleWebKit/537.36 (KHTML, like Gecko) Chrome/131.0.0.0 Safari/537.36"
34.150.65.153 - - [01/Sep/2026:14:28:36 -0500] "GET /cloud/.env HTTP/1.1" 403 199 "-" "Mozilla/5.0 (X11; Linux x86_64) AppleWebKit/537.36 (KHTML, like Gecko) Chrome/131.0.0.0 Safari/537.36"
34.150.65.153 - - [01/Sep/2026:14:28:37 -0500] "GET /infrastructure/.env HTTP/1.1" 403 199 "-" "Mozilla/5.0 (X11; Linux x86_64) AppleWebKit/537.36 (KHTML, like Gecko) Chrome/131.0.0.0 Safari/537.36"
34.150.65.153 - - [01/Sep/2026:14:28:37 -0500] "GET /docker/.env HTTP/1.1" 403 199 "-" "Mozilla/5.0 (X11; Linux x86_64) AppleWebKit/537.36 (KHTML, like Gecko) Chrome/131.0.0.0 Safari/537.36"
34.150.65.153 - - [01/Sep/2026:14:28:38 -0500] "GET /k8s/.env HTTP/1.1" 403 199 "-" "Mozilla/5.0 (X11; Linux x86_64) AppleWebKit/537.36 (KHTML, like Gecko) Chrome/131.0.0.0 Safari/537.36"
34.150.65.153 - - [01/Sep/2026:14:28:39 -0500] "GET /kubernetes/.env HTTP/1.1" 403 199 "-" "Mozilla/5.0 (X11; Linux x86_64) AppleWebKit/537.36 (KHTML, like Gecko) Chrome/131.0.0.0 Safari/537.36"
91.98.185.79 - - [01/Sep/2026:14:28:33 -0500] "GET /marca/eva-solo/?stock_status=instock&per_row=2&per_page=9&shop_view=grid&filter_color=brown HTTP/1.1" 200 222050 "-" "Mozilla/5.0 (compatible; SERankingBacklinksBot/1.0; +https://seranking.com/backlinks-crawler)"
34.150.65.153 - - [01/Sep/2026:14:28:40 -0500] "GET /terraform/.env HTTP/1.1" 403 199 "-" "Mozilla/5.0 (X11; Linux x86_64) AppleWebKit/537.36 (KHTML, like Gecko) Chrome/131.0.0.0 Safari/537.36"
34.150.65.153 - - [01/Sep/2026:14:28:41 -0500] "GET /ansible/.env HTTP/1.1" 403 199 "-" "Mozilla/5.0 (X11; Linux x86_64) AppleWebKit/537.36 (KHTML, like Gecko) Chrome/131.0.0.0 Safari/537.36"
34.150.65.153 - - [01/Sep/2026:14:28:42 -0500] "GET /.git/.env HTTP/1.1" 403 199 "-" "Mozilla/5.0 (X11; Linux x86_64) AppleWebKit/537.36 (KHTML, like Gecko) Chrome/131.0.0.0 Safari/537.36"
34.150.65.153 - - [01/Sep/2026:14:28:42 -0500] "GET /ci/.env HTTP/1.1" 403 199 "-" "Mozilla/5.0 (X11; Linux x86_64) AppleWebKit/537.36 (KHTML, like Gecko) Chrome/131.0.0.0 Safari/537.36"
34.150.65.153 - - [01/Sep/2026:14:28:43 -0500] "GET /cd/.env HTTP/1.1" 403 199 "-" "Mozilla/5.0 (X11; Linux x86_64) AppleWebKit/537.36 (KHTML, like Gecko) Chrome/131.0.0.0 Safari/537.36"
34.150.65.153 - - [01/Sep/2026:14:28:44 -0500] "GET /jenkins/.env HTTP/1.1" 403 199 "-" "Mozilla/5.0 (X11; Linux x86_64) AppleWebKit/537.36 (KHTML, like Gecko) Chrome/131.0.0.0 Safari/537.36"
34.150.65.153 - - [01/Sep/2026:14:28:45 -0500] "GET /gitlab/.env HTTP/1.1" 403 199 "-" "Mozilla/5.0 (X11; Linux x86_64) AppleWebKit/537.36 (KHTML, like Gecko) Chrome/131.0.0.0 Safari/537.36"
91.98.185.79 - - [01/Sep/2026:14:28:43 -0500] "GET /categoria-producto/accessories/?filter_color=beige,black,yellow&stock_status=instock,onsale HTTP/1.1" 200 151709 "-" "Mozilla/5.0 (compatible; SERankingBacklinksBot/1.0; +https://seranking.com/backlinks-crawler)"
34.150.65.153 - - [01/Sep/2026:14:28:46 -0500] "GET /github/.env HTTP/1.1" 403 199 "-" "Mozilla/5.0 (X11; Linux x86_64) AppleWebKit/537.36 (KHTML, like Gecko) Chrome/131.0.0.0 Safari/537.36"
34.150.65.153 - - [01/Sep/2026:14:28:47 -0500] "GET /actions/.env HTTP/1.1" 403 199 "-" "Mozilla/5.0 (X11; Linux x86_64) AppleWebKit/537.36 (KHTML, like Gecko) Chrome/131.0.0.0 Safari/537.36"
34.150.65.153 - - [01/Sep/2026:14:28:47 -0500] "GET /circleci/.env HTTP/1.1" 403 199 "-" "Mozilla/5.0 (X11; Linux x86_64) AppleWebKit/537.36 (KHTML, like Gecko) Chrome/131.0.0.0 Safari/537.36"
34.150.65.153 - - [01/Sep/2026:14:28:48 -0500] "GET /travis/.env HTTP/1.1" 403 199 "-" "Mozilla/5.0 (X11; Linux x86_64) AppleWebKit/537.36 (KHTML, like Gecko) Chrome/131.0.0.0 Safari/537.36"
34.150.65.153 - - [01/Sep/2026:14:28:49 -0500] "GET /buildkite/.env HTTP/1.1" 403 199 "-" "Mozilla/5.0 (X11; Linux x86_64) AppleWebKit/537.36 (KHTML, like Gecko) Chrome/131.0.0.0 Safari/537.36"
34.150.65.153 - - [01/Sep/2026:14:28:50 -0500] "GET /mysql/.env HTTP/1.1" 403 199 "-" "Mozilla/5.0 (X11; Linux x86_64) AppleWebKit/537.36 (KHTML, like Gecko) Chrome/131.0.0.0 Safari/537.36"
34.150.65.153 - - [01/Sep/2026:14:28:51 -0500] "GET /postgres/.env HTTP/1.1" 403 199 "-" "Mozilla/5.0 (X11; Linux x86_64) AppleWebKit/537.36 (KHTML, like Gecko) Chrome/131.0.0.0 Safari/537.36"
34.150.65.153 - - [01/Sep/2026:14:28:51 -0500] "GET /mongodb/.env HTTP/1.1" 403 199 "-" "Mozilla/5.0 (X11; Linux x86_64) AppleWebKit/537.36 (KHTML, like Gecko) Chrome/131.0.0.0 Safari/537.36"
34.150.65.153 - - [01/Sep/2026:14:28:52 -0500] "GET /redis/.env HTTP/1.1" 403 199 "-" "Mozilla/5.0 (X11; Linux x86_64) AppleWebKit/537.36 (KHTML, like Gecko) Chrome/131.0.0.0 Safari/537.36"
91.98.185.79 - - [01/Sep/2026:14:28:49 -0500] "GET /marca/eva-solo/?stock_status=instock&per_row=3&per_page=9&shop_view=grid&filter_color=beige HTTP/1.1" 200 226797 "-" "Mozilla/5.0 (compatible; SERankingBacklinksBot/1.0; +https://seranking.com/backlinks-crawler)"
34.150.65.153 - - [01/Sep/2026:14:28:53 -0500] "GET /elasticsearch/.env HTTP/1.1" 403 199 "-" "Mozilla/5.0 (X11; Linux x86_64) AppleWebKit/537.36 (KHTML, like Gecko) Chrome/131.0.0.0 Safari/537.36"
34.150.65.153 - - [01/Sep/2026:14:28:54 -0500] "GET /rabbitmq/.env HTTP/1.1" 403 199 "-" "Mozilla/5.0 (X11; Linux x86_64) AppleWebKit/537.36 (KHTML, like Gecko) Chrome/131.0.0.0 Safari/537.36"
34.150.65.153 - - [01/Sep/2026:14:28:55 -0500] "GET /kafka/.env HTTP/1.1" 403 199 "-" "Mozilla/5.0 (X11; Linux x86_64) AppleWebKit/537.36 (KHTML, like Gecko) Chrome/131.0.0.0 Safari/537.36"
34.150.65.153 - - [01/Sep/2026:14:28:55 -0500] "GET /queue/.env HTTP/1.1" 403 199 "-" "Mozilla/5.0 (X11; Linux x86_64) AppleWebKit/537.36 (KHTML, like Gecko) Chrome/131.0.0.0 Safari/537.36"
34.150.65.153 - - [01/Sep/2026:14:28:56 -0500] "GET /worker/.env HTTP/1.1" 403 199 "-" "Mozilla/5.0 (X11; Linux x86_64) AppleWebKit/537.36 (KHTML, like Gecko) Chrome/131.0.0.0 Safari/537.36"
34.150.65.153 - - [01/Sep/2026:14:28:57 -0500] "GET /job/.env HTTP/1.1" 403 199 "-" "Mozilla/5.0 (X11; Linux x86_64) AppleWebKit/537.36 (KHTML, like Gecko) Chrome/131.0.0.0 Safari/537.36"
34.150.65.153 - - [01/Sep/2026:14:28:58 -0500] "GET /test/.env HTTP/1.1" 403 199 "-" "Mozilla/5.0 (X11; Linux x86_64) AppleWebKit/537.36 (KHTML, like Gecko) Chrome/131.0.0.0 Safari/537.36"
34.150.65.153 - - [01/Sep/2026:14:28:59 -0500] "GET /qa/.env HTTP/1.1" 403 199 "-" "Mozilla/5.0 (X11; Linux x86_64) AppleWebKit/537.36 (KHTML, like Gecko) Chrome/131.0.0.0 Safari/537.36"
157.90.185.123 - - [01/Sep/2026:14:28:59 -0500] "POST /wp-cron.php?doing_wp_cron=1788290939.1698861122131347656250 HTTP/1.1" 200 - "-" "WordPress/7.1; https://anempanama.com"
91.98.185.79 - - [01/Sep/2026:14:28:55 -0500] "GET /marca/eva-solo/?stock_status=instock&per_row=3&per_page=9&shop_view=grid&filter_color=black HTTP/1.1" 200 222089 "-" "Mozilla/5.0 (compatible; SERankingBacklinksBot/1.0; +https://seranking.com/backlinks-crawler)"
34.150.65.153 - - [01/Sep/2026:14:28:59 -0500] "GET /preview/.env HTTP/1.1" 403 199 "-" "Mozilla/5.0 (X11; Linux x86_64) AppleWebKit/537.36 (KHTML, like Gecko) Chrome/131.0.0.0 Safari/537.36"
34.150.65.153 - - [01/Sep/2026:14:29:00 -0500] "GET /beta/.env HTTP/1.1" 403 199 "-" "Mozilla/5.0 (X11; Linux x86_64) AppleWebKit/537.36 (KHTML, like Gecko) Chrome/131.0.0.0 Safari/537.36"
34.150.65.153 - - [01/Sep/2026:14:29:01 -0500] "GET /uat/.env HTTP/1.1" 403 199 "-" "Mozilla/5.0 (X11; Linux x86_64) AppleWebKit/537.36 (KHTML, like Gecko) Chrome/131.0.0.0 Safari/537.36"
34.150.65.153 - - [01/Sep/2026:14:29:02 -0500] "GET /stage/.env HTTP/1.1" 403 199 "-" "Mozilla/5.0 (X11; Linux x86_64) AppleWebKit/537.36 (KHTML, like Gecko) Chrome/131.0.0.0 Safari/537.36"
34.150.65.153 - - [01/Sep/2026:14:29:02 -0500] "GET /development/.env HTTP/1.1" 403 199 "-" "Mozilla/5.0 (X11; Linux x86_64) AppleWebKit/537.36 (KHTML, like Gecko) Chrome/131.0.0.0 Safari/537.36"
34.150.65.153 - - [01/Sep/2026:14:29:03 -0500] "GET /production/.env HTTP/1.1" 403 199 "-" "Mozilla/5.0 (X11; Linux x86_64) AppleWebKit/537.36 (KHTML, like Gecko) Chrome/131.0.0.0 Safari/537.36"
34.150.65.153 - - [01/Sep/2026:14:29:04 -0500] "GET /config/app/.env HTTP/1.1" 403 199 "-" "Mozilla/5.0 (X11; Linux x86_64) AppleWebKit/537.36 (KHTML, like Gecko) Chrome/131.0.0.0 Safari/537.36"
91.98.185.79 - - [01/Sep/2026:14:29:02 -0500] "GET /marca/eva-solo/?stock_status=instock&per_row=3&per_page=9&shop_view=grid&filter_color=brown HTTP/1.1" 200 222050 "-" "Mozilla/5.0 (compatible; SERankingBacklinksBot/1.0; +https://seranking.com/backlinks-crawler)"
34.150.65.153 - - [01/Sep/2026:14:29:05 -0500] "GET /phpinfo.php HTTP/1.1" 404 120085 "-" "Mozilla/5.0 (X11; Linux x86_64) AppleWebKit/537.36 (KHTML, like Gecko) Chrome/131.0.0.0 Safari/537.36"
34.150.65.153 - - [01/Sep/2026:14:29:08 -0500] "GET /info.php HTTP/1.1" 404 120079 "-" "Mozilla/5.0 (X11; Linux x86_64) AppleWebKit/537.36 (KHTML, like Gecko) Chrome/131.0.0.0 Safari/537.36"
91.98.185.79 - - [01/Sep/2026:14:29:08 -0500] "GET /marca/eva-solo/?stock_status=instock&per_row=4&per_page=9&shop_view=grid&filter_color=beige HTTP/1.1" 200 226797 "-" "Mozilla/5.0 (compatible; SERankingBacklinksBot/1.0; +https://seranking.com/backlinks-crawler)"
34.150.65.153 - - [01/Sep/2026:14:29:11 -0500] "GET /php.php HTTP/1.1" 404 120077 "-" "Mozilla/5.0 (X11; Linux x86_64) AppleWebKit/537.36 (KHTML, like Gecko) Chrome/131.0.0.0 Safari/537.36"
34.150.65.153 - - [01/Sep/2026:14:29:14 -0500] "GET /i.php HTTP/1.1" 404 120073 "-" "Mozilla/5.0 (X11; Linux x86_64) AppleWebKit/537.36 (KHTML, like Gecko) Chrome/131.0.0.0 Safari/537.36"
91.98.185.79 - - [01/Sep/2026:14:29:15 -0500] "GET /categoria-producto/accessories/?filter_color=beige,brown,yellow&stock_status=instock,onsale HTTP/1.1" 200 151709 "-" "Mozilla/5.0 (compatible; SERankingBacklinksBot/1.0; +https://seranking.com/backlinks-crawler)"
34.150.65.153 - - [01/Sep/2026:14:29:18 -0500] "GET /pi.php HTTP/1.1" 404 120075 "-" "Mozilla/5.0 (X11; Linux x86_64) AppleWebKit/537.36 (KHTML, like Gecko) Chrome/131.0.0.0 Safari/537.36"
34.150.65.153 - - [01/Sep/2026:14:29:21 -0500] "GET /pinfo.php HTTP/1.1" 404 52552 "-" "Mozilla/5.0 (X11; Linux x86_64) AppleWebKit/537.36 (KHTML, like Gecko) Chrome/131.0.0.0 Safari/537.36"
91.98.185.79 - - [01/Sep/2026:14:29:21 -0500] "GET /marca/eva-solo/?stock_status=instock&per_row=4&per_page=9&shop_view=grid&filter_color=black HTTP/1.1" 200 222089 "-" "Mozilla/5.0 (compatible; SERankingBacklinksBot/1.0; +https://seranking.com/backlinks-crawler)"
34.150.65.153 - - [01/Sep/2026:14:29:25 -0500] "GET /test.php HTTP/1.1" 404 52552 "-" "Mozilla/5.0 (X11; Linux x86_64) AppleWebKit/537.36 (KHTML, like Gecko) Chrome/131.0.0.0 Safari/537.36"
34.150.65.153 - - [01/Sep/2026:14:29:28 -0500] "GET /phpinfo HTTP/1.1" 404 52552 "-" "Mozilla/5.0 (X11; Linux x86_64) AppleWebKit/537.36 (KHTML, like Gecko) Chrome/131.0.0.0 Safari/537.36"
91.98.185.79 - - [01/Sep/2026:14:29:29 -0500] "GET /marca/eva-solo/?stock_status=instock&per_row=4&per_page=9&shop_view=grid&filter_color=brown HTTP/1.1" 200 222050 "-" "Mozilla/5.0 (compatible; SERankingBacklinksBot/1.0; +https://seranking.com/backlinks-crawler)"
34.150.65.153 - - [01/Sep/2026:14:29:32 -0500] "GET /p.php HTTP/1.1" 404 120073 "-" "Mozilla/5.0 (X11; Linux x86_64) AppleWebKit/537.36 (KHTML, like Gecko) Chrome/131.0.0.0 Safari/537.36"
34.150.65.153 - - [01/Sep/2026:14:29:35 -0500] "GET /debug.php HTTP/1.1" 404 120081 "-" "Mozilla/5.0 (X11; Linux x86_64) AppleWebKit/537.36 (KHTML, like Gecko) Chrome/131.0.0.0 Safari/537.36"
91.98.185.79 - - [01/Sep/2026:14:29:36 -0500] "GET /categoria-producto/accessories/?filter_color=black,brown,yellow&stock_status=instock,onsale HTTP/1.1" 200 151709 "-" "Mozilla/5.0 (compatible; SERankingBacklinksBot/1.0; +https://seranking.com/backlinks-crawler)"
34.150.65.153 - - [01/Sep/2026:14:29:38 -0500] "GET /admin/phpinfo.php HTTP/1.1" 404 120097 "-" "Mozilla/5.0 (X11; Linux x86_64) AppleWebKit/537.36 (KHTML, like Gecko) Chrome/131.0.0.0 Safari/537.36"
34.150.65.153 - - [01/Sep/2026:14:29:42 -0500] "GET /test/phpinfo.php HTTP/1.1" 404 52552 "-" "Mozilla/5.0 (X11; Linux x86_64) AppleWebKit/537.36 (KHTML, like Gecko) Chrome/131.0.0.0 Safari/537.36"
91.98.185.79 - - [01/Sep/2026:14:29:43 -0500] "GET /categoria-producto/accessories/?filter_product_brand=53&filter_color=beige,black,blue,brown HTTP/1.1" 200 163729 "-" "Mozilla/5.0 (compatible; SERankingBacklinksBot/1.0; +https://seranking.com/backlinks-crawler)"
186.124.2.63 - - [01/Sep/2026:14:29:44 -0500] "POST /wp-admin/admin-ajax.php HTTP/1.1" 200 77 "https://anempanama.com/wp-admin/post.php?post=7594&action=elementor" "Mozilla/5.0 (Macintosh; Intel Mac OS X 10_15_7) AppleWebKit/537.36 (KHTML, like Gecko) Chrome/152.0.0.0 Safari/537.36"
34.150.65.153 - - [01/Sep/2026:14:29:45 -0500] "GET /dev/phpinfo.php HTTP/1.1" 404 120093 "-" "Mozilla/5.0 (X11; Linux x86_64) AppleWebKit/537.36 (KHTML, like Gecko) Chrome/131.0.0.0 Safari/537.36"
34.150.65.153 - - [01/Sep/2026:14:29:48 -0500] "GET /old/phpinfo.php HTTP/1.1" 404 120093 "-" "Mozilla/5.0 (X11; Linux x86_64) AppleWebKit/537.36 (KHTML, like Gecko) Chrome/131.0.0.0 Safari/537.36"
91.98.185.79 - - [01/Sep/2026:14:29:49 -0500] "GET /categoria-producto/accessories/?stock_status=instock,onsale&filter_color=beige,black,yellow HTTP/1.1" 200 151709 "-" "Mozilla/5.0 (compatible; SERankingBacklinksBot/1.0; +https://seranking.com/backlinks-crawler)"
34.150.65.153 - - [01/Sep/2026:14:29:52 -0500] "GET /tmp/phpinfo.php HTTP/1.1" 404 120093 "-" "Mozilla/5.0 (X11; Linux x86_64) AppleWebKit/537.36 (KHTML, like Gecko) Chrome/131.0.0.0 Safari/537.36"
34.150.65.153 - - [01/Sep/2026:14:29:55 -0500] "GET /public/phpinfo.php HTTP/1.1" 404 52552 "-" "Mozilla/5.0 (X11; Linux x86_64) AppleWebKit/537.36 (KHTML, like Gecko) Chrome/131.0.0.0 Safari/537.36"
91.98.185.79 - - [01/Sep/2026:14:29:56 -0500] "GET /categoria-producto/accessories/?stock_status=instock,onsale&filter_color=beige,brown,yellow HTTP/1.1" 200 151709 "-" "Mozilla/5.0 (compatible; SERankingBacklinksBot/1.0; +https://seranking.com/backlinks-crawler)"
157.90.185.123 - - [01/Sep/2026:14:29:58 -0500] "POST /wp-cron.php?doing_wp_cron=1788290998.8349189758300781250000 HTTP/1.1" 200 - "-" "WordPress/7.1; https://anempanama.com"
34.150.65.153 - - [01/Sep/2026:14:29:58 -0500] "GET /info HTTP/1.1" 404 52552 "-" "Mozilla/5.0 (X11; Linux x86_64) AppleWebKit/537.36 (KHTML, like Gecko) Chrome/131.0.0.0 Safari/537.36"
34.150.65.153 - - [01/Sep/2026:14:30:02 -0500] "GET /php-info.php HTTP/1.1" 404 52552 "-" "Mozilla/5.0 (X11; Linux x86_64) AppleWebKit/537.36 (KHTML, like Gecko) Chrome/131.0.0.0 Safari/537.36"
91.98.185.79 - - [01/Sep/2026:14:30:02 -0500] "GET /categoria-producto/accessories/?stock_status=instock,onsale&filter_color=black,brown,yellow HTTP/1.1" 200 151709 "-" "Mozilla/5.0 (compatible; SERankingBacklinksBot/1.0; +https://seranking.com/backlinks-crawler)"
34.150.65.153 - - [01/Sep/2026:14:30:06 -0500] "GET /phpversion.php HTTP/1.1" 404 52552 "-" "Mozilla/5.0 (X11; Linux x86_64) AppleWebKit/537.36 (KHTML, like Gecko) Chrome/131.0.0.0 Safari/537.36"
34.150.65.153 - - [01/Sep/2026:14:30:09 -0500] "GET /_phpinfo.php HTTP/1.1" 404 52552 "-" "Mozilla/5.0 (X11; Linux x86_64) AppleWebKit/537.36 (KHTML, like Gecko) Chrome/131.0.0.0 Safari/537.36"
34.150.65.153 - - [01/Sep/2026:14:30:13 -0500] "GET /old_phpinfo.php HTTP/1.1" 404 52552 "-" "Mozilla/5.0 (X11; Linux x86_64) AppleWebKit/537.36 (KHTML, like Gecko) Chrome/131.0.0.0 Safari/537.36"
91.98.185.79 - - [01/Sep/2026:14:30:12 -0500] "GET /categoria-producto/furniture/?filter_color=blue&filter_size=l,m&stock_status=instock,onsale HTTP/1.1" 200 165577 "-" "Mozilla/5.0 (compatible; SERankingBacklinksBot/1.0; +https://seranking.com/backlinks-crawler)"
34.150.65.153 - - [01/Sep/2026:14:30:17 -0500] "GET /server-info.php HTTP/1.1" 404 120093 "-" "Mozilla/5.0 (X11; Linux x86_64) AppleWebKit/537.36 (KHTML, like Gecko) Chrome/131.0.0.0 Safari/537.36"
34.150.65.153 - - [01/Sep/2026:14:30:20 -0500] "GET /server-status.php HTTP/1.1" 404 52552 "-" "Mozilla/5.0 (X11; Linux x86_64) AppleWebKit/537.36 (KHTML, like Gecko) Chrome/131.0.0.0 Safari/537.36"
91.98.185.79 - - [01/Sep/2026:14:30:20 -0500] "GET /categoria-producto/furniture/?filter_color=blue&filter_size=l,s&stock_status=instock,onsale HTTP/1.1" 200 165577 "-" "Mozilla/5.0 (compatible; SERankingBacklinksBot/1.0; +https://seranking.com/backlinks-crawler)"
34.150.65.153 - - [01/Sep/2026:14:30:24 -0500] "GET /_profiler/phpinfo HTTP/1.1" 404 52552 "-" "Mozilla/5.0 (X11; Linux x86_64) AppleWebKit/537.36 (KHTML, like Gecko) Chrome/131.0.0.0 Safari/537.36"
34.150.65.153 - - [01/Sep/2026:14:30:27 -0500] "GET /_environment HTTP/1.1" 404 52552 "-" "Mozilla/5.0 (X11; Linux x86_64) AppleWebKit/537.36 (KHTML, like Gecko) Chrome/131.0.0.0 Safari/537.36"
91.98.185.79 - - [01/Sep/2026:14:30:28 -0500] "GET /categoria-producto/furniture/?filter_color=blue&filter_size=m,s&stock_status=instock,onsale HTTP/1.1" 200 165577 "-" "Mozilla/5.0 (compatible; SERankingBacklinksBot/1.0; +https://seranking.com/backlinks-crawler)"
34.150.65.153 - - [01/Sep/2026:14:30:31 -0500] "GET /webroot/index.php/_environment HTTP/1.1" 301 - "-" "Mozilla/5.0 (X11; Linux x86_64) AppleWebKit/537.36 (KHTML, like Gecko) Chrome/131.0.0.0 Safari/537.36"
34.150.65.153 - - [01/Sep/2026:14:30:38 -0500] "GET /cpanel/phpinfo.php HTTP/1.1" 301 247 "-" "Mozilla/5.0 (X11; Linux x86_64) AppleWebKit/537.36 (KHTML, like Gecko) Chrome/131.0.0.0 Safari/537.36"
34.150.65.153 - - [01/Sep/2026:14:30:35 -0500] "GET /mail/phpinfo.php HTTP/1.1" 404 52552 "-" "Mozilla/5.0 (X11; Linux x86_64) AppleWebKit/537.36 (KHTML, like Gecko) Chrome/131.0.0.0 Safari/537.36"
91.98.185.79 - - [01/Sep/2026:14:30:36 -0500] "GET /categoria-producto/furniture/?filter_color=blue,yellow&filter_size=l,m&stock_status=instock HTTP/1.1" 200 182201 "-" "Mozilla/5.0 (compatible; SERankingBacklinksBot/1.0; +https://seranking.com/backlinks-crawler)"
34.150.65.153 - - [01/Sep/2026:14:30:42 -0500] "GET /webmail/phpinfo.php HTTP/1.1" 404 549 "-" "Mozilla/5.0 (X11; Linux x86_64) AppleWebKit/537.36 (KHTML, like Gecko) Chrome/131.0.0.0 Safari/537.36"
34.150.65.153 - - [01/Sep/2026:14:30:38 -0500] "GET /hosting/phpinfo.php HTTP/1.1" 404 52552 "-" "Mozilla/5.0 (X11; Linux x86_64) AppleWebKit/537.36 (KHTML, like Gecko) Chrome/131.0.0.0 Safari/537.36"
34.150.65.153 - - [01/Sep/2026:14:30:46 -0500] "GET /phpinfo.php.bak HTTP/1.1" 403 199 "-" "Mozilla/5.0 (X11; Linux x86_64) AppleWebKit/537.36 (KHTML, like Gecko) Chrome/131.0.0.0 Safari/537.36"
34.150.65.153 - - [01/Sep/2026:14:30:46 -0500] "GET /phpinfo.php.old HTTP/1.1" 403 199 "-" "Mozilla/5.0 (X11; Linux x86_64) AppleWebKit/537.36 (KHTML, like Gecko) Chrome/131.0.0.0 Safari/537.36"
34.150.65.153 - - [01/Sep/2026:14:30:42 -0500] "GET /smtp/phpinfo.php HTTP/1.1" 404 52552 "-" "Mozilla/5.0 (X11; Linux x86_64) AppleWebKit/537.36 (KHTML, like Gecko) Chrome/131.0.0.0 Safari/537.36"
34.150.65.153 - - [01/Sep/2026:14:30:50 -0500] "GET /info.php.bak HTTP/1.1" 403 199 "-" "Mozilla/5.0 (X11; Linux x86_64) AppleWebKit/537.36 (KHTML, like Gecko) Chrome/131.0.0.0 Safari/537.36"
34.150.65.153 - - [01/Sep/2026:14:30:46 -0500] "GET /phpinfo.php~ HTTP/1.1" 404 52552 "-" "Mozilla/5.0 (X11; Linux x86_64) AppleWebKit/537.36 (KHTML, like Gecko) Chrome/131.0.0.0 Safari/537.36"
91.98.185.79 - - [01/Sep/2026:14:30:44 -0500] "GET /categoria-producto/furniture/?filter_color=blue,yellow&filter_size=l,s&stock_status=instock HTTP/1.1" 200 182201 "-" "Mozilla/5.0 (compatible; SERankingBacklinksBot/1.0; +https://seranking.com/backlinks-crawler)"
34.150.65.153 - - [01/Sep/2026:14:30:50 -0500] "GET /phpinfo.php.save HTTP/1.1" 404 52552 "-" "Mozilla/5.0 (X11; Linux x86_64) AppleWebKit/537.36 (KHTML, like Gecko) Chrome/131.0.0.0 Safari/537.36"
34.150.65.153 - - [01/Sep/2026:14:30:54 -0500] "GET /staging/phpinfo.php HTTP/1.1" 404 52552 "-" "Mozilla/5.0 (X11; Linux x86_64) AppleWebKit/537.36 (KHTML, like Gecko) Chrome/131.0.0.0 Safari/537.36"
157.90.185.123 - - [01/Sep/2026:14:30:58 -0500] "POST /wp-cron.php?doing_wp_cron=1788291058.2337150573730468750000 HTTP/1.1" 200 - "-" "WordPress/7.1; https://anempanama.com"
91.98.185.79 - - [01/Sep/2026:14:30:54 -0500] "GET /categoria-producto/furniture/?filter_color=blue,yellow&filter_size=m,s&stock_status=instock HTTP/1.1" 200 182201 "-" "Mozilla/5.0 (compatible; SERankingBacklinksBot/1.0; +https://seranking.com/backlinks-crawler)"
34.150.65.153 - - [01/Sep/2026:14:30:57 -0500] "GET /beta/phpinfo.php HTTP/1.1" 404 52552 "-" "Mozilla/5.0 (X11; Linux x86_64) AppleWebKit/537.36 (KHTML, like Gecko) Chrome/131.0.0.0 Safari/537.36"
157.90.185.123 - - [01/Sep/2026:14:31:01 -0500] "POST /wp-cron.php?doing_wp_cron=1788291061.7009599208831787109375 HTTP/1.1" 200 - "-" "WordPress/7.1; https://anempanama.com"
190.14.192.194 - - [01/Sep/2026:14:31:04 -0500] "GET /wp-content/uploads/2021/09/w-investment-facebook.svg HTTP/1.1" 200 664 "https://anempanama.com/" "Mozilla/5.0 (Windows NT 10.0; Win64; x64) AppleWebKit/537.36 (KHTML, like Gecko) Chrome/151.0.0.0 Safari/537.36"
190.14.192.194 - - [01/Sep/2026:14:31:04 -0500] "GET /wp-content/uploads/2021/09/w-investment-twitter.svg HTTP/1.1" 200 4881 "https://anempanama.com/" "Mozilla/5.0 (Windows NT 10.0; Win64; x64) AppleWebKit/537.36 (KHTML, like Gecko) Chrome/151.0.0.0 Safari/537.36"
190.14.192.194 - - [01/Sep/2026:14:31:04 -0500] "GET /wp-content/uploads/2021/09/w-investment-phone.svg HTTP/1.1" 200 2568 "https://anempanama.com/" "Mozilla/5.0 (Windows NT 10.0; Win64; x64) AppleWebKit/537.36 (KHTML, like Gecko) Chrome/151.0.0.0 Safari/537.36"
190.14.192.194 - - [01/Sep/2026:14:31:04 -0500] "GET /wp-content/uploads/2021/09/w-investment-location.svg HTTP/1.1" 200 1443 "https://anempanama.com/" "Mozilla/5.0 (Windows NT 10.0; Win64; x64) AppleWebKit/537.36 (KHTML, like Gecko) Chrome/151.0.0.0 Safari/537.36"
34.150.65.153 - - [01/Sep/2026:14:31:01 -0500] "GET /uat/phpinfo.php HTTP/1.1" 404 52552 "-" "Mozilla/5.0 (X11; Linux x86_64) AppleWebKit/537.36 (KHTML, like Gecko) Chrome/131.0.0.0 Safari/537.36"
91.98.185.79 - - [01/Sep/2026:14:31:02 -0500] "GET /categoria-producto/furniture/?filter_color=brown,yellow&filter_size=l,m&stock_status=onsale HTTP/1.1" 200 165655 "-" "Mozilla/5.0 (compatible; SERankingBacklinksBot/1.0; +https://seranking.com/backlinks-crawler)"
34.150.65.153 - - [01/Sep/2026:14:31:05 -0500] "GET /qa/phpinfo.php HTTP/1.1" 404 52552 "-" "Mozilla/5.0 (X11; Linux x86_64) AppleWebKit/537.36 (KHTML, like Gecko) Chrome/131.0.0.0 Safari/537.36"
34.150.65.153 - - [01/Sep/2026:14:31:08 -0500] "GET /preview/phpinfo.php HTTP/1.1" 404 52552 "-" "Mozilla/5.0 (X11; Linux x86_64) AppleWebKit/537.36 (KHTML, like Gecko) Chrome/131.0.0.0 Safari/537.36"
91.98.185.79 - - [01/Sep/2026:14:31:10 -0500] "GET /categoria-producto/furniture/?filter_color=brown,yellow&filter_size=l,s&stock_status=onsale HTTP/1.1" 200 165655 "-" "Mozilla/5.0 (compatible; SERankingBacklinksBot/1.0; +https://seranking.com/backlinks-crawler)"
34.150.65.153 - - [01/Sep/2026:14:31:12 -0500] "GET /www/phpinfo.php HTTP/1.1" 404 52552 "-" "Mozilla/5.0 (X11; Linux x86_64) AppleWebKit/537.36 (KHTML, like Gecko) Chrome/131.0.0.0 Safari/537.36"
34.150.65.153 - - [01/Sep/2026:14:31:15 -0500] "GET /htdocs/phpinfo.php HTTP/1.1" 404 52552 "-" "Mozilla/5.0 (X11; Linux x86_64) AppleWebKit/537.36 (KHTML, like Gecko) Chrome/131.0.0.0 Safari/537.36"
91.98.185.79 - - [01/Sep/2026:14:31:18 -0500] "GET /categoria-producto/furniture/?filter_color=brown,yellow&filter_size=m,s&stock_status=onsale HTTP/1.1" 200 165655 "-" "Mozilla/5.0 (compatible; SERankingBacklinksBot/1.0; +https://seranking.com/backlinks-crawler)"
34.150.65.153 - - [01/Sep/2026:14:31:19 -0500] "GET /service-account.json HTTP/1.1" 404 52552 "-" "Mozilla/5.0 (X11; Linux x86_64) AppleWebKit/537.36 (KHTML, like Gecko) Chrome/131.0.0.0 Safari/537.36"
34.150.65.153 - - [01/Sep/2026:14:31:23 -0500] "GET /sa.json HTTP/1.1" 404 52552 "-" "Mozilla/5.0 (X11; Linux x86_64) AppleWebKit/537.36 (KHTML, like Gecko) Chrome/131.0.0.0 Safari/537.36"
34.150.65.153 - - [01/Sep/2026:14:31:26 -0500] "GET /gcp-key.json HTTP/1.1" 404 52552 "-" "Mozilla/5.0 (X11; Linux x86_64) AppleWebKit/537.36 (KHTML, like Gecko) Chrome/131.0.0.0 Safari/537.36"
34.150.65.153 - - [01/Sep/2026:14:31:30 -0500] "GET /gcp-credentials.json HTTP/1.1" 404 52552 "-" "Mozilla/5.0 (X11; Linux x86_64) AppleWebKit/537.36 (KHTML, like Gecko) Chrome/131.0.0.0 Safari/537.36"
91.98.185.79 - - [01/Sep/2026:14:31:26 -0500] "GET /categoria-producto/furniture/?per_page=9&filter_color=beige,black,brown&stock_status=onsale HTTP/1.1" 200 163554 "-" "Mozilla/5.0 (compatible; SERankingBacklinksBot/1.0; +https://seranking.com/backlinks-crawler)"
34.150.65.153 - - [01/Sep/2026:14:31:33 -0500] "GET /gcp-sa.json HTTP/1.1" 404 52552 "-" "Mozilla/5.0 (X11; Linux x86_64) AppleWebKit/537.36 (KHTML, like Gecko) Chrome/131.0.0.0 Safari/537.36"
34.150.65.153 - - [01/Sep/2026:14:31:37 -0500] "GET /credentials.json HTTP/1.1" 404 52552 "-" "Mozilla/5.0 (X11; Linux x86_64) AppleWebKit/537.36 (KHTML, like Gecko) Chrome/131.0.0.0 Safari/537.36"
91.98.185.79 - - [01/Sep/2026:14:31:37 -0500] "GET /categoria-producto/furniture/?per_page=9&filter_color=blue,brown,yellow&stock_status=onsale HTTP/1.1" 200 165196 "-" "Mozilla/5.0 (compatible; SERankingBacklinksBot/1.0; +https://seranking.com/backlinks-crawler)"
34.150.65.153 - - [01/Sep/2026:14:31:41 -0500] "GET /google-credentials.json HTTP/1.1" 404 79608 "-" "Mozilla/5.0 (X11; Linux x86_64) AppleWebKit/537.36 (KHTML, like Gecko) Chrome/131.0.0.0 Safari/537.36"
186.124.2.63 - - [01/Sep/2026:14:31:44 -0500] "POST /wp-admin/admin-ajax.php HTTP/1.1" 200 77 "https://anempanama.com/wp-admin/post.php?post=7594&action=elementor" "Mozilla/5.0 (Macintosh; Intel Mac OS X 10_15_7) AppleWebKit/537.36 (KHTML, like Gecko) Chrome/152.0.0.0 Safari/537.36"
34.150.65.153 - - [01/Sep/2026:14:31:44 -0500] "GET /google-key.json HTTP/1.1" 404 52552 "-" "Mozilla/5.0 (X11; Linux x86_64) AppleWebKit/537.36 (KHTML, like Gecko) Chrome/131.0.0.0 Safari/537.36"
91.98.185.79 - - [01/Sep/2026:14:31:45 -0500] "GET /categoria-producto/accessories/?filter_color=beige,black,blue,brown&shop_view=grid&per_row=2 HTTP/1.1" 200 166470 "-" "Mozilla/5.0 (compatible; SERankingBacklinksBot/1.0; +https://seranking.com/backlinks-crawler)"
34.150.65.153 - - [01/Sep/2026:14:31:48 -0500] "GET / HTTP/1.1" 200 230479 "-" "Mozilla/5.0 (X11; Linux x86_64) AppleWebKit/537.36 (KHTML, like Gecko) Chrome/131.0.0.0 Safari/537.36"
91.98.185.79 - - [01/Sep/2026:14:31:55 -0500] "GET /categoria-producto/furniture/?stock_status=instock&filter_color=beige,black,brown&per_page=9 HTTP/1.1" 200 178799 "-" "Mozilla/5.0 (compatible; SERankingBacklinksBot/1.0; +https://seranking.com/backlinks-crawler)"
157.90.185.123 - - [01/Sep/2026:14:32:05 -0500] "POST /wp-cron.php?doing_wp_cron=1788291125.2811450958251953125000 HTTP/1.1" 200 - "-" "WordPress/7.1; https://anempanama.com"
91.98.185.79 - - [01/Sep/2026:14:32:01 -0500] "GET /categoria-producto/accessories/?filter_color=beige,black,blue,brown&shop_view=grid&per_row=3 HTTP/1.1" 200 166470 "-" "Mozilla/5.0 (compatible; SERankingBacklinksBot/1.0; +https://seranking.com/backlinks-crawler)"
91.98.185.79 - - [01/Sep/2026:14:32:08 -0500] "GET /categoria-producto/furniture/?stock_status=instock&filter_color=blue,brown,yellow&per_page=9 HTTP/1.1" 200 181704 "-" "Mozilla/5.0 (compatible; SERankingBacklinksBot/1.0; +https://seranking.com/backlinks-crawler)"
91.98.185.79 - - [01/Sep/2026:14:32:15 -0500] "GET /categoria-producto/accessories/?filter_color=beige,black,blue,brown&shop_view=grid&per_row=4 HTTP/1.1" 200 166470 "-" "Mozilla/5.0 (compatible; SERankingBacklinksBot/1.0; +https://seranking.com/backlinks-crawler)"
91.98.185.79 - - [01/Sep/2026:14:32:22 -0500] "GET /marca/vitra/?stock_status=instock&per_row=2&shop_view=grid&filter_color=yellow&filter_size=l HTTP/1.1" 200 219634 "-" "Mozilla/5.0 (compatible; SERankingBacklinksBot/1.0; +https://seranking.com/backlinks-crawler)"
91.98.185.79 - - [01/Sep/2026:14:32:29 -0500] "GET /categoria-producto/accessories/?filter_color=beige,black,blue,yellow&filter_product_brand=53 HTTP/1.1" 200 163753 "-" "Mozilla/5.0 (compatible; SERankingBacklinksBot/1.0; +https://seranking.com/backlinks-crawler)"
91.98.185.79 - - [01/Sep/2026:14:32:35 -0500] "GET /marca/vitra/?stock_status=instock&per_row=2&shop_view=grid&filter_color=yellow&filter_size=m HTTP/1.1" 200 219634 "-" "Mozilla/5.0 (compatible; SERankingBacklinksBot/1.0; +https://seranking.com/backlinks-crawler)"
91.98.185.79 - - [01/Sep/2026:14:32:42 -0500] "GET /categoria-producto/accessories/?filter_color=beige,blue,brown,yellow&filter_product_brand=53 HTTP/1.1" 200 167976 "-" "Mozilla/5.0 (compatible; SERankingBacklinksBot/1.0; +https://seranking.com/backlinks-crawler)"
91.98.185.79 - - [01/Sep/2026:14:32:49 -0500] "GET /marca/vitra/?stock_status=instock&per_row=2&shop_view=grid&filter_color=yellow&filter_size=s HTTP/1.1" 200 219634 "-" "Mozilla/5.0 (compatible; SERankingBacklinksBot/1.0; +https://seranking.com/backlinks-crawler)"
157.90.185.123 - - [01/Sep/2026:14:32:59 -0500] "POST /wp-cron.php?doing_wp_cron=1788291179.7576520442962646484375 HTTP/1.1" 200 - "-" "WordPress/7.1; https://anempanama.com"
91.98.185.79 - - [01/Sep/2026:14:32:56 -0500] "GET /categoria-producto/accessories/?filter_color=black,blue,brown,yellow&filter_product_brand=53 HTTP/1.1" 200 163753 "-" "Mozilla/5.0 (compatible; SERankingBacklinksBot/1.0; +https://seranking.com/backlinks-crawler)"
91.98.185.79 - - [01/Sep/2026:14:33:02 -0500] "GET /marca/vitra/?stock_status=instock&per_row=2&shop_view=grid&filter_size=l&filter_color=yellow HTTP/1.1" 200 219634 "-" "Mozilla/5.0 (compatible; SERankingBacklinksBot/1.0; +https://seranking.com/backlinks-crawler)"
91.92.243.250 - - [01/Sep/2026:14:33:00 -0500] "POST /wp-login.php HTTP/1.1" 200 10934 "-" "Mozilla/5.0"
91.98.185.79 - - [01/Sep/2026:14:33:09 -0500] "GET /categoria-producto/accessories/?filter_product_brand=53&filter_color=beige,black,blue,yellow HTTP/1.1" 200 163753 "-" "Mozilla/5.0 (compatible; SERankingBacklinksBot/1.0; +https://seranking.com/backlinks-crawler)"
91.98.185.79 - - [01/Sep/2026:14:33:15 -0500] "GET /marca/vitra/?stock_status=instock&per_row=2&shop_view=grid&filter_size=m&filter_color=yellow HTTP/1.1" 200 219634 "-" "Mozilla/5.0 (compatible; SERankingBacklinksBot/1.0; +https://seranking.com/backlinks-crawler)"
91.98.185.79 - - [01/Sep/2026:14:33:22 -0500] "GET /categoria-producto/accessories/?filter_product_brand=53&filter_color=beige,blue,brown,yellow HTTP/1.1" 200 167976 "-" "Mozilla/5.0 (compatible; SERankingBacklinksBot/1.0; +https://seranking.com/backlinks-crawler)"
91.92.243.243 - - [01/Sep/2026:14:33:25 -0500] "POST /wp-login.php HTTP/1.1" 200 10898 "-" "Mozilla/5.0"
91.98.185.79 - - [01/Sep/2026:14:33:29 -0500] "GET /marca/vitra/?stock_status=instock&per_row=2&shop_view=grid&filter_size=s&filter_color=yellow HTTP/1.1" 200 219634 "-" "Mozilla/5.0 (compatible; SERankingBacklinksBot/1.0; +https://seranking.com/backlinks-crawler)"
91.98.185.79 - - [01/Sep/2026:14:33:35 -0500] "GET /categoria-producto/accessories/?filter_product_brand=53&filter_color=black,blue,brown,yellow HTTP/1.1" 200 163753 "-" "Mozilla/5.0 (compatible; SERankingBacklinksBot/1.0; +https://seranking.com/backlinks-crawler)"
91.98.185.79 - - [01/Sep/2026:14:33:42 -0500] "GET /categoria-producto/lighting/?per_page=9&filter_color=beige,black&stock_status=instock,onsale HTTP/1.1" 200 149819 "-" "Mozilla/5.0 (compatible; SERankingBacklinksBot/1.0; +https://seranking.com/backlinks-crawler)"
186.124.2.63 - - [01/Sep/2026:14:33:45 -0500] "POST /wp-admin/admin-ajax.php HTTP/1.1" 200 77 "https://anempanama.com/wp-admin/post.php?post=7594&action=elementor" "Mozilla/5.0 (Macintosh; Intel Mac OS X 10_15_7) AppleWebKit/537.36 (KHTML, like Gecko) Chrome/152.0.0.0 Safari/537.36"
91.98.185.79 - - [01/Sep/2026:14:33:48 -0500] "GET /categoria-producto/accessories/?per_page=9&filter_color=beige,black,blue&stock_status=onsale HTTP/1.1" 200 151401 "-" "Mozilla/5.0 (compatible; SERankingBacklinksBot/1.0; +https://seranking.com/backlinks-crawler)"
157.90.185.123 - - [01/Sep/2026:14:33:58 -0500] "POST /wp-cron.php?doing_wp_cron=1788291238.7067170143127441406250 HTTP/1.1" 200 - "-" "WordPress/7.1; https://anempanama.com"
91.98.185.79 - - [01/Sep/2026:14:33:54 -0500] "GET /marca/eva-solo/?stock_status=instock&per_row=2&per_page=12&shop_view=grid&filter_color=beige HTTP/1.1" 200 226816 "-" "Mozilla/5.0 (compatible; SERankingBacklinksBot/1.0; +https://seranking.com/backlinks-crawler)"
91.98.185.79 - - [01/Sep/2026:14:34:01 -0500] "GET /categoria-producto/accessories/?per_page=9&filter_color=beige,blue,brown&stock_status=onsale HTTP/1.1" 200 151401 "-" "Mozilla/5.0 (compatible; SERankingBacklinksBot/1.0; +https://seranking.com/backlinks-crawler)"
91.98.185.79 - - [01/Sep/2026:14:34:08 -0500] "GET /marca/eva-solo/?stock_status=instock&per_row=2&per_page=12&shop_view=grid&filter_color=black HTTP/1.1" 200 222108 "-" "Mozilla/5.0 (compatible; SERankingBacklinksBot/1.0; +https://seranking.com/backlinks-crawler)"
91.98.185.79 - - [01/Sep/2026:14:34:15 -0500] "GET /categoria-producto/accessories/?per_page=9&filter_color=black,blue,brown&stock_status=onsale HTTP/1.1" 200 151401 "-" "Mozilla/5.0 (compatible; SERankingBacklinksBot/1.0; +https://seranking.com/backlinks-crawler)"
91.98.185.79 - - [01/Sep/2026:14:34:23 -0500] "GET /marca/eva-solo/?stock_status=instock&per_row=2&per_page=12&shop_view=grid&filter_color=brown HTTP/1.1" 200 222069 "-" "Mozilla/5.0 (compatible; SERankingBacklinksBot/1.0; +https://seranking.com/backlinks-crawler)"
91.98.185.79 - - [01/Sep/2026:14:34:29 -0500] "GET /marca/vitra/?stock_status=instock&per_row=3&shop_view=grid&filter_color=yellow&filter_size=l HTTP/1.1" 200 219634 "-" "Mozilla/5.0 (compatible; SERankingBacklinksBot/1.0; +https://seranking.com/backlinks-crawler)"
157.90.185.123 - - [01/Sep/2026:14:34:41 -0500] "POST /wp-cron.php?doing_wp_cron=1788291281.4968819618225097656250 HTTP/1.1" 200 - "-" "WordPress/7.1; https://anempanama.com"
91.98.185.79 - - [01/Sep/2026:14:34:36 -0500] "GET /categoria-producto/furniture/?filter_color=brown,yellow&filter_size=l,m&stock_status=instock HTTP/1.1" 200 182228 "-" "Mozilla/5.0 (compatible; SERankingBacklinksBot/1.0; +https://seranking.com/backlinks-crawler)"
91.98.185.79 - - [01/Sep/2026:14:34:44 -0500] "GET /marca/eva-solo/?stock_status=instock&per_row=2&per_page=18&shop_view=grid&filter_color=beige HTTP/1.1" 200 226816 "-" "Mozilla/5.0 (compatible; SERankingBacklinksBot/1.0; +https://seranking.com/backlinks-crawler)"
91.98.185.79 - - [01/Sep/2026:14:34:52 -0500] "GET /marca/vitra/?stock_status=instock&per_row=3&shop_view=grid&filter_color=yellow&filter_size=m HTTP/1.1" 200 219634 "-" "Mozilla/5.0 (compatible; SERankingBacklinksBot/1.0; +https://seranking.com/backlinks-crawler)"
157.90.185.123 - - [01/Sep/2026:14:35:04 -0500] "POST /wp-cron.php?doing_wp_cron=1788291304.0731999874114990234375 HTTP/1.1" 200 - "-" "WordPress/7.1; https://anempanama.com"
91.98.185.79 - - [01/Sep/2026:14:34:59 -0500] "GET /categoria-producto/furniture/?filter_color=brown,yellow&filter_size=l,s&stock_status=instock HTTP/1.1" 200 182228 "-" "Mozilla/5.0 (compatible; SERankingBacklinksBot/1.0; +https://seranking.com/backlinks-crawler)"
91.98.185.79 - - [01/Sep/2026:14:35:07 -0500] "GET /marca/eva-solo/?stock_status=instock&per_row=2&per_page=18&shop_view=grid&filter_color=black HTTP/1.1" 200 222108 "-" "Mozilla/5.0 (compatible; SERankingBacklinksBot/1.0; +https://seranking.com/backlinks-crawler)"
91.98.185.79 - - [01/Sep/2026:14:35:15 -0500] "GET /marca/vitra/?stock_status=instock&per_row=3&shop_view=grid&filter_color=yellow&filter_size=s HTTP/1.1" 200 219634 "-" "Mozilla/5.0 (compatible; SERankingBacklinksBot/1.0; +https://seranking.com/backlinks-crawler)"
91.98.185.79 - - [01/Sep/2026:14:35:22 -0500] "GET /categoria-producto/furniture/?filter_color=brown,yellow&filter_size=m,s&stock_status=instock HTTP/1.1" 200 182228 "-" "Mozilla/5.0 (compatible; SERankingBacklinksBot/1.0; +https://seranking.com/backlinks-crawler)"
91.98.185.79 - - [01/Sep/2026:14:35:29 -0500] "GET /marca/eva-solo/?stock_status=instock&per_row=2&per_page=18&shop_view=grid&filter_color=brown HTTP/1.1" 200 222069 "-" "Mozilla/5.0 (compatible; SERankingBacklinksBot/1.0; +https://seranking.com/backlinks-crawler)"
91.98.185.79 - - [01/Sep/2026:14:35:37 -0500] "GET /marca/vitra/?stock_status=instock&per_row=3&shop_view=grid&filter_size=l&filter_color=yellow HTTP/1.1" 200 219634 "-" "Mozilla/5.0 (compatible; SERankingBacklinksBot/1.0; +https://seranking.com/backlinks-crawler)"
186.124.2.63 - - [01/Sep/2026:14:35:46 -0500] "POST /wp-admin/admin-ajax.php HTTP/1.1" 200 77 "https://anempanama.com/wp-admin/post.php?post=7594&action=elementor" "Mozilla/5.0 (Macintosh; Intel Mac OS X 10_15_7) AppleWebKit/537.36 (KHTML, like Gecko) Chrome/152.0.0.0 Safari/537.36"
91.98.185.79 - - [01/Sep/2026:14:35:46 -0500] "GET /categoria-producto/furniture/?per_page=12&filter_color=beige,black,brown&stock_status=onsale HTTP/1.1" 200 163558 "-" "Mozilla/5.0 (compatible; SERankingBacklinksBot/1.0; +https://seranking.com/backlinks-crawler)"
157.90.185.123 - - [01/Sep/2026:14:35:59 -0500] "POST /wp-cron.php?doing_wp_cron=1788291359.2402310371398925781250 HTTP/1.1" 200 - "-" "WordPress/7.1; https://anempanama.com"
91.98.185.79 - - [01/Sep/2026:14:35:55 -0500] "GET /marca/eva-solo/?stock_status=instock&per_row=2&per_page=24&shop_view=grid&filter_color=beige HTTP/1.1" 200 226816 "-" "Mozilla/5.0 (compatible; SERankingBacklinksBot/1.0; +https://seranking.com/backlinks-crawler)"
91.98.185.79 - - [01/Sep/2026:14:36:02 -0500] "GET /marca/vitra/?stock_status=instock&per_row=3&shop_view=grid&filter_size=m&filter_color=yellow HTTP/1.1" 200 219634 "-" "Mozilla/5.0 (compatible; SERankingBacklinksBot/1.0; +https://seranking.com/backlinks-crawler)"
91.98.185.79 - - [01/Sep/2026:14:36:09 -0500] "GET /categoria-producto/furniture/?per_page=12&filter_color=blue,brown,yellow&stock_status=onsale HTTP/1.1" 200 165200 "-" "Mozilla/5.0 (compatible; SERankingBacklinksBot/1.0; +https://seranking.com/backlinks-crawler)"
157.90.185.123 - - [01/Sep/2026:14:36:20 -0500] "POST /wp-cron.php?doing_wp_cron=1788291380.5451970100402832031250 HTTP/1.1" 200 - "-" "WordPress/7.1; https://anempanama.com"
91.98.185.79 - - [01/Sep/2026:14:36:16 -0500] "GET /marca/eva-solo/?stock_status=instock&per_row=2&per_page=24&shop_view=grid&filter_color=black HTTP/1.1" 200 222108 "-" "Mozilla/5.0 (compatible; SERankingBacklinksBot/1.0; +https://seranking.com/backlinks-crawler)"
91.98.185.79 - - [01/Sep/2026:14:36:23 -0500] "GET /marca/vitra/?stock_status=instock&per_row=3&shop_view=grid&filter_size=s&filter_color=yellow HTTP/1.1" 200 219634 "-" "Mozilla/5.0 (compatible; SERankingBacklinksBot/1.0; +https://seranking.com/backlinks-crawler)"
91.98.185.79 - - [01/Sep/2026:14:36:30 -0500] "GET /categoria-producto/furniture/?per_page=18&filter_color=beige,black,brown&stock_status=onsale HTTP/1.1" 200 163558 "-" "Mozilla/5.0 (compatible; SERankingBacklinksBot/1.0; +https://seranking.com/backlinks-crawler)"
91.98.185.79 - - [01/Sep/2026:14:36:37 -0500] "GET /marca/eva-solo/?stock_status=instock&per_row=2&per_page=24&shop_view=grid&filter_color=brown HTTP/1.1" 200 222069 "-" "Mozilla/5.0 (compatible; SERankingBacklinksBot/1.0; +https://seranking.com/backlinks-crawler)"
91.98.185.79 - - [01/Sep/2026:14:36:44 -0500] "GET /categoria-producto/furniture/?per_page=18&filter_color=blue,brown,yellow&stock_status=onsale HTTP/1.1" 200 165200 "-" "Mozilla/5.0 (compatible; SERankingBacklinksBot/1.0; +https://seranking.com/backlinks-crawler)"
91.98.185.79 - - [01/Sep/2026:14:36:51 -0500] "GET /marca/eva-solo/?stock_status=instock&per_row=2&per_page=9&shop_view=grid&filter_color=yellow HTTP/1.1" 200 222079 "-" "Mozilla/5.0 (compatible; SERankingBacklinksBot/1.0; +https://seranking.com/backlinks-crawler)"
157.90.185.123 - - [01/Sep/2026:14:37:04 -0500] "POST /wp-cron.php?doing_wp_cron=1788291424.9212400913238525390625 HTTP/1.1" 200 - "-" "WordPress/7.1; https://anempanama.com"
91.98.185.79 - - [01/Sep/2026:14:36:59 -0500] "GET /categoria-producto/furniture/?per_page=24&filter_color=beige,black,brown&stock_status=onsale HTTP/1.1" 200 163558 "-" "Mozilla/5.0 (compatible; SERankingBacklinksBot/1.0; +https://seranking.com/backlinks-crawler)"
91.98.185.79 - - [01/Sep/2026:14:37:07 -0500] "GET /marca/eva-solo/?stock_status=instock&per_row=3&per_page=12&shop_view=grid&filter_color=beige HTTP/1.1" 200 226816 "-" "Mozilla/5.0 (compatible; SERankingBacklinksBot/1.0; +https://seranking.com/backlinks-crawler)"
91.98.185.79 - - [01/Sep/2026:14:37:15 -0500] "GET /categoria-producto/furniture/?per_page=24&filter_color=blue,brown,yellow&stock_status=onsale HTTP/1.1" 200 54077 "-" "Mozilla/5.0 (compatible; SERankingBacklinksBot/1.0; +https://seranking.com/backlinks-crawler)"
186.124.2.63 - - [01/Sep/2026:14:37:47 -0500] "POST /wp-admin/admin-ajax.php HTTP/1.1" 200 77 "https://anempanama.com/wp-admin/post.php?post=7594&action=elementor" "Mozilla/5.0 (Macintosh; Intel Mac OS X 10_15_7) AppleWebKit/537.36 (KHTML, like Gecko) Chrome/152.0.0.0 Safari/537.36"
157.90.185.123 - - [01/Sep/2026:14:39:18 -0500] "POST /wp-cron.php?doing_wp_cron=1788291557.9822740554809570312500 HTTP/1.1" 200 - "-" "WordPress/7.1; https://anempanama.com"
91.92.243.243 - - [01/Sep/2026:14:39:15 -0500] "POST /wp-login.php HTTP/1.1" 200 10898 "-" "Mozilla/5.0"
2a06:98c0:3600::103 - - [01/Sep/2026:14:39:25 -0500] "GET /wp-admin/install.php?step=1 HTTP/1.1" 200 1375 "-" "http://anempanama.com/wp-admin/install.php?step=1"
186.124.2.63 - - [01/Sep/2026:14:39:48 -0500] "POST /wp-admin/admin-ajax.php HTTP/1.1" 200 77 "https://anempanama.com/wp-admin/post.php?post=7594&action=elementor" "Mozilla/5.0 (Macintosh; Intel Mac OS X 10_15_7) AppleWebKit/537.36 (KHTML, like Gecko) Chrome/152.0.0.0 Safari/537.36"
157.90.185.123 - - [01/Sep/2026:14:40:23 -0500] "POST /wp-cron.php?doing_wp_cron=1788291623.2831690311431884765625 HTTP/1.1" 200 - "-" "WordPress/7.1; https://anempanama.com"
190.219.102.1 - - [01/Sep/2026:14:40:21 -0500] "HEAD / HTTP/1.1" 200 - "-" "Mozilla/5.0 (Linux; Android 10; K) AppleWebKit/537.36 (KHTML, like Gecko) Chrome/152.0.0.0 Mobile Safari/537.36"
190.219.102.1 - - [01/Sep/2026:14:40:24 -0500] "GET /wp-content/uploads/elementor/css/post-7.css?ver=1784315927 HTTP/1.1" 200 1111 "-" "Mozilla/5.0 (Linux; Android 10; K) AppleWebKit/537.36 (KHTML, like Gecko) Chrome/152.0.0.0 Mobile Safari/537.36"
190.219.102.1 - - [01/Sep/2026:14:40:24 -0500] "GET /wp-content/plugins/elementor/assets/css/widget-nested-accordion.min.css?ver=4.1.4 HTTP/1.1" 200 5206 "-" "Mozilla/5.0 (Linux; Android 10; K) AppleWebKit/537.36 (KHTML, like Gecko) Chrome/152.0.0.0 Mobile Safari/537.36"
190.219.102.1 - - [01/Sep/2026:14:40:24 -0500] "GET /wp-content/plugins/elementor/assets/lib/swiper/v8/css/swiper.min.css?ver=8.4.5 HTTP/1.1" 200 16471 "-" "Mozilla/5.0 (Linux; Android 10; K) AppleWebKit/537.36 (KHTML, like Gecko) Chrome/152.0.0.0 Mobile Safari/537.36"
190.219.102.1 - - [01/Sep/2026:14:40:24 -0500] "GET /wp-content/plugins/elementor/assets/css/conditionals/e-swiper.min.css?ver=4.1.4 HTTP/1.1" 200 5486 "-" "Mozilla/5.0 (Linux; Android 10; K) AppleWebKit/537.36 (KHTML, like Gecko) Chrome/152.0.0.0 Mobile Safari/537.36"
190.219.102.1 - - [01/Sep/2026:14:40:24 -0500] "GET /wp-content/uploads/elementor/css/custom-frontend.min.css?ver=1784315927 HTTP/1.1" 200 54819 "-" "Mozilla/5.0 (Linux; Android 10; K) AppleWebKit/537.36 (KHTML, like Gecko) Chrome/152.0.0.0 Mobile Safari/537.36"
190.219.102.1 - - [01/Sep/2026:14:40:24 -0500] "GET /wp-content/plugins/elementor/assets/css/widget-image-carousel.min.css?ver=4.1.4 HTTP/1.1" 200 342 "-" "Mozilla/5.0 (Linux; Android 10; K) AppleWebKit/537.36 (KHTML, like Gecko) Chrome/152.0.0.0 Mobile Safari/537.36"
190.219.102.1 - - [01/Sep/2026:14:40:25 -0500] "GET /wp-content/uploads/elementor/css/post-7594.css?ver=1784315946 HTTP/1.1" 200 25447 "-" "Mozilla/5.0 (Linux; Android 10; K) AppleWebKit/537.36 (KHTML, like Gecko) Chrome/152.0.0.0 Mobile Safari/537.36"
190.219.102.1 - - [01/Sep/2026:14:40:25 -0500] "GET /wp-content/uploads/elementor/css/base-desktop.css?ver=6a5a802a9acf3 HTTP/1.1" 200 1975 "-" "Mozilla/5.0 (Linux; Android 10; K) AppleWebKit/537.36 (KHTML, like Gecko) Chrome/152.0.0.0 Mobile Safari/537.36"
190.219.102.1 - - [01/Sep/2026:14:40:25 -0500] "GET /wp-content/uploads/elementor/css/local-7594-frontend-desktop.css?ver=6a5a802a9d283 HTTP/1.1" 200 596 "-" "Mozilla/5.0 (Linux; Android 10; K) AppleWebKit/537.36 (KHTML, like Gecko) Chrome/152.0.0.0 Mobile Safari/537.36"
190.219.102.1 - - [01/Sep/2026:14:40:25 -0500] "GET /wp-content/themes/woodmart/css/parts/base.css?ver=8.5.1 HTTP/1.1" 200 32754 "-" "Mozilla/5.0 (Linux; Android 10; K) AppleWebKit/537.36 (KHTML, like Gecko) Chrome/152.0.0.0 Mobile Safari/537.36"
190.219.102.1 - - [01/Sep/2026:14:40:26 -0500] "GET /wp-content/plugins/elementor/assets/css/widget-nested-accordion.min.css?ver=4.2.2 HTTP/1.1" 200 5206 "https://anempanama.com/" "Mozilla/5.0 (Linux; Android 10; K) AppleWebKit/537.36 (KHTML, like Gecko) Chrome/152.0.0.0 Mobile Safari/537.36"
190.219.102.1 - - [01/Sep/2026:14:40:26 -0500] "GET /wp-content/uploads/elementor/css/post-7.css?ver=1787952881 HTTP/1.1" 200 1111 "https://anempanama.com/" "Mozilla/5.0 (Linux; Android 10; K) AppleWebKit/537.36 (KHTML, like Gecko) Chrome/152.0.0.0 Mobile Safari/537.36"
190.219.102.1 - - [01/Sep/2026:14:40:26 -0500] "GET /wp-content/uploads/elementor/css/custom-frontend.min.css?ver=1787952880 HTTP/1.1" 200 54819 "https://anempanama.com/" "Mozilla/5.0 (Linux; Android 10; K) AppleWebKit/537.36 (KHTML, like Gecko) Chrome/152.0.0.0 Mobile Safari/537.36"
190.219.102.1 - - [01/Sep/2026:14:40:27 -0500] "GET /wp-content/plugins/elementor/assets/css/conditionals/e-swiper.min.css?ver=4.2.2 HTTP/1.1" 200 5486 "https://anempanama.com/" "Mozilla/5.0 (Linux; Android 10; K) AppleWebKit/537.36 (KHTML, like Gecko) Chrome/152.0.0.0 Mobile Safari/537.36"
190.219.102.1 - - [01/Sep/2026:14:40:27 -0500] "GET /wp-content/plugins/elementor/assets/css/widget-image-carousel.min.css?ver=4.2.2 HTTP/1.1" 200 342 "https://anempanama.com/" "Mozilla/5.0 (Linux; Android 10; K) AppleWebKit/537.36 (KHTML, like Gecko) Chrome/152.0.0.0 Mobile Safari/537.36"
190.219.102.1 - - [01/Sep/2026:14:40:27 -0500] "GET /wp-content/uploads/elementor/css/post-7594.css?ver=1787953205 HTTP/1.1" 200 25447 "https://anempanama.com/" "Mozilla/5.0 (Linux; Android 10; K) AppleWebKit/537.36 (KHTML, like Gecko) Chrome/152.0.0.0 Mobile Safari/537.36"
