186.124.2.63 - - [01/Sep/2026:15:25:33 -0500] "GET /wp-content/uploads/elementor/css/post-7.css?ver=1787952881 HTTP/1.1" 200 1111 "https://anempanama.com/?nocache=1" "Mozilla/5.0 (Macintosh; Intel Mac OS X 10_15_7) AppleWebKit/537.36 (KHTML, like Gecko) Chrome/152.0.0.0 Safari/537.36"
186.124.2.63 - - [01/Sep/2026:15:25:33 -0500] "GET /wp-content/plugins/elementor/assets/css/conditionals/e-swiper.min.css?ver=4.2.2 HTTP/1.1" 200 5486 "https://anempanama.com/?nocache=1" "Mozilla/5.0 (Macintosh; Intel Mac OS X 10_15_7) AppleWebKit/537.36 (KHTML, like Gecko) Chrome/152.0.0.0 Safari/537.36"
186.124.2.63 - - [01/Sep/2026:15:25:33 -0500] "GET /wp-content/uploads/elementor/css/custom-frontend.min.css?ver=1787952880 HTTP/1.1" 200 54819 "https://anempanama.com/?nocache=1" "Mozilla/5.0 (Macintosh; Intel Mac OS X 10_15_7) AppleWebKit/537.36 (KHTML, like Gecko) Chrome/152.0.0.0 Safari/537.36"
186.124.2.63 - - [01/Sep/2026:15:25:33 -0500] "GET /wp-content/plugins/wp-fastest-cache/css/toolbar.css?ver=1788294331 HTTP/1.1" 200 6109 "https://anempanama.com/?nocache=1" "Mozilla/5.0 (Macintosh; Intel Mac OS X 10_15_7) AppleWebKit/537.36 (KHTML, like Gecko) Chrome/152.0.0.0 Safari/537.36"
186.124.2.63 - - [01/Sep/2026:15:25:33 -0500] "GET /wp-content/plugins/elementor/assets/css/widget-nested-accordion.min.css?ver=4.2.2 HTTP/1.1" 200 5206 "https://anempanama.com/?nocache=1" "Mozilla/5.0 (Macintosh; Intel Mac OS X 10_15_7) AppleWebKit/537.36 (KHTML, like Gecko) Chrome/152.0.0.0 Safari/537.36"
186.124.2.63 - - [01/Sep/2026:15:25:33 -0500] "GET /wp-content/plugins/elementor/assets/css/widget-image-carousel.min.css?ver=4.2.2 HTTP/1.1" 200 342 "https://anempanama.com/?nocache=1" "Mozilla/5.0 (Macintosh; Intel Mac OS X 10_15_7) AppleWebKit/537.36 (KHTML, like Gecko) Chrome/152.0.0.0 Safari/537.36"
186.124.2.63 - - [01/Sep/2026:15:25:25 -0500] "GET /?nocache=1 HTTP/1.1" 200 288294 "-" "Mozilla/5.0 (Macintosh; Intel Mac OS X 10_15_7) AppleWebKit/537.36 (KHTML, like Gecko) Chrome/152.0.0.0 Safari/537.36"
186.124.2.63 - - [01/Sep/2026:15:25:34 -0500] "GET /wp-content/uploads/elementor/css/base-desktop.css?ver=6a91fef1d41a2 HTTP/1.1" 200 1975 "https://anempanama.com/?nocache=1" "Mozilla/5.0 (Macintosh; Intel Mac OS X 10_15_7) AppleWebKit/537.36 (KHTML, like Gecko) Chrome/152.0.0.0 Safari/537.36"
186.124.2.63 - - [01/Sep/2026:15:25:33 -0500] "GET /wp-content/uploads/elementor/css/local-7594-frontend-desktop.css?ver=6a9732bae6ea0 HTTP/1.1" 200 596 "https://anempanama.com/?nocache=1" "Mozilla/5.0 (Macintosh; Intel Mac OS X 10_15_7) AppleWebKit/537.36 (KHTML, like Gecko) Chrome/152.0.0.0 Safari/537.36"
186.124.2.63 - - [01/Sep/2026:15:25:33 -0500] "GET /wp-content/themes/woodmart/inc/admin/assets/css/parts/base-adminbar.css?ver=8.5.1 HTTP/1.1" 200 5213 "https://anempanama.com/?nocache=1" "Mozilla/5.0 (Macintosh; Intel Mac OS X 10_15_7) AppleWebKit/537.36 (KHTML, like Gecko) Chrome/152.0.0.0 Safari/537.36"
186.124.2.63 - - [01/Sep/2026:15:25:34 -0500] "GET /wp-includes/js/jquery/jquery.min.js?ver=3.7.1 HTTP/1.1" 200 87553 "https://anempanama.com/?nocache=1" "Mozilla/5.0 (Macintosh; Intel Mac OS X 10_15_7) AppleWebKit/537.36 (KHTML, like Gecko) Chrome/152.0.0.0 Safari/537.36"
186.124.2.63 - - [01/Sep/2026:15:25:34 -0500] "GET /wp-content/themes/woodmart/js/scripts/global/scrollBar.min.js?ver=8.5.1 HTTP/1.1" 200 540 "https://anempanama.com/?nocache=1" "Mozilla/5.0 (Macintosh; Intel Mac OS X 10_15_7) AppleWebKit/537.36 (KHTML, like Gecko) Chrome/152.0.0.0 Safari/537.36"
186.124.2.63 - - [01/Sep/2026:15:25:34 -0500] "GET /wp-includes/js/jquery/jquery-migrate.min.js?ver=3.4.1 HTTP/1.1" 200 13577 "https://anempanama.com/?nocache=1" "Mozilla/5.0 (Macintosh; Intel Mac OS X 10_15_7) AppleWebKit/537.36 (KHTML, like Gecko) Chrome/152.0.0.0 Safari/537.36"
186.124.2.63 - - [01/Sep/2026:15:25:34 -0500] "GET /wp-content/themes/woodmart/css/parts/header-opt-overlap.css?ver=8.5.1 HTTP/1.1" 200 798 "https://anempanama.com/?nocache=1" "Mozilla/5.0 (Macintosh; Intel Mac OS X 10_15_7) AppleWebKit/537.36 (KHTML, like Gecko) Chrome/152.0.0.0 Safari/537.36"
186.124.2.63 - - [01/Sep/2026:15:25:34 -0500] "GET /wp-content/uploads/2026/06/Logo_ANEM.png HTTP/1.1" 200 223783 "https://anempanama.com/?nocache=1" "Mozilla/5.0 (Macintosh; Intel Mac OS X 10_15_7) AppleWebKit/537.36 (KHTML, like Gecko) Chrome/152.0.0.0 Safari/537.36"
186.124.2.63 - - [01/Sep/2026:15:25:34 -0500] "GET /wp-content/uploads/2026/07/Banner_Home_ANEM.png HTTP/1.1" 200 279796 "https://anempanama.com/?nocache=1" "Mozilla/5.0 (Macintosh; Intel Mac OS X 10_15_7) AppleWebKit/537.36 (KHTML, like Gecko) Chrome/152.0.0.0 Safari/537.36"
186.124.2.63 - - [01/Sep/2026:15:25:34 -0500] "GET /wp-content/themes/woodmart/css/parts/header-el-logo-opt-swap.css?ver=8.5.1 HTTP/1.1" 200 222 "https://anempanama.com/?nocache=1" "Mozilla/5.0 (Macintosh; Intel Mac OS X 10_15_7) AppleWebKit/537.36 (KHTML, like Gecko) Chrome/152.0.0.0 Safari/537.36"
186.124.2.63 - - [01/Sep/2026:15:25:34 -0500] "GET /wp-content/uploads/elementor/css/post-7601.css?ver=1787952882 HTTP/1.1" 200 258 "https://anempanama.com/?nocache=1" "Mozilla/5.0 (Macintosh; Intel Mac OS X 10_15_7) AppleWebKit/537.36 (KHTML, like Gecko) Chrome/152.0.0.0 Safari/537.36"
186.124.2.63 - - [01/Sep/2026:15:25:36 -0500] "POST /wp-admin/admin-ajax.php HTTP/1.1" 200 77 "https://anempanama.com/wp-admin/post.php?post=7594&action=elementor" "Mozilla/5.0 (Macintosh; Intel Mac OS X 10_15_7) AppleWebKit/537.36 (KHTML, like Gecko) Chrome/152.0.0.0 Safari/537.36"
186.124.2.63 - - [01/Sep/2026:15:25:35 -0500] "GET /wp-content/plugins/woocommerce/assets/client/blocks/wc-blocks.css?ver=wc-11.0.1 HTTP/1.1" 200 14015 "https://anempanama.com/?nocache=1" "Mozilla/5.0 (Macintosh; Intel Mac OS X 10_15_7) AppleWebKit/537.36 (KHTML, like Gecko) Chrome/152.0.0.0 Safari/537.36"
186.124.2.63 - - [01/Sep/2026:15:25:42 -0500] "GET /wp-content/themes/woodmart/css/parts/mod-transform.css?ver=8.5.1 HTTP/1.1" 200 806 "https://anempanama.com/?nocache=1" "Mozilla/5.0 (Macintosh; Intel Mac OS X 10_15_7) AppleWebKit/537.36 (KHTML, like Gecko) Chrome/152.0.0.0 Safari/537.36"
186.124.2.63 - - [01/Sep/2026:15:25:33 -0500] "GET /wp-content/uploads/elementor/css/post-7594.css?ver=1788293818 HTTP/1.1" 200 25447 "https://anempanama.com/?nocache=1" "Mozilla/5.0 (Macintosh; Intel Mac OS X 10_15_7) AppleWebKit/537.36 (KHTML, like Gecko) Chrome/152.0.0.0 Safari/537.36"
186.124.2.63 - - [01/Sep/2026:15:25:42 -0500] "GET /wp-content/themes/woodmart/css/parts/base.css?ver=8.5.1 HTTP/1.1" 200 32754 "https://anempanama.com/?nocache=1" "Mozilla/5.0 (Macintosh; Intel Mac OS X 10_15_7) AppleWebKit/537.36 (KHTML, like Gecko) Chrome/152.0.0.0 Safari/537.36"
186.124.2.63 - - [01/Sep/2026:15:25:42 -0500] "GET /wp-content/uploads/elementor/css/post-7604.css?ver=1787952883 HTTP/1.1" 200 1583 "https://anempanama.com/?nocache=1" "Mozilla/5.0 (Macintosh; Intel Mac OS X 10_15_7) AppleWebKit/537.36 (KHTML, like Gecko) Chrome/152.0.0.0 Safari/537.36"
186.124.2.63 - - [01/Sep/2026:15:25:42 -0500] "GET /wp-content/themes/woodmart/css/parts/el-section-title.css?ver=8.5.1 HTTP/1.1" 200 1771 "https://anempanama.com/?nocache=1" "Mozilla/5.0 (Macintosh; Intel Mac OS X 10_15_7) AppleWebKit/537.36 (KHTML, like Gecko) Chrome/152.0.0.0 Safari/537.36"
186.124.2.63 - - [01/Sep/2026:15:25:42 -0500] "GET /wp-content/uploads/2026/07/Banner_Home_ANEM_III.png HTTP/1.1" 200 314723 "https://anempanama.com/?nocache=1" "Mozilla/5.0 (Macintosh; Intel Mac OS X 10_15_7) AppleWebKit/537.36 (KHTML, like Gecko) Chrome/152.0.0.0 Safari/537.36"
186.124.2.63 - - [01/Sep/2026:15:25:43 -0500] "GET /wp-content/plugins/wp-fastest-cache/css/toolbar.css?ver=1788294342 HTTP/1.1" 200 6109 "https://anempanama.com/" "Mozilla/5.0 (Macintosh; Intel Mac OS X 10_15_7) AppleWebKit/537.36 (KHTML, like Gecko) Chrome/152.0.0.0 Safari/537.36"
186.124.2.63 - - [01/Sep/2026:15:25:43 -0500] "GET /wp-content/uploads/elementor/css/local-7594-frontend-mobile.css?ver=6a9732bae6ea0 HTTP/1.1" 304 - "https://anempanama.com/" "Mozilla/5.0 (Macintosh; Intel Mac OS X 10_15_7) AppleWebKit/537.36 (KHTML, like Gecko) Chrome/152.0.0.0 Safari/537.36"
186.124.2.63 - - [01/Sep/2026:15:25:43 -0500] "GET /wp-content/themes/woodmart/inc/admin/assets/fonts/xts-icon-font.woff2 HTTP/1.1" 200 18756 "https://anempanama.com/wp-content/themes/woodmart/inc/admin/assets/css/parts/base-adminbar.css?ver=8.5.1" "Mozilla/5.0 (Macintosh; Intel Mac OS X 10_15_7) AppleWebKit/537.36 (KHTML, like Gecko) Chrome/152.0.0.0 Safari/537.36"
186.124.2.63 - - [01/Sep/2026:15:25:43 -0500] "GET /wp-content/uploads/2026/06/cropped-Favicon_ANEM-150x150.png HTTP/1.1" 200 19083 "https://anempanama.com/" "Mozilla/5.0 (Macintosh; Intel Mac OS X 10_15_7) AppleWebKit/537.36 (KHTML, like Gecko) Chrome/152.0.0.0 Safari/537.36"
186.124.2.63 - - [01/Sep/2026:15:25:43 -0500] "GET /wp-content/themes/woodmart/css/parts/el-button.css?ver=8.5.1 HTTP/1.1" 200 2953 "https://anempanama.com/" "Mozilla/5.0 (Macintosh; Intel Mac OS X 10_15_7) AppleWebKit/537.36 (KHTML, like Gecko) Chrome/152.0.0.0 Safari/537.36"
186.124.2.63 - - [01/Sep/2026:15:25:40 -0500] "GET / HTTP/1.1" 200 288436 "-" "Mozilla/5.0 (Macintosh; Intel Mac OS X 10_15_7) AppleWebKit/537.36 (KHTML, like Gecko) Chrome/152.0.0.0 Safari/537.36"
186.124.2.63 - - [01/Sep/2026:15:25:44 -0500] "GET /wp-content/uploads/2021/09/w-investment-phone.svg HTTP/1.1" 200 2568 "https://anempanama.com/" "Mozilla/5.0 (Macintosh; Intel Mac OS X 10_15_7) AppleWebKit/537.36 (KHTML, like Gecko) Chrome/152.0.0.0 Safari/537.36"
186.124.2.63 - - [01/Sep/2026:15:25:44 -0500] "GET /wp-content/themes/woodmart/css/parts/el-section-title.css?ver=8.5.1 HTTP/1.1" 200 1771 "https://anempanama.com/" "Mozilla/5.0 (Macintosh; Intel Mac OS X 10_15_7) AppleWebKit/537.36 (KHTML, like Gecko) Chrome/152.0.0.0 Safari/537.36"
186.124.2.63 - - [01/Sep/2026:15:25:44 -0500] "GET /wp-content/uploads/2021/09/w-investment-location.svg HTTP/1.1" 200 1443 "https://anempanama.com/" "Mozilla/5.0 (Macintosh; Intel Mac OS X 10_15_7) AppleWebKit/537.36 (KHTML, like Gecko) Chrome/152.0.0.0 Safari/537.36"
186.124.2.63 - - [01/Sep/2026:15:25:44 -0500] "GET /wp-content/uploads/2021/09/w-investment-facebook.svg HTTP/1.1" 200 664 "https://anempanama.com/" "Mozilla/5.0 (Macintosh; Intel Mac OS X 10_15_7) AppleWebKit/537.36 (KHTML, like Gecko) Chrome/152.0.0.0 Safari/537.36"
186.124.2.63 - - [01/Sep/2026:15:25:44 -0500] "GET /wp-content/uploads/2021/09/w-investment-twitter.svg HTTP/1.1" 200 4881 "https://anempanama.com/" "Mozilla/5.0 (Macintosh; Intel Mac OS X 10_15_7) AppleWebKit/537.36 (KHTML, like Gecko) Chrome/152.0.0.0 Safari/537.36"
186.124.2.63 - - [01/Sep/2026:15:25:44 -0500] "GET /wp-content/themes/woodmart/css/parts/mod-highlighted-text.css?ver=8.5.1 HTTP/1.1" 200 475 "https://anempanama.com/" "Mozilla/5.0 (Macintosh; Intel Mac OS X 10_15_7) AppleWebKit/537.36 (KHTML, like Gecko) Chrome/152.0.0.0 Safari/537.36"
186.124.2.63 - - [01/Sep/2026:15:25:44 -0500] "GET /wp-content/themes/woodmart/css/parts/el-text-block.css?ver=8.5.1 HTTP/1.1" 200 300 "https://anempanama.com/" "Mozilla/5.0 (Macintosh; Intel Mac OS X 10_15_7) AppleWebKit/537.36 (KHTML, like Gecko) Chrome/152.0.0.0 Safari/537.36"
186.124.2.63 - - [01/Sep/2026:15:25:44 -0500] "GET /wp-content/themes/woodmart/css/parts/int-wpcf7.css?ver=8.5.1 HTTP/1.1" 200 2739 "https://anempanama.com/" "Mozilla/5.0 (Macintosh; Intel Mac OS X 10_15_7) AppleWebKit/537.36 (KHTML, like Gecko) Chrome/152.0.0.0 Safari/537.36"
186.124.2.63 - - [01/Sep/2026:15:25:44 -0500] "GET /wp-content/plugins/wp-fastest-cache/js/toolbar.js?ver=1788294342 HTTP/1.1" 200 3514 "https://anempanama.com/" "Mozilla/5.0 (Macintosh; Intel Mac OS X 10_15_7) AppleWebKit/537.36 (KHTML, like Gecko) Chrome/152.0.0.0 Safari/537.36"
186.124.2.63 - - [01/Sep/2026:15:25:43 -0500] "GET /wp-content/uploads/2026/07/Banner_Home_ANEM_III.png HTTP/1.1" 200 314723 "https://anempanama.com/" "Mozilla/5.0 (Macintosh; Intel Mac OS X 10_15_7) AppleWebKit/537.36 (KHTML, like Gecko) Chrome/152.0.0.0 Safari/537.36"
186.124.2.63 - - [01/Sep/2026:15:25:35 -0500] "GET /wp-content/themes/woodmart/css/parts/mod-animations-transform.css?ver=8.5.1 HTTP/1.1" 200 506 "https://anempanama.com/?nocache=1" "Mozilla/5.0 (Macintosh; Intel Mac OS X 10_15_7) AppleWebKit/537.36 (KHTML, like Gecko) Chrome/152.0.0.0 Safari/537.36"
186.124.2.63 - - [01/Sep/2026:15:25:44 -0500] "GET /wp-content/themes/woodmart/css/parts/el-button.css?ver=8.5.1 HTTP/1.1" 200 2953 "https://anempanama.com/?nocache=1" "Mozilla/5.0 (Macintosh; Intel Mac OS X 10_15_7) AppleWebKit/537.36 (KHTML, like Gecko) Chrome/152.0.0.0 Safari/537.36"
186.124.2.63 - - [01/Sep/2026:15:25:44 -0500] "GET /wp-json/contact-form-7/v1/contact-forms/4387/feedback/schema HTTP/1.1" 200 227 "https://anempanama.com/" "Mozilla/5.0 (Macintosh; Intel Mac OS X 10_15_7) AppleWebKit/537.36 (KHTML, like Gecko) Chrome/152.0.0.0 Safari/537.36"
186.124.2.63 - - [01/Sep/2026:15:25:44 -0500] "GET /wp-json/contact-form-7/v1/contact-forms/1572/feedback/schema HTTP/1.1" 200 1286 "https://anempanama.com/" "Mozilla/5.0 (Macintosh; Intel Mac OS X 10_15_7) AppleWebKit/537.36 (KHTML, like Gecko) Chrome/152.0.0.0 Safari/537.36"
186.124.2.63 - - [01/Sep/2026:15:25:44 -0500] "GET /wp-json/contact-form-7/v1/contact-forms/14/feedback/schema HTTP/1.1" 200 1347 "https://anempanama.com/" "Mozilla/5.0 (Macintosh; Intel Mac OS X 10_15_7) AppleWebKit/537.36 (KHTML, like Gecko) Chrome/152.0.0.0 Safari/537.36"
186.124.2.63 - - [01/Sep/2026:15:25:47 -0500] "POST /wp-admin/admin-ajax.php HTTP/1.1" 200 47 "https://anempanama.com/wp-admin/post.php?post=7594&action=edit" "Mozilla/5.0 (Macintosh; Intel Mac OS X 10_15_7) AppleWebKit/537.36 (KHTML, like Gecko) Chrome/152.0.0.0 Safari/537.36"
186.124.2.63 - - [01/Sep/2026:15:25:52 -0500] "POST /wp-admin/admin-ajax.php HTTP/1.1" 200 77 "https://anempanama.com/wp-admin/post.php?post=7594&action=elementor" "Mozilla/5.0 (Macintosh; Intel Mac OS X 10_15_7) AppleWebKit/537.36 (KHTML, like Gecko) Chrome/152.0.0.0 Safari/537.36"
157.90.185.123 - - [01/Sep/2026:15:26:02 -0500] "POST /wp-cron.php?doing_wp_cron=1788294362.0989050865173339843750 HTTP/1.1" 200 - "-" "WordPress/7.1; https://anempanama.com"
95.108.213.96 - - [01/Sep/2026:15:26:00 -0500] "GET /robots.txt HTTP/1.1" 200 320 "-" "Mozilla/5.0 (compatible; YandexBot/3.0; +http://yandex.com/bots)"
87.250.224.213 - - [01/Sep/2026:15:26:02 -0500] "GET / HTTP/1.1" 200 229832 "-" "Mozilla/5.0 (compatible; YandexBot/3.0; +http://yandex.com/bots)"
186.124.2.63 - - [01/Sep/2026:15:26:08 -0500] "POST /wp-admin/admin-ajax.php HTTP/1.1" 200 77 "https://anempanama.com/wp-admin/post.php?post=7594&action=elementor" "Mozilla/5.0 (Macintosh; Intel Mac OS X 10_15_7) AppleWebKit/537.36 (KHTML, like Gecko) Chrome/152.0.0.0 Safari/537.36"
52.167.144.18 - - [01/Sep/2026:15:26:16 -0500] "GET /wp-sitemap-taxonomies-product_cat-1.xml HTTP/1.1" 301 - "-" "Mozilla/5.0 AppleWebKit/537.36 (KHTML, like Gecko; compatible; bingbot/2.0; +http://www.bing.com/bingbot.htm) Chrome/116.0.1938.76 Safari/537.36"
52.167.144.18 - - [01/Sep/2026:15:26:19 -0500] "GET /product_cat-sitemap.xml HTTP/1.1" 404 118897 "-" "Mozilla/5.0 AppleWebKit/537.36 (KHTML, like Gecko; compatible; bingbot/2.0; +http://www.bing.com/bingbot.htm) Chrome/116.0.1938.76 Safari/537.36"
186.124.2.63 - - [01/Sep/2026:15:26:24 -0500] "POST /wp-admin/admin-ajax.php HTTP/1.1" 200 77 "https://anempanama.com/wp-admin/post.php?post=7594&action=elementor" "Mozilla/5.0 (Macintosh; Intel Mac OS X 10_15_7) AppleWebKit/537.36 (KHTML, like Gecko) Chrome/152.0.0.0 Safari/537.36"
91.92.243.243 - - [01/Sep/2026:15:26:33 -0500] "POST /wp-login.php HTTP/1.1" 200 10898 "-" "Mozilla/5.0"
186.124.2.63 - - [01/Sep/2026:15:26:40 -0500] "POST /wp-admin/admin-ajax.php HTTP/1.1" 200 77 "https://anempanama.com/wp-admin/post.php?post=7594&action=elementor" "Mozilla/5.0 (Macintosh; Intel Mac OS X 10_15_7) AppleWebKit/537.36 (KHTML, like Gecko) Chrome/152.0.0.0 Safari/537.36"
157.90.185.123 - - [01/Sep/2026:15:26:58 -0500] "POST /wp-cron.php?doing_wp_cron=1788294418.7897410392761230468750 HTTP/1.1" 200 - "-" "WordPress/7.1; https://anempanama.com"
186.124.2.63 - - [01/Sep/2026:15:26:56 -0500] "POST /wp-admin/admin-ajax.php HTTP/1.1" 200 77 "https://anempanama.com/wp-admin/post.php?post=7594&action=elementor" "Mozilla/5.0 (Macintosh; Intel Mac OS X 10_15_7) AppleWebKit/537.36 (KHTML, like Gecko) Chrome/152.0.0.0 Safari/537.36"
186.124.2.63 - - [01/Sep/2026:15:27:11 -0500] "GET /wp-content/uploads/2026/08/Jornada_Juguetes_ANEM-768x425.jpg HTTP/1.1" 200 59495 "https://anempanama.com/" "Mozilla/5.0 (Macintosh; Intel Mac OS X 10_15_7) AppleWebKit/537.36 (KHTML, like Gecko) Chrome/152.0.0.0 Safari/537.36"
186.124.2.63 - - [01/Sep/2026:15:27:12 -0500] "POST /wp-admin/admin-ajax.php HTTP/1.1" 200 77 "https://anempanama.com/wp-admin/post.php?post=7594&action=elementor" "Mozilla/5.0 (Macintosh; Intel Mac OS X 10_15_7) AppleWebKit/537.36 (KHTML, like Gecko) Chrome/152.0.0.0 Safari/537.36"
186.124.2.63 - - [01/Sep/2026:15:27:28 -0500] "POST /wp-admin/admin-ajax.php HTTP/1.1" 200 77 "https://anempanama.com/wp-admin/post.php?post=7594&action=elementor" "Mozilla/5.0 (Macintosh; Intel Mac OS X 10_15_7) AppleWebKit/537.36 (KHTML, like Gecko) Chrome/152.0.0.0 Safari/537.36"
186.124.2.63 - - [01/Sep/2026:15:27:44 -0500] "POST /wp-admin/admin-ajax.php HTTP/1.1" 200 77 "https://anempanama.com/wp-admin/post.php?post=7594&action=elementor" "Mozilla/5.0 (Macintosh; Intel Mac OS X 10_15_7) AppleWebKit/537.36 (KHTML, like Gecko) Chrome/152.0.0.0 Safari/537.36"
186.124.2.63 - - [01/Sep/2026:15:27:48 -0500] "POST /wp-admin/admin-ajax.php HTTP/1.1" 200 47 "https://anempanama.com/wp-admin/post.php?post=7594&action=edit" "Mozilla/5.0 (Macintosh; Intel Mac OS X 10_15_7) AppleWebKit/537.36 (KHTML, like Gecko) Chrome/152.0.0.0 Safari/537.36"
157.90.185.123 - - [01/Sep/2026:15:28:02 -0500] "POST /wp-cron.php?doing_wp_cron=1788294482.8153259754180908203125 HTTP/1.1" 200 - "-" "WordPress/7.1; https://anempanama.com"
186.124.2.63 - - [01/Sep/2026:15:28:00 -0500] "POST /wp-admin/admin-ajax.php HTTP/1.1" 200 77 "https://anempanama.com/wp-admin/post.php?post=7594&action=elementor" "Mozilla/5.0 (Macintosh; Intel Mac OS X 10_15_7) AppleWebKit/537.36 (KHTML, like Gecko) Chrome/152.0.0.0 Safari/537.36"
186.124.2.63 - - [01/Sep/2026:15:28:16 -0500] "POST /wp-admin/admin-ajax.php HTTP/1.1" 200 77 "https://anempanama.com/wp-admin/post.php?post=7594&action=elementor" "Mozilla/5.0 (Macintosh; Intel Mac OS X 10_15_7) AppleWebKit/537.36 (KHTML, like Gecko) Chrome/152.0.0.0 Safari/537.36"
186.124.2.63 - - [01/Sep/2026:15:28:32 -0500] "POST /wp-admin/admin-ajax.php HTTP/1.1" 200 77 "https://anempanama.com/wp-admin/post.php?post=7594&action=elementor" "Mozilla/5.0 (Macintosh; Intel Mac OS X 10_15_7) AppleWebKit/537.36 (KHTML, like Gecko) Chrome/152.0.0.0 Safari/537.36"
157.90.185.123 - - [01/Sep/2026:15:29:30 -0500] "POST /wp-cron.php?doing_wp_cron=1788294570.7207911014556884765625 HTTP/1.1" 200 - "-" "WordPress/7.1; https://anempanama.com"
186.124.2.63 - - [01/Sep/2026:15:29:28 -0500] "POST /wp-admin/admin-ajax.php HTTP/1.1" 200 77 "https://anempanama.com/wp-admin/post.php?post=7594&action=elementor" "Mozilla/5.0 (Macintosh; Intel Mac OS X 10_15_7) AppleWebKit/537.36 (KHTML, like Gecko) Chrome/152.0.0.0 Safari/537.36"
91.92.243.250 - - [01/Sep/2026:15:29:32 -0500] "POST /wp-login.php HTTP/1.1" 200 10934 "-" "Mozilla/5.0"
186.124.2.63 - - [01/Sep/2026:15:29:44 -0500] "POST /wp-admin/admin-ajax.php HTTP/1.1" 200 77 "https://anempanama.com/wp-admin/post.php?post=7594&action=elementor" "Mozilla/5.0 (Macintosh; Intel Mac OS X 10_15_7) AppleWebKit/537.36 (KHTML, like Gecko) Chrome/152.0.0.0 Safari/537.36"
186.124.2.63 - - [01/Sep/2026:15:29:49 -0500] "POST /wp-admin/admin-ajax.php HTTP/1.1" 200 47 "https://anempanama.com/wp-admin/post.php?post=7594&action=edit" "Mozilla/5.0 (Macintosh; Intel Mac OS X 10_15_7) AppleWebKit/537.36 (KHTML, like Gecko) Chrome/152.0.0.0 Safari/537.36"
157.90.185.123 - - [01/Sep/2026:15:30:02 -0500] "POST /wp-cron.php?doing_wp_cron=1788294602.2088809013366699218750 HTTP/1.1" 200 - "-" "WordPress/7.1; https://anempanama.com"
186.124.2.63 - - [01/Sep/2026:15:30:00 -0500] "POST /wp-admin/admin-ajax.php HTTP/1.1" 200 77 "https://anempanama.com/wp-admin/post.php?post=7594&action=elementor" "Mozilla/5.0 (Macintosh; Intel Mac OS X 10_15_7) AppleWebKit/537.36 (KHTML, like Gecko) Chrome/152.0.0.0 Safari/537.36"
186.124.2.63 - - [01/Sep/2026:15:30:16 -0500] "POST /wp-admin/admin-ajax.php HTTP/1.1" 200 77 "https://anempanama.com/wp-admin/post.php?post=7594&action=elementor" "Mozilla/5.0 (Macintosh; Intel Mac OS X 10_15_7) AppleWebKit/537.36 (KHTML, like Gecko) Chrome/152.0.0.0 Safari/537.36"
186.124.2.63 - - [01/Sep/2026:15:30:32 -0500] "POST /wp-admin/admin-ajax.php HTTP/1.1" 200 77 "https://anempanama.com/wp-admin/post.php?post=7594&action=elementor" "Mozilla/5.0 (Macintosh; Intel Mac OS X 10_15_7) AppleWebKit/537.36 (KHTML, like Gecko) Chrome/152.0.0.0 Safari/537.36"
186.124.2.63 - - [01/Sep/2026:15:30:48 -0500] "POST /wp-admin/admin-ajax.php HTTP/1.1" 200 77 "https://anempanama.com/wp-admin/post.php?post=7594&action=elementor" "Mozilla/5.0 (Macintosh; Intel Mac OS X 10_15_7) AppleWebKit/537.36 (KHTML, like Gecko) Chrome/152.0.0.0 Safari/537.36"
157.90.185.123 - - [01/Sep/2026:15:31:07 -0500] "POST /wp-cron.php?doing_wp_cron=1788294666.8350241184234619140625 HTTP/1.1" 200 - "-" "WordPress/7.1; https://anempanama.com"
186.124.2.63 - - [01/Sep/2026:15:31:04 -0500] "POST /wp-admin/admin-ajax.php HTTP/1.1" 200 77 "https://anempanama.com/wp-admin/post.php?post=7594&action=elementor" "Mozilla/5.0 (Macintosh; Intel Mac OS X 10_15_7) AppleWebKit/537.36 (KHTML, like Gecko) Chrome/152.0.0.0 Safari/537.36"
157.90.185.123 - - [01/Sep/2026:15:31:22 -0500] "POST /wp-cron.php?doing_wp_cron=1788294682.0513620376586914062500 HTTP/1.1" 200 - "-" "WordPress/7.1; https://anempanama.com"
186.124.2.63 - - [01/Sep/2026:15:31:20 -0500] "POST /wp-admin/admin-ajax.php HTTP/1.1" 200 77 "https://anempanama.com/wp-admin/post.php?post=7594&action=elementor" "Mozilla/5.0 (Macintosh; Intel Mac OS X 10_15_7) AppleWebKit/537.36 (KHTML, like Gecko) Chrome/152.0.0.0 Safari/537.36"
186.124.2.63 - - [01/Sep/2026:15:31:36 -0500] "POST /wp-admin/admin-ajax.php HTTP/1.1" 200 77 "https://anempanama.com/wp-admin/post.php?post=7594&action=elementor" "Mozilla/5.0 (Macintosh; Intel Mac OS X 10_15_7) AppleWebKit/537.36 (KHTML, like Gecko) Chrome/152.0.0.0 Safari/537.36"
157.90.185.123 - - [01/Sep/2026:15:31:52 -0500] "POST /wp-cron.php?doing_wp_cron=1788294712.3487899303436279296875 HTTP/1.1" 200 - "-" "WordPress/7.1; https://anempanama.com"
186.124.2.63 - - [01/Sep/2026:15:31:50 -0500] "POST /wp-admin/admin-ajax.php HTTP/1.1" 200 47 "https://anempanama.com/wp-admin/post.php?post=7594&action=edit" "Mozilla/5.0 (Macintosh; Intel Mac OS X 10_15_7) AppleWebKit/537.36 (KHTML, like Gecko) Chrome/152.0.0.0 Safari/537.36"
186.124.2.63 - - [01/Sep/2026:15:31:52 -0500] "POST /wp-admin/admin-ajax.php HTTP/1.1" 200 77 "https://anempanama.com/wp-admin/post.php?post=7594&action=elementor" "Mozilla/5.0 (Macintosh; Intel Mac OS X 10_15_7) AppleWebKit/537.36 (KHTML, like Gecko) Chrome/152.0.0.0 Safari/537.36"
157.90.185.123 - - [01/Sep/2026:15:32:11 -0500] "POST /wp-cron.php?doing_wp_cron=1788294731.1083910465240478515625 HTTP/1.1" 200 - "-" "WordPress/7.1; https://anempanama.com"
186.124.2.63 - - [01/Sep/2026:15:32:08 -0500] "POST /wp-admin/admin-ajax.php HTTP/1.1" 200 77 "https://anempanama.com/wp-admin/post.php?post=7594&action=elementor" "Mozilla/5.0 (Macintosh; Intel Mac OS X 10_15_7) AppleWebKit/537.36 (KHTML, like Gecko) Chrome/152.0.0.0 Safari/537.36"
91.92.243.243 - - [01/Sep/2026:15:32:22 -0500] "POST /wp-login.php HTTP/1.1" 200 10898 "-" "Mozilla/5.0"
186.124.2.63 - - [01/Sep/2026:15:32:50 -0500] "POST /wp-admin/admin-ajax.php HTTP/1.1" 200 77 "https://anempanama.com/wp-admin/post.php?post=7594&action=elementor" "Mozilla/5.0 (Macintosh; Intel Mac OS X 10_15_7) AppleWebKit/537.36 (KHTML, like Gecko) Chrome/152.0.0.0 Safari/537.36"
157.90.185.123 - - [01/Sep/2026:15:33:08 -0500] "POST /wp-cron.php?doing_wp_cron=1788294788.0458929538726806640625 HTTP/1.1" 200 - "-" "WordPress/7.1; https://anempanama.com"
186.124.2.63 - - [01/Sep/2026:15:33:05 -0500] "POST /wp-admin/admin-ajax.php HTTP/1.1" 200 77 "https://anempanama.com/wp-admin/post.php?post=7594&action=elementor" "Mozilla/5.0 (Macintosh; Intel Mac OS X 10_15_7) AppleWebKit/537.36 (KHTML, like Gecko) Chrome/152.0.0.0 Safari/537.36"
186.124.2.63 - - [01/Sep/2026:15:33:22 -0500] "POST /wp-admin/admin-ajax.php HTTP/1.1" 200 77 "https://anempanama.com/wp-admin/post.php?post=7594&action=elementor" "Mozilla/5.0 (Macintosh; Intel Mac OS X 10_15_7) AppleWebKit/537.36 (KHTML, like Gecko) Chrome/152.0.0.0 Safari/537.36"
186.124.2.63 - - [01/Sep/2026:15:33:44 -0500] "POST /wp-admin/admin-ajax.php HTTP/1.1" 200 77 "https://anempanama.com/wp-admin/post.php?post=7594&action=elementor" "Mozilla/5.0 (Macintosh; Intel Mac OS X 10_15_7) AppleWebKit/537.36 (KHTML, like Gecko) Chrome/152.0.0.0 Safari/537.36"
157.90.185.123 - - [01/Sep/2026:15:34:02 -0500] "POST /wp-cron.php?doing_wp_cron=1788294842.9618589878082275390625 HTTP/1.1" 200 - "-" "WordPress/7.1; https://anempanama.com"
186.124.2.63 - - [01/Sep/2026:15:34:00 -0500] "POST /wp-admin/admin-ajax.php HTTP/1.1" 200 77 "https://anempanama.com/wp-admin/post.php?post=7594&action=elementor" "Mozilla/5.0 (Macintosh; Intel Mac OS X 10_15_7) AppleWebKit/537.36 (KHTML, like Gecko) Chrome/152.0.0.0 Safari/537.36"
186.124.2.63 - - [01/Sep/2026:15:34:16 -0500] "POST /wp-admin/admin-ajax.php HTTP/1.1" 200 77 "https://anempanama.com/wp-admin/post.php?post=7594&action=elementor" "Mozilla/5.0 (Macintosh; Intel Mac OS X 10_15_7) AppleWebKit/537.36 (KHTML, like Gecko) Chrome/152.0.0.0 Safari/537.36"
157.90.185.123 - - [01/Sep/2026:15:36:20 -0500] "POST /wp-cron.php?doing_wp_cron=1788294980.5100669860839843750000 HTTP/1.1" 200 - "-" "WordPress/7.1; https://anempanama.com"
186.124.2.63 - - [01/Sep/2026:15:36:18 -0500] "POST /wp-admin/admin-ajax.php HTTP/1.1" 200 77 "https://anempanama.com/wp-admin/post.php?post=7594&action=elementor" "Mozilla/5.0 (Macintosh; Intel Mac OS X 10_15_7) AppleWebKit/537.36 (KHTML, like Gecko) Chrome/152.0.0.0 Safari/537.36"
186.124.2.63 - - [01/Sep/2026:15:36:34 -0500] "POST /wp-admin/admin-ajax.php HTTP/1.1" 200 77 "https://anempanama.com/wp-admin/post.php?post=7594&action=elementor" "Mozilla/5.0 (Macintosh; Intel Mac OS X 10_15_7) AppleWebKit/537.36 (KHTML, like Gecko) Chrome/152.0.0.0 Safari/537.36"
186.124.2.63 - - [01/Sep/2026:15:36:50 -0500] "POST /wp-admin/admin-ajax.php HTTP/1.1" 200 77 "https://anempanama.com/wp-admin/post.php?post=7594&action=elementor" "Mozilla/5.0 (Macintosh; Intel Mac OS X 10_15_7) AppleWebKit/537.36 (KHTML, like Gecko) Chrome/152.0.0.0 Safari/537.36"
157.90.185.123 - - [01/Sep/2026:15:38:35 -0500] "POST /wp-cron.php?doing_wp_cron=1788295115.0232169628143310546875 HTTP/1.1" 200 - "-" "WordPress/7.1; https://anempanama.com"
91.92.243.243 - - [01/Sep/2026:15:38:32 -0500] "POST /wp-login.php HTTP/1.1" 200 10898 "-" "Mozilla/5.0"
157.90.185.123 - - [01/Sep/2026:15:43:47 -0500] "POST /wp-cron.php?doing_wp_cron=1788295427.0454049110412597656250 HTTP/1.1" 200 - "-" "WordPress/7.1; https://anempanama.com"
91.92.243.250 - - [01/Sep/2026:15:43:44 -0500] "POST /wp-login.php HTTP/1.1" 200 10934 "-" "Mozilla/5.0"
157.90.185.123 - - [01/Sep/2026:15:44:25 -0500] "POST /wp-cron.php?doing_wp_cron=1788295464.9511580467224121093750 HTTP/1.1" 200 - "-" "WordPress/7.1; https://anempanama.com"
91.92.243.243 - - [01/Sep/2026:15:44:22 -0500] "POST /wp-login.php HTTP/1.1" 200 10898 "-" "Mozilla/5.0"
157.90.185.123 - - [01/Sep/2026:15:50:19 -0500] "POST /wp-cron.php?doing_wp_cron=1788295818.8411970138549804687500 HTTP/1.1" 200 - "-" "WordPress/7.1; https://anempanama.com"
91.92.243.243 - - [01/Sep/2026:15:50:16 -0500] "POST /wp-login.php HTTP/1.1" 200 10898 "-" "Mozilla/5.0"
157.90.185.123 - - [01/Sep/2026:15:56:10 -0500] "POST /wp-cron.php?doing_wp_cron=1788296170.3793709278106689453125 HTTP/1.1" 200 - "-" "WordPress/7.1; https://anempanama.com"
91.92.243.243 - - [01/Sep/2026:15:56:08 -0500] "POST /wp-login.php HTTP/1.1" 200 10898 "-" "Mozilla/5.0"
40.77.167.235 - - [01/Sep/2026:15:56:34 -0500] "GET /categoria-producto/cooking HTTP/1.1" 301 - "-" "Mozilla/5.0 AppleWebKit/537.36 (KHTML, like Gecko; compatible; bingbot/2.0; +http://www.bing.com/bingbot.htm) Chrome/116.0.1938.76 Safari/537.36"
157.90.185.123 - - [01/Sep/2026:15:57:56 -0500] "POST /wp-cron.php?doing_wp_cron=1788296276.0953700542449951171875 HTTP/1.1" 200 - "-" "WordPress/7.1; https://anempanama.com"
91.92.243.250 - - [01/Sep/2026:15:57:54 -0500] "POST /wp-login.php HTTP/1.1" 200 10899 "-" "Mozilla/5.0"
186.141.133.250 - - [01/Sep/2026:15:58:20 -0500] "GET /wp-json/elementor/v1/checklist/user-progress HTTP/1.1" 200 534 "https://anempanama.com/wp-admin/post.php?post=7594&action=elementor" "Mozilla/5.0 (Macintosh; Intel Mac OS X 10_15_7) AppleWebKit/537.36 (KHTML, like Gecko) Chrome/152.0.0.0 Safari/537.36"
186.141.133.250 - - [01/Sep/2026:15:58:23 -0500] "POST /wp-admin/admin-ajax.php HTTP/1.1" 200 77 "https://anempanama.com/wp-admin/post.php?post=7594&action=elementor" "Mozilla/5.0 (Macintosh; Intel Mac OS X 10_15_7) AppleWebKit/537.36 (KHTML, like Gecko) Chrome/152.0.0.0 Safari/537.36"
186.141.133.250 - - [01/Sep/2026:15:58:45 -0500] "GET /wp-json/elementor/v1/checklist/user-progress HTTP/1.1" 200 534 "https://anempanama.com/wp-admin/post.php?post=7594&action=elementor" "Mozilla/5.0 (Macintosh; Intel Mac OS X 10_15_7) AppleWebKit/537.36 (KHTML, like Gecko) Chrome/152.0.0.0 Safari/537.36"
157.90.185.123 - - [01/Sep/2026:15:58:59 -0500] "POST /wp-cron.php?doing_wp_cron=1788296339.1430819034576416015625 HTTP/1.1" 200 - "-" "WordPress/7.1; https://anempanama.com"
186.141.133.250 - - [01/Sep/2026:15:58:56 -0500] "POST /wp-admin/admin-ajax.php HTTP/1.1" 200 77 "https://anempanama.com/wp-admin/post.php?post=7594&action=elementor" "Mozilla/5.0 (Macintosh; Intel Mac OS X 10_15_7) AppleWebKit/537.36 (KHTML, like Gecko) Chrome/152.0.0.0 Safari/537.36"
186.141.133.250 - - [01/Sep/2026:15:59:22 -0500] "POST /wp-admin/admin-ajax.php HTTP/1.1" 200 77 "https://anempanama.com/wp-admin/post.php?post=7594&action=elementor" "Mozilla/5.0 (Macintosh; Intel Mac OS X 10_15_7) AppleWebKit/537.36 (KHTML, like Gecko) Chrome/152.0.0.0 Safari/537.36"
186.141.133.250 - - [01/Sep/2026:15:59:27 -0500] "POST /wp-admin/admin-ajax.php HTTP/1.1" 200 77 "https://anempanama.com/wp-admin/post.php?post=7594&action=elementor" "Mozilla/5.0 (Macintosh; Intel Mac OS X 10_15_7) AppleWebKit/537.36 (KHTML, like Gecko) Chrome/152.0.0.0 Safari/537.36"
186.141.133.250 - - [01/Sep/2026:15:59:47 -0500] "POST /wp-admin/admin-ajax.php HTTP/1.1" 200 77 "https://anempanama.com/wp-admin/post.php?post=7594&action=elementor" "Mozilla/5.0 (Macintosh; Intel Mac OS X 10_15_7) AppleWebKit/537.36 (KHTML, like Gecko) Chrome/152.0.0.0 Safari/537.36"
157.90.185.123 - - [01/Sep/2026:16:00:01 -0500] "POST /wp-cron.php?doing_wp_cron=1788296401.7489130496978759765625 HTTP/1.1" 200 - "-" "WordPress/7.1; https://anempanama.com"
186.141.133.250 - - [01/Sep/2026:15:59:59 -0500] "POST /wp-admin/admin-ajax.php HTTP/1.1" 200 77 "https://anempanama.com/wp-admin/post.php?post=7594&action=elementor" "Mozilla/5.0 (Macintosh; Intel Mac OS X 10_15_7) AppleWebKit/537.36 (KHTML, like Gecko) Chrome/152.0.0.0 Safari/537.36"
186.141.133.250 - - [01/Sep/2026:16:00:15 -0500] "POST /wp-admin/admin-ajax.php HTTP/1.1" 200 77 "https://anempanama.com/wp-admin/post.php?post=7594&action=elementor" "Mozilla/5.0 (Macintosh; Intel Mac OS X 10_15_7) AppleWebKit/537.36 (KHTML, like Gecko) Chrome/152.0.0.0 Safari/537.36"
186.141.133.250 - - [01/Sep/2026:16:00:35 -0500] "POST /wp-admin/admin-ajax.php HTTP/1.1" 200 77 "https://anempanama.com/wp-admin/post.php?post=7594&action=elementor" "Mozilla/5.0 (Macintosh; Intel Mac OS X 10_15_7) AppleWebKit/537.36 (KHTML, like Gecko) Chrome/152.0.0.0 Safari/537.36"
157.90.185.123 - - [01/Sep/2026:16:01:53 -0500] "POST /wp-cron.php?doing_wp_cron=1788296513.9067099094390869140625 HTTP/1.1" 200 - "-" "WordPress/7.1; https://anempanama.com"
207.154.212.47 - - [01/Sep/2026:16:01:51 -0500] "GET / HTTP/1.1" 301 - "-" "Mozilla/5.0 (l9scan/2.0.332313e2538313e20393e2735313; +https://leakix.net)"
91.92.243.243 - - [01/Sep/2026:16:01:54 -0500] "POST /wp-login.php HTTP/1.1" 200 10898 "-" "Mozilla/5.0"
207.154.212.47 - - [01/Sep/2026:16:01:54 -0500] "GET /console/ HTTP/1.1" 404 7914 "-" "Mozilla/5.0 (l9scan/2.0.332313e2538313e20393e2735313; +https://leakix.net)"
207.154.212.47 - - [01/Sep/2026:16:01:58 -0500] "GET /server HTTP/1.1" 404 79343 "-" "Mozilla/5.0 (l9scan/2.0.332313e2538313e20393e2735313; +https://leakix.net)"
157.90.185.123 - - [01/Sep/2026:16:02:01 -0500] "POST /wp-cron.php?doing_wp_cron=1788296521.1877288818359375000000 HTTP/1.1" 200 - "-" "WordPress/7.1; https://anempanama.com"
207.154.212.47 - - [01/Sep/2026:16:02:01 -0500] "GET /server-status HTTP/1.1" 403 199 "-" "Mozilla/5.0 (l9scan/2.0.332313e2538313e20393e2735313; +https://leakix.net)"
207.154.212.47 - - [01/Sep/2026:16:02:02 -0500] "GET /about HTTP/1.1" 301 - "-" "Mozilla/5.0 (l9scan/2.0.332313e2538313e20393e2735313; +https://leakix.net)"
207.154.212.47 - - [01/Sep/2026:16:02:05 -0500] "GET /login.action HTTP/1.1" 404 95719 "-" "Mozilla/5.0 (l9scan/2.0.332313e2538313e20393e2735313; +https://leakix.net)"
207.154.212.47 - - [01/Sep/2026:16:02:08 -0500] "GET / HTTP/1.1" 301 - "-" "Mozilla/5.0 (l9scan/2.0.332313e2538313e20393e2735313; +https://leakix.net)"
207.154.212.47 - - [01/Sep/2026:16:02:11 -0500] "GET /___proxy_subdomain_whm/login HTTP/1.1" 404 7914 "-" "Mozilla/5.0 (l9scan/2.0.332313e2538313e20393e2735313; +https://leakix.net)"
207.154.212.47 - - [01/Sep/2026:16:02:13 -0500] "GET /___proxy_subdomain_cpanel HTTP/1.1" 404 79367 "-" "Mozilla/5.0 (l9scan/2.0.332313e2538313e20393e2735313; +https://leakix.net)"
207.154.212.47 - - [01/Sep/2026:16:02:17 -0500] "GET /v2/_catalog HTTP/1.1" 404 52175 "-" "Mozilla/5.0 (l9scan/2.0.332313e2538313e20393e2735313; +https://leakix.net)"
207.154.212.47 - - [01/Sep/2026:16:02:19 -0500] "GET /.DS_Store HTTP/1.1" 404 87535 "-" "Mozilla/5.0 (l9scan/2.0.332313e2538313e20393e2735313; +https://leakix.net)"
207.154.212.47 - - [01/Sep/2026:16:02:22 -0500] "GET /.env HTTP/1.1" 403 199 "-" "Mozilla/5.0 (l9scan/2.0.332313e2538313e20393e2735313; +https://leakix.net)"
207.154.212.47 - - [01/Sep/2026:16:02:25 -0500] "GET /ecp/Current/exporttool/microsoft.exchange.ediscovery.exporttool.application HTTP/1.1" 404 119779 "-" "Mozilla/5.0 (l9scan/2.0.332313e2538313e20393e2735313; +https://leakix.net)"
207.154.212.47 - - [01/Sep/2026:16:02:29 -0500] "GET /.git/config HTTP/1.1" 403 199 "-" "Mozilla/5.0 (l9scan/2.0.332313e2538313e20393e2735313; +https://leakix.net)"
207.154.212.47 - - [01/Sep/2026:16:02:30 -0500] "POST /graphql HTTP/1.1" 404 52175 "-" "Mozilla/5.0 (l9scan/2.0.332313e2538313e20393e2735313; +https://leakix.net)"
207.154.212.47 - - [01/Sep/2026:16:02:33 -0500] "POST /api HTTP/1.1" 404 119635 "-" "Mozilla/5.0 (l9scan/2.0.332313e2538313e20393e2735313; +https://leakix.net)"
207.154.212.47 - - [01/Sep/2026:16:02:37 -0500] "POST /api/graphql HTTP/1.1" 404 87535 "-" "Mozilla/5.0 (l9scan/2.0.332313e2538313e20393e2735313; +https://leakix.net)"
207.154.212.47 - - [01/Sep/2026:16:02:40 -0500] "POST /graphql/api HTTP/1.1" 404 119651 "-" "Mozilla/5.0 (l9scan/2.0.332313e2538313e20393e2735313; +https://leakix.net)"
207.154.212.47 - - [01/Sep/2026:16:02:44 -0500] "POST /api/gql HTTP/1.1" 404 79343 "-" "Mozilla/5.0 (l9scan/2.0.332313e2538313e20393e2735313; +https://leakix.net)"
207.154.212.47 - - [01/Sep/2026:16:02:47 -0500] "GET /s/332313e2538313e20393e2735313/_/;/META-INF/maven/com.atlassian.jira/jira-webapp-dist/pom.properties HTTP/1.1" 404 119829 "-" "Mozilla/5.0 (l9scan/2.0.332313e2538313e20393e2735313; +https://leakix.net)"
207.154.212.47 - - [01/Sep/2026:16:02:50 -0500] "GET /config.json HTTP/1.1" 404 52175 "-" "Mozilla/5.0 (l9scan/2.0.332313e2538313e20393e2735313; +https://leakix.net)"
207.154.212.47 - - [01/Sep/2026:16:02:53 -0500] "GET /telescope/requests HTTP/1.1" 404 7914 "-" "Mozilla/5.0 (l9scan/2.0.332313e2538313e20393e2735313; +https://leakix.net)"
207.154.212.47 - - [01/Sep/2026:16:02:56 -0500] "POST /php-cgi/php-cgi.exe?%ADd+cgi.force_redirect%3D0+%ADd+disable_functions%3D\"\"+%ADd+allow_url_include%3D1+%ADd+auto_prepend_file%3Dphp://input HTTP/1.1" 403 199 "-" "Mozilla/5.0 (l9scan/2.0.332313e2538313e20393e2735313; +https://leakix.net)"
207.154.212.47 - - [01/Sep/2026:16:02:57 -0500] "GET /info.php HTTP/1.1" 404 7914 "-" "Mozilla/5.0 (l9scan/2.0.332313e2538313e20393e2735313; +https://leakix.net)"
157.90.185.123 - - [01/Sep/2026:16:03:00 -0500] "POST /wp-cron.php?doing_wp_cron=1788296580.2143650054931640625000 HTTP/1.1" 200 - "-" "WordPress/7.1; https://anempanama.com"
207.154.212.47 - - [01/Sep/2026:16:03:00 -0500] "GET /.well-known/security.txt HTTP/1.1" 404 119677 "-" "Mozilla/5.0 (l9scan/2.0.332313e2538313e20393e2735313; +https://leakix.net)"
207.154.212.47 - - [01/Sep/2026:16:03:03 -0500] "GET /actuator/env HTTP/1.1" 404 119653 "-" "Mozilla/5.0 (l9scan/2.0.332313e2538313e20393e2735313; +https://leakix.net)"
207.154.212.47 - - [01/Sep/2026:16:03:07 -0500] "GET /trace.axd HTTP/1.1" 403 199 "-" "Mozilla/5.0 (l9scan/2.0.332313e2538313e20393e2735313; +https://leakix.net)"
207.154.212.47 - - [01/Sep/2026:16:03:08 -0500] "GET /@vite/env HTTP/1.1" 404 7914 "-" "Mozilla/5.0 (l9scan/2.0.332313e2538313e20393e2735313; +https://leakix.net)"
207.154.212.47 - - [01/Sep/2026:16:03:11 -0500] "GET /.vscode/sftp.json HTTP/1.1" 404 79359 "-" "Mozilla/5.0 (l9scan/2.0.332313e2538313e20393e2735313; +https://leakix.net)"
207.154.212.47 - - [01/Sep/2026:16:03:14 -0500] "OPTIONS / HTTP/1.1" 200 5642 "-" "Mozilla/5.0 (l9scan/2.0.332313e2538313e20393e2735313; +https://leakix.net)"
207.154.212.47 - - [01/Sep/2026:16:03:18 -0500] "POST /?rest_route=/batch/v1 HTTP/1.1" 207 686 "-" "Mozilla/5.0 (l9scan/2.0.332313e2538313e20393e2735313; +https://leakix.net)"
207.154.212.47 - - [01/Sep/2026:16:03:21 -0500] "POST /wp-json/batch/v1 HTTP/1.1" 207 686 "-" "Mozilla/5.0 (l9scan/2.0.332313e2538313e20393e2735313; +https://leakix.net)"
207.154.212.47 - - [01/Sep/2026:16:03:24 -0500] "GET /?rest_route=/wp/v2/users/ HTTP/1.1" 200 927 "-" "Mozilla/5.0 (l9scan/2.0.332313e2538313e20393e2735313; +https://leakix.net)"
207.154.212.47 - - [01/Sep/2026:16:03:27 -0500] "GET /debug/default/view?panel=config HTTP/1.1" 404 52175 "-" "Mozilla/5.0 (l9scan/2.0.332313e2538313e20393e2735313; +https://leakix.net)"
157.90.185.123 - - [01/Sep/2026:16:05:44 -0500] "POST /wp-cron.php?doing_wp_cron=1788296744.7344100475311279296875 HTTP/1.1" 200 - "-" "WordPress/7.1; https://anempanama.com"
186.141.133.250 - - [01/Sep/2026:16:05:41 -0500] "POST /wp-admin/admin-ajax.php HTTP/1.1" 200 77 "https://anempanama.com/wp-admin/post.php?post=7594&action=elementor" "Mozilla/5.0 (Macintosh; Intel Mac OS X 10_15_7) AppleWebKit/537.36 (KHTML, like Gecko) Chrome/152.0.0.0 Safari/537.36"
157.90.185.123 - - [01/Sep/2026:16:06:11 -0500] "POST /wp-cron.php?doing_wp_cron=1788296771.5338430404663085937500 HTTP/1.1" 200 - "-" "WordPress/7.1; https://anempanama.com"
186.141.133.250 - - [01/Sep/2026:16:06:09 -0500] "POST /wp-admin/admin-ajax.php HTTP/1.1" 200 77 "https://anempanama.com/wp-admin/post.php?post=7594&action=elementor" "Mozilla/5.0 (Macintosh; Intel Mac OS X 10_15_7) AppleWebKit/537.36 (KHTML, like Gecko) Chrome/152.0.0.0 Safari/537.36"
186.141.133.250 - - [01/Sep/2026:16:06:42 -0500] "POST /wp-admin/admin-ajax.php HTTP/1.1" 200 77 "https://anempanama.com/wp-admin/post.php?post=7594&action=elementor" "Mozilla/5.0 (Macintosh; Intel Mac OS X 10_15_7) AppleWebKit/537.36 (KHTML, like Gecko) Chrome/152.0.0.0 Safari/537.36"
157.90.185.123 - - [01/Sep/2026:16:07:00 -0500] "POST /wp-cron.php?doing_wp_cron=1788296820.1502759456634521484375 HTTP/1.1" 200 - "-" "WordPress/7.1; https://anempanama.com"
186.141.133.250 - - [01/Sep/2026:16:06:57 -0500] "POST /wp-admin/admin-ajax.php HTTP/1.1" 200 77 "https://anempanama.com/wp-admin/post.php?post=7594&action=elementor" "Mozilla/5.0 (Macintosh; Intel Mac OS X 10_15_7) AppleWebKit/537.36 (KHTML, like Gecko) Chrome/152.0.0.0 Safari/537.36"
186.141.133.250 - - [01/Sep/2026:16:07:18 -0500] "POST /wp-admin/admin-ajax.php HTTP/1.1" 200 77 "https://anempanama.com/wp-admin/post.php?post=7594&action=elementor" "Mozilla/5.0 (Macintosh; Intel Mac OS X 10_15_7) AppleWebKit/537.36 (KHTML, like Gecko) Chrome/152.0.0.0 Safari/537.36"
186.141.133.250 - - [01/Sep/2026:16:07:29 -0500] "POST /wp-admin/admin-ajax.php HTTP/1.1" 200 77 "https://anempanama.com/wp-admin/post.php?post=7594&action=elementor" "Mozilla/5.0 (Macintosh; Intel Mac OS X 10_15_7) AppleWebKit/537.36 (KHTML, like Gecko) Chrome/152.0.0.0 Safari/537.36"
134.209.25.199 - - [01/Sep/2026:16:07:37 -0500] "GET / HTTP/1.1" 200 57289 "-" "Mozilla/5.0 (l9scan/2.0.332313e2538313e20393e2735313; +https://leakix.net)"
186.141.133.250 - - [01/Sep/2026:16:07:37 -0500] "GET /?nocache=1 HTTP/1.1" 200 57289 "-" "WhatsApp/2.23.20.0"
134.209.25.199 - - [01/Sep/2026:16:07:40 -0500] "GET /console/ HTTP/1.1" 404 7914 "-" "Mozilla/5.0 (l9scan/2.0.332313e2538313e20393e2735313; +https://leakix.net)"
134.209.25.199 - - [01/Sep/2026:16:07:43 -0500] "GET /server HTTP/1.1" 404 7914 "-" "Mozilla/5.0 (l9scan/2.0.332313e2538313e20393e2735313; +https://leakix.net)"
134.209.25.199 - - [01/Sep/2026:16:07:46 -0500] "GET /server-status HTTP/1.1" 403 199 "-" "Mozilla/5.0 (l9scan/2.0.332313e2538313e20393e2735313; +https://leakix.net)"
186.141.133.250 - - [01/Sep/2026:16:07:45 -0500] "POST /wp-admin/admin-ajax.php HTTP/1.1" 200 77 "https://anempanama.com/wp-admin/post.php?post=7594&action=elementor" "Mozilla/5.0 (Macintosh; Intel Mac OS X 10_15_7) AppleWebKit/537.36 (KHTML, like Gecko) Chrome/152.0.0.0 Safari/537.36"
134.209.25.199 - - [01/Sep/2026:16:07:47 -0500] "GET /about HTTP/1.1" 301 - "-" "Mozilla/5.0 (l9scan/2.0.332313e2538313e20393e2735313; +https://leakix.net)"
134.209.25.199 - - [01/Sep/2026:16:07:50 -0500] "GET /login.action HTTP/1.1" 404 7914 "-" "Mozilla/5.0 (l9scan/2.0.332313e2538313e20393e2735313; +https://leakix.net)"
185.191.171.14 - - [01/Sep/2026:16:07:47 -0500] "GET /marca/vitra/ HTTP/1.1" 200 215461 "-" "Mozilla/5.0 (compatible; SemrushBot/7~bl; +http://www.semrush.com/bot.html)"
134.209.25.199 - - [01/Sep/2026:16:07:53 -0500] "GET / HTTP/1.1" 200 13835 "-" "Mozilla/5.0 (l9scan/2.0.332313e2538313e20393e2735313; +https://leakix.net)"
157.90.185.123 - - [01/Sep/2026:16:07:57 -0500] "POST /wp-cron.php?doing_wp_cron=1788296877.8913469314575195312500 HTTP/1.1" 200 - "-" "WordPress/7.1; https://anempanama.com"
134.209.25.199 - - [01/Sep/2026:16:07:57 -0500] "GET /___proxy_subdomain_whm/login HTTP/1.1" 404 7914 "-" "Mozilla/5.0 (l9scan/2.0.332313e2538313e20393e2735313; +https://leakix.net)"
134.209.25.199 - - [01/Sep/2026:16:08:00 -0500] "GET /___proxy_subdomain_cpanel HTTP/1.1" 404 7914 "-" "Mozilla/5.0 (l9scan/2.0.332313e2538313e20393e2735313; +https://leakix.net)"
186.141.133.250 - - [01/Sep/2026:16:08:01 -0500] "POST /wp-admin/admin-ajax.php HTTP/1.1" 200 77 "https://anempanama.com/wp-admin/post.php?post=7594&action=elementor" "Mozilla/5.0 (Macintosh; Intel Mac OS X 10_15_7) AppleWebKit/537.36 (KHTML, like Gecko) Chrome/152.0.0.0 Safari/537.36"
134.209.25.199 - - [01/Sep/2026:16:08:03 -0500] "GET /v2/_catalog HTTP/1.1" 404 7914 "-" "Mozilla/5.0 (l9scan/2.0.332313e2538313e20393e2735313; +https://leakix.net)"
91.92.243.243 - - [01/Sep/2026:16:08:05 -0500] "POST /wp-login.php HTTP/1.1" 200 10898 "-" "Mozilla/5.0"
134.209.25.199 - - [01/Sep/2026:16:08:05 -0500] "GET /.DS_Store HTTP/1.1" 404 7914 "-" "Mozilla/5.0 (l9scan/2.0.332313e2538313e20393e2735313; +https://leakix.net)"
134.209.25.199 - - [01/Sep/2026:16:08:08 -0500] "GET /.env HTTP/1.1" 403 199 "-" "Mozilla/5.0 (l9scan/2.0.332313e2538313e20393e2735313; +https://leakix.net)"
134.209.25.199 - - [01/Sep/2026:16:08:10 -0500] "GET /ecp/Current/exporttool/microsoft.exchange.ediscovery.exporttool.application HTTP/1.1" 404 7914 "-" "Mozilla/5.0 (l9scan/2.0.332313e2538313e20393e2735313; +https://leakix.net)"
134.209.25.199 - - [01/Sep/2026:16:08:14 -0500] "GET /.git/config HTTP/1.1" 403 199 "-" "Mozilla/5.0 (l9scan/2.0.332313e2538313e20393e2735313; +https://leakix.net)"
134.209.25.199 - - [01/Sep/2026:16:08:16 -0500] "POST /graphql HTTP/1.1" 404 7914 "-" "Mozilla/5.0 (l9scan/2.0.332313e2538313e20393e2735313; +https://leakix.net)"
186.141.133.250 - - [01/Sep/2026:16:08:17 -0500] "POST /wp-admin/admin-ajax.php HTTP/1.1" 200 77 "https://anempanama.com/wp-admin/post.php?post=7594&action=elementor" "Mozilla/5.0 (Macintosh; Intel Mac OS X 10_15_7) AppleWebKit/537.36 (KHTML, like Gecko) Chrome/152.0.0.0 Safari/537.36"
134.209.25.199 - - [01/Sep/2026:16:08:19 -0500] "POST /api HTTP/1.1" 404 52552 "-" "Mozilla/5.0 (l9scan/2.0.332313e2538313e20393e2735313; +https://leakix.net)"
134.209.25.199 - - [01/Sep/2026:16:08:22 -0500] "POST /api/graphql HTTP/1.1" 404 52552 "-" "Mozilla/5.0 (l9scan/2.0.332313e2538313e20393e2735313; +https://leakix.net)"
134.209.25.199 - - [01/Sep/2026:16:08:25 -0500] "POST /graphql/api HTTP/1.1" 404 95960 "-" "Mozilla/5.0 (l9scan/2.0.332313e2538313e20393e2735313; +https://leakix.net)"
134.209.25.199 - - [01/Sep/2026:16:08:28 -0500] "POST /api/gql HTTP/1.1" 404 52552 "-" "Mozilla/5.0 (l9scan/2.0.332313e2538313e20393e2735313; +https://leakix.net)"
134.209.25.199 - - [01/Sep/2026:16:08:31 -0500] "GET /s/332313e2538313e20393e2735313/_/;/META-INF/maven/com.atlassian.jira/jira-webapp-dist/pom.properties HTTP/1.1" 404 7914 "-" "Mozilla/5.0 (l9scan/2.0.332313e2538313e20393e2735313; +https://leakix.net)"
186.141.133.250 - - [01/Sep/2026:16:08:33 -0500] "POST /wp-admin/admin-ajax.php HTTP/1.1" 200 77 "https://anempanama.com/wp-admin/post.php?post=7594&action=elementor" "Mozilla/5.0 (Macintosh; Intel Mac OS X 10_15_7) AppleWebKit/537.36 (KHTML, like Gecko) Chrome/152.0.0.0 Safari/537.36"
134.209.25.199 - - [01/Sep/2026:16:08:34 -0500] "GET /config.json HTTP/1.1" 404 7914 "-" "Mozilla/5.0 (l9scan/2.0.332313e2538313e20393e2735313; +https://leakix.net)"
134.209.25.199 - - [01/Sep/2026:16:08:40 -0500] "POST /php-cgi/php-cgi.exe?%ADd+cgi.force_redirect%3D0+%ADd+disable_functions%3D\"\"+%ADd+allow_url_include%3D1+%ADd+auto_prepend_file%3Dphp://input HTTP/1.1" 403 199 "-" "Mozilla/5.0 (l9scan/2.0.332313e2538313e20393e2735313; +https://leakix.net)"
134.209.25.199 - - [01/Sep/2026:16:08:37 -0500] "GET /telescope/requests HTTP/1.1" 404 7914 "-" "Mozilla/5.0 (l9scan/2.0.332313e2538313e20393e2735313; +https://leakix.net)"
134.209.25.199 - - [01/Sep/2026:16:08:41 -0500] "GET /info.php HTTP/1.1" 404 7914 "-" "Mozilla/5.0 (l9scan/2.0.332313e2538313e20393e2735313; +https://leakix.net)"
134.209.25.199 - - [01/Sep/2026:16:08:44 -0500] "GET /.well-known/security.txt HTTP/1.1" 404 7914 "-" "Mozilla/5.0 (l9scan/2.0.332313e2538313e20393e2735313; +https://leakix.net)"
134.209.25.199 - - [01/Sep/2026:16:08:47 -0500] "GET /actuator/env HTTP/1.1" 404 7914 "-" "Mozilla/5.0 (l9scan/2.0.332313e2538313e20393e2735313; +https://leakix.net)"
134.209.25.199 - - [01/Sep/2026:16:08:50 -0500] "GET /trace.axd HTTP/1.1" 403 199 "-" "Mozilla/5.0 (l9scan/2.0.332313e2538313e20393e2735313; +https://leakix.net)"
186.141.133.250 - - [01/Sep/2026:16:08:49 -0500] "POST /wp-admin/admin-ajax.php HTTP/1.1" 200 77 "https://anempanama.com/wp-admin/post.php?post=7594&action=elementor" "Mozilla/5.0 (Macintosh; Intel Mac OS X 10_15_7) AppleWebKit/537.36 (KHTML, like Gecko) Chrome/152.0.0.0 Safari/537.36"
134.209.25.199 - - [01/Sep/2026:16:08:51 -0500] "GET /@vite/env HTTP/1.1" 404 7914 "-" "Mozilla/5.0 (l9scan/2.0.332313e2538313e20393e2735313; +https://leakix.net)"
134.209.25.199 - - [01/Sep/2026:16:08:55 -0500] "GET /.vscode/sftp.json HTTP/1.1" 404 7914 "-" "Mozilla/5.0 (l9scan/2.0.332313e2538313e20393e2735313; +https://leakix.net)"
157.90.185.123 - - [01/Sep/2026:16:08:59 -0500] "POST /wp-cron.php?doing_wp_cron=1788296939.0253388881683349609375 HTTP/1.1" 200 - "-" "WordPress/7.1; https://anempanama.com"
134.209.25.199 - - [01/Sep/2026:16:08:57 -0500] "OPTIONS / HTTP/1.1" 200 13835 "-" "Mozilla/5.0 (l9scan/2.0.332313e2538313e20393e2735313; +https://leakix.net)"
134.209.25.199 - - [01/Sep/2026:16:09:01 -0500] "POST /?rest_route=/batch/v1 HTTP/1.1" 207 686 "-" "Mozilla/5.0 (l9scan/2.0.332313e2538313e20393e2735313; +https://leakix.net)"
186.141.133.250 - - [01/Sep/2026:16:09:05 -0500] "POST /wp-admin/admin-ajax.php HTTP/1.1" 200 77 "https://anempanama.com/wp-admin/post.php?post=7594&action=elementor" "Mozilla/5.0 (Macintosh; Intel Mac OS X 10_15_7) AppleWebKit/537.36 (KHTML, like Gecko) Chrome/152.0.0.0 Safari/537.36"
134.209.25.199 - - [01/Sep/2026:16:09:04 -0500] "POST /wp-json/batch/v1 HTTP/1.1" 207 686 "-" "Mozilla/5.0 (l9scan/2.0.332313e2538313e20393e2735313; +https://leakix.net)"
134.209.25.199 - - [01/Sep/2026:16:09:07 -0500] "GET /?rest_route=/wp/v2/users/ HTTP/1.1" 200 927 "-" "Mozilla/5.0 (l9scan/2.0.332313e2538313e20393e2735313; +https://leakix.net)"
134.209.25.199 - - [01/Sep/2026:16:09:10 -0500] "GET /debug/default/view?panel=config HTTP/1.1" 404 7914 "-" "Mozilla/5.0 (l9scan/2.0.332313e2538313e20393e2735313; +https://leakix.net)"
157.90.185.123 - - [01/Sep/2026:16:10:13 -0500] "POST /wp-cron.php?doing_wp_cron=1788297013.6983799934387207031250 HTTP/1.1" 200 - "-" "WordPress/7.1; https://anempanama.com"
186.141.133.250 - - [01/Sep/2026:16:10:09 -0500] "POST /wp-admin/admin-ajax.php HTTP/1.1" 200 77 "https://anempanama.com/wp-admin/post.php?post=7594&action=elementor" "Mozilla/5.0 (Macintosh; Intel Mac OS X 10_15_7) AppleWebKit/537.36 (KHTML, like Gecko) Chrome/152.0.0.0 Safari/537.36"
