190.140.250.251 - - [01/Sep/2026:14:58:55 -0500] "GET /wp-content/themes/woodmart/css/parts/base.css?ver=8.5.1 HTTP/1.1" 200 32754 "https://anempanama.com/" "Mozilla/5.0 (iPhone; CPU iPhone OS 18_7 like Mac OS X) AppleWebKit/605.1.15 (KHTML, like Gecko) Version/26.6.1 Mobile/15E148 Safari/604.1"
190.140.250.251 - - [01/Sep/2026:14:58:55 -0500] "GET /wp-content/plugins/woocommerce/assets/js/jquery-blockui/jquery.blockUI.min.js?ver=2.7.0-wc.11.0.1 HTTP/1.1" 200 9636 "https://anempanama.com/" "Mozilla/5.0 (iPhone; CPU iPhone OS 18_7 like Mac OS X) AppleWebKit/605.1.15 (KHTML, like Gecko) Version/26.6.1 Mobile/15E148 Safari/604.1"
190.140.250.251 - - [01/Sep/2026:14:58:55 -0500] "GET /wp-includes/js/jquery/jquery.min.js?ver=3.7.1 HTTP/1.1" 200 87553 "https://anempanama.com/" "Mozilla/5.0 (iPhone; CPU iPhone OS 18_7 like Mac OS X) AppleWebKit/605.1.15 (KHTML, like Gecko) Version/26.6.1 Mobile/15E148 Safari/604.1"
191.101.40.26 - - [01/Sep/2026:14:58:55 -0500] "GET /wp-content/uploads/elementor/css/local-7594-frontend-desktop.css?ver=6a92003520854 HTTP/1.1" 200 596 "https://anempanama.com/" "Mozilla/5.0 (Windows NT 10.0; Win64; x64) AppleWebKit/537.36 (KHTML, like Gecko) Chrome/151.0.0.0 Safari/537.36 Edg/151.0.0.0"
191.101.40.26 - - [01/Sep/2026:14:58:55 -0500] "GET /wp-content/themes/woodmart/css/parts/base.css?ver=8.5.1 HTTP/1.1" 200 32754 "https://anempanama.com/" "Mozilla/5.0 (Windows NT 10.0; Win64; x64) AppleWebKit/537.36 (KHTML, like Gecko) Chrome/151.0.0.0 Safari/537.36 Edg/151.0.0.0"
191.101.40.26 - - [01/Sep/2026:14:58:55 -0500] "GET /wp-content/themes/woodmart/css/parts/header-opt-overlap.css?ver=8.5.1 HTTP/1.1" 200 798 "https://anempanama.com/" "Mozilla/5.0 (Windows NT 10.0; Win64; x64) AppleWebKit/537.36 (KHTML, like Gecko) Chrome/151.0.0.0 Safari/537.36 Edg/151.0.0.0"
190.140.250.251 - - [01/Sep/2026:14:58:55 -0500] "GET /wp-content/plugins/woocommerce/assets/js/frontend/add-to-cart.min.js?ver=11.0.1 HTTP/1.1" 200 4350 "https://anempanama.com/" "Mozilla/5.0 (iPhone; CPU iPhone OS 18_7 like Mac OS X) AppleWebKit/605.1.15 (KHTML, like Gecko) Version/26.6.1 Mobile/15E148 Safari/604.1"
190.140.250.251 - - [01/Sep/2026:14:58:55 -0500] "GET /wp-content/plugins/woocommerce/assets/js/js-cookie/js.cookie.min.js?ver=2.1.4-wc.11.0.1 HTTP/1.1" 200 1720 "https://anempanama.com/" "Mozilla/5.0 (iPhone; CPU iPhone OS 18_7 like Mac OS X) AppleWebKit/605.1.15 (KHTML, like Gecko) Version/26.6.1 Mobile/15E148 Safari/604.1"
190.140.250.251 - - [01/Sep/2026:14:58:55 -0500] "GET /wp-includes/js/jquery/jquery-migrate.min.js?ver=3.4.1 HTTP/1.1" 200 13577 "https://anempanama.com/" "Mozilla/5.0 (iPhone; CPU iPhone OS 18_7 like Mac OS X) AppleWebKit/605.1.15 (KHTML, like Gecko) Version/26.6.1 Mobile/15E148 Safari/604.1"
190.140.250.251 - - [01/Sep/2026:14:58:55 -0500] "GET /wp-content/plugins/woocommerce/assets/js/frontend/woocommerce.min.js?ver=11.0.1 HTTP/1.1" 200 4270 "https://anempanama.com/" "Mozilla/5.0 (iPhone; CPU iPhone OS 18_7 like Mac OS X) AppleWebKit/605.1.15 (KHTML, like Gecko) Version/26.6.1 Mobile/15E148 Safari/604.1"
191.101.40.26 - - [01/Sep/2026:14:58:50 -0500] "GET / HTTP/1.1" 200 230479 "-" "Mozilla/5.0 (Windows NT 10.0; Win64; x64) AppleWebKit/537.36 (KHTML, like Gecko) Chrome/151.0.0.0 Safari/537.36 Edg/151.0.0.0"
191.101.40.26 - - [01/Sep/2026:14:58:55 -0500] "GET /wp-content/themes/woodmart/js/scripts/global/scrollBar.min.js?ver=8.5.1 HTTP/1.1" 200 540 "https://anempanama.com/" "Mozilla/5.0 (Windows NT 10.0; Win64; x64) AppleWebKit/537.36 (KHTML, like Gecko) Chrome/151.0.0.0 Safari/537.36 Edg/151.0.0.0"
191.101.40.26 - - [01/Sep/2026:14:58:55 -0500] "GET /wp-includes/js/jquery/jquery-migrate.min.js?ver=3.4.1 HTTP/1.1" 200 13577 "https://anempanama.com/" "Mozilla/5.0 (Windows NT 10.0; Win64; x64) AppleWebKit/537.36 (KHTML, like Gecko) Chrome/151.0.0.0 Safari/537.36 Edg/151.0.0.0"
191.101.40.26 - - [01/Sep/2026:14:58:55 -0500] "GET /wp-includes/js/jquery/jquery.min.js?ver=3.7.1 HTTP/1.1" 200 87553 "https://anempanama.com/" "Mozilla/5.0 (Windows NT 10.0; Win64; x64) AppleWebKit/537.36 (KHTML, like Gecko) Chrome/151.0.0.0 Safari/537.36 Edg/151.0.0.0"
190.140.250.251 - - [01/Sep/2026:14:58:55 -0500] "GET /wp-content/themes/woodmart/js/scripts/global/scrollBar.min.js?ver=8.5.1 HTTP/1.1" 200 540 "https://anempanama.com/" "Mozilla/5.0 (iPhone; CPU iPhone OS 18_7 like Mac OS X) AppleWebKit/605.1.15 (KHTML, like Gecko) Version/26.6.1 Mobile/15E148 Safari/604.1"
190.140.250.251 - - [01/Sep/2026:14:58:55 -0500] "GET /wp-content/themes/woodmart/css/parts/header-opt-overlap.css?ver=8.5.1 HTTP/1.1" 200 798 "https://anempanama.com/" "Mozilla/5.0 (iPhone; CPU iPhone OS 18_7 like Mac OS X) AppleWebKit/605.1.15 (KHTML, like Gecko) Version/26.6.1 Mobile/15E148 Safari/604.1"
190.140.250.251 - - [01/Sep/2026:14:58:55 -0500] "GET /wp-content/themes/woodmart/css/parts/header-el-logo-opt-swap.css?ver=8.5.1 HTTP/1.1" 200 222 "https://anempanama.com/" "Mozilla/5.0 (iPhone; CPU iPhone OS 18_7 like Mac OS X) AppleWebKit/605.1.15 (KHTML, like Gecko) Version/26.6.1 Mobile/15E148 Safari/604.1"
190.140.250.251 - - [01/Sep/2026:14:58:55 -0500] "GET /wp-content/uploads/elementor/css/post-7601.css?ver=1787952882 HTTP/1.1" 200 258 "https://anempanama.com/" "Mozilla/5.0 (iPhone; CPU iPhone OS 18_7 like Mac OS X) AppleWebKit/605.1.15 (KHTML, like Gecko) Version/26.6.1 Mobile/15E148 Safari/604.1"
190.140.250.251 - - [01/Sep/2026:14:58:55 -0500] "GET /wp-content/plugins/woocommerce/assets/client/blocks/wc-blocks.css?ver=wc-11.0.1 HTTP/1.1" 200 14015 "https://anempanama.com/" "Mozilla/5.0 (iPhone; CPU iPhone OS 18_7 like Mac OS X) AppleWebKit/605.1.15 (KHTML, like Gecko) Version/26.6.1 Mobile/15E148 Safari/604.1"
191.101.40.26 - - [01/Sep/2026:14:58:55 -0500] "GET /wp-content/themes/woodmart/css/parts/header-el-logo-opt-swap.css?ver=8.5.1 HTTP/1.1" 200 222 "https://anempanama.com/" "Mozilla/5.0 (Windows NT 10.0; Win64; x64) AppleWebKit/537.36 (KHTML, like Gecko) Chrome/151.0.0.0 Safari/537.36 Edg/151.0.0.0"
190.140.250.251 - - [01/Sep/2026:14:58:55 -0500] "GET /wp-content/themes/woodmart/css/parts/mod-animations-transform.css?ver=8.5.1 HTTP/1.1" 200 506 "https://anempanama.com/" "Mozilla/5.0 (iPhone; CPU iPhone OS 18_7 like Mac OS X) AppleWebKit/605.1.15 (KHTML, like Gecko) Version/26.6.1 Mobile/15E148 Safari/604.1"
190.140.250.251 - - [01/Sep/2026:14:58:55 -0500] "GET /wp-content/themes/woodmart/css/parts/mod-transform.css?ver=8.5.1 HTTP/1.1" 200 806 "https://anempanama.com/" "Mozilla/5.0 (iPhone; CPU iPhone OS 18_7 like Mac OS X) AppleWebKit/605.1.15 (KHTML, like Gecko) Version/26.6.1 Mobile/15E148 Safari/604.1"
190.140.250.251 - - [01/Sep/2026:14:58:55 -0500] "GET /wp-content/themes/woodmart/css/parts/el-button.css?ver=8.5.1 HTTP/1.1" 200 2953 "https://anempanama.com/" "Mozilla/5.0 (iPhone; CPU iPhone OS 18_7 like Mac OS X) AppleWebKit/605.1.15 (KHTML, like Gecko) Version/26.6.1 Mobile/15E148 Safari/604.1"
190.140.250.251 - - [01/Sep/2026:14:58:55 -0500] "GET /wp-content/themes/woodmart/css/parts/page-title.css?ver=8.5.1 HTTP/1.1" 200 679 "https://anempanama.com/" "Mozilla/5.0 (iPhone; CPU iPhone OS 18_7 like Mac OS X) AppleWebKit/605.1.15 (KHTML, like Gecko) Version/26.6.1 Mobile/15E148 Safari/604.1"
190.140.250.251 - - [01/Sep/2026:14:58:55 -0500] "GET /wp-content/uploads/elementor/css/post-7604.css?ver=1787952883 HTTP/1.1" 200 1583 "https://anempanama.com/" "Mozilla/5.0 (iPhone; CPU iPhone OS 18_7 like Mac OS X) AppleWebKit/605.1.15 (KHTML, like Gecko) Version/26.6.1 Mobile/15E148 Safari/604.1"
190.140.250.251 - - [01/Sep/2026:14:58:55 -0500] "GET /wp-content/themes/woodmart/css/parts/el-section-title.css?ver=8.5.1 HTTP/1.1" 200 1771 "https://anempanama.com/" "Mozilla/5.0 (iPhone; CPU iPhone OS 18_7 like Mac OS X) AppleWebKit/605.1.15 (KHTML, like Gecko) Version/26.6.1 Mobile/15E148 Safari/604.1"
191.101.40.26 - - [01/Sep/2026:14:58:55 -0500] "GET /wp-content/uploads/2026/06/Logo_ANEM.png HTTP/1.1" 200 223783 "https://anempanama.com/" "Mozilla/5.0 (Windows NT 10.0; Win64; x64) AppleWebKit/537.36 (KHTML, like Gecko) Chrome/151.0.0.0 Safari/537.36 Edg/151.0.0.0"
191.101.40.26 - - [01/Sep/2026:14:58:55 -0500] "GET /wp-content/uploads/elementor/css/post-7601.css?ver=1787952882 HTTP/1.1" 200 258 "https://anempanama.com/" "Mozilla/5.0 (Windows NT 10.0; Win64; x64) AppleWebKit/537.36 (KHTML, like Gecko) Chrome/151.0.0.0 Safari/537.36 Edg/151.0.0.0"
190.140.250.251 - - [01/Sep/2026:14:58:55 -0500] "GET /wp-content/themes/woodmart/css/parts/mod-highlighted-text.css?ver=8.5.1 HTTP/1.1" 200 475 "https://anempanama.com/" "Mozilla/5.0 (iPhone; CPU iPhone OS 18_7 like Mac OS X) AppleWebKit/605.1.15 (KHTML, like Gecko) Version/26.6.1 Mobile/15E148 Safari/604.1"
190.140.250.251 - - [01/Sep/2026:14:58:55 -0500] "GET /wp-content/themes/woodmart/css/parts/el-text-block.css?ver=8.5.1 HTTP/1.1" 200 300 "https://anempanama.com/" "Mozilla/5.0 (iPhone; CPU iPhone OS 18_7 like Mac OS X) AppleWebKit/605.1.15 (KHTML, like Gecko) Version/26.6.1 Mobile/15E148 Safari/604.1"
190.140.250.251 - - [01/Sep/2026:14:58:56 -0500] "GET /wp-content/themes/woodmart/css/parts/int-wpcf7.css?ver=8.5.1 HTTP/1.1" 200 2739 "https://anempanama.com/" "Mozilla/5.0 (iPhone; CPU iPhone OS 18_7 like Mac OS X) AppleWebKit/605.1.15 (KHTML, like Gecko) Version/26.6.1 Mobile/15E148 Safari/604.1"
190.140.250.251 - - [01/Sep/2026:14:58:56 -0500] "GET /wp-content/themes/woodmart/css/parts/el-subtitle-style.css?ver=8.5.1 HTTP/1.1" 200 694 "https://anempanama.com/" "Mozilla/5.0 (iPhone; CPU iPhone OS 18_7 like Mac OS X) AppleWebKit/605.1.15 (KHTML, like Gecko) Version/26.6.1 Mobile/15E148 Safari/604.1"
190.140.250.251 - - [01/Sep/2026:14:58:56 -0500] "GET /wp-content/themes/woodmart/css/parts/lib-swiper.css?ver=8.5.1 HTTP/1.1" 200 1745 "https://anempanama.com/" "Mozilla/5.0 (iPhone; CPU iPhone OS 18_7 like Mac OS X) AppleWebKit/605.1.15 (KHTML, like Gecko) Version/26.6.1 Mobile/15E148 Safari/604.1"
191.101.40.26 - - [01/Sep/2026:14:58:55 -0500] "GET /wp-content/uploads/2026/07/Banner_Home_ANEM.png HTTP/1.1" 200 279796 "https://anempanama.com/" "Mozilla/5.0 (Windows NT 10.0; Win64; x64) AppleWebKit/537.36 (KHTML, like Gecko) Chrome/151.0.0.0 Safari/537.36 Edg/151.0.0.0"
191.101.40.26 - - [01/Sep/2026:14:58:56 -0500] "GET /wp-content/themes/woodmart/css/parts/mod-animations-transform.css?ver=8.5.1 HTTP/1.1" 200 506 "https://anempanama.com/" "Mozilla/5.0 (Windows NT 10.0; Win64; x64) AppleWebKit/537.36 (KHTML, like Gecko) Chrome/151.0.0.0 Safari/537.36 Edg/151.0.0.0"
191.101.40.26 - - [01/Sep/2026:14:58:56 -0500] "GET /wp-content/themes/woodmart/css/parts/el-button.css?ver=8.5.1 HTTP/1.1" 200 2953 "https://anempanama.com/" "Mozilla/5.0 (Windows NT 10.0; Win64; x64) AppleWebKit/537.36 (KHTML, like Gecko) Chrome/151.0.0.0 Safari/537.36 Edg/151.0.0.0"
191.101.40.26 - - [01/Sep/2026:14:58:56 -0500] "GET /wp-content/themes/woodmart/css/parts/mod-transform.css?ver=8.5.1 HTTP/1.1" 200 806 "https://anempanama.com/" "Mozilla/5.0 (Windows NT 10.0; Win64; x64) AppleWebKit/537.36 (KHTML, like Gecko) Chrome/151.0.0.0 Safari/537.36 Edg/151.0.0.0"
191.101.40.26 - - [01/Sep/2026:14:58:56 -0500] "GET /wp-content/plugins/woocommerce/assets/client/blocks/wc-blocks.css?ver=wc-11.0.1 HTTP/1.1" 200 14015 "https://anempanama.com/" "Mozilla/5.0 (Windows NT 10.0; Win64; x64) AppleWebKit/537.36 (KHTML, like Gecko) Chrome/151.0.0.0 Safari/537.36 Edg/151.0.0.0"
190.140.250.251 - - [01/Sep/2026:14:58:56 -0500] "GET /wp-content/themes/woodmart/css/parts/el-gallery.css?ver=8.5.1 HTTP/1.1" 200 306 "https://anempanama.com/" "Mozilla/5.0 (iPhone; CPU iPhone OS 18_7 like Mac OS X) AppleWebKit/605.1.15 (KHTML, like Gecko) Version/26.6.1 Mobile/15E148 Safari/604.1"
190.140.250.251 - - [01/Sep/2026:14:58:56 -0500] "GET /wp-content/themes/woodmart/css/parts/lib-swiper-arrows-critical.css?ver=8.5.1 HTTP/1.1" 200 252 "https://anempanama.com/" "Mozilla/5.0 (iPhone; CPU iPhone OS 18_7 like Mac OS X) AppleWebKit/605.1.15 (KHTML, like Gecko) Version/26.6.1 Mobile/15E148 Safari/604.1"
190.140.250.251 - - [01/Sep/2026:14:58:56 -0500] "GET /wp-content/themes/woodmart/css/parts/lib-swiper-pagin-critical.css?ver=8.5.1 HTTP/1.1" 200 399 "https://anempanama.com/" "Mozilla/5.0 (iPhone; CPU iPhone OS 18_7 like Mac OS X) AppleWebKit/605.1.15 (KHTML, like Gecko) Version/26.6.1 Mobile/15E148 Safari/604.1"
190.140.250.251 - - [01/Sep/2026:14:58:56 -0500] "GET /wp-content/themes/woodmart/css/parts/el-info-box.css?ver=8.5.1 HTTP/1.1" 200 3810 "https://anempanama.com/" "Mozilla/5.0 (iPhone; CPU iPhone OS 18_7 like Mac OS X) AppleWebKit/605.1.15 (KHTML, like Gecko) Version/26.6.1 Mobile/15E148 Safari/604.1"
190.140.250.251 - - [01/Sep/2026:14:58:56 -0500] "GET /wp-content/themes/woodmart/css/parts/el-info-box-style-shadow-and-bg-hover.css?ver=8.5.1 HTTP/1.1" 200 666 "https://anempanama.com/" "Mozilla/5.0 (iPhone; CPU iPhone OS 18_7 like Mac OS X) AppleWebKit/605.1.15 (KHTML, like Gecko) Version/26.6.1 Mobile/15E148 Safari/604.1"
191.101.40.26 - - [01/Sep/2026:14:58:56 -0500] "GET /wp-content/uploads/2021/09/w-investment-facebook.svg HTTP/1.1" 200 664 "https://anempanama.com/" "Mozilla/5.0 (Windows NT 10.0; Win64; x64) AppleWebKit/537.36 (KHTML, like Gecko) Chrome/151.0.0.0 Safari/537.36 Edg/151.0.0.0"
191.101.40.26 - - [01/Sep/2026:14:58:56 -0500] "GET /wp-content/uploads/2021/09/w-investment-phone.svg HTTP/1.1" 200 2568 "https://anempanama.com/" "Mozilla/5.0 (Windows NT 10.0; Win64; x64) AppleWebKit/537.36 (KHTML, like Gecko) Chrome/151.0.0.0 Safari/537.36 Edg/151.0.0.0"
191.101.40.26 - - [01/Sep/2026:14:58:56 -0500] "GET /wp-content/uploads/2021/09/w-investment-twitter.svg HTTP/1.1" 200 4881 "https://anempanama.com/" "Mozilla/5.0 (Windows NT 10.0; Win64; x64) AppleWebKit/537.36 (KHTML, like Gecko) Chrome/151.0.0.0 Safari/537.36 Edg/151.0.0.0"
191.101.40.26 - - [01/Sep/2026:14:58:56 -0500] "GET /wp-content/uploads/elementor/css/post-7604.css?ver=1787952883 HTTP/1.1" 200 1583 "https://anempanama.com/" "Mozilla/5.0 (Windows NT 10.0; Win64; x64) AppleWebKit/537.36 (KHTML, like Gecko) Chrome/151.0.0.0 Safari/537.36 Edg/151.0.0.0"
191.101.40.26 - - [01/Sep/2026:14:58:56 -0500] "GET /wp-content/uploads/2021/09/w-investment-location.svg HTTP/1.1" 200 1443 "https://anempanama.com/" "Mozilla/5.0 (Windows NT 10.0; Win64; x64) AppleWebKit/537.36 (KHTML, like Gecko) Chrome/151.0.0.0 Safari/537.36 Edg/151.0.0.0"
190.140.250.251 - - [01/Sep/2026:14:58:56 -0500] "GET /wp-content/themes/woodmart/css/parts/blog-loop-base.css?ver=8.5.1 HTTP/1.1" 200 1671 "https://anempanama.com/" "Mozilla/5.0 (iPhone; CPU iPhone OS 18_7 like Mac OS X) AppleWebKit/605.1.15 (KHTML, like Gecko) Version/26.6.1 Mobile/15E148 Safari/604.1"
190.140.250.251 - - [01/Sep/2026:14:58:56 -0500] "GET /wp-content/themes/woodmart/css/parts/post-types-mod-predefined.css?ver=8.5.1 HTTP/1.1" 200 655 "https://anempanama.com/" "Mozilla/5.0 (iPhone; CPU iPhone OS 18_7 like Mac OS X) AppleWebKit/605.1.15 (KHTML, like Gecko) Version/26.6.1 Mobile/15E148 Safari/604.1"
190.140.250.251 - - [01/Sep/2026:14:58:56 -0500] "GET /wp-content/themes/woodmart/css/parts/blog-loop-design-masonry.css?ver=8.5.1 HTTP/1.1" 200 890 "https://anempanama.com/" "Mozilla/5.0 (iPhone; CPU iPhone OS 18_7 like Mac OS X) AppleWebKit/605.1.15 (KHTML, like Gecko) Version/26.6.1 Mobile/15E148 Safari/604.1"
190.140.250.251 - - [01/Sep/2026:14:58:56 -0500] "GET /wp-content/themes/woodmart/css/parts/post-types-mod-categories-style-bg.css?ver=8.5.1 HTTP/1.1" 200 414 "https://anempanama.com/" "Mozilla/5.0 (iPhone; CPU iPhone OS 18_7 like Mac OS X) AppleWebKit/605.1.15 (KHTML, like Gecko) Version/26.6.1 Mobile/15E148 Safari/604.1"
190.140.250.251 - - [01/Sep/2026:14:58:56 -0500] "GET /wp-content/themes/woodmart/css/parts/post-types-mod-date-style-bg.css?ver=8.5.1 HTTP/1.1" 200 589 "https://anempanama.com/" "Mozilla/5.0 (iPhone; CPU iPhone OS 18_7 like Mac OS X) AppleWebKit/605.1.15 (KHTML, like Gecko) Version/26.6.1 Mobile/15E148 Safari/604.1"
191.101.40.26 - - [01/Sep/2026:14:58:56 -0500] "GET /wp-content/themes/woodmart/css/parts/page-title.css?ver=8.5.1 HTTP/1.1" 200 679 "https://anempanama.com/" "Mozilla/5.0 (Windows NT 10.0; Win64; x64) AppleWebKit/537.36 (KHTML, like Gecko) Chrome/151.0.0.0 Safari/537.36 Edg/151.0.0.0"
191.101.40.26 - - [01/Sep/2026:14:58:56 -0500] "GET /wp-content/themes/woodmart/css/parts/el-section-title.css?ver=8.5.1 HTTP/1.1" 200 1771 "https://anempanama.com/" "Mozilla/5.0 (Windows NT 10.0; Win64; x64) AppleWebKit/537.36 (KHTML, like Gecko) Chrome/151.0.0.0 Safari/537.36 Edg/151.0.0.0"
191.101.40.26 - - [01/Sep/2026:14:58:56 -0500] "GET /wp-content/themes/woodmart/css/parts/mod-highlighted-text.css?ver=8.5.1 HTTP/1.1" 200 475 "https://anempanama.com/" "Mozilla/5.0 (Windows NT 10.0; Win64; x64) AppleWebKit/537.36 (KHTML, like Gecko) Chrome/151.0.0.0 Safari/537.36 Edg/151.0.0.0"
191.101.40.26 - - [01/Sep/2026:14:58:56 -0500] "GET /wp-content/uploads/2026/07/Banner_Home_ANEM_III.png HTTP/1.1" 200 314723 "https://anempanama.com/" "Mozilla/5.0 (Windows NT 10.0; Win64; x64) AppleWebKit/537.36 (KHTML, like Gecko) Chrome/151.0.0.0 Safari/537.36 Edg/151.0.0.0"
191.101.40.26 - - [01/Sep/2026:14:58:56 -0500] "GET /wp-content/themes/woodmart/css/parts/el-text-block.css?ver=8.5.1 HTTP/1.1" 200 300 "https://anempanama.com/" "Mozilla/5.0 (Windows NT 10.0; Win64; x64) AppleWebKit/537.36 (KHTML, like Gecko) Chrome/151.0.0.0 Safari/537.36 Edg/151.0.0.0"
191.101.40.26 - - [01/Sep/2026:14:58:56 -0500] "GET /wp-content/themes/woodmart/css/parts/int-wpcf7.css?ver=8.5.1 HTTP/1.1" 200 2739 "https://anempanama.com/" "Mozilla/5.0 (Windows NT 10.0; Win64; x64) AppleWebKit/537.36 (KHTML, like Gecko) Chrome/151.0.0.0 Safari/537.36 Edg/151.0.0.0"
190.140.250.251 - - [01/Sep/2026:14:58:56 -0500] "GET /wp-content/themes/woodmart/css/parts/blog-mod-author.css?ver=8.5.1 HTTP/1.1" 200 417 "https://anempanama.com/" "Mozilla/5.0 (iPhone; CPU iPhone OS 18_7 like Mac OS X) AppleWebKit/605.1.15 (KHTML, like Gecko) Version/26.6.1 Mobile/15E148 Safari/604.1"
190.140.250.251 - - [01/Sep/2026:14:58:56 -0500] "GET /wp-content/themes/woodmart/css/parts/el-social-icons.css?ver=8.5.1 HTTP/1.1" 200 3840 "https://anempanama.com/" "Mozilla/5.0 (iPhone; CPU iPhone OS 18_7 like Mac OS X) AppleWebKit/605.1.15 (KHTML, like Gecko) Version/26.6.1 Mobile/15E148 Safari/604.1"
190.140.250.251 - - [01/Sep/2026:14:58:56 -0500] "GET /wp-content/themes/woodmart/css/parts/blog-mod-comments-button.css?ver=8.5.1 HTTP/1.1" 200 735 "https://anempanama.com/" "Mozilla/5.0 (iPhone; CPU iPhone OS 18_7 like Mac OS X) AppleWebKit/605.1.15 (KHTML, like Gecko) Version/26.6.1 Mobile/15E148 Safari/604.1"
190.140.250.251 - - [01/Sep/2026:14:58:56 -0500] "GET /wp-content/uploads/2026/07/Banner_Home_ANEM.png HTTP/1.1" 200 279796 "https://anempanama.com/" "Mozilla/5.0 (iPhone; CPU iPhone OS 18_7 like Mac OS X) AppleWebKit/605.1.15 (KHTML, like Gecko) Version/26.6.1 Mobile/15E148 Safari/604.1"
191.101.40.26 - - [01/Sep/2026:14:58:56 -0500] "GET /wp-content/themes/woodmart/css/parts/el-subtitle-style.css?ver=8.5.1 HTTP/1.1" 200 694 "https://anempanama.com/" "Mozilla/5.0 (Windows NT 10.0; Win64; x64) AppleWebKit/537.36 (KHTML, like Gecko) Chrome/151.0.0.0 Safari/537.36 Edg/151.0.0.0"
191.101.40.26 - - [01/Sep/2026:14:58:56 -0500] "GET /wp-content/themes/woodmart/css/parts/lib-swiper.css?ver=8.5.1 HTTP/1.1" 200 1745 "https://anempanama.com/" "Mozilla/5.0 (Windows NT 10.0; Win64; x64) AppleWebKit/537.36 (KHTML, like Gecko) Chrome/151.0.0.0 Safari/537.36 Edg/151.0.0.0"
191.101.40.26 - - [01/Sep/2026:14:58:56 -0500] "GET /wp-content/themes/woodmart/css/parts/el-gallery.css?ver=8.5.1 HTTP/1.1" 200 306 "https://anempanama.com/" "Mozilla/5.0 (Windows NT 10.0; Win64; x64) AppleWebKit/537.36 (KHTML, like Gecko) Chrome/151.0.0.0 Safari/537.36 Edg/151.0.0.0"
190.140.250.251 - - [01/Sep/2026:14:58:56 -0500] "GET /wp-content/themes/woodmart/css/parts/footer-base.css?ver=8.5.1 HTTP/1.1" 200 801 "https://anempanama.com/" "Mozilla/5.0 (iPhone; CPU iPhone OS 18_7 like Mac OS X) AppleWebKit/605.1.15 (KHTML, like Gecko) Version/26.6.1 Mobile/15E148 Safari/604.1"
190.140.250.251 - - [01/Sep/2026:14:58:56 -0500] "GET /wp-content/themes/woodmart/css/parts/opt-widget-collapse.css?ver=8.5.1 HTTP/1.1" 200 995 "https://anempanama.com/" "Mozilla/5.0 (iPhone; CPU iPhone OS 18_7 like Mac OS X) AppleWebKit/605.1.15 (KHTML, like Gecko) Version/26.6.1 Mobile/15E148 Safari/604.1"
191.101.40.26 - - [01/Sep/2026:14:58:56 -0500] "GET /wp-content/uploads/2021/10/real-estate-bg-top.svg HTTP/1.1" 200 819 "https://anempanama.com/wp-content/uploads/elementor/css/post-7594.css?ver=1787953205" "Mozilla/5.0 (Windows NT 10.0; Win64; x64) AppleWebKit/537.36 (KHTML, like Gecko) Chrome/151.0.0.0 Safari/537.36 Edg/151.0.0.0"
191.101.40.26 - - [01/Sep/2026:14:58:56 -0500] "GET /wp-content/themes/woodmart/css/parts/lib-swiper-arrows-critical.css?ver=8.5.1 HTTP/1.1" 200 252 "https://anempanama.com/" "Mozilla/5.0 (Windows NT 10.0; Win64; x64) AppleWebKit/537.36 (KHTML, like Gecko) Chrome/151.0.0.0 Safari/537.36 Edg/151.0.0.0"
190.140.250.251 - - [01/Sep/2026:14:58:56 -0500] "GET /wp-content/uploads/elementor/css/post-7631.css?ver=1787952887 HTTP/1.1" 200 1890 "https://anempanama.com/" "Mozilla/5.0 (iPhone; CPU iPhone OS 18_7 like Mac OS X) AppleWebKit/605.1.15 (KHTML, like Gecko) Version/26.6.1 Mobile/15E148 Safari/604.1"
190.140.250.251 - - [01/Sep/2026:14:58:56 -0500] "GET /wp-content/uploads/elementor/css/post-7626.css?ver=1787952885 HTTP/1.1" 200 2549 "https://anempanama.com/" "Mozilla/5.0 (iPhone; CPU iPhone OS 18_7 like Mac OS X) AppleWebKit/605.1.15 (KHTML, like Gecko) Version/26.6.1 Mobile/15E148 Safari/604.1"
190.140.250.251 - - [01/Sep/2026:14:58:56 -0500] "GET /wp-content/themes/woodmart/css/parts/el-list.css?ver=8.5.1 HTTP/1.1" 200 1729 "https://anempanama.com/" "Mozilla/5.0 (iPhone; CPU iPhone OS 18_7 like Mac OS X) AppleWebKit/605.1.15 (KHTML, like Gecko) Version/26.6.1 Mobile/15E148 Safari/604.1"
191.101.40.26 - - [01/Sep/2026:14:58:56 -0500] "GET /wp-content/themes/woodmart/css/parts/lib-swiper-pagin-critical.css?ver=8.5.1 HTTP/1.1" 200 399 "https://anempanama.com/" "Mozilla/5.0 (Windows NT 10.0; Win64; x64) AppleWebKit/537.36 (KHTML, like Gecko) Chrome/151.0.0.0 Safari/537.36 Edg/151.0.0.0"
191.101.40.26 - - [01/Sep/2026:14:58:56 -0500] "GET /wp-content/themes/woodmart/css/parts/el-info-box.css?ver=8.5.1 HTTP/1.1" 200 3810 "https://anempanama.com/" "Mozilla/5.0 (Windows NT 10.0; Win64; x64) AppleWebKit/537.36 (KHTML, like Gecko) Chrome/151.0.0.0 Safari/537.36 Edg/151.0.0.0"
191.101.40.26 - - [01/Sep/2026:14:58:56 -0500] "GET /wp-content/themes/woodmart/css/parts/blog-loop-base.css?ver=8.5.1 HTTP/1.1" 200 1671 "https://anempanama.com/" "Mozilla/5.0 (Windows NT 10.0; Win64; x64) AppleWebKit/537.36 (KHTML, like Gecko) Chrome/151.0.0.0 Safari/537.36 Edg/151.0.0.0"
191.101.40.26 - - [01/Sep/2026:14:58:56 -0500] "GET /wp-content/themes/woodmart/css/parts/el-info-box-style-shadow-and-bg-hover.css?ver=8.5.1 HTTP/1.1" 200 666 "https://anempanama.com/" "Mozilla/5.0 (Windows NT 10.0; Win64; x64) AppleWebKit/537.36 (KHTML, like Gecko) Chrome/151.0.0.0 Safari/537.36 Edg/151.0.0.0"
191.101.40.26 - - [01/Sep/2026:14:58:56 -0500] "GET /wp-content/themes/woodmart/css/parts/post-types-mod-predefined.css?ver=8.5.1 HTTP/1.1" 200 655 "https://anempanama.com/" "Mozilla/5.0 (Windows NT 10.0; Win64; x64) AppleWebKit/537.36 (KHTML, like Gecko) Chrome/151.0.0.0 Safari/537.36 Edg/151.0.0.0"
191.101.40.26 - - [01/Sep/2026:14:58:57 -0500] "GET /wp-content/themes/woodmart/css/parts/blog-loop-design-masonry.css?ver=8.5.1 HTTP/1.1" 200 890 "https://anempanama.com/" "Mozilla/5.0 (Windows NT 10.0; Win64; x64) AppleWebKit/537.36 (KHTML, like Gecko) Chrome/151.0.0.0 Safari/537.36 Edg/151.0.0.0"
190.140.250.251 - - [01/Sep/2026:14:58:57 -0500] "GET /wp-content/themes/woodmart/css/parts/el-list-wpb-elem.css?ver=8.5.1 HTTP/1.1" 200 150 "https://anempanama.com/" "Mozilla/5.0 (iPhone; CPU iPhone OS 18_7 like Mac OS X) AppleWebKit/605.1.15 (KHTML, like Gecko) Version/26.6.1 Mobile/15E148 Safari/604.1"
190.140.250.251 - - [01/Sep/2026:14:58:57 -0500] "GET /wp-content/themes/woodmart/css/parts/opt-scrolltotop.css?ver=8.5.1 HTTP/1.1" 200 789 "https://anempanama.com/" "Mozilla/5.0 (iPhone; CPU iPhone OS 18_7 like Mac OS X) AppleWebKit/605.1.15 (KHTML, like Gecko) Version/26.6.1 Mobile/15E148 Safari/604.1"
190.140.250.251 - - [01/Sep/2026:14:58:57 -0500] "GET /wp-content/themes/woodmart/css/parts/woocommerce-base-deferred.css?ver=8.5.1 HTTP/1.1" 200 1364 "https://anempanama.com/" "Mozilla/5.0 (iPhone; CPU iPhone OS 18_7 like Mac OS X) AppleWebKit/605.1.15 (KHTML, like Gecko) Version/26.6.1 Mobile/15E148 Safari/604.1"
190.140.250.251 - - [01/Sep/2026:14:58:57 -0500] "GET /wp-content/themes/woodmart/css/parts/base-deferred.css?ver=8.5.1 HTTP/1.1" 200 6650 "https://anempanama.com/" "Mozilla/5.0 (iPhone; CPU iPhone OS 18_7 like Mac OS X) AppleWebKit/605.1.15 (KHTML, like Gecko) Version/26.6.1 Mobile/15E148 Safari/604.1"
190.140.250.251 - - [01/Sep/2026:14:58:57 -0500] "GET /wp-content/themes/woodmart/css/parts/mod-notices-general.css?ver=8.5.1 HTTP/1.1" 200 5715 "https://anempanama.com/" "Mozilla/5.0 (iPhone; CPU iPhone OS 18_7 like Mac OS X) AppleWebKit/605.1.15 (KHTML, like Gecko) Version/26.6.1 Mobile/15E148 Safari/604.1"
191.101.40.26 - - [01/Sep/2026:14:58:57 -0500] "GET /wp-content/themes/woodmart/css/parts/post-types-mod-categories-style-bg.css?ver=8.5.1 HTTP/1.1" 200 414 "https://anempanama.com/" "Mozilla/5.0 (Windows NT 10.0; Win64; x64) AppleWebKit/537.36 (KHTML, like Gecko) Chrome/151.0.0.0 Safari/537.36 Edg/151.0.0.0"
191.101.40.26 - - [01/Sep/2026:14:58:57 -0500] "GET /wp-content/themes/woodmart/css/parts/post-types-mod-date-style-bg.css?ver=8.5.1 HTTP/1.1" 200 589 "https://anempanama.com/" "Mozilla/5.0 (Windows NT 10.0; Win64; x64) AppleWebKit/537.36 (KHTML, like Gecko) Chrome/151.0.0.0 Safari/537.36 Edg/151.0.0.0"
191.101.40.26 - - [01/Sep/2026:14:58:57 -0500] "GET /wp-content/themes/woodmart/css/parts/blog-mod-author.css?ver=8.5.1 HTTP/1.1" 200 417 "https://anempanama.com/" "Mozilla/5.0 (Windows NT 10.0; Win64; x64) AppleWebKit/537.36 (KHTML, like Gecko) Chrome/151.0.0.0 Safari/537.36 Edg/151.0.0.0"
191.101.40.26 - - [01/Sep/2026:14:58:57 -0500] "GET /wp-content/themes/woodmart/css/parts/el-social-icons.css?ver=8.5.1 HTTP/1.1" 200 3840 "https://anempanama.com/" "Mozilla/5.0 (Windows NT 10.0; Win64; x64) AppleWebKit/537.36 (KHTML, like Gecko) Chrome/151.0.0.0 Safari/537.36 Edg/151.0.0.0"
191.101.40.26 - - [01/Sep/2026:14:58:57 -0500] "GET /wp-content/themes/woodmart/css/parts/blog-mod-comments-button.css?ver=8.5.1 HTTP/1.1" 200 735 "https://anempanama.com/" "Mozilla/5.0 (Windows NT 10.0; Win64; x64) AppleWebKit/537.36 (KHTML, like Gecko) Chrome/151.0.0.0 Safari/537.36 Edg/151.0.0.0"
191.101.40.26 - - [01/Sep/2026:14:58:57 -0500] "GET /wp-content/themes/woodmart/css/parts/opt-widget-collapse.css?ver=8.5.1 HTTP/1.1" 200 995 "https://anempanama.com/" "Mozilla/5.0 (Windows NT 10.0; Win64; x64) AppleWebKit/537.36 (KHTML, like Gecko) Chrome/151.0.0.0 Safari/537.36 Edg/151.0.0.0"
190.140.250.251 - - [01/Sep/2026:14:58:57 -0500] "GET /wp-content/themes/woodmart/css/parts/woo-mod-block-notices.css?ver=8.5.1 HTTP/1.1" 200 2327 "https://anempanama.com/" "Mozilla/5.0 (iPhone; CPU iPhone OS 18_7 like Mac OS X) AppleWebKit/605.1.15 (KHTML, like Gecko) Version/26.6.1 Mobile/15E148 Safari/604.1"
190.140.250.251 - - [01/Sep/2026:14:58:57 -0500] "GET /wp-content/themes/woodmart/css/parts/header-opt-sticky-shadow.css?ver=8.5.1 HTTP/1.1" 200 363 "https://anempanama.com/" "Mozilla/5.0 (iPhone; CPU iPhone OS 18_7 like Mac OS X) AppleWebKit/605.1.15 (KHTML, like Gecko) Version/26.6.1 Mobile/15E148 Safari/604.1"
190.140.250.251 - - [01/Sep/2026:14:58:57 -0500] "GET /wp-content/themes/woodmart/css/parts/header-opt-scroll-stick.css?ver=8.5.1 HTTP/1.1" 200 392 "https://anempanama.com/" "Mozilla/5.0 (iPhone; CPU iPhone OS 18_7 like Mac OS X) AppleWebKit/605.1.15 (KHTML, like Gecko) Version/26.6.1 Mobile/15E148 Safari/604.1"
190.140.250.251 - - [01/Sep/2026:14:58:57 -0500] "GET /wp-content/themes/woodmart/css/parts/lib-magnific-popup.css?ver=8.5.1 HTTP/1.1" 200 2083 "https://anempanama.com/" "Mozilla/5.0 (iPhone; CPU iPhone OS 18_7 like Mac OS X) AppleWebKit/605.1.15 (KHTML, like Gecko) Version/26.6.1 Mobile/15E148 Safari/604.1"
190.140.250.251 - - [01/Sep/2026:14:58:57 -0500] "GET /wp-content/themes/woodmart/css/parts/lib-photoswipe.css?ver=8.5.1 HTTP/1.1" 200 6809 "https://anempanama.com/" "Mozilla/5.0 (iPhone; CPU iPhone OS 18_7 like Mac OS X) AppleWebKit/605.1.15 (KHTML, like Gecko) Version/26.6.1 Mobile/15E148 Safari/604.1"
191.101.40.26 - - [01/Sep/2026:14:58:57 -0500] "GET /wp-content/themes/woodmart/css/parts/footer-base.css?ver=8.5.1 HTTP/1.1" 200 801 "https://anempanama.com/" "Mozilla/5.0 (Windows NT 10.0; Win64; x64) AppleWebKit/537.36 (KHTML, like Gecko) Chrome/151.0.0.0 Safari/537.36 Edg/151.0.0.0"
191.101.40.26 - - [01/Sep/2026:14:58:57 -0500] "GET /wp-content/themes/woodmart/css/parts/el-list.css?ver=8.5.1 HTTP/1.1" 200 1729 "https://anempanama.com/" "Mozilla/5.0 (Windows NT 10.0; Win64; x64) AppleWebKit/537.36 (KHTML, like Gecko) Chrome/151.0.0.0 Safari/537.36 Edg/151.0.0.0"
191.101.40.26 - - [01/Sep/2026:14:58:57 -0500] "GET /wp-content/uploads/elementor/css/post-7631.css?ver=1787952887 HTTP/1.1" 200 1890 "https://anempanama.com/" "Mozilla/5.0 (Windows NT 10.0; Win64; x64) AppleWebKit/537.36 (KHTML, like Gecko) Chrome/151.0.0.0 Safari/537.36 Edg/151.0.0.0"
191.101.40.26 - - [01/Sep/2026:14:58:57 -0500] "GET /wp-content/uploads/elementor/css/post-7626.css?ver=1787952885 HTTP/1.1" 200 2549 "https://anempanama.com/" "Mozilla/5.0 (Windows NT 10.0; Win64; x64) AppleWebKit/537.36 (KHTML, like Gecko) Chrome/151.0.0.0 Safari/537.36 Edg/151.0.0.0"
191.101.40.26 - - [01/Sep/2026:14:58:57 -0500] "GET /wp-content/themes/woodmart/css/parts/el-list-wpb-elem.css?ver=8.5.1 HTTP/1.1" 200 150 "https://anempanama.com/" "Mozilla/5.0 (Windows NT 10.0; Win64; x64) AppleWebKit/537.36 (KHTML, like Gecko) Chrome/151.0.0.0 Safari/537.36 Edg/151.0.0.0"
191.101.40.26 - - [01/Sep/2026:14:58:57 -0500] "GET /wp-content/themes/woodmart/css/parts/opt-scrolltotop.css?ver=8.5.1 HTTP/1.1" 200 789 "https://anempanama.com/" "Mozilla/5.0 (Windows NT 10.0; Win64; x64) AppleWebKit/537.36 (KHTML, like Gecko) Chrome/151.0.0.0 Safari/537.36 Edg/151.0.0.0"
190.140.250.251 - - [01/Sep/2026:14:58:57 -0500] "GET /wp-content/themes/woodmart/css/parts/lib-swiper-pagin.css?ver=8.5.1 HTTP/1.1" 200 1132 "https://anempanama.com/" "Mozilla/5.0 (iPhone; CPU iPhone OS 18_7 like Mac OS X) AppleWebKit/605.1.15 (KHTML, like Gecko) Version/26.6.1 Mobile/15E148 Safari/604.1"
190.140.250.251 - - [01/Sep/2026:14:58:57 -0500] "GET /wp-content/themes/woodmart/css/parts/header-el-mobile-nav.css?ver=8.5.1 HTTP/1.1" 200 2593 "https://anempanama.com/" "Mozilla/5.0 (iPhone; CPU iPhone OS 18_7 like Mac OS X) AppleWebKit/605.1.15 (KHTML, like Gecko) Version/26.6.1 Mobile/15E148 Safari/604.1"
190.140.250.251 - - [01/Sep/2026:14:58:57 -0500] "GET /wp-content/themes/woodmart/js/scripts/wc/updateCartFragmentsFix.js?ver=8.5.1 HTTP/1.1" 200 1666 "https://anempanama.com/" "Mozilla/5.0 (iPhone; CPU iPhone OS 18_7 like Mac OS X) AppleWebKit/605.1.15 (KHTML, like Gecko) Version/26.6.1 Mobile/15E148 Safari/604.1"
190.140.250.251 - - [01/Sep/2026:14:58:57 -0500] "GET /wp-includes/js/dist/hooks.min.js?ver=f0f188028580e8dc1255 HTTP/1.1" 200 5107 "https://anempanama.com/" "Mozilla/5.0 (iPhone; CPU iPhone OS 18_7 like Mac OS X) AppleWebKit/605.1.15 (KHTML, like Gecko) Version/26.6.1 Mobile/15E148 Safari/604.1"
190.140.250.251 - - [01/Sep/2026:14:58:57 -0500] "GET /wp-includes/js/dist/i18n.min.js?ver=1dfe7db3940c23ea9216 HTTP/1.1" 200 5791 "https://anempanama.com/" "Mozilla/5.0 (iPhone; CPU iPhone OS 18_7 like Mac OS X) AppleWebKit/605.1.15 (KHTML, like Gecko) Version/26.6.1 Mobile/15E148 Safari/604.1"
191.101.40.26 - - [01/Sep/2026:14:58:57 -0500] "GET /wp-content/themes/woodmart/css/parts/woocommerce-base-deferred.css?ver=8.5.1 HTTP/1.1" 200 1364 "https://anempanama.com/" "Mozilla/5.0 (Windows NT 10.0; Win64; x64) AppleWebKit/537.36 (KHTML, like Gecko) Chrome/151.0.0.0 Safari/537.36 Edg/151.0.0.0"
191.101.40.26 - - [01/Sep/2026:14:58:57 -0500] "GET /wp-content/themes/woodmart/css/parts/base-deferred.css?ver=8.5.1 HTTP/1.1" 200 6650 "https://anempanama.com/" "Mozilla/5.0 (Windows NT 10.0; Win64; x64) AppleWebKit/537.36 (KHTML, like Gecko) Chrome/151.0.0.0 Safari/537.36 Edg/151.0.0.0"
191.101.40.26 - - [01/Sep/2026:14:58:57 -0500] "GET /wp-content/themes/woodmart/css/parts/woo-mod-block-notices.css?ver=8.5.1 HTTP/1.1" 200 2327 "https://anempanama.com/" "Mozilla/5.0 (Windows NT 10.0; Win64; x64) AppleWebKit/537.36 (KHTML, like Gecko) Chrome/151.0.0.0 Safari/537.36 Edg/151.0.0.0"
191.101.40.26 - - [01/Sep/2026:14:58:57 -0500] "GET /wp-content/themes/woodmart/fonts/woodmart-font-1-400.woff2?v=8.5.1 HTTP/1.1" 200 11972 "https://anempanama.com/" "Mozilla/5.0 (Windows NT 10.0; Win64; x64) AppleWebKit/537.36 (KHTML, like Gecko) Chrome/151.0.0.0 Safari/537.36 Edg/151.0.0.0"
191.101.40.26 - - [01/Sep/2026:14:58:57 -0500] "GET /wp-content/themes/woodmart/css/parts/header-opt-sticky-shadow.css?ver=8.5.1 HTTP/1.1" 200 363 "https://anempanama.com/" "Mozilla/5.0 (Windows NT 10.0; Win64; x64) AppleWebKit/537.36 (KHTML, like Gecko) Chrome/151.0.0.0 Safari/537.36 Edg/151.0.0.0"
191.101.40.26 - - [01/Sep/2026:14:58:57 -0500] "GET /wp-content/themes/woodmart/css/parts/mod-notices-general.css?ver=8.5.1 HTTP/1.1" 200 5715 "https://anempanama.com/" "Mozilla/5.0 (Windows NT 10.0; Win64; x64) AppleWebKit/537.36 (KHTML, like Gecko) Chrome/151.0.0.0 Safari/537.36 Edg/151.0.0.0"
190.140.250.251 - - [01/Sep/2026:14:58:57 -0500] "GET /wp-content/plugins/woocommerce/assets/js/sourcebuster/sourcebuster.min.js?ver=11.0.1 HTTP/1.1" 200 15315 "https://anempanama.com/" "Mozilla/5.0 (iPhone; CPU iPhone OS 18_7 like Mac OS X) AppleWebKit/605.1.15 (KHTML, like Gecko) Version/26.6.1 Mobile/15E148 Safari/604.1"
190.140.250.251 - - [01/Sep/2026:14:58:57 -0500] "GET /wp-content/plugins/contact-form-7/includes/js/index.js?ver=6.1.6 HTTP/1.1" 200 13452 "https://anempanama.com/" "Mozilla/5.0 (iPhone; CPU iPhone OS 18_7 like Mac OS X) AppleWebKit/605.1.15 (KHTML, like Gecko) Version/26.6.1 Mobile/15E148 Safari/604.1"
190.140.250.251 - - [01/Sep/2026:14:58:57 -0500] "GET /wp-content/plugins/woocommerce/assets/js/frontend/order-attribution.min.js?ver=11.0.1 HTTP/1.1" 200 2439 "https://anempanama.com/" "Mozilla/5.0 (iPhone; CPU iPhone OS 18_7 like Mac OS X) AppleWebKit/605.1.15 (KHTML, like Gecko) Version/26.6.1 Mobile/15E148 Safari/604.1"
190.140.250.251 - - [01/Sep/2026:14:58:57 -0500] "GET /wp-content/plugins/elementor/assets/js/webpack.runtime.min.js?ver=4.2.2 HTTP/1.1" 200 5819 "https://anempanama.com/" "Mozilla/5.0 (iPhone; CPU iPhone OS 18_7 like Mac OS X) AppleWebKit/605.1.15 (KHTML, like Gecko) Version/26.6.1 Mobile/15E148 Safari/604.1"
190.140.250.251 - - [01/Sep/2026:14:58:57 -0500] "GET /wp-content/plugins/elementor/assets/js/frontend-modules.min.js?ver=4.2.2 HTTP/1.1" 200 50602 "https://anempanama.com/" "Mozilla/5.0 (iPhone; CPU iPhone OS 18_7 like Mac OS X) AppleWebKit/605.1.15 (KHTML, like Gecko) Version/26.6.1 Mobile/15E148 Safari/604.1"
191.101.40.26 - - [01/Sep/2026:14:58:57 -0500] "GET /wp-content/themes/woodmart/css/parts/header-opt-scroll-stick.css?ver=8.5.1 HTTP/1.1" 200 392 "https://anempanama.com/" "Mozilla/5.0 (Windows NT 10.0; Win64; x64) AppleWebKit/537.36 (KHTML, like Gecko) Chrome/151.0.0.0 Safari/537.36 Edg/151.0.0.0"
191.101.40.26 - - [01/Sep/2026:14:58:57 -0500] "GET /wp-content/themes/woodmart/css/parts/lib-magnific-popup.css?ver=8.5.1 HTTP/1.1" 200 2083 "https://anempanama.com/" "Mozilla/5.0 (Windows NT 10.0; Win64; x64) AppleWebKit/537.36 (KHTML, like Gecko) Chrome/151.0.0.0 Safari/537.36 Edg/151.0.0.0"
191.101.40.26 - - [01/Sep/2026:14:58:57 -0500] "GET /wp-content/themes/woodmart/css/parts/lib-swiper-pagin.css?ver=8.5.1 HTTP/1.1" 200 1132 "https://anempanama.com/" "Mozilla/5.0 (Windows NT 10.0; Win64; x64) AppleWebKit/537.36 (KHTML, like Gecko) Chrome/151.0.0.0 Safari/537.36 Edg/151.0.0.0"
191.101.40.26 - - [01/Sep/2026:14:58:57 -0500] "GET /wp-content/themes/woodmart/css/parts/lib-swiper-arrows.css?ver=8.5.1 HTTP/1.1" 200 2713 "https://anempanama.com/" "Mozilla/5.0 (Windows NT 10.0; Win64; x64) AppleWebKit/537.36 (KHTML, like Gecko) Chrome/151.0.0.0 Safari/537.36 Edg/151.0.0.0"
191.101.40.26 - - [01/Sep/2026:14:58:57 -0500] "GET /wp-content/themes/woodmart/css/parts/lib-photoswipe.css?ver=8.5.1 HTTP/1.1" 200 6809 "https://anempanama.com/" "Mozilla/5.0 (Windows NT 10.0; Win64; x64) AppleWebKit/537.36 (KHTML, like Gecko) Chrome/151.0.0.0 Safari/537.36 Edg/151.0.0.0"
191.101.40.26 - - [01/Sep/2026:14:58:57 -0500] "GET /wp-content/themes/woodmart/css/parts/header-el-mobile-nav.css?ver=8.5.1 HTTP/1.1" 200 2593 "https://anempanama.com/" "Mozilla/5.0 (Windows NT 10.0; Win64; x64) AppleWebKit/537.36 (KHTML, like Gecko) Chrome/151.0.0.0 Safari/537.36 Edg/151.0.0.0"
190.140.250.251 - - [01/Sep/2026:14:58:57 -0500] "GET /wp-includes/js/jquery/ui/core.min.js?ver=1.14.2 HTTP/1.1" 200 18674 "https://anempanama.com/" "Mozilla/5.0 (iPhone; CPU iPhone OS 18_7 like Mac OS X) AppleWebKit/605.1.15 (KHTML, like Gecko) Version/26.6.1 Mobile/15E148 Safari/604.1"
190.140.250.251 - - [01/Sep/2026:14:58:57 -0500] "GET /wp-content/plugins/elementor/assets/js/frontend.min.js?ver=4.2.2 HTTP/1.1" 200 32098 "https://anempanama.com/" "Mozilla/5.0 (iPhone; CPU iPhone OS 18_7 like Mac OS X) AppleWebKit/605.1.15 (KHTML, like Gecko) Version/26.6.1 Mobile/15E148 Safari/604.1"
190.140.250.251 - - [01/Sep/2026:14:58:57 -0500] "GET /wp-content/themes/woodmart/js/scripts/global/helpers.min.js?ver=8.5.1 HTTP/1.1" 200 4644 "https://anempanama.com/" "Mozilla/5.0 (iPhone; CPU iPhone OS 18_7 like Mac OS X) AppleWebKit/605.1.15 (KHTML, like Gecko) Version/26.6.1 Mobile/15E148 Safari/604.1"
190.140.250.251 - - [01/Sep/2026:14:58:57 -0500] "GET /wp-content/themes/woodmart/js/scripts/global/elementor-integration.min.js?ver=8.5.1 HTTP/1.1" 200 1843 "https://anempanama.com/" "Mozilla/5.0 (iPhone; CPU iPhone OS 18_7 like Mac OS X) AppleWebKit/605.1.15 (KHTML, like Gecko) Version/26.6.1 Mobile/15E148 Safari/604.1"
191.101.40.26 - - [01/Sep/2026:14:58:57 -0500] "GET /wp-content/themes/woodmart/js/scripts/wc/updateCartFragmentsFix.js?ver=8.5.1 HTTP/1.1" 200 1666 "https://anempanama.com/" "Mozilla/5.0 (Windows NT 10.0; Win64; x64) AppleWebKit/537.36 (KHTML, like Gecko) Chrome/151.0.0.0 Safari/537.36 Edg/151.0.0.0"
191.101.40.26 - - [01/Sep/2026:14:58:58 -0500] "GET /wp-includes/js/dist/hooks.min.js?ver=f0f188028580e8dc1255 HTTP/1.1" 200 5107 "https://anempanama.com/" "Mozilla/5.0 (Windows NT 10.0; Win64; x64) AppleWebKit/537.36 (KHTML, like Gecko) Chrome/151.0.0.0 Safari/537.36 Edg/151.0.0.0"
191.101.40.26 - - [01/Sep/2026:14:58:58 -0500] "GET /wp-includes/js/dist/i18n.min.js?ver=1dfe7db3940c23ea9216 HTTP/1.1" 200 5791 "https://anempanama.com/" "Mozilla/5.0 (Windows NT 10.0; Win64; x64) AppleWebKit/537.36 (KHTML, like Gecko) Chrome/151.0.0.0 Safari/537.36 Edg/151.0.0.0"
191.101.40.26 - - [01/Sep/2026:14:58:58 -0500] "GET /wp-content/plugins/contact-form-7/includes/js/index.js?ver=6.1.6 HTTP/1.1" 200 13452 "https://anempanama.com/" "Mozilla/5.0 (Windows NT 10.0; Win64; x64) AppleWebKit/537.36 (KHTML, like Gecko) Chrome/151.0.0.0 Safari/537.36 Edg/151.0.0.0"
191.101.40.26 - - [01/Sep/2026:14:58:58 -0500] "GET /wp-content/plugins/contact-form-7/includes/swv/js/index.js?ver=6.1.6 HTTP/1.1" 200 12512 "https://anempanama.com/" "Mozilla/5.0 (Windows NT 10.0; Win64; x64) AppleWebKit/537.36 (KHTML, like Gecko) Chrome/151.0.0.0 Safari/537.36 Edg/151.0.0.0"
191.101.40.26 - - [01/Sep/2026:14:58:58 -0500] "GET /wp-content/plugins/woocommerce/assets/js/sourcebuster/sourcebuster.min.js?ver=11.0.1 HTTP/1.1" 200 15315 "https://anempanama.com/" "Mozilla/5.0 (Windows NT 10.0; Win64; x64) AppleWebKit/537.36 (KHTML, like Gecko) Chrome/151.0.0.0 Safari/537.36 Edg/151.0.0.0"
190.140.250.251 - - [01/Sep/2026:14:58:58 -0500] "GET /wp-content/themes/woodmart/js/scripts/header/headerBuilder.min.js?ver=8.5.1 HTTP/1.1" 200 2565 "https://anempanama.com/" "Mozilla/5.0 (iPhone; CPU iPhone OS 18_7 like Mac OS X) AppleWebKit/605.1.15 (KHTML, like Gecko) Version/26.6.1 Mobile/15E148 Safari/604.1"
190.140.250.251 - - [01/Sep/2026:14:58:58 -0500] "GET /wp-content/themes/woodmart/js/scripts/menu/menuOffsets.min.js?ver=8.5.1 HTTP/1.1" 200 3160 "https://anempanama.com/" "Mozilla/5.0 (iPhone; CPU iPhone OS 18_7 like Mac OS X) AppleWebKit/605.1.15 (KHTML, like Gecko) Version/26.6.1 Mobile/15E148 Safari/604.1"
190.140.250.251 - - [01/Sep/2026:14:58:57 -0500] "GET /wp-content/plugins/elementor/assets/lib/swiper/v8/swiper.min.js?ver=8.4.5 HTTP/1.1" 200 143709 "https://anempanama.com/" "Mozilla/5.0 (iPhone; CPU iPhone OS 18_7 like Mac OS X) AppleWebKit/605.1.15 (KHTML, like Gecko) Version/26.6.1 Mobile/15E148 Safari/604.1"
191.101.40.26 - - [01/Sep/2026:14:58:58 -0500] "GET /wp-content/plugins/woocommerce/assets/js/frontend/order-attribution.min.js?ver=11.0.1 HTTP/1.1" 200 2439 "https://anempanama.com/" "Mozilla/5.0 (Windows NT 10.0; Win64; x64) AppleWebKit/537.36 (KHTML, like Gecko) Chrome/151.0.0.0 Safari/537.36 Edg/151.0.0.0"
191.101.40.26 - - [01/Sep/2026:14:58:58 -0500] "GET /wp-content/plugins/elementor/assets/js/webpack.runtime.min.js?ver=4.2.2 HTTP/1.1" 200 5819 "https://anempanama.com/" "Mozilla/5.0 (Windows NT 10.0; Win64; x64) AppleWebKit/537.36 (KHTML, like Gecko) Chrome/151.0.0.0 Safari/537.36 Edg/151.0.0.0"
191.101.40.26 - - [01/Sep/2026:14:58:58 -0500] "GET /wp-content/plugins/elementor/assets/js/frontend-modules.min.js?ver=4.2.2 HTTP/1.1" 200 50602 "https://anempanama.com/" "Mozilla/5.0 (Windows NT 10.0; Win64; x64) AppleWebKit/537.36 (KHTML, like Gecko) Chrome/151.0.0.0 Safari/537.36 Edg/151.0.0.0"
190.140.250.251 - - [01/Sep/2026:14:58:58 -0500] "GET /wp-content/themes/woodmart/js/scripts/menu/menuSetUp.min.js?ver=8.5.1 HTTP/1.1" 200 1743 "https://anempanama.com/" "Mozilla/5.0 (iPhone; CPU iPhone OS 18_7 like Mac OS X) AppleWebKit/605.1.15 (KHTML, like Gecko) Version/26.6.1 Mobile/15E148 Safari/604.1"
191.101.40.26 - - [01/Sep/2026:14:58:58 -0500] "GET /wp-includes/js/jquery/ui/core.min.js?ver=1.14.2 HTTP/1.1" 200 18674 "https://anempanama.com/" "Mozilla/5.0 (Windows NT 10.0; Win64; x64) AppleWebKit/537.36 (KHTML, like Gecko) Chrome/151.0.0.0 Safari/537.36 Edg/151.0.0.0"
191.101.40.26 - - [01/Sep/2026:14:58:58 -0500] "GET /wp-content/plugins/elementor/assets/lib/swiper/v8/swiper.min.js?ver=8.4.5 HTTP/1.1" 200 143709 "https://anempanama.com/" "Mozilla/5.0 (Windows NT 10.0; Win64; x64) AppleWebKit/537.36 (KHTML, like Gecko) Chrome/151.0.0.0 Safari/537.36 Edg/151.0.0.0"
191.101.40.26 - - [01/Sep/2026:14:58:58 -0500] "GET /wp-content/plugins/elementor/assets/js/frontend.min.js?ver=4.2.2 HTTP/1.1" 200 32098 "https://anempanama.com/" "Mozilla/5.0 (Windows NT 10.0; Win64; x64) AppleWebKit/537.36 (KHTML, like Gecko) Chrome/151.0.0.0 Safari/537.36 Edg/151.0.0.0"
191.101.40.26 - - [01/Sep/2026:14:58:48 -0500] "GET / HTTP/1.1" 301 - "-" "Mozilla/5.0 (Windows NT 10.0; Win64; x64) AppleWebKit/537.36 (KHTML, like Gecko) Chrome/151.0.0.0 Safari/537.36 Edg/151.0.0.0"
190.140.250.251 - - [01/Sep/2026:14:58:58 -0500] "GET /wp-content/themes/woodmart/js/libs/waypoints.min.js?ver=8.5.1 HTTP/1.1" 200 8788 "https://anempanama.com/" "Mozilla/5.0 (iPhone; CPU iPhone OS 18_7 like Mac OS X) AppleWebKit/605.1.15 (KHTML, like Gecko) Version/26.6.1 Mobile/15E148 Safari/604.1"
190.140.250.251 - - [01/Sep/2026:14:58:58 -0500] "GET /wp-content/themes/woodmart/js/scripts/menu/onePageMenu.min.js?ver=8.5.1 HTTP/1.1" 200 1626 "https://anempanama.com/" "Mozilla/5.0 (iPhone; CPU iPhone OS 18_7 like Mac OS X) AppleWebKit/605.1.15 (KHTML, like Gecko) Version/26.6.1 Mobile/15E148 Safari/604.1"
191.101.40.26 - - [01/Sep/2026:14:58:58 -0500] "GET /wp-content/themes/woodmart/js/scripts/global/helpers.min.js?ver=8.5.1 HTTP/1.1" 200 4644 "https://anempanama.com/" "Mozilla/5.0 (Windows NT 10.0; Win64; x64) AppleWebKit/537.36 (KHTML, like Gecko) Chrome/151.0.0.0 Safari/537.36 Edg/151.0.0.0"
190.140.250.251 - - [01/Sep/2026:14:58:58 -0500] "GET /wp-content/themes/woodmart/js/libs/magnific-popup.min.js?ver=8.5.1 HTTP/1.1" 200 21680 "https://anempanama.com/" "Mozilla/5.0 (iPhone; CPU iPhone OS 18_7 like Mac OS X) AppleWebKit/605.1.15 (KHTML, like Gecko) Version/26.6.1 Mobile/15E148 Safari/604.1"
191.101.40.26 - - [01/Sep/2026:14:58:58 -0500] "GET /wp-content/themes/woodmart/js/scripts/global/elementor-integration.min.js?ver=8.5.1 HTTP/1.1" 200 1843 "https://anempanama.com/" "Mozilla/5.0 (Windows NT 10.0; Win64; x64) AppleWebKit/537.36 (KHTML, like Gecko) Chrome/151.0.0.0 Safari/537.36 Edg/151.0.0.0"
190.140.250.251 - - [01/Sep/2026:14:58:58 -0500] "GET /wp-content/themes/woodmart/js/scripts/elements/contentPopup.min.js?ver=8.5.1 HTTP/1.1" 200 1650 "https://anempanama.com/" "Mozilla/5.0 (iPhone; CPU iPhone OS 18_7 like Mac OS X) AppleWebKit/605.1.15 (KHTML, like Gecko) Version/26.6.1 Mobile/15E148 Safari/604.1"
191.101.40.26 - - [01/Sep/2026:14:58:58 -0500] "GET /wp-content/themes/woodmart/js/scripts/menu/menuOffsets.min.js?ver=8.5.1 HTTP/1.1" 200 3160 "https://anempanama.com/" "Mozilla/5.0 (Windows NT 10.0; Win64; x64) AppleWebKit/537.36 (KHTML, like Gecko) Chrome/151.0.0.0 Safari/537.36 Edg/151.0.0.0"
191.101.40.26 - - [01/Sep/2026:14:58:58 -0500] "GET /wp-content/themes/woodmart/js/scripts/header/headerBuilder.min.js?ver=8.5.1 HTTP/1.1" 200 2565 "https://anempanama.com/" "Mozilla/5.0 (Windows NT 10.0; Win64; x64) AppleWebKit/537.36 (KHTML, like Gecko) Chrome/151.0.0.0 Safari/537.36 Edg/151.0.0.0"
191.101.40.26 - - [01/Sep/2026:14:58:58 -0500] "GET /wp-content/themes/woodmart/js/scripts/menu/menuSetUp.min.js?ver=8.5.1 HTTP/1.1" 200 1743 "https://anempanama.com/" "Mozilla/5.0 (Windows NT 10.0; Win64; x64) AppleWebKit/537.36 (KHTML, like Gecko) Chrome/151.0.0.0 Safari/537.36 Edg/151.0.0.0"
191.101.40.26 - - [01/Sep/2026:14:58:58 -0500] "GET /wp-content/themes/woodmart/js/libs/waypoints.min.js?ver=8.5.1 HTTP/1.1" 200 8788 "https://anempanama.com/" "Mozilla/5.0 (Windows NT 10.0; Win64; x64) AppleWebKit/537.36 (KHTML, like Gecko) Chrome/151.0.0.0 Safari/537.36 Edg/151.0.0.0"
190.140.250.251 - - [01/Sep/2026:14:58:58 -0500] "GET /wp-content/themes/woodmart/js/libs/photoswipe-bundle.min.js?ver=8.5.1 HTTP/1.1" 200 38875 "https://anempanama.com/" "Mozilla/5.0 (iPhone; CPU iPhone OS 18_7 like Mac OS X) AppleWebKit/605.1.15 (KHTML, like Gecko) Version/26.6.1 Mobile/15E148 Safari/604.1"
190.140.250.251 - - [01/Sep/2026:14:58:58 -0500] "GET /wp-content/themes/woodmart/js/scripts/global/photoswipeImages.min.js?ver=8.5.1 HTTP/1.1" 200 709 "https://anempanama.com/" "Mozilla/5.0 (iPhone; CPU iPhone OS 18_7 like Mac OS X) AppleWebKit/605.1.15 (KHTML, like Gecko) Version/26.6.1 Mobile/15E148 Safari/604.1"
190.140.250.251 - - [01/Sep/2026:14:58:58 -0500] "GET /wp-content/themes/woodmart/js/scripts/global/callPhotoSwipe.min.js?ver=8.5.1 HTTP/1.1" 200 1186 "https://anempanama.com/" "Mozilla/5.0 (iPhone; CPU iPhone OS 18_7 like Mac OS X) AppleWebKit/605.1.15 (KHTML, like Gecko) Version/26.6.1 Mobile/15E148 Safari/604.1"
190.140.250.251 - - [01/Sep/2026:14:58:58 -0500] "GET /wp-content/themes/woodmart/js/libs/swiper.min.js?ver=8.5.1 HTTP/1.1" 200 107891 "https://anempanama.com/" "Mozilla/5.0 (iPhone; CPU iPhone OS 18_7 like Mac OS X) AppleWebKit/605.1.15 (KHTML, like Gecko) Version/26.6.1 Mobile/15E148 Safari/604.1"
190.140.250.251 - - [01/Sep/2026:14:58:58 -0500] "GET /wp-content/themes/woodmart/js/scripts/global/swiperInit.min.js?ver=8.5.1 HTTP/1.1" 200 8047 "https://anempanama.com/" "Mozilla/5.0 (iPhone; CPU iPhone OS 18_7 like Mac OS X) AppleWebKit/605.1.15 (KHTML, like Gecko) Version/26.6.1 Mobile/15E148 Safari/604.1"
191.101.40.26 - - [01/Sep/2026:14:58:58 -0500] "GET /wp-content/themes/woodmart/js/scripts/menu/onePageMenu.min.js?ver=8.5.1 HTTP/1.1" 200 1626 "https://anempanama.com/" "Mozilla/5.0 (Windows NT 10.0; Win64; x64) AppleWebKit/537.36 (KHTML, like Gecko) Chrome/151.0.0.0 Safari/537.36 Edg/151.0.0.0"
191.101.40.26 - - [01/Sep/2026:14:58:58 -0500] "GET /wp-content/themes/woodmart/js/scripts/global/callPhotoSwipe.min.js?ver=8.5.1 HTTP/1.1" 200 1186 "https://anempanama.com/" "Mozilla/5.0 (Windows NT 10.0; Win64; x64) AppleWebKit/537.36 (KHTML, like Gecko) Chrome/151.0.0.0 Safari/537.36 Edg/151.0.0.0"
191.101.40.26 - - [01/Sep/2026:14:58:58 -0500] "GET /wp-content/themes/woodmart/js/scripts/global/photoswipeImages.min.js?ver=8.5.1 HTTP/1.1" 200 709 "https://anempanama.com/" "Mozilla/5.0 (Windows NT 10.0; Win64; x64) AppleWebKit/537.36 (KHTML, like Gecko) Chrome/151.0.0.0 Safari/537.36 Edg/151.0.0.0"
191.101.40.26 - - [01/Sep/2026:14:58:58 -0500] "GET /wp-content/themes/woodmart/js/libs/magnific-popup.min.js?ver=8.5.1 HTTP/1.1" 200 21680 "https://anempanama.com/" "Mozilla/5.0 (Windows NT 10.0; Win64; x64) AppleWebKit/537.36 (KHTML, like Gecko) Chrome/151.0.0.0 Safari/537.36 Edg/151.0.0.0"
191.101.40.26 - - [01/Sep/2026:14:58:58 -0500] "GET /wp-content/themes/woodmart/js/libs/photoswipe-bundle.min.js?ver=8.5.1 HTTP/1.1" 200 38875 "https://anempanama.com/" "Mozilla/5.0 (Windows NT 10.0; Win64; x64) AppleWebKit/537.36 (KHTML, like Gecko) Chrome/151.0.0.0 Safari/537.36 Edg/151.0.0.0"
191.101.40.26 - - [01/Sep/2026:14:58:58 -0500] "GET /wp-content/themes/woodmart/js/scripts/elements/contentPopup.min.js?ver=8.5.1 HTTP/1.1" 200 1650 "https://anempanama.com/" "Mozilla/5.0 (Windows NT 10.0; Win64; x64) AppleWebKit/537.36 (KHTML, like Gecko) Chrome/151.0.0.0 Safari/537.36 Edg/151.0.0.0"
191.101.40.26 - - [01/Sep/2026:14:58:58 -0500] "GET /wp-content/themes/woodmart/js/scripts/global/swiperInit.min.js?ver=8.5.1 HTTP/1.1" 200 8047 "https://anempanama.com/" "Mozilla/5.0 (Windows NT 10.0; Win64; x64) AppleWebKit/537.36 (KHTML, like Gecko) Chrome/151.0.0.0 Safari/537.36 Edg/151.0.0.0"
