190.32.219.220 - - [01/Sep/2026:14:19:21 -0500] "GET /wp-content/themes/woodmart/js/scripts/elements/contentPopup.min.js?ver=8.5.1 HTTP/1.1" 200 1650 "https://anempanama.com/" "Mozilla/5.0 (Linux; Android 10; K) AppleWebKit/537.36 (KHTML, like Gecko) Chrome/152.0.0.0 Mobile Safari/537.36"
190.32.219.220 - - [01/Sep/2026:14:19:21 -0500] "GET /wp-content/themes/woodmart/js/libs/photoswipe-bundle.min.js?ver=8.5.1 HTTP/1.1" 200 38875 "https://anempanama.com/" "Mozilla/5.0 (Linux; Android 10; K) AppleWebKit/537.36 (KHTML, like Gecko) Chrome/152.0.0.0 Mobile Safari/537.36"
190.32.219.220 - - [01/Sep/2026:14:19:21 -0500] "GET /wp-content/themes/woodmart/js/scripts/global/photoswipeImages.min.js?ver=8.5.1 HTTP/1.1" 200 709 "https://anempanama.com/" "Mozilla/5.0 (Linux; Android 10; K) AppleWebKit/537.36 (KHTML, like Gecko) Chrome/152.0.0.0 Mobile Safari/537.36"
190.32.219.220 - - [01/Sep/2026:14:19:21 -0500] "GET /wp-content/themes/woodmart/js/scripts/global/callPhotoSwipe.min.js?ver=8.5.1 HTTP/1.1" 200 1186 "https://anempanama.com/" "Mozilla/5.0 (Linux; Android 10; K) AppleWebKit/537.36 (KHTML, like Gecko) Chrome/152.0.0.0 Mobile Safari/537.36"
190.32.219.220 - - [01/Sep/2026:14:19:21 -0500] "GET /wp-content/themes/woodmart/js/libs/swiper.min.js?ver=8.5.1 HTTP/1.1" 200 107891 "https://anempanama.com/" "Mozilla/5.0 (Linux; Android 10; K) AppleWebKit/537.36 (KHTML, like Gecko) Chrome/152.0.0.0 Mobile Safari/537.36"
190.32.219.220 - - [01/Sep/2026:14:19:21 -0500] "GET /wp-content/themes/woodmart/js/scripts/global/swiperInit.min.js?ver=8.5.1 HTTP/1.1" 200 8047 "https://anempanama.com/" "Mozilla/5.0 (Linux; Android 10; K) AppleWebKit/537.36 (KHTML, like Gecko) Chrome/152.0.0.0 Mobile Safari/537.36"
190.32.219.220 - - [01/Sep/2026:14:19:21 -0500] "GET /wp-includes/js/imagesloaded.min.js?ver=5.0.0 HTTP/1.1" 200 5520 "https://anempanama.com/" "Mozilla/5.0 (Linux; Android 10; K) AppleWebKit/537.36 (KHTML, like Gecko) Chrome/152.0.0.0 Mobile Safari/537.36"
190.32.219.220 - - [01/Sep/2026:14:19:21 -0500] "GET /wp-content/themes/woodmart/js/scripts/global/widgetCollapse.min.js?ver=8.5.1 HTTP/1.1" 200 967 "https://anempanama.com/" "Mozilla/5.0 (Linux; Android 10; K) AppleWebKit/537.36 (KHTML, like Gecko) Chrome/152.0.0.0 Mobile Safari/537.36"
190.32.219.220 - - [01/Sep/2026:14:19:21 -0500] "GET /wp-content/themes/woodmart/js/scripts/global/scrollTop.min.js?ver=8.5.1 HTTP/1.1" 200 362 "https://anempanama.com/" "Mozilla/5.0 (Linux; Android 10; K) AppleWebKit/537.36 (KHTML, like Gecko) Chrome/152.0.0.0 Mobile Safari/537.36"
190.32.219.220 - - [01/Sep/2026:14:19:21 -0500] "GET /wp-content/plugins/woocommerce/assets/js/jquery-blockui/jquery.blockUI.min.js?ver=2.7.0-wc.11.0.1 HTTP/1.1" 200 9636 "https://anempanama.com/" "Mozilla/5.0 (Linux; Android 10; K) AppleWebKit/537.36 (KHTML, like Gecko) Chrome/152.0.0.0 Mobile Safari/537.36"
190.32.219.220 - - [01/Sep/2026:14:19:21 -0500] "GET /wp-content/themes/woodmart/js/scripts/menu/mobileNavigation.min.js?ver=8.5.1 HTTP/1.1" 200 7332 "https://anempanama.com/" "Mozilla/5.0 (Linux; Android 10; K) AppleWebKit/537.36 (KHTML, like Gecko) Chrome/152.0.0.0 Mobile Safari/537.36"
190.32.219.220 - - [01/Sep/2026:14:19:22 -0500] "GET /wp-content/plugins/woocommerce/assets/js/frontend/add-to-cart.min.js?ver=11.0.1 HTTP/1.1" 200 4350 "https://anempanama.com/" "Mozilla/5.0 (Linux; Android 10; K) AppleWebKit/537.36 (KHTML, like Gecko) Chrome/152.0.0.0 Mobile Safari/537.36"
190.32.219.220 - - [01/Sep/2026:14:19:22 -0500] "GET /wp-content/plugins/woocommerce/assets/js/js-cookie/js.cookie.min.js?ver=2.1.4-wc.11.0.1 HTTP/1.1" 200 1720 "https://anempanama.com/" "Mozilla/5.0 (Linux; Android 10; K) AppleWebKit/537.36 (KHTML, like Gecko) Chrome/152.0.0.0 Mobile Safari/537.36"
190.32.219.220 - - [01/Sep/2026:14:19:22 -0500] "GET /wp-content/plugins/woocommerce/assets/js/frontend/woocommerce.min.js?ver=11.0.1 HTTP/1.1" 200 4270 "https://anempanama.com/" "Mozilla/5.0 (Linux; Android 10; K) AppleWebKit/537.36 (KHTML, like Gecko) Chrome/152.0.0.0 Mobile Safari/537.36"
190.32.219.220 - - [01/Sep/2026:14:19:22 -0500] "GET /wp-content/uploads/2026/07/Banner_Home_ANEM_II.png HTTP/1.1" 200 712858 "https://anempanama.com/" "Mozilla/5.0 (Linux; Android 10; K) AppleWebKit/537.36 (KHTML, like Gecko) Chrome/152.0.0.0 Mobile Safari/537.36"
190.32.219.220 - - [01/Sep/2026:14:19:22 -0500] "GET /wp-content/uploads/2026/07/Anem_Empresas_Afiliada_14.png HTTP/1.1" 200 53176 "https://anempanama.com/" "Mozilla/5.0 (Linux; Android 10; K) AppleWebKit/537.36 (KHTML, like Gecko) Chrome/152.0.0.0 Mobile Safari/537.36"
190.32.219.220 - - [01/Sep/2026:14:19:22 -0500] "GET /wp-content/uploads/2026/07/Anem_Gallery_05.jpg HTTP/1.1" 200 459069 "https://anempanama.com/" "Mozilla/5.0 (Linux; Android 10; K) AppleWebKit/537.36 (KHTML, like Gecko) Chrome/152.0.0.0 Mobile Safari/537.36"
190.32.219.220 - - [01/Sep/2026:14:19:22 -0500] "GET /wp-content/uploads/2026/07/Anem_Empresas_Afiliada_12.png HTTP/1.1" 200 61406 "https://anempanama.com/" "Mozilla/5.0 (Linux; Android 10; K) AppleWebKit/537.36 (KHTML, like Gecko) Chrome/152.0.0.0 Mobile Safari/537.36"
190.32.219.220 - - [01/Sep/2026:14:19:22 -0500] "GET /wp-content/uploads/2026/07/Anem_Empresas_Afiliada_13.png HTTP/1.1" 200 13705 "https://anempanama.com/" "Mozilla/5.0 (Linux; Android 10; K) AppleWebKit/537.36 (KHTML, like Gecko) Chrome/152.0.0.0 Mobile Safari/537.36"
190.32.219.220 - - [01/Sep/2026:14:19:22 -0500] "GET /wp-content/uploads/2026/07/Anem_Empresas_Afiliada_11.png HTTP/1.1" 200 50519 "https://anempanama.com/" "Mozilla/5.0 (Linux; Android 10; K) AppleWebKit/537.36 (KHTML, like Gecko) Chrome/152.0.0.0 Mobile Safari/537.36"
91.98.185.79 - - [01/Sep/2026:14:19:19 -0500] "GET /categoria-producto/furniture/?filter_size=m&filter_color=blue,brown,yellow&per_page=18 HTTP/1.1" 200 181549 "-" "Mozilla/5.0 (compatible; SERankingBacklinksBot/1.0; +https://seranking.com/backlinks-crawler)"
190.32.219.220 - - [01/Sep/2026:14:19:22 -0500] "GET /wp-content/uploads/2026/07/Anem_Empresas_Afiliada_10.png HTTP/1.1" 200 16850 "https://anempanama.com/" "Mozilla/5.0 (Linux; Android 10; K) AppleWebKit/537.36 (KHTML, like Gecko) Chrome/152.0.0.0 Mobile Safari/537.36"
190.32.219.220 - - [01/Sep/2026:14:19:22 -0500] "GET /wp-content/uploads/2026/07/Anem_Empresas_Afiliada_09.png HTTP/1.1" 200 33648 "https://anempanama.com/" "Mozilla/5.0 (Linux; Android 10; K) AppleWebKit/537.36 (KHTML, like Gecko) Chrome/152.0.0.0 Mobile Safari/537.36"
190.32.219.220 - - [01/Sep/2026:14:19:22 -0500] "GET /wp-content/uploads/2026/07/Anem_Empresas_Afiliada_08.png HTTP/1.1" 200 36815 "https://anempanama.com/" "Mozilla/5.0 (Linux; Android 10; K) AppleWebKit/537.36 (KHTML, like Gecko) Chrome/152.0.0.0 Mobile Safari/537.36"
190.32.219.220 - - [01/Sep/2026:14:19:23 -0500] "GET /wp-content/uploads/2026/07/Anem_Empresas_Afiliada_07.png HTTP/1.1" 200 26039 "https://anempanama.com/" "Mozilla/5.0 (Linux; Android 10; K) AppleWebKit/537.36 (KHTML, like Gecko) Chrome/152.0.0.0 Mobile Safari/537.36"
190.32.219.220 - - [01/Sep/2026:14:19:23 -0500] "GET /wp-content/uploads/2026/07/Anem_Empresas_Afiliada_06.png HTTP/1.1" 200 19778 "https://anempanama.com/" "Mozilla/5.0 (Linux; Android 10; K) AppleWebKit/537.36 (KHTML, like Gecko) Chrome/152.0.0.0 Mobile Safari/537.36"
190.32.219.220 - - [01/Sep/2026:14:19:23 -0500] "GET /wp-content/uploads/2026/07/Anem_Empresas_Afiliada_05.png HTTP/1.1" 200 23411 "https://anempanama.com/" "Mozilla/5.0 (Linux; Android 10; K) AppleWebKit/537.36 (KHTML, like Gecko) Chrome/152.0.0.0 Mobile Safari/537.36"
190.32.219.220 - - [01/Sep/2026:14:19:23 -0500] "GET /wp-content/uploads/2026/07/Anem_Empresas_Afiliada_02.png HTTP/1.1" 200 27004 "https://anempanama.com/" "Mozilla/5.0 (Linux; Android 10; K) AppleWebKit/537.36 (KHTML, like Gecko) Chrome/152.0.0.0 Mobile Safari/537.36"
190.32.219.220 - - [01/Sep/2026:14:19:23 -0500] "GET /wp-content/uploads/2026/07/Anem_Empresas_Afiliada_04.png HTTP/1.1" 200 27699 "https://anempanama.com/" "Mozilla/5.0 (Linux; Android 10; K) AppleWebKit/537.36 (KHTML, like Gecko) Chrome/152.0.0.0 Mobile Safari/537.36"
190.32.219.220 - - [01/Sep/2026:14:19:23 -0500] "GET /wp-content/uploads/2026/07/Anem_Empresas_Afiliada_03.png HTTP/1.1" 200 24884 "https://anempanama.com/" "Mozilla/5.0 (Linux; Android 10; K) AppleWebKit/537.36 (KHTML, like Gecko) Chrome/152.0.0.0 Mobile Safari/537.36"
190.32.219.220 - - [01/Sep/2026:14:19:23 -0500] "GET /wp-content/uploads/2026/08/Logo_Eco_Septic_ANEM.png HTTP/1.1" 200 66230 "https://anempanama.com/" "Mozilla/5.0 (Linux; Android 10; K) AppleWebKit/537.36 (KHTML, like Gecko) Chrome/152.0.0.0 Mobile Safari/537.36"
190.32.219.220 - - [01/Sep/2026:14:19:23 -0500] "GET /wp-content/uploads/2026/07/Anem_Empresas_Afiliada_01.png HTTP/1.1" 200 29111 "https://anempanama.com/" "Mozilla/5.0 (Linux; Android 10; K) AppleWebKit/537.36 (KHTML, like Gecko) Chrome/152.0.0.0 Mobile Safari/537.36"
190.32.219.220 - - [01/Sep/2026:14:19:23 -0500] "GET /wp-content/uploads/2026/08/Logo_Bano_Portatil_ANEM.png HTTP/1.1" 200 99207 "https://anempanama.com/" "Mozilla/5.0 (Linux; Android 10; K) AppleWebKit/537.36 (KHTML, like Gecko) Chrome/152.0.0.0 Mobile Safari/537.36"
190.32.219.220 - - [01/Sep/2026:14:19:23 -0500] "GET /wp-content/plugins/elementor/assets/js/shared-frontend-handlers.03caa53373b56d3bab67.bundle.min.js HTTP/1.1" 200 8481 "https://anempanama.com/" "Mozilla/5.0 (Linux; Android 10; K) AppleWebKit/537.36 (KHTML, like Gecko) Chrome/152.0.0.0 Mobile Safari/537.36"
190.32.219.220 - - [01/Sep/2026:14:19:24 -0500] "GET /wp-content/plugins/elementor/assets/js/nested-accordion.294d40984397351fd0f5.bundle.min.js HTTP/1.1" 200 9761 "https://anempanama.com/" "Mozilla/5.0 (Linux; Android 10; K) AppleWebKit/537.36 (KHTML, like Gecko) Chrome/152.0.0.0 Mobile Safari/537.36"
190.32.219.220 - - [01/Sep/2026:14:19:24 -0500] "GET /wp-content/plugins/elementor/assets/js/image-carousel.6167d20b95b33386757b.bundle.min.js HTTP/1.1" 200 408 "https://anempanama.com/" "Mozilla/5.0 (Linux; Android 10; K) AppleWebKit/537.36 (KHTML, like Gecko) Chrome/152.0.0.0 Mobile Safari/537.36"
190.32.219.220 - - [01/Sep/2026:14:19:24 -0500] "GET /wp-content/plugins/elementor/assets/js/text-editor.45609661e409413f1cef.bundle.min.js HTTP/1.1" 200 1348 "https://anempanama.com/" "Mozilla/5.0 (Linux; Android 10; K) AppleWebKit/537.36 (KHTML, like Gecko) Chrome/152.0.0.0 Mobile Safari/537.36"
190.32.219.220 - - [01/Sep/2026:14:19:24 -0500] "GET /wp-content/uploads/2026/06/cropped-Favicon_ANEM-192x192.png HTTP/1.1" 200 28110 "https://anempanama.com/" "Mozilla/5.0 (Linux; Android 10; K) AppleWebKit/537.36 (KHTML, like Gecko) Chrome/152.0.0.0 Mobile Safari/537.36"
190.32.219.220 - - [01/Sep/2026:14:19:24 -0500] "GET /wp-content/uploads/2026/06/cropped-Favicon_ANEM-180x180.png HTTP/1.1" 200 25620 "https://anempanama.com/" "Mozilla/5.0 (Linux; Android 10; K) AppleWebKit/537.36 (KHTML, like Gecko) Chrome/152.0.0.0 Mobile Safari/537.36"
190.32.219.220 - - [01/Sep/2026:14:19:22 -0500] "GET /wp-json/contact-form-7/v1/contact-forms/14/feedback/schema HTTP/1.1" 200 1347 "https://anempanama.com/" "Mozilla/5.0 (Linux; Android 10; K) AppleWebKit/537.36 (KHTML, like Gecko) Chrome/152.0.0.0 Mobile Safari/537.36"
190.32.219.220 - - [01/Sep/2026:14:19:22 -0500] "GET /wp-json/contact-form-7/v1/contact-forms/4387/feedback/schema HTTP/1.1" 200 227 "https://anempanama.com/" "Mozilla/5.0 (Linux; Android 10; K) AppleWebKit/537.36 (KHTML, like Gecko) Chrome/152.0.0.0 Mobile Safari/537.36"
190.32.219.220 - - [01/Sep/2026:14:19:22 -0500] "GET /wp-json/contact-form-7/v1/contact-forms/1572/feedback/schema HTTP/1.1" 200 1286 "https://anempanama.com/" "Mozilla/5.0 (Linux; Android 10; K) AppleWebKit/537.36 (KHTML, like Gecko) Chrome/152.0.0.0 Mobile Safari/537.36"
91.98.185.79 - - [01/Sep/2026:14:19:25 -0500] "GET /categoria-producto/furniture/?filter_size=m&filter_color=blue,brown,yellow&per_page=24 HTTP/1.1" 200 181549 "-" "Mozilla/5.0 (compatible; SERankingBacklinksBot/1.0; +https://seranking.com/backlinks-crawler)"
190.32.219.220 - - [01/Sep/2026:14:19:34 -0500] "GET /wp-content/uploads/2021/10/real-estate-advantage-1.svg HTTP/1.1" 200 3626 "https://anempanama.com/" "Mozilla/5.0 (Linux; Android 10; K) AppleWebKit/537.36 (KHTML, like Gecko) Chrome/152.0.0.0 Mobile Safari/537.36"
190.32.219.220 - - [01/Sep/2026:14:19:34 -0500] "GET /wp-content/uploads/2021/10/real-estate-advantage-2.svg HTTP/1.1" 200 1540 "https://anempanama.com/" "Mozilla/5.0 (Linux; Android 10; K) AppleWebKit/537.36 (KHTML, like Gecko) Chrome/152.0.0.0 Mobile Safari/537.36"
190.32.219.220 - - [01/Sep/2026:14:19:34 -0500] "GET /wp-content/uploads/2026/07/Anem_Gallery_04-700x700.jpg HTTP/1.1" 200 75880 "https://anempanama.com/" "Mozilla/5.0 (Linux; Android 10; K) AppleWebKit/537.36 (KHTML, like Gecko) Chrome/152.0.0.0 Mobile Safari/537.36"
91.98.185.79 - - [01/Sep/2026:14:19:31 -0500] "GET /categoria-producto/furniture/?filter_size=s&filter_color=blue,brown,yellow&per_page=12 HTTP/1.1" 200 181549 "-" "Mozilla/5.0 (compatible; SERankingBacklinksBot/1.0; +https://seranking.com/backlinks-crawler)"
190.32.219.220 - - [01/Sep/2026:14:19:34 -0500] "GET /wp-content/uploads/2021/10/real-estate-advantage-3.svg HTTP/1.1" 200 2872 "https://anempanama.com/" "Mozilla/5.0 (Linux; Android 10; K) AppleWebKit/537.36 (KHTML, like Gecko) Chrome/152.0.0.0 Mobile Safari/537.36"
190.32.219.220 - - [01/Sep/2026:14:19:34 -0500] "GET /wp-content/uploads/2021/10/real-estate-advantage-4.svg HTTP/1.1" 200 7841 "https://anempanama.com/" "Mozilla/5.0 (Linux; Android 10; K) AppleWebKit/537.36 (KHTML, like Gecko) Chrome/152.0.0.0 Mobile Safari/537.36"
190.32.219.220 - - [01/Sep/2026:14:19:34 -0500] "GET /wp-content/uploads/2021/10/real-estate-advantage-5.svg HTTP/1.1" 200 4980 "https://anempanama.com/" "Mozilla/5.0 (Linux; Android 10; K) AppleWebKit/537.36 (KHTML, like Gecko) Chrome/152.0.0.0 Mobile Safari/537.36"
190.5.247.2 - - [01/Sep/2026:14:19:33 -0500] "HEAD / HTTP/1.1" 200 - "-" "Mozilla/5.0 (Linux; Android 10; K) AppleWebKit/537.36 (KHTML, like Gecko) Chrome/152.0.0.0 Mobile Safari/537.36"
190.32.219.220 - - [01/Sep/2026:14:19:35 -0500] "GET /wp-content/uploads/2021/10/real-estate-advantage-6.svg HTTP/1.1" 200 3584 "https://anempanama.com/" "Mozilla/5.0 (Linux; Android 10; K) AppleWebKit/537.36 (KHTML, like Gecko) Chrome/152.0.0.0 Mobile Safari/537.36"
190.32.219.220 - - [01/Sep/2026:14:19:39 -0500] "GET /wp-content/uploads/2026/07/Anem_Gallery_03-700x700.jpg HTTP/1.1" 200 102472 "https://anempanama.com/" "Mozilla/5.0 (Linux; Android 10; K) AppleWebKit/537.36 (KHTML, like Gecko) Chrome/152.0.0.0 Mobile Safari/537.36"
190.32.219.220 - - [01/Sep/2026:14:19:40 -0500] "GET /wp-content/uploads/2026/07/Anem_Gallery_02-700x700.jpg HTTP/1.1" 200 89467 "https://anempanama.com/" "Mozilla/5.0 (Linux; Android 10; K) AppleWebKit/537.36 (KHTML, like Gecko) Chrome/152.0.0.0 Mobile Safari/537.36"
91.98.185.79 - - [01/Sep/2026:14:19:37 -0500] "GET /categoria-producto/furniture/?filter_size=s&filter_color=blue,brown,yellow&per_page=18 HTTP/1.1" 200 181549 "-" "Mozilla/5.0 (compatible; SERankingBacklinksBot/1.0; +https://seranking.com/backlinks-crawler)"
186.124.2.63 - - [01/Sep/2026:14:19:44 -0500] "POST /wp-admin/admin-ajax.php HTTP/1.1" 200 77 "https://anempanama.com/wp-admin/post.php?post=7594&action=elementor" "Mozilla/5.0 (Macintosh; Intel Mac OS X 10_15_7) AppleWebKit/537.36 (KHTML, like Gecko) Chrome/152.0.0.0 Safari/537.36"
91.98.185.79 - - [01/Sep/2026:14:19:44 -0500] "GET /categoria-producto/furniture/?filter_size=s&filter_color=blue,brown,yellow&per_page=24 HTTP/1.1" 200 181549 "-" "Mozilla/5.0 (compatible; SERankingBacklinksBot/1.0; +https://seranking.com/backlinks-crawler)"
91.98.185.79 - - [01/Sep/2026:14:19:50 -0500] "GET /categoria-producto/furniture/?stock_status=instock&per_page=12&filter_color=beige,black HTTP/1.1" 200 178375 "-" "Mozilla/5.0 (compatible; SERankingBacklinksBot/1.0; +https://seranking.com/backlinks-crawler)"
190.5.247.2 - - [01/Sep/2026:14:19:52 -0500] "HEAD / HTTP/1.1" 200 - "-" "Mozilla/5.0 (Linux; Android 10; K) AppleWebKit/537.36 (KHTML, like Gecko) Chrome/152.0.0.0 Mobile Safari/537.36"
157.90.185.123 - - [01/Sep/2026:14:19:58 -0500] "POST /wp-cron.php?doing_wp_cron=1788290398.3622210025787353515625 HTTP/1.1" 200 - "-" "WordPress/7.1; https://anempanama.com"
91.98.185.79 - - [01/Sep/2026:14:19:57 -0500] "GET /categoria-producto/accessories/?filter_color=beige,black,blue,brown&stock_status=onsale HTTP/1.1" 200 151701 "-" "Mozilla/5.0 (compatible; SERankingBacklinksBot/1.0; +https://seranking.com/backlinks-crawler)"
91.98.185.79 - - [01/Sep/2026:14:20:03 -0500] "GET /categoria-producto/furniture/?stock_status=instock&per_page=12&filter_color=beige,brown HTTP/1.1" 200 178375 "-" "Mozilla/5.0 (compatible; SERankingBacklinksBot/1.0; +https://seranking.com/backlinks-crawler)"
91.98.185.79 - - [01/Sep/2026:14:20:10 -0500] "GET /categoria-producto/accessories/?per_row=2&shop_view=grid&filter_color=beige,black,brown HTTP/1.1" 200 166085 "-" "Mozilla/5.0 (compatible; SERankingBacklinksBot/1.0; +https://seranking.com/backlinks-crawler)"
190.5.247.2 - - [01/Sep/2026:14:19:54 -0500] "GET / HTTP/1.1" 200 205168 "-" "Mozilla/5.0 (Linux; Android 10; K) AppleWebKit/537.36 (KHTML, like Gecko) Chrome/152.0.0.0 Mobile Safari/537.36"
91.98.185.79 - - [01/Sep/2026:14:20:16 -0500] "GET /categoria-producto/furniture/?stock_status=instock&per_page=12&filter_color=black,brown HTTP/1.1" 200 178375 "-" "Mozilla/5.0 (compatible; SERankingBacklinksBot/1.0; +https://seranking.com/backlinks-crawler)"
66.249.88.225 - - [01/Sep/2026:14:20:17 -0500] "GET /.well-known/traffic-advice HTTP/1.1" 404 120115 "-" "Chrome Privacy Preserving Prefetch Proxy"
190.5.247.2 - - [01/Sep/2026:14:20:21 -0500] "GET /wp-content/uploads/elementor/css/post-7.css?ver=1784315927 HTTP/1.1" 200 1111 "-" "Mozilla/5.0 (Linux; Android 10; K) AppleWebKit/537.36 (KHTML, like Gecko) Chrome/152.0.0.0 Mobile Safari/537.36"
190.5.247.2 - - [01/Sep/2026:14:20:21 -0500] "GET /wp-content/plugins/elementor/assets/css/widget-nested-accordion.min.css?ver=4.1.4 HTTP/1.1" 200 5206 "-" "Mozilla/5.0 (Linux; Android 10; K) AppleWebKit/537.36 (KHTML, like Gecko) Chrome/152.0.0.0 Mobile Safari/537.36"
190.5.247.2 - - [01/Sep/2026:14:20:22 -0500] "GET /wp-content/plugins/elementor/assets/lib/swiper/v8/css/swiper.min.css?ver=8.4.5 HTTP/1.1" 200 16471 "-" "Mozilla/5.0 (Linux; Android 10; K) AppleWebKit/537.36 (KHTML, like Gecko) Chrome/152.0.0.0 Mobile Safari/537.36"
190.5.247.2 - - [01/Sep/2026:14:20:22 -0500] "GET /wp-content/plugins/elementor/assets/css/conditionals/e-swiper.min.css?ver=4.1.4 HTTP/1.1" 200 5486 "-" "Mozilla/5.0 (Linux; Android 10; K) AppleWebKit/537.36 (KHTML, like Gecko) Chrome/152.0.0.0 Mobile Safari/537.36"
190.5.247.2 - - [01/Sep/2026:14:20:22 -0500] "GET /wp-content/plugins/elementor/assets/css/widget-image-carousel.min.css?ver=4.1.4 HTTP/1.1" 200 342 "-" "Mozilla/5.0 (Linux; Android 10; K) AppleWebKit/537.36 (KHTML, like Gecko) Chrome/152.0.0.0 Mobile Safari/537.36"
190.5.247.2 - - [01/Sep/2026:14:20:22 -0500] "GET /wp-content/uploads/elementor/css/post-7594.css?ver=1784315946 HTTP/1.1" 200 25447 "-" "Mozilla/5.0 (Linux; Android 10; K) AppleWebKit/537.36 (KHTML, like Gecko) Chrome/152.0.0.0 Mobile Safari/537.36"
190.5.247.2 - - [01/Sep/2026:14:20:22 -0500] "GET /wp-content/uploads/elementor/css/local-7594-frontend-desktop.css?ver=6a5a802a9d283 HTTP/1.1" 200 596 "-" "Mozilla/5.0 (Linux; Android 10; K) AppleWebKit/537.36 (KHTML, like Gecko) Chrome/152.0.0.0 Mobile Safari/537.36"
190.5.247.2 - - [01/Sep/2026:14:20:22 -0500] "GET /wp-content/themes/woodmart/css/parts/base.css?ver=8.5.1 HTTP/1.1" 200 32754 "-" "Mozilla/5.0 (Linux; Android 10; K) AppleWebKit/537.36 (KHTML, like Gecko) Chrome/152.0.0.0 Mobile Safari/537.36"
190.5.247.2 - - [01/Sep/2026:14:20:24 -0500] "GET /wp-content/uploads/elementor/css/custom-frontend.min.css?ver=1787952880 HTTP/1.1" 200 54819 "https://anempanama.com/" "Mozilla/5.0 (Linux; Android 10; K) AppleWebKit/537.36 (KHTML, like Gecko) Chrome/152.0.0.0 Mobile Safari/537.36"
190.5.247.2 - - [01/Sep/2026:14:20:24 -0500] "GET /wp-content/uploads/elementor/css/post-7.css?ver=1787952881 HTTP/1.1" 200 1111 "https://anempanama.com/" "Mozilla/5.0 (Linux; Android 10; K) AppleWebKit/537.36 (KHTML, like Gecko) Chrome/152.0.0.0 Mobile Safari/537.36"
190.5.247.2 - - [01/Sep/2026:14:20:24 -0500] "GET /wp-content/plugins/elementor/assets/css/widget-nested-accordion.min.css?ver=4.2.2 HTTP/1.1" 200 5206 "https://anempanama.com/" "Mozilla/5.0 (Linux; Android 10; K) AppleWebKit/537.36 (KHTML, like Gecko) Chrome/152.0.0.0 Mobile Safari/537.36"
190.5.247.2 - - [01/Sep/2026:14:20:25 -0500] "GET /wp-content/plugins/elementor/assets/css/widget-image-carousel.min.css?ver=4.2.2 HTTP/1.1" 200 342 "https://anempanama.com/" "Mozilla/5.0 (Linux; Android 10; K) AppleWebKit/537.36 (KHTML, like Gecko) Chrome/152.0.0.0 Mobile Safari/537.36"
190.5.247.2 - - [01/Sep/2026:14:20:25 -0500] "GET /wp-content/plugins/elementor/assets/css/conditionals/e-swiper.min.css?ver=4.2.2 HTTP/1.1" 200 5486 "https://anempanama.com/" "Mozilla/5.0 (Linux; Android 10; K) AppleWebKit/537.36 (KHTML, like Gecko) Chrome/152.0.0.0 Mobile Safari/537.36"
190.5.247.2 - - [01/Sep/2026:14:20:25 -0500] "GET /wp-content/uploads/elementor/css/post-7594.css?ver=1787953205 HTTP/1.1" 200 25447 "https://anempanama.com/" "Mozilla/5.0 (Linux; Android 10; K) AppleWebKit/537.36 (KHTML, like Gecko) Chrome/152.0.0.0 Mobile Safari/537.36"
190.5.247.2 - - [01/Sep/2026:14:20:25 -0500] "GET /wp-content/uploads/elementor/css/base-desktop.css?ver=6a91fef1d41a2 HTTP/1.1" 200 1975 "https://anempanama.com/" "Mozilla/5.0 (Linux; Android 10; K) AppleWebKit/537.36 (KHTML, like Gecko) Chrome/152.0.0.0 Mobile Safari/537.36"
190.5.247.2 - - [01/Sep/2026:14:20:25 -0500] "GET /wp-content/uploads/elementor/css/local-7594-frontend-desktop.css?ver=6a92003520854 HTTP/1.1" 200 596 "https://anempanama.com/" "Mozilla/5.0 (Linux; Android 10; K) AppleWebKit/537.36 (KHTML, like Gecko) Chrome/152.0.0.0 Mobile Safari/537.36"
190.5.247.2 - - [01/Sep/2026:14:20:25 -0500] "GET /wp-content/uploads/elementor/css/base-mobile.css?ver=6a91fef1d41a2 HTTP/1.1" 200 87 "https://anempanama.com/" "Mozilla/5.0 (Linux; Android 10; K) AppleWebKit/537.36 (KHTML, like Gecko) Chrome/152.0.0.0 Mobile Safari/537.36"
190.5.247.2 - - [01/Sep/2026:14:20:21 -0500] "GET / HTTP/1.1" 200 230479 "https://www.google.com/" "Mozilla/5.0 (Linux; Android 10; K) AppleWebKit/537.36 (KHTML, like Gecko) Chrome/152.0.0.0 Mobile Safari/537.36"
190.5.247.2 - - [01/Sep/2026:14:20:25 -0500] "GET /wp-content/uploads/elementor/css/local-7594-frontend-mobile.css?ver=6a92003520854 HTTP/1.1" 200 378 "https://anempanama.com/" "Mozilla/5.0 (Linux; Android 10; K) AppleWebKit/537.36 (KHTML, like Gecko) Chrome/152.0.0.0 Mobile Safari/537.36"
190.5.247.2 - - [01/Sep/2026:14:20:25 -0500] "GET /wp-content/themes/woodmart/css/parts/header-opt-overlap.css?ver=8.5.1 HTTP/1.1" 200 798 "https://anempanama.com/" "Mozilla/5.0 (Linux; Android 10; K) AppleWebKit/537.36 (KHTML, like Gecko) Chrome/152.0.0.0 Mobile Safari/537.36"
190.5.247.2 - - [01/Sep/2026:14:20:25 -0500] "GET /wp-includes/js/jquery/jquery.min.js?ver=3.7.1 HTTP/1.1" 200 87553 "https://anempanama.com/" "Mozilla/5.0 (Linux; Android 10; K) AppleWebKit/537.36 (KHTML, like Gecko) Chrome/152.0.0.0 Mobile Safari/537.36"
190.5.247.2 - - [01/Sep/2026:14:20:25 -0500] "GET /wp-includes/js/jquery/jquery-migrate.min.js?ver=3.4.1 HTTP/1.1" 200 13577 "https://anempanama.com/" "Mozilla/5.0 (Linux; Android 10; K) AppleWebKit/537.36 (KHTML, like Gecko) Chrome/152.0.0.0 Mobile Safari/537.36"
91.98.185.79 - - [01/Sep/2026:14:20:22 -0500] "GET /categoria-producto/accessories/?per_row=2&shop_view=grid&filter_color=beige,blue,yellow HTTP/1.1" 200 170308 "-" "Mozilla/5.0 (compatible; SERankingBacklinksBot/1.0; +https://seranking.com/backlinks-crawler)"
190.5.247.2 - - [01/Sep/2026:14:20:25 -0500] "GET /wp-content/themes/woodmart/js/scripts/global/scrollBar.min.js?ver=8.5.1 HTTP/1.1" 200 540 "https://anempanama.com/" "Mozilla/5.0 (Linux; Android 10; K) AppleWebKit/537.36 (KHTML, like Gecko) Chrome/152.0.0.0 Mobile Safari/537.36"
190.5.247.2 - - [01/Sep/2026:14:20:25 -0500] "GET /wp-content/themes/woodmart/css/parts/header-el-logo-opt-swap.css?ver=8.5.1 HTTP/1.1" 200 222 "https://anempanama.com/" "Mozilla/5.0 (Linux; Android 10; K) AppleWebKit/537.36 (KHTML, like Gecko) Chrome/152.0.0.0 Mobile Safari/537.36"
190.5.247.2 - - [01/Sep/2026:14:20:25 -0500] "GET /wp-content/plugins/woocommerce/assets/client/blocks/wc-blocks.css?ver=wc-11.0.1 HTTP/1.1" 200 14015 "https://anempanama.com/" "Mozilla/5.0 (Linux; Android 10; K) AppleWebKit/537.36 (KHTML, like Gecko) Chrome/152.0.0.0 Mobile Safari/537.36"
190.5.247.2 - - [01/Sep/2026:14:20:25 -0500] "GET /wp-content/uploads/elementor/css/post-7601.css?ver=1787952882 HTTP/1.1" 200 258 "https://anempanama.com/" "Mozilla/5.0 (Linux; Android 10; K) AppleWebKit/537.36 (KHTML, like Gecko) Chrome/152.0.0.0 Mobile Safari/537.36"
190.5.247.2 - - [01/Sep/2026:14:20:25 -0500] "GET /wp-content/themes/woodmart/css/parts/mod-animations-transform.css?ver=8.5.1 HTTP/1.1" 200 506 "https://anempanama.com/" "Mozilla/5.0 (Linux; Android 10; K) AppleWebKit/537.36 (KHTML, like Gecko) Chrome/152.0.0.0 Mobile Safari/537.36"
190.5.247.2 - - [01/Sep/2026:14:20:25 -0500] "GET /wp-content/uploads/2026/07/Banner_Home_ANEM.png HTTP/1.1" 200 279796 "https://anempanama.com/" "Mozilla/5.0 (Linux; Android 10; K) AppleWebKit/537.36 (KHTML, like Gecko) Chrome/152.0.0.0 Mobile Safari/537.36"
190.5.247.2 - - [01/Sep/2026:14:20:25 -0500] "GET /wp-content/uploads/2026/06/Logo_ANEM.png HTTP/1.1" 200 223783 "https://anempanama.com/" "Mozilla/5.0 (Linux; Android 10; K) AppleWebKit/537.36 (KHTML, like Gecko) Chrome/152.0.0.0 Mobile Safari/537.36"
190.5.247.2 - - [01/Sep/2026:14:20:26 -0500] "GET /wp-content/themes/woodmart/css/parts/el-button.css?ver=8.5.1 HTTP/1.1" 200 2953 "https://anempanama.com/" "Mozilla/5.0 (Linux; Android 10; K) AppleWebKit/537.36 (KHTML, like Gecko) Chrome/152.0.0.0 Mobile Safari/537.36"
190.5.247.2 - - [01/Sep/2026:14:20:26 -0500] "GET /wp-content/themes/woodmart/css/parts/mod-transform.css?ver=8.5.1 HTTP/1.1" 200 806 "https://anempanama.com/" "Mozilla/5.0 (Linux; Android 10; K) AppleWebKit/537.36 (KHTML, like Gecko) Chrome/152.0.0.0 Mobile Safari/537.36"
190.5.247.2 - - [01/Sep/2026:14:20:26 -0500] "GET /wp-content/uploads/elementor/css/post-7604.css?ver=1787952883 HTTP/1.1" 200 1583 "https://anempanama.com/" "Mozilla/5.0 (Linux; Android 10; K) AppleWebKit/537.36 (KHTML, like Gecko) Chrome/152.0.0.0 Mobile Safari/537.36"
190.5.247.2 - - [01/Sep/2026:14:20:26 -0500] "GET /wp-content/themes/woodmart/css/parts/page-title.css?ver=8.5.1 HTTP/1.1" 200 679 "https://anempanama.com/" "Mozilla/5.0 (Linux; Android 10; K) AppleWebKit/537.36 (KHTML, like Gecko) Chrome/152.0.0.0 Mobile Safari/537.36"
190.5.247.2 - - [01/Sep/2026:14:20:26 -0500] "GET /wp-content/uploads/2026/07/Banner_Home_ANEM_III.png HTTP/1.1" 200 314723 "https://anempanama.com/" "Mozilla/5.0 (Linux; Android 10; K) AppleWebKit/537.36 (KHTML, like Gecko) Chrome/152.0.0.0 Mobile Safari/537.36"
190.5.247.2 - - [01/Sep/2026:14:20:26 -0500] "GET /wp-content/themes/woodmart/css/parts/el-section-title.css?ver=8.5.1 HTTP/1.1" 200 1771 "https://anempanama.com/" "Mozilla/5.0 (Linux; Android 10; K) AppleWebKit/537.36 (KHTML, like Gecko) Chrome/152.0.0.0 Mobile Safari/537.36"
190.5.247.2 - - [01/Sep/2026:14:20:26 -0500] "GET /wp-content/themes/woodmart/fonts/woodmart-font-1-400.woff2?v=8.5.1 HTTP/1.1" 200 11972 "https://anempanama.com/" "Mozilla/5.0 (Linux; Android 10; K) AppleWebKit/537.36 (KHTML, like Gecko) Chrome/152.0.0.0 Mobile Safari/537.36"
190.5.247.2 - - [01/Sep/2026:14:20:26 -0500] "GET /wp-content/themes/woodmart/css/parts/mod-highlighted-text.css?ver=8.5.1 HTTP/1.1" 200 475 "https://anempanama.com/" "Mozilla/5.0 (Linux; Android 10; K) AppleWebKit/537.36 (KHTML, like Gecko) Chrome/152.0.0.0 Mobile Safari/537.36"
190.5.247.2 - - [01/Sep/2026:14:20:26 -0500] "GET /wp-content/uploads/2021/10/real-estate-bg-top.svg HTTP/1.1" 200 819 "https://anempanama.com/wp-content/uploads/elementor/css/post-7594.css?ver=1787953205" "Mozilla/5.0 (Linux; Android 10; K) AppleWebKit/537.36 (KHTML, like Gecko) Chrome/152.0.0.0 Mobile Safari/537.36"
190.5.247.2 - - [01/Sep/2026:14:20:26 -0500] "GET /wp-content/themes/woodmart/css/parts/el-text-block.css?ver=8.5.1 HTTP/1.1" 200 300 "https://anempanama.com/" "Mozilla/5.0 (Linux; Android 10; K) AppleWebKit/537.36 (KHTML, like Gecko) Chrome/152.0.0.0 Mobile Safari/537.36"
190.5.247.2 - - [01/Sep/2026:14:20:26 -0500] "GET /wp-content/themes/woodmart/css/parts/int-wpcf7.css?ver=8.5.1 HTTP/1.1" 200 2739 "https://anempanama.com/" "Mozilla/5.0 (Linux; Android 10; K) AppleWebKit/537.36 (KHTML, like Gecko) Chrome/152.0.0.0 Mobile Safari/537.36"
190.5.247.2 - - [01/Sep/2026:14:20:26 -0500] "GET /wp-content/themes/woodmart/css/parts/el-subtitle-style.css?ver=8.5.1 HTTP/1.1" 200 694 "https://anempanama.com/" "Mozilla/5.0 (Linux; Android 10; K) AppleWebKit/537.36 (KHTML, like Gecko) Chrome/152.0.0.0 Mobile Safari/537.36"
190.5.247.2 - - [01/Sep/2026:14:20:26 -0500] "GET /wp-content/themes/woodmart/css/parts/lib-swiper.css?ver=8.5.1 HTTP/1.1" 200 1745 "https://anempanama.com/" "Mozilla/5.0 (Linux; Android 10; K) AppleWebKit/537.36 (KHTML, like Gecko) Chrome/152.0.0.0 Mobile Safari/537.36"
190.5.247.2 - - [01/Sep/2026:14:20:21 -0500] "GET /wp-content/uploads/elementor/css/custom-frontend.min.css?ver=1784315927 HTTP/1.1" 200 54819 "-" "Mozilla/5.0 (Linux; Android 10; K) AppleWebKit/537.36 (KHTML, like Gecko) Chrome/152.0.0.0 Mobile Safari/537.36"
190.5.247.2 - - [01/Sep/2026:14:20:29 -0500] "GET /wp-content/uploads/elementor/css/base-desktop.css?ver=6a5a802a9acf3 HTTP/1.1" 200 1975 "-" "Mozilla/5.0 (Linux; Android 10; K) AppleWebKit/537.36 (KHTML, like Gecko) Chrome/152.0.0.0 Mobile Safari/537.36"
91.98.185.79 - - [01/Sep/2026:14:20:28 -0500] "GET /categoria-producto/furniture/?stock_status=instock&per_page=12&filter_color=blue,yellow HTTP/1.1" 200 181269 "-" "Mozilla/5.0 (compatible; SERankingBacklinksBot/1.0; +https://seranking.com/backlinks-crawler)"
190.5.247.2 - - [01/Sep/2026:14:20:33 -0500] "HEAD / HTTP/1.1" 200 - "-" "Mozilla/5.0 (Linux; Android 10; K) AppleWebKit/537.36 (KHTML, like Gecko) Chrome/152.0.0.0 Mobile Safari/537.36"
91.98.185.79 - - [01/Sep/2026:14:20:34 -0500] "GET /categoria-producto/accessories/?per_row=2&shop_view=grid&filter_color=black,blue,yellow HTTP/1.1" 200 166085 "-" "Mozilla/5.0 (compatible; SERankingBacklinksBot/1.0; +https://seranking.com/backlinks-crawler)"
190.32.219.220 - - [01/Sep/2026:14:20:37 -0500] "GET /wp-content/uploads/2026/08/Reunion_Trabajo_Ministerio_1_ANEM.jpg HTTP/1.1" 200 197096 "https://anempanama.com/" "Mozilla/5.0 (Linux; Android 10; K) AppleWebKit/537.36 (KHTML, like Gecko) Chrome/152.0.0.0 Mobile Safari/537.36"
190.32.219.220 - - [01/Sep/2026:14:20:38 -0500] "GET /wp-content/uploads/2026/08/Jornada_Limpieza_ANEM.jpg HTTP/1.1" 200 356987 "https://anempanama.com/" "Mozilla/5.0 (Linux; Android 10; K) AppleWebKit/537.36 (KHTML, like Gecko) Chrome/152.0.0.0 Mobile Safari/537.36"
190.32.219.220 - - [01/Sep/2026:14:20:40 -0500] "GET /wp-content/uploads/2026/08/Jornada_Juguetes_ANEM.jpg HTTP/1.1" 200 254960 "https://anempanama.com/" "Mozilla/5.0 (Linux; Android 10; K) AppleWebKit/537.36 (KHTML, like Gecko) Chrome/152.0.0.0 Mobile Safari/537.36"
190.32.219.220 - - [01/Sep/2026:14:20:40 -0500] "GET /wp-content/uploads/2026/08/Jorge_Pimentel_ANEM.png HTTP/1.1" 200 102308 "https://anempanama.com/" "Mozilla/5.0 (Linux; Android 10; K) AppleWebKit/537.36 (KHTML, like Gecko) Chrome/152.0.0.0 Mobile Safari/537.36"
91.98.185.79 - - [01/Sep/2026:14:20:40 -0500] "GET /categoria-producto/furniture/?stock_status=instock&per_page=18&filter_color=beige,black HTTP/1.1" 200 178375 "-" "Mozilla/5.0 (compatible; SERankingBacklinksBot/1.0; +https://seranking.com/backlinks-crawler)"
91.98.185.79 - - [01/Sep/2026:14:20:46 -0500] "GET /categoria-producto/accessories/?per_row=2&shop_view=grid&filter_color=blue,brown,yellow HTTP/1.1" 200 170308 "-" "Mozilla/5.0 (compatible; SERankingBacklinksBot/1.0; +https://seranking.com/backlinks-crawler)"
190.32.219.220 - - [01/Sep/2026:14:20:50 -0500] "GET /wp-content/uploads/2026/08/Alcibiades_Ragel_ANEM.png HTTP/1.1" 200 83033 "https://anempanama.com/" "Mozilla/5.0 (Linux; Android 10; K) AppleWebKit/537.36 (KHTML, like Gecko) Chrome/152.0.0.0 Mobile Safari/537.36"
190.32.219.220 - - [01/Sep/2026:14:20:51 -0500] "GET /2026/08/10/jornada-de-limpieza-de-playa/ HTTP/1.1" 200 152837 "https://anempanama.com/" "Mozilla/5.0 (Linux; Android 10; K) AppleWebKit/537.36 (KHTML, like Gecko) Chrome/152.0.0.0 Mobile Safari/537.36"
190.32.219.220 - - [01/Sep/2026:14:20:55 -0500] "GET /wp-content/uploads/2026/08/Shirley_Guitierrez_ANEM.png HTTP/1.1" 200 135842 "https://anempanama.com/" "Mozilla/5.0 (Linux; Android 10; K) AppleWebKit/537.36 (KHTML, like Gecko) Chrome/152.0.0.0 Mobile Safari/537.36"
91.98.185.79 - - [01/Sep/2026:14:20:53 -0500] "GET /categoria-producto/furniture/?stock_status=instock&per_page=18&filter_color=beige,brown HTTP/1.1" 200 178375 "-" "Mozilla/5.0 (compatible; SERankingBacklinksBot/1.0; +https://seranking.com/backlinks-crawler)"
9.169.121.179 - - [01/Sep/2026:14:21:01 -0500] "GET /wp-content/uploads/elementor/css/custom-frontend.min.css?ver=1787952880 HTTP/1.1" 200 54819 "https://anempanama.com/" "Mozilla/5.0 (Windows NT 6.1; Win64; x64) AppleWebKit/537.36 (KHTML, like Gecko) Chrome/140.0.7339.0 Safari/537.36"
9.169.121.179 - - [01/Sep/2026:14:21:01 -0500] "GET /wp-content/uploads/elementor/css/post-7.css?ver=1787952881 HTTP/1.1" 200 1111 "https://anempanama.com/" "Mozilla/5.0 (Windows NT 6.1; Win64; x64) AppleWebKit/537.36 (KHTML, like Gecko) Chrome/140.0.7339.0 Safari/537.36"
9.169.121.179 - - [01/Sep/2026:14:21:01 -0500] "GET /wp-content/plugins/elementor/assets/css/widget-nested-accordion.min.css?ver=4.2.2 HTTP/1.1" 200 5206 "https://anempanama.com/" "Mozilla/5.0 (Windows NT 6.1; Win64; x64) AppleWebKit/537.36 (KHTML, like Gecko) Chrome/140.0.7339.0 Safari/537.36"
9.169.121.179 - - [01/Sep/2026:14:21:01 -0500] "GET /wp-content/plugins/elementor/assets/css/conditionals/e-swiper.min.css?ver=4.2.2 HTTP/1.1" 200 5486 "https://anempanama.com/" "Mozilla/5.0 (Windows NT 6.1; Win64; x64) AppleWebKit/537.36 (KHTML, like Gecko) Chrome/140.0.7339.0 Safari/537.36"
9.169.121.179 - - [01/Sep/2026:14:21:01 -0500] "GET /wp-content/plugins/elementor/assets/lib/swiper/v8/css/swiper.min.css?ver=8.4.5 HTTP/1.1" 200 16471 "https://anempanama.com/" "Mozilla/5.0 (Windows NT 6.1; Win64; x64) AppleWebKit/537.36 (KHTML, like Gecko) Chrome/140.0.7339.0 Safari/537.36"
9.169.121.179 - - [01/Sep/2026:14:21:01 -0500] "GET /wp-content/plugins/elementor/assets/css/widget-image-carousel.min.css?ver=4.2.2 HTTP/1.1" 200 342 "https://anempanama.com/" "Mozilla/5.0 (Windows NT 6.1; Win64; x64) AppleWebKit/537.36 (KHTML, like Gecko) Chrome/140.0.7339.0 Safari/537.36"
9.169.121.179 - - [01/Sep/2026:14:21:02 -0500] "GET /wp-content/uploads/elementor/css/post-7594.css?ver=1787953205 HTTP/1.1" 200 25447 "https://anempanama.com/" "Mozilla/5.0 (Windows NT 6.1; Win64; x64) AppleWebKit/537.36 (KHTML, like Gecko) Chrome/140.0.7339.0 Safari/537.36"
9.169.121.179 - - [01/Sep/2026:14:21:02 -0500] "GET /wp-content/uploads/elementor/css/base-desktop.css?ver=6a91fef1d41a2 HTTP/1.1" 200 1975 "https://anempanama.com/" "Mozilla/5.0 (Windows NT 6.1; Win64; x64) AppleWebKit/537.36 (KHTML, like Gecko) Chrome/140.0.7339.0 Safari/537.36"
9.169.121.179 - - [01/Sep/2026:14:21:02 -0500] "GET /wp-content/uploads/elementor/css/local-7594-frontend-desktop.css?ver=6a92003520854 HTTP/1.1" 200 596 "https://anempanama.com/" "Mozilla/5.0 (Windows NT 6.1; Win64; x64) AppleWebKit/537.36 (KHTML, like Gecko) Chrome/140.0.7339.0 Safari/537.36"
9.169.121.179 - - [01/Sep/2026:14:21:02 -0500] "GET /wp-content/themes/woodmart/css/parts/header-opt-overlap.css?ver=8.5.1 HTTP/1.1" 200 798 "https://anempanama.com/" "Mozilla/5.0 (Windows NT 6.1; Win64; x64) AppleWebKit/537.36 (KHTML, like Gecko) Chrome/140.0.7339.0 Safari/537.36"
9.169.121.179 - - [01/Sep/2026:14:21:02 -0500] "GET /wp-includes/js/jquery/jquery-migrate.min.js?ver=3.4.1 HTTP/1.1" 200 13577 "https://anempanama.com/" "Mozilla/5.0 (Windows NT 6.1; Win64; x64) AppleWebKit/537.36 (KHTML, like Gecko) Chrome/140.0.7339.0 Safari/537.36"
9.169.121.179 - - [01/Sep/2026:14:21:02 -0500] "GET /wp-includes/js/jquery/jquery.min.js?ver=3.7.1 HTTP/1.1" 200 87553 "https://anempanama.com/" "Mozilla/5.0 (Windows NT 6.1; Win64; x64) AppleWebKit/537.36 (KHTML, like Gecko) Chrome/140.0.7339.0 Safari/537.36"
9.169.121.179 - - [01/Sep/2026:14:21:02 -0500] "GET /wp-content/themes/woodmart/js/scripts/global/scrollBar.min.js?ver=8.5.1 HTTP/1.1" 200 540 "https://anempanama.com/" "Mozilla/5.0 (Windows NT 6.1; Win64; x64) AppleWebKit/537.36 (KHTML, like Gecko) Chrome/140.0.7339.0 Safari/537.36"
157.90.185.123 - - [01/Sep/2026:14:21:02 -0500] "POST /wp-cron.php?doing_wp_cron=1788290462.3180930614471435546875 HTTP/1.1" 200 - "-" "WordPress/7.1; https://anempanama.com"
9.169.121.179 - - [01/Sep/2026:14:21:02 -0500] "GET /wp-content/themes/woodmart/css/parts/header-el-logo-opt-swap.css?ver=8.5.1 HTTP/1.1" 200 222 "https://anempanama.com/" "Mozilla/5.0 (Windows NT 6.1; Win64; x64) AppleWebKit/537.36 (KHTML, like Gecko) Chrome/140.0.7339.0 Safari/537.36"
9.169.121.179 - - [01/Sep/2026:14:20:58 -0500] "GET / HTTP/1.1" 200 230479 "https://anempanama.com/" "Mozilla/5.0 (Windows NT 6.1; Win64; x64) AppleWebKit/537.36 (KHTML, like Gecko) Chrome/140.0.7339.0 Safari/537.36"
9.169.121.179 - - [01/Sep/2026:14:21:02 -0500] "GET /wp-content/uploads/elementor/css/post-7601.css?ver=1787952882 HTTP/1.1" 200 258 "https://anempanama.com/" "Mozilla/5.0 (Windows NT 6.1; Win64; x64) AppleWebKit/537.36 (KHTML, like Gecko) Chrome/140.0.7339.0 Safari/537.36"
9.169.121.179 - - [01/Sep/2026:14:21:02 -0500] "GET /wp-content/uploads/2026/07/Banner_Home_ANEM.png HTTP/1.1" 200 279796 "https://anempanama.com/" "Mozilla/5.0 (Windows NT 6.1; Win64; x64) AppleWebKit/537.36 (KHTML, like Gecko) Chrome/140.0.7339.0 Safari/537.36"
9.169.121.179 - - [01/Sep/2026:14:21:03 -0500] "GET /wp-content/themes/woodmart/css/parts/el-button.css?ver=8.5.1 HTTP/1.1" 200 2953 "https://anempanama.com/" "Mozilla/5.0 (Windows NT 6.1; Win64; x64) AppleWebKit/537.36 (KHTML, like Gecko) Chrome/140.0.7339.0 Safari/537.36"
9.169.121.179 - - [01/Sep/2026:14:21:03 -0500] "GET /wp-content/themes/woodmart/css/parts/mod-transform.css?ver=8.5.1 HTTP/1.1" 200 806 "https://anempanama.com/" "Mozilla/5.0 (Windows NT 6.1; Win64; x64) AppleWebKit/537.36 (KHTML, like Gecko) Chrome/140.0.7339.0 Safari/537.36"
9.169.121.179 - - [01/Sep/2026:14:21:03 -0500] "GET /wp-content/themes/woodmart/css/parts/mod-animations-transform.css?ver=8.5.1 HTTP/1.1" 200 506 "https://anempanama.com/" "Mozilla/5.0 (Windows NT 6.1; Win64; x64) AppleWebKit/537.36 (KHTML, like Gecko) Chrome/140.0.7339.0 Safari/537.36"
9.169.121.179 - - [01/Sep/2026:14:21:03 -0500] "GET /wp-content/plugins/woocommerce/assets/client/blocks/wc-blocks.css?ver=wc-11.0.1 HTTP/1.1" 200 14015 "https://anempanama.com/" "Mozilla/5.0 (Windows NT 6.1; Win64; x64) AppleWebKit/537.36 (KHTML, like Gecko) Chrome/140.0.7339.0 Safari/537.36"
9.169.121.179 - - [01/Sep/2026:14:21:03 -0500] "GET /wp-content/uploads/elementor/css/post-7604.css?ver=1787952883 HTTP/1.1" 200 1583 "https://anempanama.com/" "Mozilla/5.0 (Windows NT 6.1; Win64; x64) AppleWebKit/537.36 (KHTML, like Gecko) Chrome/140.0.7339.0 Safari/537.36"
190.32.219.220 - - [01/Sep/2026:14:21:02 -0500] "GET /wp-content/uploads/2026/08/Victor_Cesar_ANEM.png HTTP/1.1" 200 89890 "https://anempanama.com/" "Mozilla/5.0 (Linux; Android 10; K) AppleWebKit/537.36 (KHTML, like Gecko) Chrome/152.0.0.0 Mobile Safari/537.36"
9.169.121.179 - - [01/Sep/2026:14:21:03 -0500] "GET /wp-content/themes/woodmart/css/parts/page-title.css?ver=8.5.1 HTTP/1.1" 200 679 "https://anempanama.com/" "Mozilla/5.0 (Windows NT 6.1; Win64; x64) AppleWebKit/537.36 (KHTML, like Gecko) Chrome/140.0.7339.0 Safari/537.36"
9.169.121.179 - - [01/Sep/2026:14:21:03 -0500] "GET /wp-content/themes/woodmart/css/parts/mod-highlighted-text.css?ver=8.5.1 HTTP/1.1" 200 475 "https://anempanama.com/" "Mozilla/5.0 (Windows NT 6.1; Win64; x64) AppleWebKit/537.36 (KHTML, like Gecko) Chrome/140.0.7339.0 Safari/537.36"
9.169.121.179 - - [01/Sep/2026:14:21:03 -0500] "GET /wp-content/themes/woodmart/css/parts/el-section-title.css?ver=8.5.1 HTTP/1.1" 200 1771 "https://anempanama.com/" "Mozilla/5.0 (Windows NT 6.1; Win64; x64) AppleWebKit/537.36 (KHTML, like Gecko) Chrome/140.0.7339.0 Safari/537.36"
9.169.121.179 - - [01/Sep/2026:14:21:03 -0500] "GET /wp-content/themes/woodmart/css/parts/el-text-block.css?ver=8.5.1 HTTP/1.1" 200 300 "https://anempanama.com/" "Mozilla/5.0 (Windows NT 6.1; Win64; x64) AppleWebKit/537.36 (KHTML, like Gecko) Chrome/140.0.7339.0 Safari/537.36"
9.169.121.179 - - [01/Sep/2026:14:21:03 -0500] "GET /wp-content/uploads/2026/07/Banner_Home_ANEM_III.png HTTP/1.1" 200 314723 "https://anempanama.com/" "Mozilla/5.0 (Windows NT 6.1; Win64; x64) AppleWebKit/537.36 (KHTML, like Gecko) Chrome/140.0.7339.0 Safari/537.36"
9.169.121.179 - - [01/Sep/2026:14:21:03 -0500] "GET /wp-content/uploads/2021/09/w-investment-facebook.svg HTTP/1.1" 200 664 "https://anempanama.com/" "Mozilla/5.0 (Windows NT 6.1; Win64; x64) AppleWebKit/537.36 (KHTML, like Gecko) Chrome/140.0.7339.0 Safari/537.36"
9.169.121.179 - - [01/Sep/2026:14:21:03 -0500] "GET /wp-content/themes/woodmart/css/parts/int-wpcf7.css?ver=8.5.1 HTTP/1.1" 200 2739 "https://anempanama.com/" "Mozilla/5.0 (Windows NT 6.1; Win64; x64) AppleWebKit/537.36 (KHTML, like Gecko) Chrome/140.0.7339.0 Safari/537.36"
9.169.121.179 - - [01/Sep/2026:14:21:03 -0500] "GET /wp-content/uploads/2021/09/w-investment-twitter.svg HTTP/1.1" 200 4881 "https://anempanama.com/" "Mozilla/5.0 (Windows NT 6.1; Win64; x64) AppleWebKit/537.36 (KHTML, like Gecko) Chrome/140.0.7339.0 Safari/537.36"
9.169.121.179 - - [01/Sep/2026:14:21:03 -0500] "GET /wp-content/uploads/2021/09/w-investment-location.svg HTTP/1.1" 200 1443 "https://anempanama.com/" "Mozilla/5.0 (Windows NT 6.1; Win64; x64) AppleWebKit/537.36 (KHTML, like Gecko) Chrome/140.0.7339.0 Safari/537.36"
9.169.121.179 - - [01/Sep/2026:14:21:03 -0500] "GET /wp-content/uploads/2021/09/w-investment-phone.svg HTTP/1.1" 200 2568 "https://anempanama.com/" "Mozilla/5.0 (Windows NT 6.1; Win64; x64) AppleWebKit/537.36 (KHTML, like Gecko) Chrome/140.0.7339.0 Safari/537.36"
9.169.121.179 - - [01/Sep/2026:14:21:04 -0500] "GET /wp-content/themes/woodmart/css/parts/el-subtitle-style.css?ver=8.5.1 HTTP/1.1" 200 694 "https://anempanama.com/" "Mozilla/5.0 (Windows NT 6.1; Win64; x64) AppleWebKit/537.36 (KHTML, like Gecko) Chrome/140.0.7339.0 Safari/537.36"
9.169.121.179 - - [01/Sep/2026:14:21:04 -0500] "GET /wp-content/themes/woodmart/css/parts/lib-swiper.css?ver=8.5.1 HTTP/1.1" 200 1745 "https://anempanama.com/" "Mozilla/5.0 (Windows NT 6.1; Win64; x64) AppleWebKit/537.36 (KHTML, like Gecko) Chrome/140.0.7339.0 Safari/537.36"
9.169.121.179 - - [01/Sep/2026:14:21:04 -0500] "GET /wp-content/themes/woodmart/css/parts/el-gallery.css?ver=8.5.1 HTTP/1.1" 200 306 "https://anempanama.com/" "Mozilla/5.0 (Windows NT 6.1; Win64; x64) AppleWebKit/537.36 (KHTML, like Gecko) Chrome/140.0.7339.0 Safari/537.36"
9.169.121.179 - - [01/Sep/2026:14:21:04 -0500] "GET /wp-content/themes/woodmart/css/parts/lib-swiper-arrows-critical.css?ver=8.5.1 HTTP/1.1" 200 252 "https://anempanama.com/" "Mozilla/5.0 (Windows NT 6.1; Win64; x64) AppleWebKit/537.36 (KHTML, like Gecko) Chrome/140.0.7339.0 Safari/537.36"
9.169.121.179 - - [01/Sep/2026:14:21:04 -0500] "GET /wp-content/themes/woodmart/css/parts/lib-swiper-pagin-critical.css?ver=8.5.1 HTTP/1.1" 200 399 "https://anempanama.com/" "Mozilla/5.0 (Windows NT 6.1; Win64; x64) AppleWebKit/537.36 (KHTML, like Gecko) Chrome/140.0.7339.0 Safari/537.36"
9.169.121.179 - - [01/Sep/2026:14:21:04 -0500] "GET /wp-content/themes/woodmart/css/parts/el-info-box.css?ver=8.5.1 HTTP/1.1" 200 3810 "https://anempanama.com/" "Mozilla/5.0 (Windows NT 6.1; Win64; x64) AppleWebKit/537.36 (KHTML, like Gecko) Chrome/140.0.7339.0 Safari/537.36"
9.169.121.179 - - [01/Sep/2026:14:21:04 -0500] "GET /wp-content/themes/woodmart/css/parts/el-info-box-style-shadow-and-bg-hover.css?ver=8.5.1 HTTP/1.1" 200 666 "https://anempanama.com/" "Mozilla/5.0 (Windows NT 6.1; Win64; x64) AppleWebKit/537.36 (KHTML, like Gecko) Chrome/140.0.7339.0 Safari/537.36"
9.169.121.179 - - [01/Sep/2026:14:21:04 -0500] "GET /wp-content/themes/woodmart/css/parts/blog-loop-base.css?ver=8.5.1 HTTP/1.1" 200 1671 "https://anempanama.com/" "Mozilla/5.0 (Windows NT 6.1; Win64; x64) AppleWebKit/537.36 (KHTML, like Gecko) Chrome/140.0.7339.0 Safari/537.36"
9.169.121.179 - - [01/Sep/2026:14:21:04 -0500] "GET /wp-content/themes/woodmart/css/parts/post-types-mod-predefined.css?ver=8.5.1 HTTP/1.1" 200 655 "https://anempanama.com/" "Mozilla/5.0 (Windows NT 6.1; Win64; x64) AppleWebKit/537.36 (KHTML, like Gecko) Chrome/140.0.7339.0 Safari/537.36"
9.169.121.179 - - [01/Sep/2026:14:21:04 -0500] "GET /wp-content/themes/woodmart/css/parts/blog-loop-design-masonry.css?ver=8.5.1 HTTP/1.1" 200 890 "https://anempanama.com/" "Mozilla/5.0 (Windows NT 6.1; Win64; x64) AppleWebKit/537.36 (KHTML, like Gecko) Chrome/140.0.7339.0 Safari/537.36"
9.169.121.179 - - [01/Sep/2026:14:21:05 -0500] "GET /wp-content/themes/woodmart/css/parts/post-types-mod-categories-style-bg.css?ver=8.5.1 HTTP/1.1" 200 414 "https://anempanama.com/" "Mozilla/5.0 (Windows NT 6.1; Win64; x64) AppleWebKit/537.36 (KHTML, like Gecko) Chrome/140.0.7339.0 Safari/537.36"
9.169.121.179 - - [01/Sep/2026:14:21:05 -0500] "GET /wp-content/themes/woodmart/css/parts/post-types-mod-date-style-bg.css?ver=8.5.1 HTTP/1.1" 200 589 "https://anempanama.com/" "Mozilla/5.0 (Windows NT 6.1; Win64; x64) AppleWebKit/537.36 (KHTML, like Gecko) Chrome/140.0.7339.0 Safari/537.36"
9.169.121.179 - - [01/Sep/2026:14:21:05 -0500] "GET /wp-content/themes/woodmart/css/parts/blog-mod-author.css?ver=8.5.1 HTTP/1.1" 200 417 "https://anempanama.com/" "Mozilla/5.0 (Windows NT 6.1; Win64; x64) AppleWebKit/537.36 (KHTML, like Gecko) Chrome/140.0.7339.0 Safari/537.36"
9.169.121.179 - - [01/Sep/2026:14:21:05 -0500] "GET /wp-content/themes/woodmart/css/parts/blog-mod-comments-button.css?ver=8.5.1 HTTP/1.1" 200 735 "https://anempanama.com/" "Mozilla/5.0 (Windows NT 6.1; Win64; x64) AppleWebKit/537.36 (KHTML, like Gecko) Chrome/140.0.7339.0 Safari/537.36"
9.169.121.179 - - [01/Sep/2026:14:21:05 -0500] "GET /wp-content/themes/woodmart/css/parts/el-social-icons.css?ver=8.5.1 HTTP/1.1" 200 3840 "https://anempanama.com/" "Mozilla/5.0 (Windows NT 6.1; Win64; x64) AppleWebKit/537.36 (KHTML, like Gecko) Chrome/140.0.7339.0 Safari/537.36"
9.169.121.179 - - [01/Sep/2026:14:21:05 -0500] "GET /wp-content/themes/woodmart/css/parts/opt-widget-collapse.css?ver=8.5.1 HTTP/1.1" 200 995 "https://anempanama.com/" "Mozilla/5.0 (Windows NT 6.1; Win64; x64) AppleWebKit/537.36 (KHTML, like Gecko) Chrome/140.0.7339.0 Safari/537.36"
9.169.121.179 - - [01/Sep/2026:14:21:05 -0500] "GET /wp-content/themes/woodmart/css/parts/footer-base.css?ver=8.5.1 HTTP/1.1" 200 801 "https://anempanama.com/" "Mozilla/5.0 (Windows NT 6.1; Win64; x64) AppleWebKit/537.36 (KHTML, like Gecko) Chrome/140.0.7339.0 Safari/537.36"
9.169.121.179 - - [01/Sep/2026:14:21:05 -0500] "GET /wp-content/uploads/elementor/css/post-7631.css?ver=1787952887 HTTP/1.1" 200 1890 "https://anempanama.com/" "Mozilla/5.0 (Windows NT 6.1; Win64; x64) AppleWebKit/537.36 (KHTML, like Gecko) Chrome/140.0.7339.0 Safari/537.36"
9.169.121.179 - - [01/Sep/2026:14:21:05 -0500] "GET /wp-content/themes/woodmart/css/parts/el-list.css?ver=8.5.1 HTTP/1.1" 200 1729 "https://anempanama.com/" "Mozilla/5.0 (Windows NT 6.1; Win64; x64) AppleWebKit/537.36 (KHTML, like Gecko) Chrome/140.0.7339.0 Safari/537.36"
9.169.121.179 - - [01/Sep/2026:14:21:05 -0500] "GET /wp-content/themes/woodmart/css/parts/el-list-wpb-elem.css?ver=8.5.1 HTTP/1.1" 200 150 "https://anempanama.com/" "Mozilla/5.0 (Windows NT 6.1; Win64; x64) AppleWebKit/537.36 (KHTML, like Gecko) Chrome/140.0.7339.0 Safari/537.36"
9.169.121.179 - - [01/Sep/2026:14:21:06 -0500] "GET /wp-content/themes/woodmart/fonts/woodmart-font-1-400.woff2?v=8.5.1 HTTP/1.1" 200 11972 "https://anempanama.com/" "Mozilla/5.0 (Windows NT 6.1; Win64; x64) AppleWebKit/537.36 (KHTML, like Gecko) Chrome/140.0.7339.0 Safari/537.36"
9.169.121.179 - - [01/Sep/2026:14:21:06 -0500] "GET /wp-content/themes/woodmart/css/parts/woocommerce-base-deferred.css?ver=8.5.1 HTTP/1.1" 200 1364 "https://anempanama.com/" "Mozilla/5.0 (Windows NT 6.1; Win64; x64) AppleWebKit/537.36 (KHTML, like Gecko) Chrome/140.0.7339.0 Safari/537.36"
9.169.121.179 - - [01/Sep/2026:14:21:06 -0500] "GET /wp-content/themes/woodmart/css/parts/base-deferred.css?ver=8.5.1 HTTP/1.1" 200 6650 "https://anempanama.com/" "Mozilla/5.0 (Windows NT 6.1; Win64; x64) AppleWebKit/537.36 (KHTML, like Gecko) Chrome/140.0.7339.0 Safari/537.36"
9.169.121.179 - - [01/Sep/2026:14:21:06 -0500] "GET /wp-content/themes/woodmart/css/parts/mod-notices-general.css?ver=8.5.1 HTTP/1.1" 200 5715 "https://anempanama.com/" "Mozilla/5.0 (Windows NT 6.1; Win64; x64) AppleWebKit/537.36 (KHTML, like Gecko) Chrome/140.0.7339.0 Safari/537.36"
9.169.121.179 - - [01/Sep/2026:14:21:06 -0500] "GET /wp-content/themes/woodmart/css/parts/woo-mod-block-notices.css?ver=8.5.1 HTTP/1.1" 200 2327 "https://anempanama.com/" "Mozilla/5.0 (Windows NT 6.1; Win64; x64) AppleWebKit/537.36 (KHTML, like Gecko) Chrome/140.0.7339.0 Safari/537.36"
9.169.121.179 - - [01/Sep/2026:14:21:06 -0500] "GET /wp-content/themes/woodmart/css/parts/header-opt-sticky-shadow.css?ver=8.5.1 HTTP/1.1" 200 363 "https://anempanama.com/" "Mozilla/5.0 (Windows NT 6.1; Win64; x64) AppleWebKit/537.36 (KHTML, like Gecko) Chrome/140.0.7339.0 Safari/537.36"
