91.98.185.79 - - [01/Sep/2026:13:57:33 -0500] "GET /categoria-producto/furniture/?per_page=12&filter_color=blue&filter_size=l,s HTTP/1.1" 200 180983 "-" "Mozilla/5.0 (compatible; SERankingBacklinksBot/1.0; +https://seranking.com/backlinks-crawler)"
91.98.185.79 - - [01/Sep/2026:13:57:40 -0500] "GET /categoria-producto/furniture/?per_page=12&filter_color=blue&filter_size=m,s HTTP/1.1" 200 180983 "-" "Mozilla/5.0 (compatible; SERankingBacklinksBot/1.0; +https://seranking.com/backlinks-crawler)"
186.124.2.63 - - [01/Sep/2026:13:57:45 -0500] "POST /wp-admin/admin-ajax.php HTTP/1.1" 200 47 "https://anempanama.com/wp-admin/admin.php?page=xts_theme_settings" "Mozilla/5.0 (Macintosh; Intel Mac OS X 10_15_7) AppleWebKit/537.36 (KHTML, like Gecko) Chrome/152.0.0.0 Safari/537.36"
91.98.185.79 - - [01/Sep/2026:13:57:46 -0500] "GET /categoria-producto/furniture/?per_page=18&filter_color=blue&filter_size=l,m HTTP/1.1" 200 180983 "-" "Mozilla/5.0 (compatible; SERankingBacklinksBot/1.0; +https://seranking.com/backlinks-crawler)"
91.98.185.79 - - [01/Sep/2026:13:57:52 -0500] "GET /categoria-producto/furniture/?per_page=18&filter_color=blue&filter_size=l,s HTTP/1.1" 200 180983 "-" "Mozilla/5.0 (compatible; SERankingBacklinksBot/1.0; +https://seranking.com/backlinks-crawler)"
157.90.185.123 - - [01/Sep/2026:13:58:04 -0500] "POST /wp-cron.php?doing_wp_cron=1788289084.9253680706024169921875 HTTP/1.1" 200 - "-" "WordPress/7.1; https://anempanama.com"
91.98.185.79 - - [01/Sep/2026:13:57:58 -0500] "GET /categoria-producto/furniture/?per_page=18&filter_color=blue&filter_size=m,s HTTP/1.1" 200 180983 "-" "Mozilla/5.0 (compatible; SERankingBacklinksBot/1.0; +https://seranking.com/backlinks-crawler)"
91.98.185.79 - - [01/Sep/2026:13:58:08 -0500] "GET /categoria-producto/furniture/?per_page=24&filter_color=blue&filter_size=l,m HTTP/1.1" 200 180983 "-" "Mozilla/5.0 (compatible; SERankingBacklinksBot/1.0; +https://seranking.com/backlinks-crawler)"
91.98.185.79 - - [01/Sep/2026:13:58:14 -0500] "GET /categoria-producto/furniture/?per_page=24&filter_color=blue&filter_size=l,s HTTP/1.1" 200 180983 "-" "Mozilla/5.0 (compatible; SERankingBacklinksBot/1.0; +https://seranking.com/backlinks-crawler)"
91.98.185.79 - - [01/Sep/2026:13:58:20 -0500] "GET /categoria-producto/furniture/?per_page=24&filter_color=blue&filter_size=m,s HTTP/1.1" 200 180983 "-" "Mozilla/5.0 (compatible; SERankingBacklinksBot/1.0; +https://seranking.com/backlinks-crawler)"
91.98.185.79 - - [01/Sep/2026:13:58:27 -0500] "GET /categoria-producto/furniture/?filter_color=blue,brown,yellow&filter_size=l,m HTTP/1.1" 200 181697 "-" "Mozilla/5.0 (compatible; SERankingBacklinksBot/1.0; +https://seranking.com/backlinks-crawler)"
91.92.243.243 - - [01/Sep/2026:13:58:26 -0500] "POST /wp-login.php HTTP/1.1" 200 10898 "-" "Mozilla/5.0"
91.98.185.79 - - [01/Sep/2026:13:58:34 -0500] "GET /categoria-producto/furniture/?filter_color=blue,brown,yellow&filter_size=l,s HTTP/1.1" 200 181697 "-" "Mozilla/5.0 (compatible; SERankingBacklinksBot/1.0; +https://seranking.com/backlinks-crawler)"
181.197.125.4 - - [01/Sep/2026:13:58:34 -0500] "GET / HTTP/1.1" 200 230479 "-" "Mozilla/5.0 (Windows NT 10.0; Win64; x64) AppleWebKit/537.36 (KHTML, like Gecko) Chrome/152.0.0.0 Safari/537.36 Edg/152.0.0.0"
181.197.125.4 - - [01/Sep/2026:13:58:40 -0500] "GET /wp-json/contact-form-7/v1/contact-forms/4387/feedback/schema HTTP/1.1" 200 227 "https://anempanama.com/" "Mozilla/5.0 (Windows NT 10.0; Win64; x64) AppleWebKit/537.36 (KHTML, like Gecko) Chrome/152.0.0.0 Safari/537.36 Edg/152.0.0.0"
181.197.125.4 - - [01/Sep/2026:13:58:40 -0500] "GET /wp-json/contact-form-7/v1/contact-forms/14/feedback/schema HTTP/1.1" 200 1347 "https://anempanama.com/" "Mozilla/5.0 (Windows NT 10.0; Win64; x64) AppleWebKit/537.36 (KHTML, like Gecko) Chrome/152.0.0.0 Safari/537.36 Edg/152.0.0.0"
181.197.125.4 - - [01/Sep/2026:13:58:40 -0500] "GET /wp-json/contact-form-7/v1/contact-forms/1572/feedback/schema HTTP/1.1" 200 1286 "https://anempanama.com/" "Mozilla/5.0 (Windows NT 10.0; Win64; x64) AppleWebKit/537.36 (KHTML, like Gecko) Chrome/152.0.0.0 Safari/537.36 Edg/152.0.0.0"
91.98.185.79 - - [01/Sep/2026:13:58:41 -0500] "GET /categoria-producto/furniture/?filter_color=blue,brown,yellow&filter_size=m,s HTTP/1.1" 200 181697 "-" "Mozilla/5.0 (compatible; SERankingBacklinksBot/1.0; +https://seranking.com/backlinks-crawler)"
186.124.2.63 - - [01/Sep/2026:13:58:45 -0500] "POST /wp-admin/admin-ajax.php HTTP/1.1" 200 47 "https://anempanama.com/wp-admin/admin.php?page=xts_theme_settings&tab=page_title_section" "Mozilla/5.0 (Macintosh; Intel Mac OS X 10_15_7) AppleWebKit/537.36 (KHTML, like Gecko) Chrome/152.0.0.0 Safari/537.36"
91.98.185.79 - - [01/Sep/2026:13:58:48 -0500] "GET /categoria-producto/furniture/?filter_product_brand=54&filter_color=blue,brown HTTP/1.1" 200 153922 "-" "Mozilla/5.0 (compatible; SERankingBacklinksBot/1.0; +https://seranking.com/backlinks-crawler)"
157.90.185.123 - - [01/Sep/2026:13:58:58 -0500] "POST /wp-cron.php?doing_wp_cron=1788289138.1423840522766113281250 HTTP/1.1" 200 - "-" "WordPress/7.1; https://anempanama.com"
91.98.185.79 - - [01/Sep/2026:13:58:55 -0500] "GET /categoria-producto/furniture/?filter_product_brand=58&filter_color=blue,brown HTTP/1.1" 200 153926 "-" "Mozilla/5.0 (compatible; SERankingBacklinksBot/1.0; +https://seranking.com/backlinks-crawler)"
91.98.185.79 - - [01/Sep/2026:13:59:01 -0500] "GET /categoria-producto/furniture/?filter_product_brand=60&filter_color=blue,brown HTTP/1.1" 200 153929 "-" "Mozilla/5.0 (compatible; SERankingBacklinksBot/1.0; +https://seranking.com/backlinks-crawler)"
91.98.185.79 - - [01/Sep/2026:13:59:07 -0500] "GET /categoria-producto/accessories/?filter_color=beige,black,blue,brown&per_page=9 HTTP/1.1" 200 166179 "-" "Mozilla/5.0 (compatible; SERankingBacklinksBot/1.0; +https://seranking.com/backlinks-crawler)"
91.98.185.79 - - [01/Sep/2026:13:59:13 -0500] "GET /categoria-producto/furniture/?filter_product_brand=54&filter_color=beige,black HTTP/1.1" 200 153931 "-" "Mozilla/5.0 (compatible; SERankingBacklinksBot/1.0; +https://seranking.com/backlinks-crawler)"
91.98.185.79 - - [01/Sep/2026:13:59:19 -0500] "GET /categoria-producto/furniture/?filter_product_brand=54&filter_color=beige,brown HTTP/1.1" 200 153931 "-" "Mozilla/5.0 (compatible; SERankingBacklinksBot/1.0; +https://seranking.com/backlinks-crawler)"
91.98.185.79 - - [01/Sep/2026:13:59:26 -0500] "GET /categoria-producto/furniture/?filter_product_brand=54&filter_color=black,brown HTTP/1.1" 200 153931 "-" "Mozilla/5.0 (compatible; SERankingBacklinksBot/1.0; +https://seranking.com/backlinks-crawler)"
186.124.2.63 - - [01/Sep/2026:13:59:28 -0500] "POST /wp-admin/admin-ajax.php HTTP/1.1" 200 47 "https://anempanama.com/wp-admin/post.php?post=7594&action=edit" "Mozilla/5.0 (Macintosh; Intel Mac OS X 10_15_7) AppleWebKit/537.36 (KHTML, like Gecko) Chrome/152.0.0.0 Safari/537.36"
186.124.2.63 - - [01/Sep/2026:13:59:29 -0500] "POST /wp-admin/admin-ajax.php HTTP/1.1" 200 77 "https://anempanama.com/wp-admin/post.php?post=7594&action=elementor" "Mozilla/5.0 (Macintosh; Intel Mac OS X 10_15_7) AppleWebKit/537.36 (KHTML, like Gecko) Chrome/152.0.0.0 Safari/537.36"
186.124.2.63 - - [01/Sep/2026:13:59:29 -0500] "GET /wp-json/elementor/v1/checklist/user-progress HTTP/1.1" 200 534 "https://anempanama.com/wp-admin/post.php?post=7594&action=elementor" "Mozilla/5.0 (Macintosh; Intel Mac OS X 10_15_7) AppleWebKit/537.36 (KHTML, like Gecko) Chrome/152.0.0.0 Safari/537.36"
91.98.185.79 - - [01/Sep/2026:13:59:33 -0500] "GET /categoria-producto/furniture/?filter_product_brand=54&filter_color=blue,yellow HTTP/1.1" 200 153931 "-" "Mozilla/5.0 (compatible; SERankingBacklinksBot/1.0; +https://seranking.com/backlinks-crawler)"
91.98.185.79 - - [01/Sep/2026:13:59:39 -0500] "GET /categoria-producto/furniture/?filter_product_brand=58&filter_color=beige,black HTTP/1.1" 200 153935 "-" "Mozilla/5.0 (compatible; SERankingBacklinksBot/1.0; +https://seranking.com/backlinks-crawler)"
186.124.2.63 - - [01/Sep/2026:13:59:44 -0500] "POST /wp-admin/admin-ajax.php HTTP/1.1" 200 77 "https://anempanama.com/wp-admin/post.php?post=7594&action=elementor" "Mozilla/5.0 (Macintosh; Intel Mac OS X 10_15_7) AppleWebKit/537.36 (KHTML, like Gecko) Chrome/152.0.0.0 Safari/537.36"
186.124.2.63 - - [01/Sep/2026:13:59:45 -0500] "POST /wp-admin/admin-ajax.php HTTP/1.1" 200 47 "https://anempanama.com/wp-admin/admin.php?page=xts_theme_settings&tab=page_title_section" "Mozilla/5.0 (Macintosh; Intel Mac OS X 10_15_7) AppleWebKit/537.36 (KHTML, like Gecko) Chrome/152.0.0.0 Safari/537.36"
91.98.185.79 - - [01/Sep/2026:13:59:45 -0500] "GET /categoria-producto/furniture/?filter_product_brand=58&filter_color=beige,brown HTTP/1.1" 200 153935 "-" "Mozilla/5.0 (compatible; SERankingBacklinksBot/1.0; +https://seranking.com/backlinks-crawler)"
186.124.2.63 - - [01/Sep/2026:13:59:55 -0500] "GET /wp-content/plugins/wp-fastest-cache/css/style.css?ver=1788289193 HTTP/1.1" 200 19634 "https://anempanama.com/wp-admin/edit.php?post_type=cms_block" "Mozilla/5.0 (Macintosh; Intel Mac OS X 10_15_7) AppleWebKit/537.36 (KHTML, like Gecko) Chrome/152.0.0.0 Safari/537.36"
186.124.2.63 - - [01/Sep/2026:13:59:55 -0500] "GET /wp-content/plugins/wp-fastest-cache/css/toolbar.css?ver=1788289193 HTTP/1.1" 200 6109 "https://anempanama.com/wp-admin/edit.php?post_type=cms_block" "Mozilla/5.0 (Macintosh; Intel Mac OS X 10_15_7) AppleWebKit/537.36 (KHTML, like Gecko) Chrome/152.0.0.0 Safari/537.36"
186.124.2.63 - - [01/Sep/2026:13:59:50 -0500] "GET /wp-admin/edit.php?post_type=cms_block HTTP/1.1" 200 505860 "-" "Mozilla/5.0 (Macintosh; Intel Mac OS X 10_15_7) AppleWebKit/537.36 (KHTML, like Gecko) Chrome/152.0.0.0 Safari/537.36"
91.98.185.79 - - [01/Sep/2026:13:59:52 -0500] "GET /categoria-producto/furniture/?filter_product_brand=58&filter_color=black,brown HTTP/1.1" 200 153935 "-" "Mozilla/5.0 (compatible; SERankingBacklinksBot/1.0; +https://seranking.com/backlinks-crawler)"
186.124.2.63 - - [01/Sep/2026:13:59:55 -0500] "GET /wp-content/plugins/wp-fastest-cache/js/column.js?ver=1788289193 HTTP/1.1" 200 1411 "https://anempanama.com/wp-admin/edit.php?post_type=cms_block" "Mozilla/5.0 (Macintosh; Intel Mac OS X 10_15_7) AppleWebKit/537.36 (KHTML, like Gecko) Chrome/152.0.0.0 Safari/537.36"
186.124.2.63 - - [01/Sep/2026:13:59:55 -0500] "GET /wp-content/plugins/wp-fastest-cache/js/toolbar.js?ver=1788289193 HTTP/1.1" 200 3514 "https://anempanama.com/wp-admin/edit.php?post_type=cms_block" "Mozilla/5.0 (Macintosh; Intel Mac OS X 10_15_7) AppleWebKit/537.36 (KHTML, like Gecko) Chrome/152.0.0.0 Safari/537.36"
157.90.185.123 - - [01/Sep/2026:13:59:58 -0500] "POST /wp-cron.php?doing_wp_cron=1788289198.1275200843811035156250 HTTP/1.1" 200 - "-" "WordPress/7.1; https://anempanama.com"
186.124.2.63 - - [01/Sep/2026:13:59:56 -0500] "POST /wp-admin/admin-ajax.php HTTP/1.1" 200 47 "https://anempanama.com/wp-admin/edit.php?post_type=cms_block" "Mozilla/5.0 (Macintosh; Intel Mac OS X 10_15_7) AppleWebKit/537.36 (KHTML, like Gecko) Chrome/152.0.0.0 Safari/537.36"
91.98.185.79 - - [01/Sep/2026:13:59:58 -0500] "GET /categoria-producto/furniture/?filter_product_brand=58&filter_color=blue,yellow HTTP/1.1" 200 153935 "-" "Mozilla/5.0 (compatible; SERankingBacklinksBot/1.0; +https://seranking.com/backlinks-crawler)"
91.98.185.79 - - [01/Sep/2026:14:00:04 -0500] "GET /categoria-producto/furniture/?filter_product_brand=60&filter_color=blue,yellow HTTP/1.1" 200 153938 "-" "Mozilla/5.0 (compatible; SERankingBacklinksBot/1.0; +https://seranking.com/backlinks-crawler)"
91.98.185.79 - - [01/Sep/2026:14:00:10 -0500] "GET /categoria-producto/furniture/?filter_product_brand=61&filter_color=beige,black HTTP/1.1" 200 153924 "-" "Mozilla/5.0 (compatible; SERankingBacklinksBot/1.0; +https://seranking.com/backlinks-crawler)"
91.98.185.79 - - [01/Sep/2026:14:00:16 -0500] "GET /categoria-producto/furniture/?filter_product_brand=61&filter_color=beige,brown HTTP/1.1" 200 153924 "-" "Mozilla/5.0 (compatible; SERankingBacklinksBot/1.0; +https://seranking.com/backlinks-crawler)"
91.98.185.79 - - [01/Sep/2026:14:00:22 -0500] "GET /categoria-producto/furniture/?filter_product_brand=61&filter_color=black,brown HTTP/1.1" 200 153924 "-" "Mozilla/5.0 (compatible; SERankingBacklinksBot/1.0; +https://seranking.com/backlinks-crawler)"
91.98.185.79 - - [01/Sep/2026:14:00:28 -0500] "GET /categoria-producto/furniture/?per_page=9&filter_color=blue,brown&filter_size=l HTTP/1.1" 200 181078 "-" "Mozilla/5.0 (compatible; SERankingBacklinksBot/1.0; +https://seranking.com/backlinks-crawler)"
186.124.2.63 - - [01/Sep/2026:14:00:34 -0500] "POST /wp-admin/admin-ajax.php HTTP/1.1" 200 47 "https://anempanama.com/wp-admin/edit.php?post_type=cms_block" "Mozilla/5.0 (Macintosh; Intel Mac OS X 10_15_7) AppleWebKit/537.36 (KHTML, like Gecko) Chrome/152.0.0.0 Safari/537.36"
186.124.2.63 - - [01/Sep/2026:14:00:39 -0500] "GET /wp-content/plugins/wp-fastest-cache/css/style.css?ver=1788289237 HTTP/1.1" 200 19634 "https://anempanama.com/wp-admin/admin.php?page=xts_header_builder" "Mozilla/5.0 (Macintosh; Intel Mac OS X 10_15_7) AppleWebKit/537.36 (KHTML, like Gecko) Chrome/152.0.0.0 Safari/537.36"
186.124.2.63 - - [01/Sep/2026:14:00:39 -0500] "GET /wp-content/plugins/wp-fastest-cache/css/toolbar.css?ver=1788289237 HTTP/1.1" 200 6109 "https://anempanama.com/wp-admin/admin.php?page=xts_header_builder" "Mozilla/5.0 (Macintosh; Intel Mac OS X 10_15_7) AppleWebKit/537.36 (KHTML, like Gecko) Chrome/152.0.0.0 Safari/537.36"
91.98.185.79 - - [01/Sep/2026:14:00:35 -0500] "GET /categoria-producto/furniture/?per_page=9&filter_color=blue,brown&filter_size=m HTTP/1.1" 200 181078 "-" "Mozilla/5.0 (compatible; SERankingBacklinksBot/1.0; +https://seranking.com/backlinks-crawler)"
186.124.2.63 - - [01/Sep/2026:14:00:34 -0500] "GET /wp-admin/admin.php?page=xts_header_builder HTTP/1.1" 200 667326 "https://anempanama.com/wp-admin/edit.php?post_type=cms_block" "Mozilla/5.0 (Macintosh; Intel Mac OS X 10_15_7) AppleWebKit/537.36 (KHTML, like Gecko) Chrome/152.0.0.0 Safari/537.36"
186.124.2.63 - - [01/Sep/2026:14:00:39 -0500] "GET /wp-content/themes/woodmart/inc/admin/assets/css/parts/page-header-builder.css?ver=8.5.1 HTTP/1.1" 200 20344 "https://anempanama.com/wp-admin/admin.php?page=xts_header_builder" "Mozilla/5.0 (Macintosh; Intel Mac OS X 10_15_7) AppleWebKit/537.36 (KHTML, like Gecko) Chrome/152.0.0.0 Safari/537.36"
186.124.2.63 - - [01/Sep/2026:14:00:38 -0500] "GET /wp-admin/load-styles.php?c=1&dir=ltr&load%5Bchunk_0%5D=dashicons,admin-bar,common,forms,admin-menu,dashboard,list-tables,edit,revisions,media,themes,about,nav-menus,wp-pointer,widgets&load%5Bchunk_1%5D=,site-icon,l10n,wp-base-styles,wp-tooltip,buttons,wp-auth-check,wp-theme,wp-components,wp-commands,editor-buttons,media-views&ver=7.1 HTTP/1.1" 200 626201 "https://anempanama.com/wp-admin/admin.php?page=xts_header_builder" "Mozilla/5.0 (Macintosh; Intel Mac OS X 10_15_7) AppleWebKit/537.36 (KHTML, like Gecko) Chrome/152.0.0.0 Safari/537.36"
186.124.2.63 - - [01/Sep/2026:14:00:39 -0500] "GET /wp-content/plugins/wp-fastest-cache/js/column.js?ver=1788289237 HTTP/1.1" 200 1411 "https://anempanama.com/wp-admin/admin.php?page=xts_header_builder" "Mozilla/5.0 (Macintosh; Intel Mac OS X 10_15_7) AppleWebKit/537.36 (KHTML, like Gecko) Chrome/152.0.0.0 Safari/537.36"
186.124.2.63 - - [01/Sep/2026:14:00:39 -0500] "GET /wp-content/plugins/wp-fastest-cache/js/toolbar.js?ver=1788289237 HTTP/1.1" 200 3514 "https://anempanama.com/wp-admin/admin.php?page=xts_header_builder" "Mozilla/5.0 (Macintosh; Intel Mac OS X 10_15_7) AppleWebKit/537.36 (KHTML, like Gecko) Chrome/152.0.0.0 Safari/537.36"
186.124.2.63 - - [01/Sep/2026:14:00:40 -0500] "GET /wp-content/themes/woodmart/inc/admin/assets/js/builder.js?ver=8.5.1 HTTP/1.1" 200 732707 "https://anempanama.com/wp-admin/admin.php?page=xts_header_builder" "Mozilla/5.0 (Macintosh; Intel Mac OS X 10_15_7) AppleWebKit/537.36 (KHTML, like Gecko) Chrome/152.0.0.0 Safari/537.36"
91.98.185.79 - - [01/Sep/2026:14:00:42 -0500] "GET /categoria-producto/furniture/?per_page=9&filter_color=blue,brown&filter_size=s HTTP/1.1" 200 181078 "-" "Mozilla/5.0 (compatible; SERankingBacklinksBot/1.0; +https://seranking.com/backlinks-crawler)"
91.98.185.79 - - [01/Sep/2026:14:00:48 -0500] "GET /categoria-producto/furniture/?per_page=9&filter_size=l&filter_color=blue,brown HTTP/1.1" 200 181078 "-" "Mozilla/5.0 (compatible; SERankingBacklinksBot/1.0; +https://seranking.com/backlinks-crawler)"
157.90.185.123 - - [01/Sep/2026:14:00:58 -0500] "POST /wp-cron.php?doing_wp_cron=1788289258.8550090789794921875000 HTTP/1.1" 200 - "-" "WordPress/7.1; https://anempanama.com"
91.98.185.79 - - [01/Sep/2026:14:00:55 -0500] "GET /categoria-producto/furniture/?per_page=9&filter_size=m&filter_color=blue,brown HTTP/1.1" 200 181078 "-" "Mozilla/5.0 (compatible; SERankingBacklinksBot/1.0; +https://seranking.com/backlinks-crawler)"
186.124.2.63 - - [01/Sep/2026:14:00:59 -0500] "GET /wp-admin/admin-ajax.php?action=woodmart_load_header&id=header_112677&security=20a4fdffce HTTP/1.1" 200 84235 "https://anempanama.com/wp-admin/admin.php?page=xts_header_builder" "Mozilla/5.0 (Macintosh; Intel Mac OS X 10_15_7) AppleWebKit/537.36 (KHTML, like Gecko) Chrome/152.0.0.0 Safari/537.36"
91.98.185.79 - - [01/Sep/2026:14:01:01 -0500] "GET /categoria-producto/furniture/?per_page=9&filter_size=s&filter_color=blue,brown HTTP/1.1" 200 181078 "-" "Mozilla/5.0 (compatible; SERankingBacklinksBot/1.0; +https://seranking.com/backlinks-crawler)"
91.98.185.79 - - [01/Sep/2026:14:01:08 -0500] "GET /categoria-producto/accessories/?filter_color=beige,black,blue,brown&per_page=12 HTTP/1.1" 200 166189 "-" "Mozilla/5.0 (compatible; SERankingBacklinksBot/1.0; +https://seranking.com/backlinks-crawler)"
91.98.185.79 - - [01/Sep/2026:14:01:14 -0500] "GET /categoria-producto/accessories/?filter_color=beige,black,blue,brown&per_page=18 HTTP/1.1" 200 166189 "-" "Mozilla/5.0 (compatible; SERankingBacklinksBot/1.0; +https://seranking.com/backlinks-crawler)"
91.98.185.79 - - [01/Sep/2026:14:01:20 -0500] "GET /categoria-producto/accessories/?filter_color=beige,black,blue,brown&per_page=24 HTTP/1.1" 200 166189 "-" "Mozilla/5.0 (compatible; SERankingBacklinksBot/1.0; +https://seranking.com/backlinks-crawler)"
186.124.2.63 - - [01/Sep/2026:14:01:29 -0500] "POST /wp-admin/admin-ajax.php HTTP/1.1" 200 47 "https://anempanama.com/wp-admin/post.php?post=7594&action=edit" "Mozilla/5.0 (Macintosh; Intel Mac OS X 10_15_7) AppleWebKit/537.36 (KHTML, like Gecko) Chrome/152.0.0.0 Safari/537.36"
91.98.185.79 - - [01/Sep/2026:14:01:27 -0500] "GET /categoria-producto/accessories/?filter_color=beige,black,blue,yellow&per_page=9 HTTP/1.1" 200 166202 "-" "Mozilla/5.0 (compatible; SERankingBacklinksBot/1.0; +https://seranking.com/backlinks-crawler)"
91.98.185.79 - - [01/Sep/2026:14:01:37 -0500] "GET /categoria-producto/accessories/?filter_color=beige,blue,brown,yellow&per_page=9 HTTP/1.1" 200 170425 "-" "Mozilla/5.0 (compatible; SERankingBacklinksBot/1.0; +https://seranking.com/backlinks-crawler)"
186.124.2.63 - - [01/Sep/2026:14:01:40 -0500] "POST /wp-admin/admin-ajax.php HTTP/1.1" 200 47 "https://anempanama.com/wp-admin/admin.php?page=xts_header_builder" "Mozilla/5.0 (Macintosh; Intel Mac OS X 10_15_7) AppleWebKit/537.36 (KHTML, like Gecko) Chrome/152.0.0.0 Safari/537.36"
186.124.2.63 - - [01/Sep/2026:14:01:44 -0500] "POST /wp-admin/admin-ajax.php HTTP/1.1" 200 77 "https://anempanama.com/wp-admin/post.php?post=7594&action=elementor" "Mozilla/5.0 (Macintosh; Intel Mac OS X 10_15_7) AppleWebKit/537.36 (KHTML, like Gecko) Chrome/152.0.0.0 Safari/537.36"
91.98.185.79 - - [01/Sep/2026:14:01:44 -0500] "GET /categoria-producto/accessories/?filter_color=black,blue,brown,yellow&per_page=9 HTTP/1.1" 200 166202 "-" "Mozilla/5.0 (compatible; SERankingBacklinksBot/1.0; +https://seranking.com/backlinks-crawler)"
91.98.185.79 - - [01/Sep/2026:14:01:50 -0500] "GET /categoria-producto/furniture/?filter_product_brand=54&filter_color=brown,yellow HTTP/1.1" 200 153940 "-" "Mozilla/5.0 (compatible; SERankingBacklinksBot/1.0; +https://seranking.com/backlinks-crawler)"
157.90.185.123 - - [01/Sep/2026:14:01:59 -0500] "POST /wp-cron.php?doing_wp_cron=1788289319.5329349040985107421875 HTTP/1.1" 200 - "-" "WordPress/7.1; https://anempanama.com"
91.98.185.79 - - [01/Sep/2026:14:01:56 -0500] "GET /categoria-producto/furniture/?filter_product_brand=58&filter_color=brown,yellow HTTP/1.1" 200 153944 "-" "Mozilla/5.0 (compatible; SERankingBacklinksBot/1.0; +https://seranking.com/backlinks-crawler)"
91.98.185.79 - - [01/Sep/2026:14:02:02 -0500] "GET /categoria-producto/furniture/?filter_product_brand=60&filter_color=brown,yellow HTTP/1.1" 200 153947 "-" "Mozilla/5.0 (compatible; SERankingBacklinksBot/1.0; +https://seranking.com/backlinks-crawler)"
91.98.185.79 - - [01/Sep/2026:14:02:09 -0500] "GET /categoria-producto/furniture/?per_page=12&filter_color=blue,brown&filter_size=l HTTP/1.1" 200 181087 "-" "Mozilla/5.0 (compatible; SERankingBacklinksBot/1.0; +https://seranking.com/backlinks-crawler)"
91.98.185.79 - - [01/Sep/2026:14:02:17 -0500] "GET /categoria-producto/furniture/?per_page=12&filter_color=blue,brown&filter_size=m HTTP/1.1" 200 181087 "-" "Mozilla/5.0 (compatible; SERankingBacklinksBot/1.0; +https://seranking.com/backlinks-crawler)"
91.98.185.79 - - [01/Sep/2026:14:02:23 -0500] "GET /categoria-producto/furniture/?per_page=12&filter_color=blue,brown&filter_size=s HTTP/1.1" 200 181087 "-" "Mozilla/5.0 (compatible; SERankingBacklinksBot/1.0; +https://seranking.com/backlinks-crawler)"
91.98.185.79 - - [01/Sep/2026:14:02:29 -0500] "GET /categoria-producto/furniture/?per_page=12&filter_size=l&filter_color=blue,brown HTTP/1.1" 200 181087 "-" "Mozilla/5.0 (compatible; SERankingBacklinksBot/1.0; +https://seranking.com/backlinks-crawler)"
91.98.185.79 - - [01/Sep/2026:14:02:36 -0500] "GET /categoria-producto/furniture/?per_page=12&filter_size=m&filter_color=blue,brown HTTP/1.1" 200 181087 "-" "Mozilla/5.0 (compatible; SERankingBacklinksBot/1.0; +https://seranking.com/backlinks-crawler)"
186.124.2.63 - - [01/Sep/2026:14:02:41 -0500] "POST /wp-admin/admin-ajax.php HTTP/1.1" 200 47 "https://anempanama.com/wp-admin/admin.php?page=xts_header_builder" "Mozilla/5.0 (Macintosh; Intel Mac OS X 10_15_7) AppleWebKit/537.36 (KHTML, like Gecko) Chrome/152.0.0.0 Safari/537.36"
91.98.185.79 - - [01/Sep/2026:14:02:42 -0500] "GET /categoria-producto/furniture/?per_page=12&filter_size=s&filter_color=blue,brown HTTP/1.1" 200 181087 "-" "Mozilla/5.0 (compatible; SERankingBacklinksBot/1.0; +https://seranking.com/backlinks-crawler)"
91.98.185.79 - - [01/Sep/2026:14:02:49 -0500] "GET /categoria-producto/furniture/?per_page=18&filter_color=blue,brown&filter_size=l HTTP/1.1" 200 181087 "-" "Mozilla/5.0 (compatible; SERankingBacklinksBot/1.0; +https://seranking.com/backlinks-crawler)"
157.90.185.123 - - [01/Sep/2026:14:02:59 -0500] "POST /wp-cron.php?doing_wp_cron=1788289378.9334011077880859375000 HTTP/1.1" 200 - "-" "WordPress/7.1; https://anempanama.com"
91.98.185.79 - - [01/Sep/2026:14:02:55 -0500] "GET /categoria-producto/furniture/?per_page=18&filter_color=blue,brown&filter_size=m HTTP/1.1" 200 181087 "-" "Mozilla/5.0 (compatible; SERankingBacklinksBot/1.0; +https://seranking.com/backlinks-crawler)"
91.98.185.79 - - [01/Sep/2026:14:03:02 -0500] "GET /categoria-producto/furniture/?per_page=18&filter_color=blue,brown&filter_size=s HTTP/1.1" 200 181087 "-" "Mozilla/5.0 (compatible; SERankingBacklinksBot/1.0; +https://seranking.com/backlinks-crawler)"
91.98.185.79 - - [01/Sep/2026:14:03:08 -0500] "GET /categoria-producto/furniture/?per_page=18&filter_size=l&filter_color=blue,brown HTTP/1.1" 200 181087 "-" "Mozilla/5.0 (compatible; SERankingBacklinksBot/1.0; +https://seranking.com/backlinks-crawler)"
91.98.185.79 - - [01/Sep/2026:14:03:14 -0500] "GET /categoria-producto/furniture/?per_page=18&filter_size=m&filter_color=blue,brown HTTP/1.1" 200 181087 "-" "Mozilla/5.0 (compatible; SERankingBacklinksBot/1.0; +https://seranking.com/backlinks-crawler)"
91.98.185.79 - - [01/Sep/2026:14:03:21 -0500] "GET /categoria-producto/furniture/?per_page=18&filter_size=s&filter_color=blue,brown HTTP/1.1" 200 181087 "-" "Mozilla/5.0 (compatible; SERankingBacklinksBot/1.0; +https://seranking.com/backlinks-crawler)"
91.98.185.79 - - [01/Sep/2026:14:03:27 -0500] "GET /categoria-producto/furniture/?per_page=24&filter_color=blue,brown&filter_size=l HTTP/1.1" 200 181087 "-" "Mozilla/5.0 (compatible; SERankingBacklinksBot/1.0; +https://seranking.com/backlinks-crawler)"
186.124.2.63 - - [01/Sep/2026:14:03:30 -0500] "POST /wp-admin/admin-ajax.php HTTP/1.1" 200 47 "https://anempanama.com/wp-admin/post.php?post=7594&action=edit" "Mozilla/5.0 (Macintosh; Intel Mac OS X 10_15_7) AppleWebKit/537.36 (KHTML, like Gecko) Chrome/152.0.0.0 Safari/537.36"
186.124.2.63 - - [01/Sep/2026:14:03:35 -0500] "GET /wp-content/themes/woodmart/inc/admin/assets/images/header-builder/mobile-menu-icons/first.jpg HTTP/1.1" 200 646 "https://anempanama.com/wp-admin/admin.php?page=xts_header_builder" "Mozilla/5.0 (Macintosh; Intel Mac OS X 10_15_7) AppleWebKit/537.36 (KHTML, like Gecko) Chrome/152.0.0.0 Safari/537.36"
186.124.2.63 - - [01/Sep/2026:14:03:35 -0500] "GET /wp-content/themes/woodmart/inc/admin/assets/images/header-builder/mobile-menu-icons/second.jpg HTTP/1.1" 200 1031 "https://anempanama.com/wp-admin/admin.php?page=xts_header_builder" "Mozilla/5.0 (Macintosh; Intel Mac OS X 10_15_7) AppleWebKit/537.36 (KHTML, like Gecko) Chrome/152.0.0.0 Safari/537.36"
186.124.2.63 - - [01/Sep/2026:14:03:36 -0500] "GET /wp-content/themes/woodmart/inc/admin/assets/images/header-builder/mobile-menu-icons/third.jpg HTTP/1.1" 200 1769 "https://anempanama.com/wp-admin/admin.php?page=xts_header_builder" "Mozilla/5.0 (Macintosh; Intel Mac OS X 10_15_7) AppleWebKit/537.36 (KHTML, like Gecko) Chrome/152.0.0.0 Safari/537.36"
186.124.2.63 - - [01/Sep/2026:14:03:36 -0500] "GET /wp-content/themes/woodmart/inc/admin/assets/images/header-builder/mobile-menu-icons/fourth.jpg HTTP/1.1" 200 2105 "https://anempanama.com/wp-admin/admin.php?page=xts_header_builder" "Mozilla/5.0 (Macintosh; Intel Mac OS X 10_15_7) AppleWebKit/537.36 (KHTML, like Gecko) Chrome/152.0.0.0 Safari/537.36"
186.124.2.63 - - [01/Sep/2026:14:03:36 -0500] "GET /wp-content/themes/woodmart/inc/admin/assets/images/header-builder/default-icons/burger-default.jpg HTTP/1.1" 200 646 "https://anempanama.com/wp-admin/admin.php?page=xts_header_builder" "Mozilla/5.0 (Macintosh; Intel Mac OS X 10_15_7) AppleWebKit/537.36 (KHTML, like Gecko) Chrome/152.0.0.0 Safari/537.36"
186.124.2.63 - - [01/Sep/2026:14:03:36 -0500] "GET /wp-content/themes/woodmart/inc/admin/assets/images/header-builder/upload.jpg HTTP/1.1" 200 2612 "https://anempanama.com/wp-admin/admin.php?page=xts_header_builder" "Mozilla/5.0 (Macintosh; Intel Mac OS X 10_15_7) AppleWebKit/537.36 (KHTML, like Gecko) Chrome/152.0.0.0 Safari/537.36"
91.98.185.79 - - [01/Sep/2026:14:03:34 -0500] "GET /categoria-producto/furniture/?per_page=24&filter_color=blue,brown&filter_size=m HTTP/1.1" 200 181087 "-" "Mozilla/5.0 (compatible; SERankingBacklinksBot/1.0; +https://seranking.com/backlinks-crawler)"
186.124.2.63 - - [01/Sep/2026:14:03:40 -0500] "POST /wp-admin/admin-ajax.php HTTP/1.1" 200 47 "https://anempanama.com/wp-admin/admin.php?page=xts_header_builder" "Mozilla/5.0 (Macintosh; Intel Mac OS X 10_15_7) AppleWebKit/537.36 (KHTML, like Gecko) Chrome/152.0.0.0 Safari/537.36"
91.98.185.79 - - [01/Sep/2026:14:03:41 -0500] "GET /categoria-producto/furniture/?per_page=24&filter_color=blue,brown&filter_size=s HTTP/1.1" 200 181087 "-" "Mozilla/5.0 (compatible; SERankingBacklinksBot/1.0; +https://seranking.com/backlinks-crawler)"
186.124.2.63 - - [01/Sep/2026:14:03:43 -0500] "POST /wp-admin/admin-ajax.php HTTP/1.1" 200 77 "https://anempanama.com/wp-admin/post.php?post=7594&action=elementor" "Mozilla/5.0 (Macintosh; Intel Mac OS X 10_15_7) AppleWebKit/537.36 (KHTML, like Gecko) Chrome/152.0.0.0 Safari/537.36"
91.98.185.79 - - [01/Sep/2026:14:03:48 -0500] "GET /categoria-producto/furniture/?per_page=24&filter_size=l&filter_color=blue,brown HTTP/1.1" 200 181087 "-" "Mozilla/5.0 (compatible; SERankingBacklinksBot/1.0; +https://seranking.com/backlinks-crawler)"
157.90.185.123 - - [01/Sep/2026:14:03:57 -0500] "POST /wp-cron.php?doing_wp_cron=1788289437.6591179370880126953125 HTTP/1.1" 200 - "-" "WordPress/7.1; https://anempanama.com"
91.98.185.79 - - [01/Sep/2026:14:03:54 -0500] "GET /categoria-producto/furniture/?per_page=24&filter_size=m&filter_color=blue,brown HTTP/1.1" 200 181087 "-" "Mozilla/5.0 (compatible; SERankingBacklinksBot/1.0; +https://seranking.com/backlinks-crawler)"
91.98.185.79 - - [01/Sep/2026:14:04:00 -0500] "GET /categoria-producto/furniture/?per_page=24&filter_size=s&filter_color=blue,brown HTTP/1.1" 200 181087 "-" "Mozilla/5.0 (compatible; SERankingBacklinksBot/1.0; +https://seranking.com/backlinks-crawler)"
91.98.185.79 - - [01/Sep/2026:14:04:06 -0500] "GET /categoria-producto/furniture/?per_page=9&filter_color=blue,yellow&filter_size=l HTTP/1.1" 200 181103 "-" "Mozilla/5.0 (compatible; SERankingBacklinksBot/1.0; +https://seranking.com/backlinks-crawler)"
91.98.185.79 - - [01/Sep/2026:14:04:13 -0500] "GET /categoria-producto/furniture/?per_page=9&filter_color=blue,yellow&filter_size=m HTTP/1.1" 200 181103 "-" "Mozilla/5.0 (compatible; SERankingBacklinksBot/1.0; +https://seranking.com/backlinks-crawler)"
91.92.243.243 - - [01/Sep/2026:14:04:17 -0500] "POST /wp-login.php HTTP/1.1" 200 10898 "-" "Mozilla/5.0"
91.98.185.79 - - [01/Sep/2026:14:04:19 -0500] "GET /categoria-producto/furniture/?per_page=9&filter_color=blue,yellow&filter_size=s HTTP/1.1" 200 181103 "-" "Mozilla/5.0 (compatible; SERankingBacklinksBot/1.0; +https://seranking.com/backlinks-crawler)"
91.98.185.79 - - [01/Sep/2026:14:04:29 -0500] "GET /categoria-producto/furniture/?per_page=9&filter_size=l&filter_color=blue,yellow HTTP/1.1" 200 181103 "-" "Mozilla/5.0 (compatible; SERankingBacklinksBot/1.0; +https://seranking.com/backlinks-crawler)"
91.98.185.79 - - [01/Sep/2026:14:04:36 -0500] "GET /categoria-producto/furniture/?per_page=9&filter_size=m&filter_color=blue,yellow HTTP/1.1" 200 181103 "-" "Mozilla/5.0 (compatible; SERankingBacklinksBot/1.0; +https://seranking.com/backlinks-crawler)"
91.92.243.250 - - [01/Sep/2026:14:04:38 -0500] "POST /wp-login.php HTTP/1.1" 200 10899 "-" "Mozilla/5.0"
186.124.2.63 - - [01/Sep/2026:14:04:42 -0500] "POST /wp-admin/admin-ajax.php HTTP/1.1" 200 47 "https://anempanama.com/wp-admin/admin.php?page=xts_header_builder" "Mozilla/5.0 (Macintosh; Intel Mac OS X 10_15_7) AppleWebKit/537.36 (KHTML, like Gecko) Chrome/152.0.0.0 Safari/537.36"
91.98.185.79 - - [01/Sep/2026:14:04:42 -0500] "GET /categoria-producto/furniture/?per_page=9&filter_size=s&filter_color=blue,yellow HTTP/1.1" 200 181103 "-" "Mozilla/5.0 (compatible; SERankingBacklinksBot/1.0; +https://seranking.com/backlinks-crawler)"
91.98.185.79 - - [01/Sep/2026:14:04:49 -0500] "GET /categoria-producto/accessories/?filter_color=beige,black,blue,yellow&per_page=12 HTTP/1.1" 200 166212 "-" "Mozilla/5.0 (compatible; SERankingBacklinksBot/1.0; +https://seranking.com/backlinks-crawler)"
157.90.185.123 - - [01/Sep/2026:14:04:58 -0500] "POST /wp-cron.php?doing_wp_cron=1788289498.6173939704895019531250 HTTP/1.1" 200 - "-" "WordPress/7.1; https://anempanama.com"
91.98.185.79 - - [01/Sep/2026:14:04:55 -0500] "GET /categoria-producto/accessories/?filter_color=beige,black,blue,yellow&per_page=18 HTTP/1.1" 200 166212 "-" "Mozilla/5.0 (compatible; SERankingBacklinksBot/1.0; +https://seranking.com/backlinks-crawler)"
91.98.185.79 - - [01/Sep/2026:14:05:01 -0500] "GET /categoria-producto/accessories/?filter_color=beige,black,blue,yellow&per_page=24 HTTP/1.1" 200 166212 "-" "Mozilla/5.0 (compatible; SERankingBacklinksBot/1.0; +https://seranking.com/backlinks-crawler)"
91.98.185.79 - - [01/Sep/2026:14:05:07 -0500] "GET /categoria-producto/accessories/?filter_color=beige,black,brown,yellow&per_page=9 HTTP/1.1" 200 166225 "-" "Mozilla/5.0 (compatible; SERankingBacklinksBot/1.0; +https://seranking.com/backlinks-crawler)"
91.98.185.79 - - [01/Sep/2026:14:05:14 -0500] "GET /categoria-producto/accessories/?filter_color=beige,blue,brown,yellow&per_page=12 HTTP/1.1" 200 170435 "-" "Mozilla/5.0 (compatible; SERankingBacklinksBot/1.0; +https://seranking.com/backlinks-crawler)"
91.98.185.79 - - [01/Sep/2026:14:05:20 -0500] "GET /categoria-producto/accessories/?filter_color=beige,blue,brown,yellow&per_page=18 HTTP/1.1" 200 170435 "-" "Mozilla/5.0 (compatible; SERankingBacklinksBot/1.0; +https://seranking.com/backlinks-crawler)"
91.98.185.79 - - [01/Sep/2026:14:05:27 -0500] "GET /categoria-producto/accessories/?filter_color=beige,blue,brown,yellow&per_page=24 HTTP/1.1" 200 170435 "-" "Mozilla/5.0 (compatible; SERankingBacklinksBot/1.0; +https://seranking.com/backlinks-crawler)"
186.124.2.63 - - [01/Sep/2026:14:05:33 -0500] "GET /wp-content/plugins/wp-fastest-cache/css/toolbar.css?ver=1788289531 HTTP/1.1" 200 6109 "https://anempanama.com/?nocache=1" "Mozilla/5.0 (Macintosh; Intel Mac OS X 10_15_7) AppleWebKit/537.36 (KHTML, like Gecko) Chrome/152.0.0.0 Safari/537.36"
186.124.2.63 - - [01/Sep/2026:14:05:27 -0500] "GET /?nocache=1 HTTP/1.1" 200 288941 "-" "Mozilla/5.0 (Macintosh; Intel Mac OS X 10_15_7) AppleWebKit/537.36 (KHTML, like Gecko) Chrome/152.0.0.0 Safari/537.36"
186.124.2.63 - - [01/Sep/2026:14:05:35 -0500] "GET /wp-content/plugins/wp-fastest-cache/js/toolbar.js?ver=1788289531 HTTP/1.1" 200 3514 "https://anempanama.com/?nocache=1" "Mozilla/5.0 (Macintosh; Intel Mac OS X 10_15_7) AppleWebKit/537.36 (KHTML, like Gecko) Chrome/152.0.0.0 Safari/537.36"
186.124.2.63 - - [01/Sep/2026:14:05:31 -0500] "POST /wp-admin/admin-ajax.php HTTP/1.1" 200 47 "https://anempanama.com/wp-admin/post.php?post=7594&action=edit" "Mozilla/5.0 (Macintosh; Intel Mac OS X 10_15_7) AppleWebKit/537.36 (KHTML, like Gecko) Chrome/152.0.0.0 Safari/537.36"
186.124.2.63 - - [01/Sep/2026:14:05:36 -0500] "GET /wp-includes/js/jquery/ui/mouse.min.js?ver=1.14.2 HTTP/1.1" 200 3297 "-" "Mozilla/5.0 (Macintosh; Intel Mac OS X 10_15_7) AppleWebKit/537.36 (KHTML, like Gecko) Chrome/152.0.0.0 Safari/537.36"
186.124.2.63 - - [01/Sep/2026:14:05:36 -0500] "GET /wp-includes/js/jquery/ui/draggable.min.js?ver=1.14.2 HTTP/1.1" 200 18374 "-" "Mozilla/5.0 (Macintosh; Intel Mac OS X 10_15_7) AppleWebKit/537.36 (KHTML, like Gecko) Chrome/152.0.0.0 Safari/537.36"
186.124.2.63 - - [01/Sep/2026:14:05:36 -0500] "GET /wp-includes/js/backbone.min.js?ver=1.6.1 HTTP/1.1" 200 24314 "-" "Mozilla/5.0 (Macintosh; Intel Mac OS X 10_15_7) AppleWebKit/537.36 (KHTML, like Gecko) Chrome/152.0.0.0 Safari/537.36"
186.124.2.63 - - [01/Sep/2026:14:05:36 -0500] "GET /wp-content/plugins/elementor/assets/lib/backbone/backbone.radio.min.js?ver=1.0.4 HTTP/1.1" 200 3753 "-" "Mozilla/5.0 (Macintosh; Intel Mac OS X 10_15_7) AppleWebKit/537.36 (KHTML, like Gecko) Chrome/152.0.0.0 Safari/537.36"
186.124.2.63 - - [01/Sep/2026:14:05:36 -0500] "GET /wp-includes/js/dist/vendor/react.min.js?ver=18.3.1.1 HTTP/1.1" 200 10751 "-" "Mozilla/5.0 (Macintosh; Intel Mac OS X 10_15_7) AppleWebKit/537.36 (KHTML, like Gecko) Chrome/152.0.0.0 Safari/537.36"
186.124.2.63 - - [01/Sep/2026:14:05:36 -0500] "GET /wp-content/plugins/elementor/assets/lib/backbone/backbone.marionette.min.js?ver=2.4.5.e1 HTTP/1.1" 200 45156 "-" "Mozilla/5.0 (Macintosh; Intel Mac OS X 10_15_7) AppleWebKit/537.36 (KHTML, like Gecko) Chrome/152.0.0.0 Safari/537.36"
186.124.2.63 - - [01/Sep/2026:14:05:36 -0500] "GET /wp-content/plugins/elementor/assets/js/vendors-redux.min.js?ver=4.2.2 HTTP/1.1" 200 69128 "-" "Mozilla/5.0 (Macintosh; Intel Mac OS X 10_15_7) AppleWebKit/537.36 (KHTML, like Gecko) Chrome/152.0.0.0 Safari/537.36"
186.124.2.63 - - [01/Sep/2026:14:05:37 -0500] "GET /wp-content/plugins/elementor/assets/js/common-modules.min.js?ver=4.2.2 HTTP/1.1" 200 58348 "-" "Mozilla/5.0 (Macintosh; Intel Mac OS X 10_15_7) AppleWebKit/537.36 (KHTML, like Gecko) Chrome/152.0.0.0 Safari/537.36"
186.124.2.63 - - [01/Sep/2026:14:05:37 -0500] "GET /wp-content/plugins/elementor/assets/lib/dialog/dialog.min.js?ver=4.9.4 HTTP/1.1" 200 11622 "-" "Mozilla/5.0 (Macintosh; Intel Mac OS X 10_15_7) AppleWebKit/537.36 (KHTML, like Gecko) Chrome/152.0.0.0 Safari/537.36"
186.124.2.63 - - [01/Sep/2026:14:05:37 -0500] "GET /wp-includes/js/api-request.min.js?ver=7.1 HTTP/1.1" 200 1023 "-" "Mozilla/5.0 (Macintosh; Intel Mac OS X 10_15_7) AppleWebKit/537.36 (KHTML, like Gecko) Chrome/152.0.0.0 Safari/537.36"
186.124.2.63 - - [01/Sep/2026:14:05:37 -0500] "GET /wp-includes/js/dist/vendor/react-dom.min.js?ver=18.3.1.1 HTTP/1.1" 200 131835 "-" "Mozilla/5.0 (Macintosh; Intel Mac OS X 10_15_7) AppleWebKit/537.36 (KHTML, like Gecko) Chrome/152.0.0.0 Safari/537.36"
186.124.2.63 - - [01/Sep/2026:14:05:37 -0500] "GET /wp-content/plugins/elementor/assets/js/dev-tools.min.js?ver=4.2.2 HTTP/1.1" 200 7577 "-" "Mozilla/5.0 (Macintosh; Intel Mac OS X 10_15_7) AppleWebKit/537.36 (KHTML, like Gecko) Chrome/152.0.0.0 Safari/537.36"
186.124.2.63 - - [01/Sep/2026:14:05:37 -0500] "GET /wp-content/plugins/elementor/assets/js/web-cli.min.js?ver=4.2.2 HTTP/1.1" 200 119227 "-" "Mozilla/5.0 (Macintosh; Intel Mac OS X 10_15_7) AppleWebKit/537.36 (KHTML, like Gecko) Chrome/152.0.0.0 Safari/537.36"
186.124.2.63 - - [01/Sep/2026:14:05:35 -0500] "GET /wp-json/contact-form-7/v1/contact-forms/4387/feedback/schema HTTP/1.1" 200 227 "https://anempanama.com/?nocache=1" "Mozilla/5.0 (Macintosh; Intel Mac OS X 10_15_7) AppleWebKit/537.36 (KHTML, like Gecko) Chrome/152.0.0.0 Safari/537.36"
186.124.2.63 - - [01/Sep/2026:14:05:35 -0500] "GET /wp-json/contact-form-7/v1/contact-forms/14/feedback/schema HTTP/1.1" 200 1347 "https://anempanama.com/?nocache=1" "Mozilla/5.0 (Macintosh; Intel Mac OS X 10_15_7) AppleWebKit/537.36 (KHTML, like Gecko) Chrome/152.0.0.0 Safari/537.36"
186.124.2.63 - - [01/Sep/2026:14:05:36 -0500] "GET /wp-json/contact-form-7/v1/contact-forms/1572/feedback/schema HTTP/1.1" 200 1286 "https://anempanama.com/?nocache=1" "Mozilla/5.0 (Macintosh; Intel Mac OS X 10_15_7) AppleWebKit/537.36 (KHTML, like Gecko) Chrome/152.0.0.0 Safari/537.36"
91.98.185.79 - - [01/Sep/2026:14:05:36 -0500] "GET /categoria-producto/accessories/?filter_color=black,blue,brown,yellow&per_page=12 HTTP/1.1" 200 166212 "-" "Mozilla/5.0 (compatible; SERankingBacklinksBot/1.0; +https://seranking.com/backlinks-crawler)"
186.124.2.63 - - [01/Sep/2026:14:05:43 -0500] "POST /wp-admin/admin-ajax.php HTTP/1.1" 200 47 "https://anempanama.com/wp-admin/admin.php?page=xts_header_builder" "Mozilla/5.0 (Macintosh; Intel Mac OS X 10_15_7) AppleWebKit/537.36 (KHTML, like Gecko) Chrome/152.0.0.0 Safari/537.36"
186.124.2.63 - - [01/Sep/2026:14:05:43 -0500] "POST /wp-admin/admin-ajax.php HTTP/1.1" 200 77 "https://anempanama.com/wp-admin/post.php?post=7594&action=elementor" "Mozilla/5.0 (Macintosh; Intel Mac OS X 10_15_7) AppleWebKit/537.36 (KHTML, like Gecko) Chrome/152.0.0.0 Safari/537.36"
91.98.185.79 - - [01/Sep/2026:14:05:44 -0500] "GET /categoria-producto/accessories/?filter_color=black,blue,brown,yellow&per_page=18 HTTP/1.1" 200 166212 "-" "Mozilla/5.0 (compatible; SERankingBacklinksBot/1.0; +https://seranking.com/backlinks-crawler)"
91.98.185.79 - - [01/Sep/2026:14:05:51 -0500] "GET /categoria-producto/accessories/?filter_color=black,blue,brown,yellow&per_page=24 HTTP/1.1" 200 166212 "-" "Mozilla/5.0 (compatible; SERankingBacklinksBot/1.0; +https://seranking.com/backlinks-crawler)"
157.90.185.123 - - [01/Sep/2026:14:06:02 -0500] "POST /wp-cron.php?doing_wp_cron=1788289562.6399500370025634765625 HTTP/1.1" 200 - "-" "WordPress/7.1; https://anempanama.com"
91.98.185.79 - - [01/Sep/2026:14:05:58 -0500] "GET /categoria-producto/furniture/?filter_color=blue,brown&filter_size=l,m&per_page=9 HTTP/1.1" 200 181438 "-" "Mozilla/5.0 (compatible; SERankingBacklinksBot/1.0; +https://seranking.com/backlinks-crawler)"
91.98.185.79 - - [01/Sep/2026:14:06:13 -0500] "GET /categoria-producto/furniture/?filter_color=blue,brown&filter_size=m,s&per_page=9 HTTP/1.1" 200 181438 "-" "Mozilla/5.0 (compatible; SERankingBacklinksBot/1.0; +https://seranking.com/backlinks-crawler)"
91.98.185.79 - - [01/Sep/2026:14:06:05 -0500] "GET /categoria-producto/furniture/?filter_color=blue,brown&filter_size=l,s&per_page=9 HTTP/1.1" 200 181438 "-" "Mozilla/5.0 (compatible; SERankingBacklinksBot/1.0; +https://seranking.com/backlinks-crawler)"
91.98.185.79 - - [01/Sep/2026:14:06:19 -0500] "GET /categoria-producto/furniture/?per_page=12&filter_color=blue,yellow&filter_size=l HTTP/1.1" 200 181112 "-" "Mozilla/5.0 (compatible; SERankingBacklinksBot/1.0; +https://seranking.com/backlinks-crawler)"
91.98.185.79 - - [01/Sep/2026:14:06:25 -0500] "GET /categoria-producto/furniture/?per_page=12&filter_color=blue,yellow&filter_size=m HTTP/1.1" 200 181112 "-" "Mozilla/5.0 (compatible; SERankingBacklinksBot/1.0; +https://seranking.com/backlinks-crawler)"
91.98.185.79 - - [01/Sep/2026:14:06:34 -0500] "GET /categoria-producto/furniture/?per_page=12&filter_color=blue,yellow&filter_size=s HTTP/1.1" 200 181112 "-" "Mozilla/5.0 (compatible; SERankingBacklinksBot/1.0; +https://seranking.com/backlinks-crawler)"
91.98.185.79 - - [01/Sep/2026:14:06:40 -0500] "GET /categoria-producto/furniture/?per_page=12&filter_size=l&filter_color=blue,yellow HTTP/1.1" 200 181112 "-" "Mozilla/5.0 (compatible; SERankingBacklinksBot/1.0; +https://seranking.com/backlinks-crawler)"
186.124.2.63 - - [01/Sep/2026:14:06:44 -0500] "POST /wp-admin/admin-ajax.php HTTP/1.1" 200 47 "https://anempanama.com/wp-admin/admin.php?page=xts_header_builder" "Mozilla/5.0 (Macintosh; Intel Mac OS X 10_15_7) AppleWebKit/537.36 (KHTML, like Gecko) Chrome/152.0.0.0 Safari/537.36"
91.98.185.79 - - [01/Sep/2026:14:06:46 -0500] "GET /categoria-producto/furniture/?per_page=12&filter_size=m&filter_color=blue,yellow HTTP/1.1" 200 181112 "-" "Mozilla/5.0 (compatible; SERankingBacklinksBot/1.0; +https://seranking.com/backlinks-crawler)"
91.98.185.79 - - [01/Sep/2026:14:06:53 -0500] "GET /categoria-producto/furniture/?per_page=12&filter_size=s&filter_color=blue,yellow HTTP/1.1" 200 181112 "-" "Mozilla/5.0 (compatible; SERankingBacklinksBot/1.0; +https://seranking.com/backlinks-crawler)"
157.90.185.123 - - [01/Sep/2026:14:07:03 -0500] "POST /wp-cron.php?doing_wp_cron=1788289623.3137919902801513671875 HTTP/1.1" 200 - "-" "WordPress/7.1; https://anempanama.com"
91.98.185.79 - - [01/Sep/2026:14:06:59 -0500] "GET /categoria-producto/furniture/?per_page=18&filter_color=blue,yellow&filter_size=l HTTP/1.1" 200 181112 "-" "Mozilla/5.0 (compatible; SERankingBacklinksBot/1.0; +https://seranking.com/backlinks-crawler)"
91.98.185.79 - - [01/Sep/2026:14:07:06 -0500] "GET /categoria-producto/furniture/?per_page=18&filter_color=blue,yellow&filter_size=m HTTP/1.1" 200 181112 "-" "Mozilla/5.0 (compatible; SERankingBacklinksBot/1.0; +https://seranking.com/backlinks-crawler)"
91.98.185.79 - - [01/Sep/2026:14:07:13 -0500] "GET /categoria-producto/furniture/?per_page=18&filter_color=blue,yellow&filter_size=s HTTP/1.1" 200 181112 "-" "Mozilla/5.0 (compatible; SERankingBacklinksBot/1.0; +https://seranking.com/backlinks-crawler)"
91.98.185.79 - - [01/Sep/2026:14:07:19 -0500] "GET /categoria-producto/furniture/?per_page=18&filter_size=l&filter_color=blue,yellow HTTP/1.1" 200 181112 "-" "Mozilla/5.0 (compatible; SERankingBacklinksBot/1.0; +https://seranking.com/backlinks-crawler)"
91.98.185.79 - - [01/Sep/2026:14:07:25 -0500] "GET /categoria-producto/furniture/?per_page=18&filter_size=m&filter_color=blue,yellow HTTP/1.1" 200 181112 "-" "Mozilla/5.0 (compatible; SERankingBacklinksBot/1.0; +https://seranking.com/backlinks-crawler)"
186.124.2.63 - - [01/Sep/2026:14:07:32 -0500] "POST /wp-admin/admin-ajax.php HTTP/1.1" 200 47 "https://anempanama.com/wp-admin/post.php?post=7594&action=edit" "Mozilla/5.0 (Macintosh; Intel Mac OS X 10_15_7) AppleWebKit/537.36 (KHTML, like Gecko) Chrome/152.0.0.0 Safari/537.36"
91.98.185.79 - - [01/Sep/2026:14:07:32 -0500] "GET /categoria-producto/furniture/?per_page=18&filter_size=s&filter_color=blue,yellow HTTP/1.1" 200 181112 "-" "Mozilla/5.0 (compatible; SERankingBacklinksBot/1.0; +https://seranking.com/backlinks-crawler)"
91.98.185.79 - - [01/Sep/2026:14:07:39 -0500] "GET /categoria-producto/furniture/?per_page=24&filter_color=blue,yellow&filter_size=l HTTP/1.1" 200 181112 "-" "Mozilla/5.0 (compatible; SERankingBacklinksBot/1.0; +https://seranking.com/backlinks-crawler)"
186.124.2.63 - - [01/Sep/2026:14:07:43 -0500] "POST /wp-admin/admin-ajax.php HTTP/1.1" 200 77 "https://anempanama.com/wp-admin/post.php?post=7594&action=elementor" "Mozilla/5.0 (Macintosh; Intel Mac OS X 10_15_7) AppleWebKit/537.36 (KHTML, like Gecko) Chrome/152.0.0.0 Safari/537.36"
186.124.2.63 - - [01/Sep/2026:14:07:45 -0500] "POST /wp-admin/admin-ajax.php HTTP/1.1" 200 47 "https://anempanama.com/wp-admin/admin.php?page=xts_header_builder" "Mozilla/5.0 (Macintosh; Intel Mac OS X 10_15_7) AppleWebKit/537.36 (KHTML, like Gecko) Chrome/152.0.0.0 Safari/537.36"
91.98.185.79 - - [01/Sep/2026:14:07:46 -0500] "GET /categoria-producto/furniture/?per_page=24&filter_color=blue,yellow&filter_size=m HTTP/1.1" 200 181112 "-" "Mozilla/5.0 (compatible; SERankingBacklinksBot/1.0; +https://seranking.com/backlinks-crawler)"
157.90.185.123 - - [01/Sep/2026:14:07:57 -0500] "POST /wp-cron.php?doing_wp_cron=1788289677.3426189422607421875000 HTTP/1.1" 200 - "-" "WordPress/7.1; https://anempanama.com"
91.98.185.79 - - [01/Sep/2026:14:07:53 -0500] "GET /categoria-producto/furniture/?per_page=24&filter_color=blue,yellow&filter_size=s HTTP/1.1" 200 181112 "-" "Mozilla/5.0 (compatible; SERankingBacklinksBot/1.0; +https://seranking.com/backlinks-crawler)"
186.124.2.63 - - [01/Sep/2026:14:07:58 -0500] "GET /wp-content/plugins/wp-fastest-cache/css/toolbar.css?ver=1788289677 HTTP/1.1" 200 6109 "https://anempanama.com/?whb-header-frontend=header_112677" "Mozilla/5.0 (Macintosh; Intel Mac OS X 10_15_7) AppleWebKit/537.36 (KHTML, like Gecko) Chrome/152.0.0.0 Safari/537.36"
186.124.2.63 - - [01/Sep/2026:14:07:58 -0500] "GET /wp-content/themes/woodmart/inc/admin/assets/css/parts/page-header-builder-frontend.css?ver=8.5.1 HTTP/1.1" 200 13195 "https://anempanama.com/?whb-header-frontend=header_112677" "Mozilla/5.0 (Macintosh; Intel Mac OS X 10_15_7) AppleWebKit/537.36 (KHTML, like Gecko) Chrome/152.0.0.0 Safari/537.36"
186.124.2.63 - - [01/Sep/2026:14:07:54 -0500] "GET /?whb-header-frontend=header_112677 HTTP/1.1" 200 552149 "https://anempanama.com/wp-admin/admin.php?page=xts_header_builder" "Mozilla/5.0 (Macintosh; Intel Mac OS X 10_15_7) AppleWebKit/537.36 (KHTML, like Gecko) Chrome/152.0.0.0 Safari/537.36"
186.124.2.63 - - [01/Sep/2026:14:07:59 -0500] "GET /wp-content/plugins/wp-fastest-cache/js/toolbar.js?ver=1788289677 HTTP/1.1" 200 3514 "https://anempanama.com/?whb-header-frontend=header_112677" "Mozilla/5.0 (Macintosh; Intel Mac OS X 10_15_7) AppleWebKit/537.36 (KHTML, like Gecko) Chrome/152.0.0.0 Safari/537.36"
186.124.2.63 - - [01/Sep/2026:14:07:59 -0500] "GET /wp-includes/js/hoverIntent.min.js?ver=1.10.2 HTTP/1.1" 200 1499 "https://anempanama.com/?whb-header-frontend=header_112677" "Mozilla/5.0 (Macintosh; Intel Mac OS X 10_15_7) AppleWebKit/537.36 (KHTML, like Gecko) Chrome/152.0.0.0 Safari/537.36"
186.124.2.63 - - [01/Sep/2026:14:07:59 -0500] "GET /wp-includes/js/wplink.min.js?ver=7.1 HTTP/1.1" 200 11317 "https://anempanama.com/?whb-header-frontend=header_112677" "Mozilla/5.0 (Macintosh; Intel Mac OS X 10_15_7) AppleWebKit/537.36 (KHTML, like Gecko) Chrome/152.0.0.0 Safari/537.36"
186.124.2.63 - - [01/Sep/2026:14:08:00 -0500] "GET /wp-includes/js/tinymce/plugins/compat3x/plugin.min.js?ver=49110-20250317 HTTP/1.1" 200 4129 "https://anempanama.com/?whb-header-frontend=header_112677" "Mozilla/5.0 (Macintosh; Intel Mac OS X 10_15_7) AppleWebKit/537.36 (KHTML, like Gecko) Chrome/152.0.0.0 Safari/537.36"
186.124.2.63 - - [01/Sep/2026:14:08:00 -0500] "GET /wp-includes/js/tinymce/tinymce.min.js?ver=49110-20250317 HTTP/1.1" 200 365570 "https://anempanama.com/?whb-header-frontend=header_112677" "Mozilla/5.0 (Macintosh; Intel Mac OS X 10_15_7) AppleWebKit/537.36 (KHTML, like Gecko) Chrome/152.0.0.0 Safari/537.36"
186.124.2.63 - - [01/Sep/2026:14:08:00 -0500] "GET /wp-admin/admin-ajax.php?action=woodmart_load_header&id=header_112677&security=20a4fdffce HTTP/1.1" 200 84235 "https://anempanama.com/?whb-header-frontend=header_112677" "Mozilla/5.0 (Macintosh; Intel Mac OS X 10_15_7) AppleWebKit/537.36 (KHTML, like Gecko) Chrome/152.0.0.0 Safari/537.36"
186.124.2.63 - - [01/Sep/2026:14:08:01 -0500] "GET /wp-json/contact-form-7/v1/contact-forms/14/feedback/schema HTTP/1.1" 200 1347 "https://anempanama.com/?whb-header-frontend=header_112677" "Mozilla/5.0 (Macintosh; Intel Mac OS X 10_15_7) AppleWebKit/537.36 (KHTML, like Gecko) Chrome/152.0.0.0 Safari/537.36"
91.98.185.79 - - [01/Sep/2026:14:08:00 -0500] "GET /categoria-producto/furniture/?per_page=24&filter_size=l&filter_color=blue,yellow HTTP/1.1" 200 181112 "-" "Mozilla/5.0 (compatible; SERankingBacklinksBot/1.0; +https://seranking.com/backlinks-crawler)"
186.124.2.63 - - [01/Sep/2026:14:08:01 -0500] "GET /wp-json/contact-form-7/v1/contact-forms/1572/feedback/schema HTTP/1.1" 200 1286 "https://anempanama.com/?whb-header-frontend=header_112677" "Mozilla/5.0 (Macintosh; Intel Mac OS X 10_15_7) AppleWebKit/537.36 (KHTML, like Gecko) Chrome/152.0.0.0 Safari/537.36"
186.124.2.63 - - [01/Sep/2026:14:08:01 -0500] "GET /wp-json/contact-form-7/v1/contact-forms/4387/feedback/schema HTTP/1.1" 200 227 "https://anempanama.com/?whb-header-frontend=header_112677" "Mozilla/5.0 (Macintosh; Intel Mac OS X 10_15_7) AppleWebKit/537.36 (KHTML, like Gecko) Chrome/152.0.0.0 Safari/537.36"
91.98.185.79 - - [01/Sep/2026:14:08:08 -0500] "GET /categoria-producto/furniture/?per_page=24&filter_size=m&filter_color=blue,yellow HTTP/1.1" 200 181112 "-" "Mozilla/5.0 (compatible; SERankingBacklinksBot/1.0; +https://seranking.com/backlinks-crawler)"
