91.98.185.79 - - [01/Sep/2026:14:15:53 -0500] "GET /categoria-producto/accessories/?per_row=2&shop_view=grid&filter_color=beige,black,blue HTTP/1.1" 200 166063 "-" "Mozilla/5.0 (compatible; SERankingBacklinksBot/1.0; +https://seranking.com/backlinks-crawler)"
190.32.218.223 - - [01/Sep/2026:14:15:56 -0500] "GET /wp-content/uploads/2026/08/Jornada_Limpieza_ANEM.jpg HTTP/1.1" 200 356987 "https://anempanama.com/" "Mozilla/5.0 (Linux; Android 10; K) AppleWebKit/537.36 (KHTML, like Gecko) SamsungBrowser/30.0 Chrome/143.0.0.0 Mobile Safari/537.36"
157.90.185.123 - - [01/Sep/2026:14:16:01 -0500] "POST /wp-cron.php?doing_wp_cron=1788290161.0479109287261962890625 HTTP/1.1" 200 - "-" "WordPress/7.1; https://anempanama.com"
91.92.243.243 - - [01/Sep/2026:14:15:58 -0500] "POST /wp-login.php HTTP/1.1" 200 10898 "-" "Mozilla/5.0"
91.98.185.79 - - [01/Sep/2026:14:15:59 -0500] "GET /categoria-producto/furniture/?stock_status=instock&per_page=18&filter_color=blue,brown HTTP/1.1" 200 181244 "-" "Mozilla/5.0 (compatible; SERankingBacklinksBot/1.0; +https://seranking.com/backlinks-crawler)"
74.179.67.135 - - [01/Sep/2026:14:16:05 -0500] "GET /wp-content/uploads/elementor/css/custom-frontend.min.css?ver=1787952880 HTTP/1.1" 200 54819 "https://anempanama.com/" "Mozilla/5.0 (Windows NT 10.0; Win64; x64) AppleWebKit/537.36 (KHTML, like Gecko) Chrome/142.0.7444.163 Safari/537.36"
74.179.67.135 - - [01/Sep/2026:14:16:06 -0500] "GET /wp-content/uploads/elementor/css/post-7.css?ver=1787952881 HTTP/1.1" 200 1111 "https://anempanama.com/" "Mozilla/5.0 (Windows NT 10.0; Win64; x64) AppleWebKit/537.36 (KHTML, like Gecko) Chrome/142.0.7444.163 Safari/537.36"
74.179.67.135 - - [01/Sep/2026:14:16:06 -0500] "GET /wp-content/plugins/elementor/assets/css/widget-nested-accordion.min.css?ver=4.2.2 HTTP/1.1" 200 5206 "https://anempanama.com/" "Mozilla/5.0 (Windows NT 10.0; Win64; x64) AppleWebKit/537.36 (KHTML, like Gecko) Chrome/142.0.7444.163 Safari/537.36"
74.179.67.135 - - [01/Sep/2026:14:16:06 -0500] "GET /wp-content/plugins/elementor/assets/lib/swiper/v8/css/swiper.min.css?ver=8.4.5 HTTP/1.1" 200 16471 "https://anempanama.com/" "Mozilla/5.0 (Windows NT 10.0; Win64; x64) AppleWebKit/537.36 (KHTML, like Gecko) Chrome/142.0.7444.163 Safari/537.36"
74.179.67.135 - - [01/Sep/2026:14:16:06 -0500] "GET /wp-content/plugins/elementor/assets/css/conditionals/e-swiper.min.css?ver=4.2.2 HTTP/1.1" 200 5486 "https://anempanama.com/" "Mozilla/5.0 (Windows NT 10.0; Win64; x64) AppleWebKit/537.36 (KHTML, like Gecko) Chrome/142.0.7444.163 Safari/537.36"
74.179.67.135 - - [01/Sep/2026:14:16:06 -0500] "GET /wp-content/plugins/elementor/assets/css/widget-image-carousel.min.css?ver=4.2.2 HTTP/1.1" 200 342 "https://anempanama.com/" "Mozilla/5.0 (Windows NT 10.0; Win64; x64) AppleWebKit/537.36 (KHTML, like Gecko) Chrome/142.0.7444.163 Safari/537.36"
74.179.67.135 - - [01/Sep/2026:14:16:06 -0500] "GET /wp-content/uploads/elementor/css/post-7594.css?ver=1787953205 HTTP/1.1" 200 25447 "https://anempanama.com/" "Mozilla/5.0 (Windows NT 10.0; Win64; x64) AppleWebKit/537.36 (KHTML, like Gecko) Chrome/142.0.7444.163 Safari/537.36"
74.179.67.135 - - [01/Sep/2026:14:16:06 -0500] "GET /wp-content/uploads/elementor/css/base-desktop.css?ver=6a91fef1d41a2 HTTP/1.1" 200 1975 "https://anempanama.com/" "Mozilla/5.0 (Windows NT 10.0; Win64; x64) AppleWebKit/537.36 (KHTML, like Gecko) Chrome/142.0.7444.163 Safari/537.36"
74.179.67.135 - - [01/Sep/2026:14:16:06 -0500] "GET /wp-content/uploads/elementor/css/local-7594-frontend-desktop.css?ver=6a92003520854 HTTP/1.1" 200 596 "https://anempanama.com/" "Mozilla/5.0 (Windows NT 10.0; Win64; x64) AppleWebKit/537.36 (KHTML, like Gecko) Chrome/142.0.7444.163 Safari/537.36"
190.32.218.223 - - [01/Sep/2026:14:16:05 -0500] "GET /wp-content/uploads/2026/08/Jornada_Juguetes_ANEM.jpg HTTP/1.1" 200 254960 "https://anempanama.com/" "Mozilla/5.0 (Linux; Android 10; K) AppleWebKit/537.36 (KHTML, like Gecko) SamsungBrowser/30.0 Chrome/143.0.0.0 Mobile Safari/537.36"
74.179.67.135 - - [01/Sep/2026:14:16:02 -0500] "GET / HTTP/1.1" 200 230479 "https://anempanama.com/" "Mozilla/5.0 (Windows NT 10.0; Win64; x64) AppleWebKit/537.36 (KHTML, like Gecko) Chrome/142.0.7444.163 Safari/537.36"
74.179.67.135 - - [01/Sep/2026:14:16:06 -0500] "GET /wp-content/themes/woodmart/css/parts/base.css?ver=8.5.1 HTTP/1.1" 200 32754 "https://anempanama.com/" "Mozilla/5.0 (Windows NT 10.0; Win64; x64) AppleWebKit/537.36 (KHTML, like Gecko) Chrome/142.0.7444.163 Safari/537.36"
74.179.67.135 - - [01/Sep/2026:14:16:06 -0500] "GET /wp-content/themes/woodmart/css/parts/header-opt-overlap.css?ver=8.5.1 HTTP/1.1" 200 798 "https://anempanama.com/" "Mozilla/5.0 (Windows NT 10.0; Win64; x64) AppleWebKit/537.36 (KHTML, like Gecko) Chrome/142.0.7444.163 Safari/537.36"
74.179.67.135 - - [01/Sep/2026:14:16:06 -0500] "GET /wp-content/themes/woodmart/js/scripts/global/scrollBar.min.js?ver=8.5.1 HTTP/1.1" 200 540 "https://anempanama.com/" "Mozilla/5.0 (Windows NT 10.0; Win64; x64) AppleWebKit/537.36 (KHTML, like Gecko) Chrome/142.0.7444.163 Safari/537.36"
74.179.67.135 - - [01/Sep/2026:14:16:06 -0500] "GET /wp-includes/js/jquery/jquery-migrate.min.js?ver=3.4.1 HTTP/1.1" 200 13577 "https://anempanama.com/" "Mozilla/5.0 (Windows NT 10.0; Win64; x64) AppleWebKit/537.36 (KHTML, like Gecko) Chrome/142.0.7444.163 Safari/537.36"
190.32.218.223 - - [01/Sep/2026:14:16:06 -0500] "GET /wp-content/uploads/2026/08/Jorge_Pimentel_ANEM.png HTTP/1.1" 200 102308 "https://anempanama.com/" "Mozilla/5.0 (Linux; Android 10; K) AppleWebKit/537.36 (KHTML, like Gecko) SamsungBrowser/30.0 Chrome/143.0.0.0 Mobile Safari/537.36"
74.179.67.135 - - [01/Sep/2026:14:16:06 -0500] "GET /wp-includes/js/jquery/jquery.min.js?ver=3.7.1 HTTP/1.1" 200 87553 "https://anempanama.com/" "Mozilla/5.0 (Windows NT 10.0; Win64; x64) AppleWebKit/537.36 (KHTML, like Gecko) Chrome/142.0.7444.163 Safari/537.36"
74.179.67.135 - - [01/Sep/2026:14:16:07 -0500] "GET /wp-content/themes/woodmart/css/parts/header-el-logo-opt-swap.css?ver=8.5.1 HTTP/1.1" 200 222 "https://anempanama.com/" "Mozilla/5.0 (Windows NT 10.0; Win64; x64) AppleWebKit/537.36 (KHTML, like Gecko) Chrome/142.0.7444.163 Safari/537.36"
74.179.67.135 - - [01/Sep/2026:14:16:07 -0500] "GET /wp-content/uploads/elementor/css/post-7601.css?ver=1787952882 HTTP/1.1" 200 258 "https://anempanama.com/" "Mozilla/5.0 (Windows NT 10.0; Win64; x64) AppleWebKit/537.36 (KHTML, like Gecko) Chrome/142.0.7444.163 Safari/537.36"
74.179.67.135 - - [01/Sep/2026:14:16:07 -0500] "GET /wp-content/uploads/2026/06/Logo_ANEM.png HTTP/1.1" 200 223783 "https://anempanama.com/" "Mozilla/5.0 (Windows NT 10.0; Win64; x64) AppleWebKit/537.36 (KHTML, like Gecko) Chrome/142.0.7444.163 Safari/537.36"
74.179.67.135 - - [01/Sep/2026:14:16:07 -0500] "GET /wp-content/uploads/2026/07/Banner_Home_ANEM.png HTTP/1.1" 200 279796 "https://anempanama.com/" "Mozilla/5.0 (Windows NT 10.0; Win64; x64) AppleWebKit/537.36 (KHTML, like Gecko) Chrome/142.0.7444.163 Safari/537.36"
74.179.67.135 - - [01/Sep/2026:14:16:07 -0500] "GET /wp-content/plugins/woocommerce/assets/client/blocks/wc-blocks.css?ver=wc-11.0.1 HTTP/1.1" 200 14015 "https://anempanama.com/" "Mozilla/5.0 (Windows NT 10.0; Win64; x64) AppleWebKit/537.36 (KHTML, like Gecko) Chrome/142.0.7444.163 Safari/537.36"
74.179.67.135 - - [01/Sep/2026:14:16:07 -0500] "GET /wp-content/themes/woodmart/css/parts/mod-transform.css?ver=8.5.1 HTTP/1.1" 200 806 "https://anempanama.com/" "Mozilla/5.0 (Windows NT 10.0; Win64; x64) AppleWebKit/537.36 (KHTML, like Gecko) Chrome/142.0.7444.163 Safari/537.36"
74.179.67.135 - - [01/Sep/2026:14:16:07 -0500] "GET /wp-content/themes/woodmart/css/parts/mod-animations-transform.css?ver=8.5.1 HTTP/1.1" 200 506 "https://anempanama.com/" "Mozilla/5.0 (Windows NT 10.0; Win64; x64) AppleWebKit/537.36 (KHTML, like Gecko) Chrome/142.0.7444.163 Safari/537.36"
74.179.67.135 - - [01/Sep/2026:14:16:07 -0500] "GET /wp-content/themes/woodmart/css/parts/el-button.css?ver=8.5.1 HTTP/1.1" 200 2953 "https://anempanama.com/" "Mozilla/5.0 (Windows NT 10.0; Win64; x64) AppleWebKit/537.36 (KHTML, like Gecko) Chrome/142.0.7444.163 Safari/537.36"
74.179.67.135 - - [01/Sep/2026:14:16:07 -0500] "GET /wp-content/uploads/elementor/css/post-7604.css?ver=1787952883 HTTP/1.1" 200 1583 "https://anempanama.com/" "Mozilla/5.0 (Windows NT 10.0; Win64; x64) AppleWebKit/537.36 (KHTML, like Gecko) Chrome/142.0.7444.163 Safari/537.36"
74.179.67.135 - - [01/Sep/2026:14:16:07 -0500] "GET /wp-content/uploads/2026/07/Banner_Home_ANEM_III.png HTTP/1.1" 200 314723 "https://anempanama.com/" "Mozilla/5.0 (Windows NT 10.0; Win64; x64) AppleWebKit/537.36 (KHTML, like Gecko) Chrome/142.0.7444.163 Safari/537.36"
74.179.67.135 - - [01/Sep/2026:14:16:07 -0500] "GET /wp-content/themes/woodmart/css/parts/page-title.css?ver=8.5.1 HTTP/1.1" 200 679 "https://anempanama.com/" "Mozilla/5.0 (Windows NT 10.0; Win64; x64) AppleWebKit/537.36 (KHTML, like Gecko) Chrome/142.0.7444.163 Safari/537.36"
74.179.67.135 - - [01/Sep/2026:14:16:07 -0500] "GET /wp-content/themes/woodmart/css/parts/el-section-title.css?ver=8.5.1 HTTP/1.1" 200 1771 "https://anempanama.com/" "Mozilla/5.0 (Windows NT 10.0; Win64; x64) AppleWebKit/537.36 (KHTML, like Gecko) Chrome/142.0.7444.163 Safari/537.36"
74.179.67.135 - - [01/Sep/2026:14:16:07 -0500] "GET /wp-content/themes/woodmart/css/parts/mod-highlighted-text.css?ver=8.5.1 HTTP/1.1" 200 475 "https://anempanama.com/" "Mozilla/5.0 (Windows NT 10.0; Win64; x64) AppleWebKit/537.36 (KHTML, like Gecko) Chrome/142.0.7444.163 Safari/537.36"
74.179.67.135 - - [01/Sep/2026:14:16:07 -0500] "GET /wp-content/themes/woodmart/css/parts/el-text-block.css?ver=8.5.1 HTTP/1.1" 200 300 "https://anempanama.com/" "Mozilla/5.0 (Windows NT 10.0; Win64; x64) AppleWebKit/537.36 (KHTML, like Gecko) Chrome/142.0.7444.163 Safari/537.36"
74.179.67.135 - - [01/Sep/2026:14:16:08 -0500] "GET /wp-content/themes/woodmart/css/parts/int-wpcf7.css?ver=8.5.1 HTTP/1.1" 200 2739 "https://anempanama.com/" "Mozilla/5.0 (Windows NT 10.0; Win64; x64) AppleWebKit/537.36 (KHTML, like Gecko) Chrome/142.0.7444.163 Safari/537.36"
74.179.67.135 - - [01/Sep/2026:14:16:08 -0500] "GET /wp-content/themes/woodmart/css/parts/el-subtitle-style.css?ver=8.5.1 HTTP/1.1" 200 694 "https://anempanama.com/" "Mozilla/5.0 (Windows NT 10.0; Win64; x64) AppleWebKit/537.36 (KHTML, like Gecko) Chrome/142.0.7444.163 Safari/537.36"
190.32.218.223 - - [01/Sep/2026:14:16:08 -0500] "GET /wp-content/uploads/2026/08/Alcibiades_Ragel_ANEM.png HTTP/1.1" 200 83033 "https://anempanama.com/" "Mozilla/5.0 (Linux; Android 10; K) AppleWebKit/537.36 (KHTML, like Gecko) SamsungBrowser/30.0 Chrome/143.0.0.0 Mobile Safari/537.36"
74.179.67.135 - - [01/Sep/2026:14:16:08 -0500] "GET /wp-content/themes/woodmart/css/parts/lib-swiper.css?ver=8.5.1 HTTP/1.1" 200 1745 "https://anempanama.com/" "Mozilla/5.0 (Windows NT 10.0; Win64; x64) AppleWebKit/537.36 (KHTML, like Gecko) Chrome/142.0.7444.163 Safari/537.36"
74.179.67.135 - - [01/Sep/2026:14:16:08 -0500] "GET /wp-content/themes/woodmart/css/parts/el-gallery.css?ver=8.5.1 HTTP/1.1" 200 306 "https://anempanama.com/" "Mozilla/5.0 (Windows NT 10.0; Win64; x64) AppleWebKit/537.36 (KHTML, like Gecko) Chrome/142.0.7444.163 Safari/537.36"
74.179.67.135 - - [01/Sep/2026:14:16:08 -0500] "GET /wp-content/themes/woodmart/css/parts/lib-swiper-arrows-critical.css?ver=8.5.1 HTTP/1.1" 200 252 "https://anempanama.com/" "Mozilla/5.0 (Windows NT 10.0; Win64; x64) AppleWebKit/537.36 (KHTML, like Gecko) Chrome/142.0.7444.163 Safari/537.36"
74.179.67.135 - - [01/Sep/2026:14:16:08 -0500] "GET /wp-content/themes/woodmart/css/parts/lib-swiper-pagin-critical.css?ver=8.5.1 HTTP/1.1" 200 399 "https://anempanama.com/" "Mozilla/5.0 (Windows NT 10.0; Win64; x64) AppleWebKit/537.36 (KHTML, like Gecko) Chrome/142.0.7444.163 Safari/537.36"
74.179.67.135 - - [01/Sep/2026:14:16:08 -0500] "GET /wp-content/themes/woodmart/css/parts/el-info-box.css?ver=8.5.1 HTTP/1.1" 200 3810 "https://anempanama.com/" "Mozilla/5.0 (Windows NT 10.0; Win64; x64) AppleWebKit/537.36 (KHTML, like Gecko) Chrome/142.0.7444.163 Safari/537.36"
74.179.67.135 - - [01/Sep/2026:14:16:08 -0500] "GET /wp-content/themes/woodmart/css/parts/el-info-box-style-shadow-and-bg-hover.css?ver=8.5.1 HTTP/1.1" 200 666 "https://anempanama.com/" "Mozilla/5.0 (Windows NT 10.0; Win64; x64) AppleWebKit/537.36 (KHTML, like Gecko) Chrome/142.0.7444.163 Safari/537.36"
74.179.67.135 - - [01/Sep/2026:14:16:08 -0500] "GET /wp-content/uploads/2021/10/real-estate-bg-top.svg HTTP/1.1" 200 819 "https://anempanama.com/wp-content/uploads/elementor/css/post-7594.css?ver=1787953205" "Mozilla/5.0 (Windows NT 10.0; Win64; x64) AppleWebKit/537.36 (KHTML, like Gecko) Chrome/142.0.7444.163 Safari/537.36"
91.98.185.79 - - [01/Sep/2026:14:16:05 -0500] "GET /categoria-producto/accessories/?per_row=2&shop_view=grid&filter_color=beige,blue,brown HTTP/1.1" 200 170286 "-" "Mozilla/5.0 (compatible; SERankingBacklinksBot/1.0; +https://seranking.com/backlinks-crawler)"
74.179.67.135 - - [01/Sep/2026:14:16:08 -0500] "GET /wp-content/uploads/2021/09/w-investment-phone.svg HTTP/1.1" 200 2568 "https://anempanama.com/" "Mozilla/5.0 (Windows NT 10.0; Win64; x64) AppleWebKit/537.36 (KHTML, like Gecko) Chrome/142.0.7444.163 Safari/537.36"
74.179.67.135 - - [01/Sep/2026:14:16:08 -0500] "GET /wp-content/uploads/2021/09/w-investment-facebook.svg HTTP/1.1" 200 664 "https://anempanama.com/" "Mozilla/5.0 (Windows NT 10.0; Win64; x64) AppleWebKit/537.36 (KHTML, like Gecko) Chrome/142.0.7444.163 Safari/537.36"
74.179.67.135 - - [01/Sep/2026:14:16:08 -0500] "GET /wp-content/uploads/2021/09/w-investment-location.svg HTTP/1.1" 200 1443 "https://anempanama.com/" "Mozilla/5.0 (Windows NT 10.0; Win64; x64) AppleWebKit/537.36 (KHTML, like Gecko) Chrome/142.0.7444.163 Safari/537.36"
74.179.67.135 - - [01/Sep/2026:14:16:08 -0500] "GET /wp-content/uploads/2021/09/w-investment-twitter.svg HTTP/1.1" 200 4881 "https://anempanama.com/" "Mozilla/5.0 (Windows NT 10.0; Win64; x64) AppleWebKit/537.36 (KHTML, like Gecko) Chrome/142.0.7444.163 Safari/537.36"
74.179.67.135 - - [01/Sep/2026:14:16:09 -0500] "GET /wp-content/themes/woodmart/css/parts/blog-loop-base.css?ver=8.5.1 HTTP/1.1" 200 1671 "https://anempanama.com/" "Mozilla/5.0 (Windows NT 10.0; Win64; x64) AppleWebKit/537.36 (KHTML, like Gecko) Chrome/142.0.7444.163 Safari/537.36"
74.179.67.135 - - [01/Sep/2026:14:16:09 -0500] "GET /wp-content/themes/woodmart/css/parts/post-types-mod-predefined.css?ver=8.5.1 HTTP/1.1" 200 655 "https://anempanama.com/" "Mozilla/5.0 (Windows NT 10.0; Win64; x64) AppleWebKit/537.36 (KHTML, like Gecko) Chrome/142.0.7444.163 Safari/537.36"
74.179.67.135 - - [01/Sep/2026:14:16:09 -0500] "GET /wp-content/themes/woodmart/css/parts/post-types-mod-categories-style-bg.css?ver=8.5.1 HTTP/1.1" 200 414 "https://anempanama.com/" "Mozilla/5.0 (Windows NT 10.0; Win64; x64) AppleWebKit/537.36 (KHTML, like Gecko) Chrome/142.0.7444.163 Safari/537.36"
74.179.67.135 - - [01/Sep/2026:14:16:09 -0500] "GET /wp-content/themes/woodmart/css/parts/blog-loop-design-masonry.css?ver=8.5.1 HTTP/1.1" 200 890 "https://anempanama.com/" "Mozilla/5.0 (Windows NT 10.0; Win64; x64) AppleWebKit/537.36 (KHTML, like Gecko) Chrome/142.0.7444.163 Safari/537.36"
74.179.67.135 - - [01/Sep/2026:14:16:09 -0500] "GET /wp-content/themes/woodmart/css/parts/post-types-mod-date-style-bg.css?ver=8.5.1 HTTP/1.1" 200 589 "https://anempanama.com/" "Mozilla/5.0 (Windows NT 10.0; Win64; x64) AppleWebKit/537.36 (KHTML, like Gecko) Chrome/142.0.7444.163 Safari/537.36"
74.179.67.135 - - [01/Sep/2026:14:16:09 -0500] "GET /wp-content/themes/woodmart/css/parts/blog-mod-author.css?ver=8.5.1 HTTP/1.1" 200 417 "https://anempanama.com/" "Mozilla/5.0 (Windows NT 10.0; Win64; x64) AppleWebKit/537.36 (KHTML, like Gecko) Chrome/142.0.7444.163 Safari/537.36"
74.179.67.135 - - [01/Sep/2026:14:16:09 -0500] "GET /wp-content/themes/woodmart/css/parts/el-social-icons.css?ver=8.5.1 HTTP/1.1" 200 3840 "https://anempanama.com/" "Mozilla/5.0 (Windows NT 10.0; Win64; x64) AppleWebKit/537.36 (KHTML, like Gecko) Chrome/142.0.7444.163 Safari/537.36"
74.179.67.135 - - [01/Sep/2026:14:16:09 -0500] "GET /wp-content/themes/woodmart/css/parts/opt-widget-collapse.css?ver=8.5.1 HTTP/1.1" 200 995 "https://anempanama.com/" "Mozilla/5.0 (Windows NT 10.0; Win64; x64) AppleWebKit/537.36 (KHTML, like Gecko) Chrome/142.0.7444.163 Safari/537.36"
74.179.67.135 - - [01/Sep/2026:14:16:09 -0500] "GET /wp-content/themes/woodmart/css/parts/blog-mod-comments-button.css?ver=8.5.1 HTTP/1.1" 200 735 "https://anempanama.com/" "Mozilla/5.0 (Windows NT 10.0; Win64; x64) AppleWebKit/537.36 (KHTML, like Gecko) Chrome/142.0.7444.163 Safari/537.36"
74.179.67.135 - - [01/Sep/2026:14:16:09 -0500] "GET /wp-content/themes/woodmart/css/parts/footer-base.css?ver=8.5.1 HTTP/1.1" 200 801 "https://anempanama.com/" "Mozilla/5.0 (Windows NT 10.0; Win64; x64) AppleWebKit/537.36 (KHTML, like Gecko) Chrome/142.0.7444.163 Safari/537.36"
74.179.67.135 - - [01/Sep/2026:14:16:09 -0500] "GET /wp-content/uploads/elementor/css/post-7631.css?ver=1787952887 HTTP/1.1" 200 1890 "https://anempanama.com/" "Mozilla/5.0 (Windows NT 10.0; Win64; x64) AppleWebKit/537.36 (KHTML, like Gecko) Chrome/142.0.7444.163 Safari/537.36"
74.179.67.135 - - [01/Sep/2026:14:16:09 -0500] "GET /wp-content/uploads/elementor/css/post-7626.css?ver=1787952885 HTTP/1.1" 200 2549 "https://anempanama.com/" "Mozilla/5.0 (Windows NT 10.0; Win64; x64) AppleWebKit/537.36 (KHTML, like Gecko) Chrome/142.0.7444.163 Safari/537.36"
74.179.67.135 - - [01/Sep/2026:14:16:09 -0500] "GET /wp-content/themes/woodmart/fonts/woodmart-font-1-400.woff2?v=8.5.1 HTTP/1.1" 200 11972 "https://anempanama.com/" "Mozilla/5.0 (Windows NT 10.0; Win64; x64) AppleWebKit/537.36 (KHTML, like Gecko) Chrome/142.0.7444.163 Safari/537.36"
74.179.67.135 - - [01/Sep/2026:14:16:09 -0500] "GET /wp-content/themes/woodmart/css/parts/el-list.css?ver=8.5.1 HTTP/1.1" 200 1729 "https://anempanama.com/" "Mozilla/5.0 (Windows NT 10.0; Win64; x64) AppleWebKit/537.36 (KHTML, like Gecko) Chrome/142.0.7444.163 Safari/537.36"
74.179.67.135 - - [01/Sep/2026:14:16:09 -0500] "GET /wp-content/themes/woodmart/css/parts/opt-scrolltotop.css?ver=8.5.1 HTTP/1.1" 200 789 "https://anempanama.com/" "Mozilla/5.0 (Windows NT 10.0; Win64; x64) AppleWebKit/537.36 (KHTML, like Gecko) Chrome/142.0.7444.163 Safari/537.36"
74.179.67.135 - - [01/Sep/2026:14:16:09 -0500] "GET /wp-content/themes/woodmart/css/parts/woocommerce-base-deferred.css?ver=8.5.1 HTTP/1.1" 200 1364 "https://anempanama.com/" "Mozilla/5.0 (Windows NT 10.0; Win64; x64) AppleWebKit/537.36 (KHTML, like Gecko) Chrome/142.0.7444.163 Safari/537.36"
74.179.67.135 - - [01/Sep/2026:14:16:09 -0500] "GET /wp-content/themes/woodmart/css/parts/base-deferred.css?ver=8.5.1 HTTP/1.1" 200 6650 "https://anempanama.com/" "Mozilla/5.0 (Windows NT 10.0; Win64; x64) AppleWebKit/537.36 (KHTML, like Gecko) Chrome/142.0.7444.163 Safari/537.36"
74.179.67.135 - - [01/Sep/2026:14:16:09 -0500] "GET /wp-content/themes/woodmart/css/parts/el-list-wpb-elem.css?ver=8.5.1 HTTP/1.1" 200 150 "https://anempanama.com/" "Mozilla/5.0 (Windows NT 10.0; Win64; x64) AppleWebKit/537.36 (KHTML, like Gecko) Chrome/142.0.7444.163 Safari/537.36"
74.179.67.135 - - [01/Sep/2026:14:16:09 -0500] "GET /wp-content/themes/woodmart/css/parts/mod-notices-general.css?ver=8.5.1 HTTP/1.1" 200 5715 "https://anempanama.com/" "Mozilla/5.0 (Windows NT 10.0; Win64; x64) AppleWebKit/537.36 (KHTML, like Gecko) Chrome/142.0.7444.163 Safari/537.36"
74.179.67.135 - - [01/Sep/2026:14:16:10 -0500] "GET /wp-content/themes/woodmart/css/parts/woo-mod-block-notices.css?ver=8.5.1 HTTP/1.1" 200 2327 "https://anempanama.com/" "Mozilla/5.0 (Windows NT 10.0; Win64; x64) AppleWebKit/537.36 (KHTML, like Gecko) Chrome/142.0.7444.163 Safari/537.36"
74.179.67.135 - - [01/Sep/2026:14:16:10 -0500] "GET /wp-content/themes/woodmart/css/parts/header-opt-sticky-shadow.css?ver=8.5.1 HTTP/1.1" 200 363 "https://anempanama.com/" "Mozilla/5.0 (Windows NT 10.0; Win64; x64) AppleWebKit/537.36 (KHTML, like Gecko) Chrome/142.0.7444.163 Safari/537.36"
74.179.67.135 - - [01/Sep/2026:14:16:10 -0500] "GET /wp-content/themes/woodmart/css/parts/header-opt-scroll-stick.css?ver=8.5.1 HTTP/1.1" 200 392 "https://anempanama.com/" "Mozilla/5.0 (Windows NT 10.0; Win64; x64) AppleWebKit/537.36 (KHTML, like Gecko) Chrome/142.0.7444.163 Safari/537.36"
74.179.67.135 - - [01/Sep/2026:14:16:10 -0500] "GET /wp-content/themes/woodmart/css/parts/lib-magnific-popup.css?ver=8.5.1 HTTP/1.1" 200 2083 "https://anempanama.com/" "Mozilla/5.0 (Windows NT 10.0; Win64; x64) AppleWebKit/537.36 (KHTML, like Gecko) Chrome/142.0.7444.163 Safari/537.36"
74.179.67.135 - - [01/Sep/2026:14:16:10 -0500] "GET /wp-content/themes/woodmart/css/parts/lib-photoswipe.css?ver=8.5.1 HTTP/1.1" 200 6809 "https://anempanama.com/" "Mozilla/5.0 (Windows NT 10.0; Win64; x64) AppleWebKit/537.36 (KHTML, like Gecko) Chrome/142.0.7444.163 Safari/537.36"
74.179.67.135 - - [01/Sep/2026:14:16:10 -0500] "GET /wp-content/themes/woodmart/css/parts/lib-swiper-arrows.css?ver=8.5.1 HTTP/1.1" 200 2713 "https://anempanama.com/" "Mozilla/5.0 (Windows NT 10.0; Win64; x64) AppleWebKit/537.36 (KHTML, like Gecko) Chrome/142.0.7444.163 Safari/537.36"
74.179.67.135 - - [01/Sep/2026:14:16:10 -0500] "GET /wp-content/themes/woodmart/css/parts/lib-swiper-pagin.css?ver=8.5.1 HTTP/1.1" 200 1132 "https://anempanama.com/" "Mozilla/5.0 (Windows NT 10.0; Win64; x64) AppleWebKit/537.36 (KHTML, like Gecko) Chrome/142.0.7444.163 Safari/537.36"
74.179.67.135 - - [01/Sep/2026:14:16:10 -0500] "GET /wp-content/themes/woodmart/css/parts/header-el-mobile-nav.css?ver=8.5.1 HTTP/1.1" 200 2593 "https://anempanama.com/" "Mozilla/5.0 (Windows NT 10.0; Win64; x64) AppleWebKit/537.36 (KHTML, like Gecko) Chrome/142.0.7444.163 Safari/537.36"
74.179.67.135 - - [01/Sep/2026:14:16:10 -0500] "GET /wp-content/themes/woodmart/js/scripts/wc/updateCartFragmentsFix.js?ver=8.5.1 HTTP/1.1" 200 1666 "https://anempanama.com/" "Mozilla/5.0 (Windows NT 10.0; Win64; x64) AppleWebKit/537.36 (KHTML, like Gecko) Chrome/142.0.7444.163 Safari/537.36"
74.179.67.135 - - [01/Sep/2026:14:16:10 -0500] "GET /wp-includes/js/dist/hooks.min.js?ver=f0f188028580e8dc1255 HTTP/1.1" 200 5107 "https://anempanama.com/" "Mozilla/5.0 (Windows NT 10.0; Win64; x64) AppleWebKit/537.36 (KHTML, like Gecko) Chrome/142.0.7444.163 Safari/537.36"
74.179.67.135 - - [01/Sep/2026:14:16:10 -0500] "GET /wp-includes/js/dist/i18n.min.js?ver=1dfe7db3940c23ea9216 HTTP/1.1" 200 5791 "https://anempanama.com/" "Mozilla/5.0 (Windows NT 10.0; Win64; x64) AppleWebKit/537.36 (KHTML, like Gecko) Chrome/142.0.7444.163 Safari/537.36"
74.179.67.135 - - [01/Sep/2026:14:16:10 -0500] "GET /wp-content/plugins/contact-form-7/includes/swv/js/index.js?ver=6.1.6 HTTP/1.1" 200 12512 "https://anempanama.com/" "Mozilla/5.0 (Windows NT 10.0; Win64; x64) AppleWebKit/537.36 (KHTML, like Gecko) Chrome/142.0.7444.163 Safari/537.36"
74.179.67.135 - - [01/Sep/2026:14:16:10 -0500] "GET /wp-content/plugins/contact-form-7/includes/js/index.js?ver=6.1.6 HTTP/1.1" 200 13452 "https://anempanama.com/" "Mozilla/5.0 (Windows NT 10.0; Win64; x64) AppleWebKit/537.36 (KHTML, like Gecko) Chrome/142.0.7444.163 Safari/537.36"
74.179.67.135 - - [01/Sep/2026:14:16:10 -0500] "GET /wp-content/plugins/woocommerce/assets/js/sourcebuster/sourcebuster.min.js?ver=11.0.1 HTTP/1.1" 200 15315 "https://anempanama.com/" "Mozilla/5.0 (Windows NT 10.0; Win64; x64) AppleWebKit/537.36 (KHTML, like Gecko) Chrome/142.0.7444.163 Safari/537.36"
74.179.67.135 - - [01/Sep/2026:14:16:10 -0500] "GET /wp-content/plugins/woocommerce/assets/js/frontend/order-attribution.min.js?ver=11.0.1 HTTP/1.1" 200 2439 "https://anempanama.com/" "Mozilla/5.0 (Windows NT 10.0; Win64; x64) AppleWebKit/537.36 (KHTML, like Gecko) Chrome/142.0.7444.163 Safari/537.36"
74.179.67.135 - - [01/Sep/2026:14:16:10 -0500] "GET /wp-content/plugins/elementor/assets/js/webpack.runtime.min.js?ver=4.2.2 HTTP/1.1" 200 5819 "https://anempanama.com/" "Mozilla/5.0 (Windows NT 10.0; Win64; x64) AppleWebKit/537.36 (KHTML, like Gecko) Chrome/142.0.7444.163 Safari/537.36"
74.179.67.135 - - [01/Sep/2026:14:16:10 -0500] "GET /wp-content/plugins/elementor/assets/js/frontend-modules.min.js?ver=4.2.2 HTTP/1.1" 200 50602 "https://anempanama.com/" "Mozilla/5.0 (Windows NT 10.0; Win64; x64) AppleWebKit/537.36 (KHTML, like Gecko) Chrome/142.0.7444.163 Safari/537.36"
74.179.67.135 - - [01/Sep/2026:14:16:10 -0500] "GET /wp-includes/js/jquery/ui/core.min.js?ver=1.14.2 HTTP/1.1" 200 18674 "https://anempanama.com/" "Mozilla/5.0 (Windows NT 10.0; Win64; x64) AppleWebKit/537.36 (KHTML, like Gecko) Chrome/142.0.7444.163 Safari/537.36"
74.179.67.135 - - [01/Sep/2026:14:16:10 -0500] "GET /wp-content/plugins/elementor/assets/js/frontend.min.js?ver=4.2.2 HTTP/1.1" 200 32098 "https://anempanama.com/" "Mozilla/5.0 (Windows NT 10.0; Win64; x64) AppleWebKit/537.36 (KHTML, like Gecko) Chrome/142.0.7444.163 Safari/537.36"
74.179.67.135 - - [01/Sep/2026:14:16:10 -0500] "GET /wp-content/plugins/elementor/assets/lib/swiper/v8/swiper.min.js?ver=8.4.5 HTTP/1.1" 200 143709 "https://anempanama.com/" "Mozilla/5.0 (Windows NT 10.0; Win64; x64) AppleWebKit/537.36 (KHTML, like Gecko) Chrome/142.0.7444.163 Safari/537.36"
74.179.67.135 - - [01/Sep/2026:14:16:10 -0500] "GET /wp-content/themes/woodmart/js/scripts/global/helpers.min.js?ver=8.5.1 HTTP/1.1" 200 4644 "https://anempanama.com/" "Mozilla/5.0 (Windows NT 10.0; Win64; x64) AppleWebKit/537.36 (KHTML, like Gecko) Chrome/142.0.7444.163 Safari/537.36"
74.179.67.135 - - [01/Sep/2026:14:16:11 -0500] "GET /wp-content/themes/woodmart/js/scripts/global/elementor-integration.min.js?ver=8.5.1 HTTP/1.1" 200 1843 "https://anempanama.com/" "Mozilla/5.0 (Windows NT 10.0; Win64; x64) AppleWebKit/537.36 (KHTML, like Gecko) Chrome/142.0.7444.163 Safari/537.36"
74.179.67.135 - - [01/Sep/2026:14:16:11 -0500] "GET /wp-content/themes/woodmart/js/scripts/header/headerBuilder.min.js?ver=8.5.1 HTTP/1.1" 200 2565 "https://anempanama.com/" "Mozilla/5.0 (Windows NT 10.0; Win64; x64) AppleWebKit/537.36 (KHTML, like Gecko) Chrome/142.0.7444.163 Safari/537.36"
74.179.67.135 - - [01/Sep/2026:14:16:11 -0500] "GET /wp-content/themes/woodmart/js/scripts/menu/menuOffsets.min.js?ver=8.5.1 HTTP/1.1" 200 3160 "https://anempanama.com/" "Mozilla/5.0 (Windows NT 10.0; Win64; x64) AppleWebKit/537.36 (KHTML, like Gecko) Chrome/142.0.7444.163 Safari/537.36"
74.179.67.135 - - [01/Sep/2026:14:16:11 -0500] "GET /wp-content/themes/woodmart/js/scripts/menu/menuSetUp.min.js?ver=8.5.1 HTTP/1.1" 200 1743 "https://anempanama.com/" "Mozilla/5.0 (Windows NT 10.0; Win64; x64) AppleWebKit/537.36 (KHTML, like Gecko) Chrome/142.0.7444.163 Safari/537.36"
74.179.67.135 - - [01/Sep/2026:14:16:11 -0500] "GET /wp-content/themes/woodmart/js/libs/waypoints.min.js?ver=8.5.1 HTTP/1.1" 200 8788 "https://anempanama.com/" "Mozilla/5.0 (Windows NT 10.0; Win64; x64) AppleWebKit/537.36 (KHTML, like Gecko) Chrome/142.0.7444.163 Safari/537.36"
74.179.67.135 - - [01/Sep/2026:14:16:11 -0500] "GET /wp-content/themes/woodmart/js/scripts/menu/onePageMenu.min.js?ver=8.5.1 HTTP/1.1" 200 1626 "https://anempanama.com/" "Mozilla/5.0 (Windows NT 10.0; Win64; x64) AppleWebKit/537.36 (KHTML, like Gecko) Chrome/142.0.7444.163 Safari/537.36"
74.179.67.135 - - [01/Sep/2026:14:16:11 -0500] "GET /wp-content/themes/woodmart/js/libs/magnific-popup.min.js?ver=8.5.1 HTTP/1.1" 200 21680 "https://anempanama.com/" "Mozilla/5.0 (Windows NT 10.0; Win64; x64) AppleWebKit/537.36 (KHTML, like Gecko) Chrome/142.0.7444.163 Safari/537.36"
74.179.67.135 - - [01/Sep/2026:14:16:11 -0500] "GET /wp-content/themes/woodmart/js/scripts/elements/contentPopup.min.js?ver=8.5.1 HTTP/1.1" 200 1650 "https://anempanama.com/" "Mozilla/5.0 (Windows NT 10.0; Win64; x64) AppleWebKit/537.36 (KHTML, like Gecko) Chrome/142.0.7444.163 Safari/537.36"
74.179.67.135 - - [01/Sep/2026:14:16:11 -0500] "GET /wp-content/themes/woodmart/js/libs/photoswipe-bundle.min.js?ver=8.5.1 HTTP/1.1" 200 38875 "https://anempanama.com/" "Mozilla/5.0 (Windows NT 10.0; Win64; x64) AppleWebKit/537.36 (KHTML, like Gecko) Chrome/142.0.7444.163 Safari/537.36"
74.179.67.135 - - [01/Sep/2026:14:16:11 -0500] "GET /wp-content/themes/woodmart/js/scripts/global/photoswipeImages.min.js?ver=8.5.1 HTTP/1.1" 200 709 "https://anempanama.com/" "Mozilla/5.0 (Windows NT 10.0; Win64; x64) AppleWebKit/537.36 (KHTML, like Gecko) Chrome/142.0.7444.163 Safari/537.36"
74.179.67.135 - - [01/Sep/2026:14:16:11 -0500] "GET /wp-content/themes/woodmart/js/scripts/global/callPhotoSwipe.min.js?ver=8.5.1 HTTP/1.1" 200 1186 "https://anempanama.com/" "Mozilla/5.0 (Windows NT 10.0; Win64; x64) AppleWebKit/537.36 (KHTML, like Gecko) Chrome/142.0.7444.163 Safari/537.36"
74.179.67.135 - - [01/Sep/2026:14:16:11 -0500] "GET /wp-includes/js/imagesloaded.min.js?ver=5.0.0 HTTP/1.1" 200 5520 "https://anempanama.com/" "Mozilla/5.0 (Windows NT 10.0; Win64; x64) AppleWebKit/537.36 (KHTML, like Gecko) Chrome/142.0.7444.163 Safari/537.36"
74.179.67.135 - - [01/Sep/2026:14:16:11 -0500] "GET /wp-content/themes/woodmart/js/scripts/global/swiperInit.min.js?ver=8.5.1 HTTP/1.1" 200 8047 "https://anempanama.com/" "Mozilla/5.0 (Windows NT 10.0; Win64; x64) AppleWebKit/537.36 (KHTML, like Gecko) Chrome/142.0.7444.163 Safari/537.36"
74.179.67.135 - - [01/Sep/2026:14:16:11 -0500] "GET /wp-content/themes/woodmart/js/scripts/global/widgetCollapse.min.js?ver=8.5.1 HTTP/1.1" 200 967 "https://anempanama.com/" "Mozilla/5.0 (Windows NT 10.0; Win64; x64) AppleWebKit/537.36 (KHTML, like Gecko) Chrome/142.0.7444.163 Safari/537.36"
74.179.67.135 - - [01/Sep/2026:14:16:11 -0500] "GET /wp-content/themes/woodmart/js/libs/swiper.min.js?ver=8.5.1 HTTP/1.1" 200 107891 "https://anempanama.com/" "Mozilla/5.0 (Windows NT 10.0; Win64; x64) AppleWebKit/537.36 (KHTML, like Gecko) Chrome/142.0.7444.163 Safari/537.36"
74.179.67.135 - - [01/Sep/2026:14:16:11 -0500] "GET /wp-content/themes/woodmart/js/scripts/menu/mobileNavigation.min.js?ver=8.5.1 HTTP/1.1" 200 7332 "https://anempanama.com/" "Mozilla/5.0 (Windows NT 10.0; Win64; x64) AppleWebKit/537.36 (KHTML, like Gecko) Chrome/142.0.7444.163 Safari/537.36"
74.179.67.135 - - [01/Sep/2026:14:16:11 -0500] "GET /wp-content/themes/woodmart/js/scripts/global/scrollTop.min.js?ver=8.5.1 HTTP/1.1" 200 362 "https://anempanama.com/" "Mozilla/5.0 (Windows NT 10.0; Win64; x64) AppleWebKit/537.36 (KHTML, like Gecko) Chrome/142.0.7444.163 Safari/537.36"
74.179.67.135 - - [01/Sep/2026:14:16:12 -0500] "GET /wp-content/plugins/woocommerce/assets/js/jquery-blockui/jquery.blockUI.min.js?ver=2.7.0-wc.11.0.1 HTTP/1.1" 200 9636 "https://anempanama.com/" "Mozilla/5.0 (Windows NT 10.0; Win64; x64) AppleWebKit/537.36 (KHTML, like Gecko) Chrome/142.0.7444.163 Safari/537.36"
74.179.67.135 - - [01/Sep/2026:14:16:12 -0500] "GET /wp-content/plugins/woocommerce/assets/js/js-cookie/js.cookie.min.js?ver=2.1.4-wc.11.0.1 HTTP/1.1" 200 1720 "https://anempanama.com/" "Mozilla/5.0 (Windows NT 10.0; Win64; x64) AppleWebKit/537.36 (KHTML, like Gecko) Chrome/142.0.7444.163 Safari/537.36"
74.179.67.135 - - [01/Sep/2026:14:16:12 -0500] "GET /wp-content/plugins/woocommerce/assets/js/frontend/add-to-cart.min.js?ver=11.0.1 HTTP/1.1" 200 4350 "https://anempanama.com/" "Mozilla/5.0 (Windows NT 10.0; Win64; x64) AppleWebKit/537.36 (KHTML, like Gecko) Chrome/142.0.7444.163 Safari/537.36"
74.179.67.135 - - [01/Sep/2026:14:16:12 -0500] "GET /wp-content/plugins/woocommerce/assets/js/frontend/woocommerce.min.js?ver=11.0.1 HTTP/1.1" 200 4270 "https://anempanama.com/" "Mozilla/5.0 (Windows NT 10.0; Win64; x64) AppleWebKit/537.36 (KHTML, like Gecko) Chrome/142.0.7444.163 Safari/537.36"
74.179.67.135 - - [01/Sep/2026:14:16:12 -0500] "GET /wp-content/uploads/2026/07/Anem_Gallery_05.jpg HTTP/1.1" 200 459069 "https://anempanama.com/" "Mozilla/5.0 (Windows NT 10.0; Win64; x64) AppleWebKit/537.36 (KHTML, like Gecko) Chrome/142.0.7444.163 Safari/537.36"
74.179.67.135 - - [01/Sep/2026:14:16:12 -0500] "GET /wp-content/uploads/2026/07/Anem_Empresas_Afiliada_13.png HTTP/1.1" 200 13705 "https://anempanama.com/" "Mozilla/5.0 (Windows NT 10.0; Win64; x64) AppleWebKit/537.36 (KHTML, like Gecko) Chrome/142.0.7444.163 Safari/537.36"
74.179.67.135 - - [01/Sep/2026:14:16:12 -0500] "GET /wp-content/uploads/2026/07/Anem_Empresas_Afiliada_14.png HTTP/1.1" 200 53176 "https://anempanama.com/" "Mozilla/5.0 (Windows NT 10.0; Win64; x64) AppleWebKit/537.36 (KHTML, like Gecko) Chrome/142.0.7444.163 Safari/537.36"
74.179.67.135 - - [01/Sep/2026:14:16:12 -0500] "GET /wp-content/uploads/2026/07/Anem_Empresas_Afiliada_12.png HTTP/1.1" 200 61406 "https://anempanama.com/" "Mozilla/5.0 (Windows NT 10.0; Win64; x64) AppleWebKit/537.36 (KHTML, like Gecko) Chrome/142.0.7444.163 Safari/537.36"
74.179.67.135 - - [01/Sep/2026:14:16:12 -0500] "GET /wp-content/uploads/2026/07/Anem_Empresas_Afiliada_11.png HTTP/1.1" 200 50519 "https://anempanama.com/" "Mozilla/5.0 (Windows NT 10.0; Win64; x64) AppleWebKit/537.36 (KHTML, like Gecko) Chrome/142.0.7444.163 Safari/537.36"
74.179.67.135 - - [01/Sep/2026:14:16:12 -0500] "GET /wp-content/uploads/2026/07/Banner_Home_ANEM_II.png HTTP/1.1" 200 712858 "https://anempanama.com/" "Mozilla/5.0 (Windows NT 10.0; Win64; x64) AppleWebKit/537.36 (KHTML, like Gecko) Chrome/142.0.7444.163 Safari/537.36"
74.179.67.135 - - [01/Sep/2026:14:16:13 -0500] "GET /wp-content/uploads/2026/07/Anem_Empresas_Afiliada_10.png HTTP/1.1" 200 16850 "https://anempanama.com/" "Mozilla/5.0 (Windows NT 10.0; Win64; x64) AppleWebKit/537.36 (KHTML, like Gecko) Chrome/142.0.7444.163 Safari/537.36"
74.179.67.135 - - [01/Sep/2026:14:16:13 -0500] "GET /wp-content/uploads/2026/07/Anem_Empresas_Afiliada_09.png HTTP/1.1" 200 33648 "https://anempanama.com/" "Mozilla/5.0 (Windows NT 10.0; Win64; x64) AppleWebKit/537.36 (KHTML, like Gecko) Chrome/142.0.7444.163 Safari/537.36"
74.179.67.135 - - [01/Sep/2026:14:16:13 -0500] "GET /wp-content/uploads/2026/07/Anem_Empresas_Afiliada_08.png HTTP/1.1" 200 36815 "https://anempanama.com/" "Mozilla/5.0 (Windows NT 10.0; Win64; x64) AppleWebKit/537.36 (KHTML, like Gecko) Chrome/142.0.7444.163 Safari/537.36"
74.179.67.135 - - [01/Sep/2026:14:16:14 -0500] "GET /wp-content/uploads/2026/07/Anem_Empresas_Afiliada_07.png HTTP/1.1" 200 26039 "https://anempanama.com/" "Mozilla/5.0 (Windows NT 10.0; Win64; x64) AppleWebKit/537.36 (KHTML, like Gecko) Chrome/142.0.7444.163 Safari/537.36"
74.179.67.135 - - [01/Sep/2026:14:16:14 -0500] "GET /wp-content/uploads/2026/07/Anem_Empresas_Afiliada_06.png HTTP/1.1" 200 19778 "https://anempanama.com/" "Mozilla/5.0 (Windows NT 10.0; Win64; x64) AppleWebKit/537.36 (KHTML, like Gecko) Chrome/142.0.7444.163 Safari/537.36"
74.179.67.135 - - [01/Sep/2026:14:16:14 -0500] "GET /wp-content/uploads/2026/07/Anem_Empresas_Afiliada_05.png HTTP/1.1" 200 23411 "https://anempanama.com/" "Mozilla/5.0 (Windows NT 10.0; Win64; x64) AppleWebKit/537.36 (KHTML, like Gecko) Chrome/142.0.7444.163 Safari/537.36"
74.179.67.135 - - [01/Sep/2026:14:16:14 -0500] "GET /wp-content/uploads/2026/07/Anem_Empresas_Afiliada_04.png HTTP/1.1" 200 27699 "https://anempanama.com/" "Mozilla/5.0 (Windows NT 10.0; Win64; x64) AppleWebKit/537.36 (KHTML, like Gecko) Chrome/142.0.7444.163 Safari/537.36"
74.179.67.135 - - [01/Sep/2026:14:16:14 -0500] "GET /wp-content/uploads/2026/07/Anem_Empresas_Afiliada_02.png HTTP/1.1" 200 27004 "https://anempanama.com/" "Mozilla/5.0 (Windows NT 10.0; Win64; x64) AppleWebKit/537.36 (KHTML, like Gecko) Chrome/142.0.7444.163 Safari/537.36"
74.179.67.135 - - [01/Sep/2026:14:16:14 -0500] "GET /wp-content/uploads/2026/07/Anem_Empresas_Afiliada_03.png HTTP/1.1" 200 24884 "https://anempanama.com/" "Mozilla/5.0 (Windows NT 10.0; Win64; x64) AppleWebKit/537.36 (KHTML, like Gecko) Chrome/142.0.7444.163 Safari/537.36"
74.179.67.135 - - [01/Sep/2026:14:16:14 -0500] "GET /wp-content/uploads/2026/07/Anem_Empresas_Afiliada_01.png HTTP/1.1" 200 29111 "https://anempanama.com/" "Mozilla/5.0 (Windows NT 10.0; Win64; x64) AppleWebKit/537.36 (KHTML, like Gecko) Chrome/142.0.7444.163 Safari/537.36"
74.179.67.135 - - [01/Sep/2026:14:16:14 -0500] "GET /wp-content/uploads/2026/08/Logo_Eco_Septic_ANEM.png HTTP/1.1" 200 66230 "https://anempanama.com/" "Mozilla/5.0 (Windows NT 10.0; Win64; x64) AppleWebKit/537.36 (KHTML, like Gecko) Chrome/142.0.7444.163 Safari/537.36"
74.179.67.135 - - [01/Sep/2026:14:16:14 -0500] "GET /wp-content/uploads/2026/08/Logo_Bano_Portatil_ANEM.png HTTP/1.1" 200 99207 "https://anempanama.com/" "Mozilla/5.0 (Windows NT 10.0; Win64; x64) AppleWebKit/537.36 (KHTML, like Gecko) Chrome/142.0.7444.163 Safari/537.36"
74.179.67.135 - - [01/Sep/2026:14:16:14 -0500] "GET /wp-content/plugins/elementor/assets/js/shared-frontend-handlers.03caa53373b56d3bab67.bundle.min.js HTTP/1.1" 200 8481 "https://anempanama.com/" "Mozilla/5.0 (Windows NT 10.0; Win64; x64) AppleWebKit/537.36 (KHTML, like Gecko) Chrome/142.0.7444.163 Safari/537.36"
74.179.67.135 - - [01/Sep/2026:14:16:14 -0500] "GET /wp-content/plugins/elementor/assets/js/nested-accordion.294d40984397351fd0f5.bundle.min.js HTTP/1.1" 200 9761 "https://anempanama.com/" "Mozilla/5.0 (Windows NT 10.0; Win64; x64) AppleWebKit/537.36 (KHTML, like Gecko) Chrome/142.0.7444.163 Safari/537.36"
74.179.67.135 - - [01/Sep/2026:14:16:14 -0500] "GET /wp-content/plugins/elementor/assets/js/image-carousel.6167d20b95b33386757b.bundle.min.js HTTP/1.1" 200 408 "https://anempanama.com/" "Mozilla/5.0 (Windows NT 10.0; Win64; x64) AppleWebKit/537.36 (KHTML, like Gecko) Chrome/142.0.7444.163 Safari/537.36"
74.179.67.135 - - [01/Sep/2026:14:16:14 -0500] "GET /wp-content/plugins/elementor/assets/js/text-editor.45609661e409413f1cef.bundle.min.js HTTP/1.1" 200 1348 "https://anempanama.com/" "Mozilla/5.0 (Windows NT 10.0; Win64; x64) AppleWebKit/537.36 (KHTML, like Gecko) Chrome/142.0.7444.163 Safari/537.36"
74.179.67.135 - - [01/Sep/2026:14:16:15 -0500] "GET /wp-content/uploads/elementor/css/base-mobile.css?ver=6a91fef1d41a2 HTTP/1.1" 200 87 "https://anempanama.com/" "Mozilla/5.0 (Windows NT 10.0; Win64; x64) AppleWebKit/537.36 (KHTML, like Gecko) Chrome/142.0.7444.163 Safari/537.36"
74.179.67.135 - - [01/Sep/2026:14:16:15 -0500] "GET /wp-content/uploads/elementor/css/local-7594-frontend-mobile.css?ver=6a92003520854 HTTP/1.1" 200 378 "https://anempanama.com/" "Mozilla/5.0 (Windows NT 10.0; Win64; x64) AppleWebKit/537.36 (KHTML, like Gecko) Chrome/142.0.7444.163 Safari/537.36"
91.98.185.79 - - [01/Sep/2026:14:16:11 -0500] "GET /categoria-producto/furniture/?stock_status=instock&per_page=24&filter_color=blue,brown HTTP/1.1" 200 181244 "-" "Mozilla/5.0 (compatible; SERankingBacklinksBot/1.0; +https://seranking.com/backlinks-crawler)"
74.179.67.135 - - [01/Sep/2026:14:16:12 -0500] "GET /wp-json/contact-form-7/v1/contact-forms/14/feedback/schema HTTP/1.1" 200 1347 "https://anempanama.com/" "Mozilla/5.0 (Windows NT 10.0; Win64; x64) AppleWebKit/537.36 (KHTML, like Gecko) Chrome/142.0.7444.163 Safari/537.36"
74.179.67.135 - - [01/Sep/2026:14:16:12 -0500] "GET /wp-json/contact-form-7/v1/contact-forms/1572/feedback/schema HTTP/1.1" 200 1286 "https://anempanama.com/" "Mozilla/5.0 (Windows NT 10.0; Win64; x64) AppleWebKit/537.36 (KHTML, like Gecko) Chrome/142.0.7444.163 Safari/537.36"
74.179.67.135 - - [01/Sep/2026:14:16:12 -0500] "GET /wp-json/contact-form-7/v1/contact-forms/4387/feedback/schema HTTP/1.1" 200 227 "https://anempanama.com/" "Mozilla/5.0 (Windows NT 10.0; Win64; x64) AppleWebKit/537.36 (KHTML, like Gecko) Chrome/142.0.7444.163 Safari/537.36"
74.179.67.135 - - [01/Sep/2026:14:16:17 -0500] "GET /wp-content/uploads/2026/06/cropped-Favicon_ANEM-32x32.png HTTP/1.1" 200 1776 "https://anempanama.com/" "Mozilla/5.0 (Windows NT 10.0; Win64; x64) AppleWebKit/537.36 (KHTML, like Gecko) Chrome/142.0.7444.163 Safari/537.36"
91.98.185.79 - - [01/Sep/2026:14:16:18 -0500] "GET /categoria-producto/accessories/?per_row=2&shop_view=grid&filter_color=black,blue,brown HTTP/1.1" 200 166063 "-" "Mozilla/5.0 (compatible; SERankingBacklinksBot/1.0; +https://seranking.com/backlinks-crawler)"
91.98.185.79 - - [01/Sep/2026:14:16:24 -0500] "GET /categoria-producto/furniture/?stock_status=instock&per_page=9&filter_color=beige,black HTTP/1.1" 200 178365 "-" "Mozilla/5.0 (compatible; SERankingBacklinksBot/1.0; +https://seranking.com/backlinks-crawler)"
91.98.185.79 - - [01/Sep/2026:14:16:31 -0500] "GET /categoria-producto/accessories/?per_row=3&shop_view=grid&filter_color=beige,black,blue HTTP/1.1" 200 166063 "-" "Mozilla/5.0 (compatible; SERankingBacklinksBot/1.0; +https://seranking.com/backlinks-crawler)"
91.98.185.79 - - [01/Sep/2026:14:16:37 -0500] "GET /categoria-producto/furniture/?stock_status=instock&per_page=9&filter_color=beige,brown HTTP/1.1" 200 178365 "-" "Mozilla/5.0 (compatible; SERankingBacklinksBot/1.0; +https://seranking.com/backlinks-crawler)"
91.98.185.79 - - [01/Sep/2026:14:16:43 -0500] "GET /categoria-producto/accessories/?per_row=3&shop_view=grid&filter_color=beige,blue,brown HTTP/1.1" 200 170286 "-" "Mozilla/5.0 (compatible; SERankingBacklinksBot/1.0; +https://seranking.com/backlinks-crawler)"
186.33.9.117 - - [01/Sep/2026:14:16:49 -0500] "HEAD / HTTP/1.1" 200 - "-" "Mozilla/5.0 (Linux; Android 10; K) AppleWebKit/537.36 (KHTML, like Gecko) Chrome/151.0.0.0 Mobile Safari/537.36"
190.32.218.223 - - [01/Sep/2026:14:16:51 -0500] "GET /wp-content/uploads/2026/08/Shirley_Guitierrez_ANEM.png HTTP/1.1" 200 135842 "https://anempanama.com/" "Mozilla/5.0 (Linux; Android 10; K) AppleWebKit/537.36 (KHTML, like Gecko) SamsungBrowser/30.0 Chrome/143.0.0.0 Mobile Safari/537.36"
186.33.9.117 - - [01/Sep/2026:14:16:51 -0500] "GET /wp-content/plugins/elementor/assets/css/widget-nested-accordion.min.css?ver=4.1.4 HTTP/1.1" 200 5206 "-" "Mozilla/5.0 (Linux; Android 10; K) AppleWebKit/537.36 (KHTML, like Gecko) Chrome/151.0.0.0 Mobile Safari/537.36"
186.33.9.117 - - [01/Sep/2026:14:16:51 -0500] "GET /wp-content/uploads/elementor/css/post-7.css?ver=1784315927 HTTP/1.1" 200 1111 "-" "Mozilla/5.0 (Linux; Android 10; K) AppleWebKit/537.36 (KHTML, like Gecko) Chrome/151.0.0.0 Mobile Safari/537.36"
186.33.9.117 - - [01/Sep/2026:14:16:52 -0500] "GET /wp-content/plugins/elementor/assets/css/conditionals/e-swiper.min.css?ver=4.1.4 HTTP/1.1" 200 5486 "-" "Mozilla/5.0 (Linux; Android 10; K) AppleWebKit/537.36 (KHTML, like Gecko) Chrome/151.0.0.0 Mobile Safari/537.36"
186.33.9.117 - - [01/Sep/2026:14:16:52 -0500] "GET /wp-content/plugins/elementor/assets/lib/swiper/v8/css/swiper.min.css?ver=8.4.5 HTTP/1.1" 200 16471 "-" "Mozilla/5.0 (Linux; Android 10; K) AppleWebKit/537.36 (KHTML, like Gecko) Chrome/151.0.0.0 Mobile Safari/537.36"
186.33.9.117 - - [01/Sep/2026:14:16:51 -0500] "GET /wp-content/uploads/elementor/css/custom-frontend.min.css?ver=1784315927 HTTP/1.1" 200 54819 "-" "Mozilla/5.0 (Linux; Android 10; K) AppleWebKit/537.36 (KHTML, like Gecko) Chrome/151.0.0.0 Mobile Safari/537.36"
186.33.9.117 - - [01/Sep/2026:14:16:52 -0500] "GET /wp-content/plugins/elementor/assets/css/widget-image-carousel.min.css?ver=4.1.4 HTTP/1.1" 200 342 "-" "Mozilla/5.0 (Linux; Android 10; K) AppleWebKit/537.36 (KHTML, like Gecko) Chrome/151.0.0.0 Mobile Safari/537.36"
190.32.218.223 - - [01/Sep/2026:14:16:51 -0500] "GET /wp-content/uploads/2026/08/Victor_Cesar_ANEM.png HTTP/1.1" 200 89890 "https://anempanama.com/" "Mozilla/5.0 (Linux; Android 10; K) AppleWebKit/537.36 (KHTML, like Gecko) SamsungBrowser/30.0 Chrome/143.0.0.0 Mobile Safari/537.36"
186.33.9.117 - - [01/Sep/2026:14:16:52 -0500] "GET /wp-content/uploads/elementor/css/post-7594.css?ver=1784315946 HTTP/1.1" 200 25447 "-" "Mozilla/5.0 (Linux; Android 10; K) AppleWebKit/537.36 (KHTML, like Gecko) Chrome/151.0.0.0 Mobile Safari/537.36"
190.32.218.223 - - [01/Sep/2026:14:16:52 -0500] "GET /wp-content/uploads/2026/08/Gilberto_Herrera_ANEM.png HTTP/1.1" 200 157156 "https://anempanama.com/" "Mozilla/5.0 (Linux; Android 10; K) AppleWebKit/537.36 (KHTML, like Gecko) SamsungBrowser/30.0 Chrome/143.0.0.0 Mobile Safari/537.36"
186.33.9.117 - - [01/Sep/2026:14:16:52 -0500] "GET /wp-content/uploads/elementor/css/local-7594-frontend-desktop.css?ver=6a5a802a9d283 HTTP/1.1" 200 596 "-" "Mozilla/5.0 (Linux; Android 10; K) AppleWebKit/537.36 (KHTML, like Gecko) Chrome/151.0.0.0 Mobile Safari/537.36"
186.33.9.117 - - [01/Sep/2026:14:16:52 -0500] "GET /wp-content/uploads/elementor/css/base-desktop.css?ver=6a5a802a9acf3 HTTP/1.1" 200 1975 "-" "Mozilla/5.0 (Linux; Android 10; K) AppleWebKit/537.36 (KHTML, like Gecko) Chrome/151.0.0.0 Mobile Safari/537.36"
91.98.185.79 - - [01/Sep/2026:14:16:49 -0500] "GET /categoria-producto/furniture/?stock_status=instock&per_page=9&filter_color=black,brown HTTP/1.1" 200 178365 "-" "Mozilla/5.0 (compatible; SERankingBacklinksBot/1.0; +https://seranking.com/backlinks-crawler)"
186.33.9.117 - - [01/Sep/2026:14:16:52 -0500] "GET /wp-content/themes/woodmart/css/parts/base.css?ver=8.5.1 HTTP/1.1" 200 32754 "-" "Mozilla/5.0 (Linux; Android 10; K) AppleWebKit/537.36 (KHTML, like Gecko) Chrome/151.0.0.0 Mobile Safari/537.36"
186.33.9.117 - - [01/Sep/2026:14:16:54 -0500] "GET /wp-content/plugins/elementor/assets/css/widget-nested-accordion.min.css?ver=4.2.2 HTTP/1.1" 200 5206 "https://anempanama.com/" "Mozilla/5.0 (Linux; Android 10; K) AppleWebKit/537.36 (KHTML, like Gecko) Chrome/151.0.0.0 Mobile Safari/537.36"
186.33.9.117 - - [01/Sep/2026:14:16:54 -0500] "GET /wp-content/uploads/elementor/css/custom-frontend.min.css?ver=1787952880 HTTP/1.1" 200 54819 "https://anempanama.com/" "Mozilla/5.0 (Linux; Android 10; K) AppleWebKit/537.36 (KHTML, like Gecko) Chrome/151.0.0.0 Mobile Safari/537.36"
186.33.9.117 - - [01/Sep/2026:14:16:54 -0500] "GET /wp-content/uploads/elementor/css/post-7.css?ver=1787952881 HTTP/1.1" 200 1111 "https://anempanama.com/" "Mozilla/5.0 (Linux; Android 10; K) AppleWebKit/537.36 (KHTML, like Gecko) Chrome/151.0.0.0 Mobile Safari/537.36"
186.33.9.117 - - [01/Sep/2026:14:16:54 -0500] "GET /wp-content/plugins/elementor/assets/css/widget-image-carousel.min.css?ver=4.2.2 HTTP/1.1" 200 342 "https://anempanama.com/" "Mozilla/5.0 (Linux; Android 10; K) AppleWebKit/537.36 (KHTML, like Gecko) Chrome/151.0.0.0 Mobile Safari/537.36"
186.33.9.117 - - [01/Sep/2026:14:16:54 -0500] "GET /wp-content/plugins/elementor/assets/css/conditionals/e-swiper.min.css?ver=4.2.2 HTTP/1.1" 200 5486 "https://anempanama.com/" "Mozilla/5.0 (Linux; Android 10; K) AppleWebKit/537.36 (KHTML, like Gecko) Chrome/151.0.0.0 Mobile Safari/537.36"
186.33.9.117 - - [01/Sep/2026:14:16:55 -0500] "GET /wp-content/uploads/elementor/css/post-7594.css?ver=1787953205 HTTP/1.1" 200 25447 "https://anempanama.com/" "Mozilla/5.0 (Linux; Android 10; K) AppleWebKit/537.36 (KHTML, like Gecko) Chrome/151.0.0.0 Mobile Safari/537.36"
186.33.9.117 - - [01/Sep/2026:14:16:55 -0500] "GET /wp-content/uploads/elementor/css/base-desktop.css?ver=6a91fef1d41a2 HTTP/1.1" 200 1975 "https://anempanama.com/" "Mozilla/5.0 (Linux; Android 10; K) AppleWebKit/537.36 (KHTML, like Gecko) Chrome/151.0.0.0 Mobile Safari/537.36"
186.33.9.117 - - [01/Sep/2026:14:16:55 -0500] "GET /wp-content/uploads/elementor/css/local-7594-frontend-desktop.css?ver=6a92003520854 HTTP/1.1" 200 596 "https://anempanama.com/" "Mozilla/5.0 (Linux; Android 10; K) AppleWebKit/537.36 (KHTML, like Gecko) Chrome/151.0.0.0 Mobile Safari/537.36"
186.33.9.117 - - [01/Sep/2026:14:16:55 -0500] "GET /wp-content/uploads/elementor/css/base-mobile.css?ver=6a91fef1d41a2 HTTP/1.1" 200 87 "https://anempanama.com/" "Mozilla/5.0 (Linux; Android 10; K) AppleWebKit/537.36 (KHTML, like Gecko) Chrome/151.0.0.0 Mobile Safari/537.36"
186.33.9.117 - - [01/Sep/2026:14:16:55 -0500] "GET /wp-content/themes/woodmart/css/parts/header-opt-overlap.css?ver=8.5.1 HTTP/1.1" 200 798 "https://anempanama.com/" "Mozilla/5.0 (Linux; Android 10; K) AppleWebKit/537.36 (KHTML, like Gecko) Chrome/151.0.0.0 Mobile Safari/537.36"
186.33.9.117 - - [01/Sep/2026:14:16:55 -0500] "GET /wp-content/uploads/elementor/css/local-7594-frontend-mobile.css?ver=6a92003520854 HTTP/1.1" 200 378 "https://anempanama.com/" "Mozilla/5.0 (Linux; Android 10; K) AppleWebKit/537.36 (KHTML, like Gecko) Chrome/151.0.0.0 Mobile Safari/537.36"
186.33.9.117 - - [01/Sep/2026:14:16:51 -0500] "GET / HTTP/1.1" 200 230479 "-" "Mozilla/5.0 (Linux; Android 10; K) AppleWebKit/537.36 (KHTML, like Gecko) Chrome/151.0.0.0 Mobile Safari/537.36"
186.33.9.117 - - [01/Sep/2026:14:16:55 -0500] "GET /wp-includes/js/jquery/jquery-migrate.min.js?ver=3.4.1 HTTP/1.1" 200 13577 "https://anempanama.com/" "Mozilla/5.0 (Linux; Android 10; K) AppleWebKit/537.36 (KHTML, like Gecko) Chrome/151.0.0.0 Mobile Safari/537.36"
186.33.9.117 - - [01/Sep/2026:14:16:55 -0500] "GET /wp-content/themes/woodmart/js/scripts/global/scrollBar.min.js?ver=8.5.1 HTTP/1.1" 200 540 "https://anempanama.com/" "Mozilla/5.0 (Linux; Android 10; K) AppleWebKit/537.36 (KHTML, like Gecko) Chrome/151.0.0.0 Mobile Safari/537.36"
186.33.9.117 - - [01/Sep/2026:14:16:55 -0500] "GET /wp-content/themes/woodmart/css/parts/header-el-logo-opt-swap.css?ver=8.5.1 HTTP/1.1" 200 222 "https://anempanama.com/" "Mozilla/5.0 (Linux; Android 10; K) AppleWebKit/537.36 (KHTML, like Gecko) Chrome/151.0.0.0 Mobile Safari/537.36"
186.33.9.117 - - [01/Sep/2026:14:16:55 -0500] "GET /wp-includes/js/jquery/jquery.min.js?ver=3.7.1 HTTP/1.1" 200 87553 "https://anempanama.com/" "Mozilla/5.0 (Linux; Android 10; K) AppleWebKit/537.36 (KHTML, like Gecko) Chrome/151.0.0.0 Mobile Safari/537.36"
186.33.9.117 - - [01/Sep/2026:14:16:55 -0500] "GET /wp-content/uploads/2026/06/Logo_ANEM.png HTTP/1.1" 200 223783 "https://anempanama.com/" "Mozilla/5.0 (Linux; Android 10; K) AppleWebKit/537.36 (KHTML, like Gecko) Chrome/151.0.0.0 Mobile Safari/537.36"
186.33.9.117 - - [01/Sep/2026:14:16:55 -0500] "GET /wp-content/uploads/elementor/css/post-7601.css?ver=1787952882 HTTP/1.1" 200 258 "https://anempanama.com/" "Mozilla/5.0 (Linux; Android 10; K) AppleWebKit/537.36 (KHTML, like Gecko) Chrome/151.0.0.0 Mobile Safari/537.36"
