190.14.192.194 - - [01/Sep/2026:14:23:30 -0500] "GET /wp-content/themes/woodmart/js/scripts/menu/onePageMenu.min.js?ver=8.5.1 HTTP/1.1" 200 1626 "https://anempanama.com/" "Mozilla/5.0 (Windows NT 10.0; Win64; x64) AppleWebKit/537.36 (KHTML, like Gecko) Chrome/151.0.0.0 Safari/537.36"
190.14.192.194 - - [01/Sep/2026:14:23:30 -0500] "GET /wp-content/themes/woodmart/js/libs/magnific-popup.min.js?ver=8.5.1 HTTP/1.1" 200 21680 "https://anempanama.com/" "Mozilla/5.0 (Windows NT 10.0; Win64; x64) AppleWebKit/537.36 (KHTML, like Gecko) Chrome/151.0.0.0 Safari/537.36"
190.14.192.194 - - [01/Sep/2026:14:23:30 -0500] "GET /wp-content/themes/woodmart/js/scripts/elements/contentPopup.min.js?ver=8.5.1 HTTP/1.1" 200 1650 "https://anempanama.com/" "Mozilla/5.0 (Windows NT 10.0; Win64; x64) AppleWebKit/537.36 (KHTML, like Gecko) Chrome/151.0.0.0 Safari/537.36"
190.14.192.194 - - [01/Sep/2026:14:23:30 -0500] "GET /wp-content/themes/woodmart/js/libs/photoswipe-bundle.min.js?ver=8.5.1 HTTP/1.1" 200 38875 "https://anempanama.com/" "Mozilla/5.0 (Windows NT 10.0; Win64; x64) AppleWebKit/537.36 (KHTML, like Gecko) Chrome/151.0.0.0 Safari/537.36"
190.14.192.194 - - [01/Sep/2026:14:23:31 -0500] "GET /wp-content/themes/woodmart/js/scripts/global/photoswipeImages.min.js?ver=8.5.1 HTTP/1.1" 200 709 "https://anempanama.com/" "Mozilla/5.0 (Windows NT 10.0; Win64; x64) AppleWebKit/537.36 (KHTML, like Gecko) Chrome/151.0.0.0 Safari/537.36"
190.14.192.194 - - [01/Sep/2026:14:23:31 -0500] "GET /wp-content/themes/woodmart/js/scripts/global/callPhotoSwipe.min.js?ver=8.5.1 HTTP/1.1" 200 1186 "https://anempanama.com/" "Mozilla/5.0 (Windows NT 10.0; Win64; x64) AppleWebKit/537.36 (KHTML, like Gecko) Chrome/151.0.0.0 Safari/537.36"
190.14.192.194 - - [01/Sep/2026:14:23:31 -0500] "GET /wp-content/themes/woodmart/js/libs/swiper.min.js?ver=8.5.1 HTTP/1.1" 200 107891 "https://anempanama.com/" "Mozilla/5.0 (Windows NT 10.0; Win64; x64) AppleWebKit/537.36 (KHTML, like Gecko) Chrome/151.0.0.0 Safari/537.36"
190.14.192.194 - - [01/Sep/2026:14:23:25 -0500] "GET /wp-content/themes/woodmart/css/parts/opt-scrolltotop.css?ver=8.5.1 HTTP/1.1" 200 789 "https://anempanama.com/" "Mozilla/5.0 (Windows NT 10.0; Win64; x64) AppleWebKit/537.36 (KHTML, like Gecko) Chrome/151.0.0.0 Safari/537.36"
190.14.192.194 - - [01/Sep/2026:14:23:32 -0500] "GET /wp-content/themes/woodmart/css/parts/mod-notices-general.css?ver=8.5.1 HTTP/1.1" 200 5715 "https://anempanama.com/" "Mozilla/5.0 (Windows NT 10.0; Win64; x64) AppleWebKit/537.36 (KHTML, like Gecko) Chrome/151.0.0.0 Safari/537.36"
190.14.192.194 - - [01/Sep/2026:14:23:32 -0500] "GET /wp-content/themes/woodmart/fonts/woodmart-font-1-400.woff2?v=8.5.1 HTTP/1.1" 200 11972 "https://anempanama.com/" "Mozilla/5.0 (Windows NT 10.0; Win64; x64) AppleWebKit/537.36 (KHTML, like Gecko) Chrome/151.0.0.0 Safari/537.36"
190.14.192.194 - - [01/Sep/2026:14:23:32 -0500] "GET /wp-content/uploads/2021/10/real-estate-bg-top.svg HTTP/1.1" 200 819 "https://anempanama.com/wp-content/uploads/elementor/css/post-7594.css?ver=1787953205" "Mozilla/5.0 (Windows NT 10.0; Win64; x64) AppleWebKit/537.36 (KHTML, like Gecko) Chrome/151.0.0.0 Safari/537.36"
190.14.192.194 - - [01/Sep/2026:14:23:32 -0500] "GET /wp-content/themes/woodmart/js/scripts/global/swiperInit.min.js?ver=8.5.1 HTTP/1.1" 200 8047 "https://anempanama.com/" "Mozilla/5.0 (Windows NT 10.0; Win64; x64) AppleWebKit/537.36 (KHTML, like Gecko) Chrome/151.0.0.0 Safari/537.36"
190.14.192.194 - - [01/Sep/2026:14:23:32 -0500] "GET /wp-includes/js/imagesloaded.min.js?ver=5.0.0 HTTP/1.1" 200 5520 "https://anempanama.com/" "Mozilla/5.0 (Windows NT 10.0; Win64; x64) AppleWebKit/537.36 (KHTML, like Gecko) Chrome/151.0.0.0 Safari/537.36"
190.14.192.194 - - [01/Sep/2026:14:23:32 -0500] "GET /wp-content/themes/woodmart/js/scripts/global/widgetCollapse.min.js?ver=8.5.1 HTTP/1.1" 200 967 "https://anempanama.com/" "Mozilla/5.0 (Windows NT 10.0; Win64; x64) AppleWebKit/537.36 (KHTML, like Gecko) Chrome/151.0.0.0 Safari/537.36"
190.14.192.194 - - [01/Sep/2026:14:23:32 -0500] "GET /wp-content/themes/woodmart/js/scripts/global/scrollTop.min.js?ver=8.5.1 HTTP/1.1" 200 362 "https://anempanama.com/" "Mozilla/5.0 (Windows NT 10.0; Win64; x64) AppleWebKit/537.36 (KHTML, like Gecko) Chrome/151.0.0.0 Safari/537.36"
190.14.192.194 - - [01/Sep/2026:14:23:32 -0500] "GET /wp-content/themes/woodmart/js/scripts/menu/mobileNavigation.min.js?ver=8.5.1 HTTP/1.1" 200 7332 "https://anempanama.com/" "Mozilla/5.0 (Windows NT 10.0; Win64; x64) AppleWebKit/537.36 (KHTML, like Gecko) Chrome/151.0.0.0 Safari/537.36"
190.14.192.194 - - [01/Sep/2026:14:23:33 -0500] "GET /wp-content/plugins/woocommerce/assets/js/jquery-blockui/jquery.blockUI.min.js?ver=2.7.0-wc.11.0.1 HTTP/1.1" 200 9636 "https://anempanama.com/" "Mozilla/5.0 (Windows NT 10.0; Win64; x64) AppleWebKit/537.36 (KHTML, like Gecko) Chrome/151.0.0.0 Safari/537.36"
190.14.192.194 - - [01/Sep/2026:14:23:33 -0500] "GET /wp-content/plugins/woocommerce/assets/js/frontend/add-to-cart.min.js?ver=11.0.1 HTTP/1.1" 200 4350 "https://anempanama.com/" "Mozilla/5.0 (Windows NT 10.0; Win64; x64) AppleWebKit/537.36 (KHTML, like Gecko) Chrome/151.0.0.0 Safari/537.36"
190.14.192.194 - - [01/Sep/2026:14:23:33 -0500] "GET /wp-content/plugins/woocommerce/assets/js/frontend/woocommerce.min.js?ver=11.0.1 HTTP/1.1" 200 4270 "https://anempanama.com/" "Mozilla/5.0 (Windows NT 10.0; Win64; x64) AppleWebKit/537.36 (KHTML, like Gecko) Chrome/151.0.0.0 Safari/537.36"
190.14.192.194 - - [01/Sep/2026:14:23:33 -0500] "GET /wp-content/plugins/woocommerce/assets/js/js-cookie/js.cookie.min.js?ver=2.1.4-wc.11.0.1 HTTP/1.1" 200 1720 "https://anempanama.com/" "Mozilla/5.0 (Windows NT 10.0; Win64; x64) AppleWebKit/537.36 (KHTML, like Gecko) Chrome/151.0.0.0 Safari/537.36"
190.14.192.194 - - [01/Sep/2026:14:23:33 -0500] "GET /wp-content/uploads/2026/07/Banner_Home_ANEM_II.png HTTP/1.1" 200 712858 "https://anempanama.com/" "Mozilla/5.0 (Windows NT 10.0; Win64; x64) AppleWebKit/537.36 (KHTML, like Gecko) Chrome/151.0.0.0 Safari/537.36"
190.14.192.194 - - [01/Sep/2026:14:23:33 -0500] "GET /wp-content/uploads/2026/07/Anem_Gallery_05.jpg HTTP/1.1" 200 459069 "https://anempanama.com/" "Mozilla/5.0 (Windows NT 10.0; Win64; x64) AppleWebKit/537.36 (KHTML, like Gecko) Chrome/151.0.0.0 Safari/537.36"
190.14.192.194 - - [01/Sep/2026:14:23:34 -0500] "GET /wp-content/uploads/2026/07/Anem_Empresas_Afiliada_14.png HTTP/1.1" 200 53176 "https://anempanama.com/" "Mozilla/5.0 (Windows NT 10.0; Win64; x64) AppleWebKit/537.36 (KHTML, like Gecko) Chrome/151.0.0.0 Safari/537.36"
190.14.192.194 - - [01/Sep/2026:14:23:34 -0500] "GET /wp-content/uploads/2026/07/Anem_Empresas_Afiliada_13.png HTTP/1.1" 200 13705 "https://anempanama.com/" "Mozilla/5.0 (Windows NT 10.0; Win64; x64) AppleWebKit/537.36 (KHTML, like Gecko) Chrome/151.0.0.0 Safari/537.36"
190.14.192.194 - - [01/Sep/2026:14:23:34 -0500] "GET /wp-content/uploads/2026/07/Anem_Empresas_Afiliada_12.png HTTP/1.1" 200 61406 "https://anempanama.com/" "Mozilla/5.0 (Windows NT 10.0; Win64; x64) AppleWebKit/537.36 (KHTML, like Gecko) Chrome/151.0.0.0 Safari/537.36"
190.14.192.194 - - [01/Sep/2026:14:23:34 -0500] "GET /wp-content/uploads/2026/07/Anem_Empresas_Afiliada_11.png HTTP/1.1" 200 50519 "https://anempanama.com/" "Mozilla/5.0 (Windows NT 10.0; Win64; x64) AppleWebKit/537.36 (KHTML, like Gecko) Chrome/151.0.0.0 Safari/537.36"
190.14.192.194 - - [01/Sep/2026:14:23:35 -0500] "GET /wp-content/uploads/2026/07/Anem_Empresas_Afiliada_10.png HTTP/1.1" 200 16850 "https://anempanama.com/" "Mozilla/5.0 (Windows NT 10.0; Win64; x64) AppleWebKit/537.36 (KHTML, like Gecko) Chrome/151.0.0.0 Safari/537.36"
91.98.185.79 - - [01/Sep/2026:14:23:31 -0500] "GET /categoria-producto/accessories/?filter_color=black,blue,brown,yellow&stock_status=onsale HTTP/1.1" 200 151715 "-" "Mozilla/5.0 (compatible; SERankingBacklinksBot/1.0; +https://seranking.com/backlinks-crawler)"
190.14.192.194 - - [01/Sep/2026:14:23:35 -0500] "GET /wp-content/uploads/2026/07/Anem_Empresas_Afiliada_09.png HTTP/1.1" 200 33648 "https://anempanama.com/" "Mozilla/5.0 (Windows NT 10.0; Win64; x64) AppleWebKit/537.36 (KHTML, like Gecko) Chrome/151.0.0.0 Safari/537.36"
190.14.192.194 - - [01/Sep/2026:14:23:35 -0500] "GET /wp-content/uploads/2026/07/Anem_Empresas_Afiliada_08.png HTTP/1.1" 200 36815 "https://anempanama.com/" "Mozilla/5.0 (Windows NT 10.0; Win64; x64) AppleWebKit/537.36 (KHTML, like Gecko) Chrome/151.0.0.0 Safari/537.36"
190.14.192.194 - - [01/Sep/2026:14:23:35 -0500] "GET /wp-content/uploads/2026/07/Anem_Empresas_Afiliada_07.png HTTP/1.1" 200 26039 "https://anempanama.com/" "Mozilla/5.0 (Windows NT 10.0; Win64; x64) AppleWebKit/537.36 (KHTML, like Gecko) Chrome/151.0.0.0 Safari/537.36"
190.14.192.194 - - [01/Sep/2026:14:23:35 -0500] "GET /wp-content/uploads/2026/07/Anem_Empresas_Afiliada_06.png HTTP/1.1" 200 19778 "https://anempanama.com/" "Mozilla/5.0 (Windows NT 10.0; Win64; x64) AppleWebKit/537.36 (KHTML, like Gecko) Chrome/151.0.0.0 Safari/537.36"
190.14.192.194 - - [01/Sep/2026:14:23:35 -0500] "GET /wp-content/uploads/2026/07/Anem_Empresas_Afiliada_05.png HTTP/1.1" 200 23411 "https://anempanama.com/" "Mozilla/5.0 (Windows NT 10.0; Win64; x64) AppleWebKit/537.36 (KHTML, like Gecko) Chrome/151.0.0.0 Safari/537.36"
190.14.192.194 - - [01/Sep/2026:14:23:35 -0500] "GET /wp-content/uploads/2026/07/Anem_Empresas_Afiliada_04.png HTTP/1.1" 200 27699 "https://anempanama.com/" "Mozilla/5.0 (Windows NT 10.0; Win64; x64) AppleWebKit/537.36 (KHTML, like Gecko) Chrome/151.0.0.0 Safari/537.36"
190.14.192.194 - - [01/Sep/2026:14:23:35 -0500] "GET /wp-content/uploads/2026/07/Anem_Empresas_Afiliada_03.png HTTP/1.1" 200 24884 "https://anempanama.com/" "Mozilla/5.0 (Windows NT 10.0; Win64; x64) AppleWebKit/537.36 (KHTML, like Gecko) Chrome/151.0.0.0 Safari/537.36"
190.14.192.194 - - [01/Sep/2026:14:23:26 -0500] "GET /wp-content/plugins/contact-form-7/includes/swv/js/index.js?ver=6.1.6 HTTP/1.1" 200 12512 "https://anempanama.com/" "Mozilla/5.0 (Windows NT 10.0; Win64; x64) AppleWebKit/537.36 (KHTML, like Gecko) Chrome/151.0.0.0 Safari/537.36"
190.14.192.194 - - [01/Sep/2026:14:23:35 -0500] "GET /wp-content/plugins/woocommerce/assets/js/sourcebuster/sourcebuster.min.js?ver=11.0.1 HTTP/1.1" 200 15315 "https://anempanama.com/" "Mozilla/5.0 (Windows NT 10.0; Win64; x64) AppleWebKit/537.36 (KHTML, like Gecko) Chrome/151.0.0.0 Safari/537.36"
190.14.192.194 - - [01/Sep/2026:14:23:35 -0500] "GET /wp-content/uploads/2026/07/Anem_Empresas_Afiliada_02.png HTTP/1.1" 200 27004 "https://anempanama.com/" "Mozilla/5.0 (Windows NT 10.0; Win64; x64) AppleWebKit/537.36 (KHTML, like Gecko) Chrome/151.0.0.0 Safari/537.36"
190.14.192.194 - - [01/Sep/2026:14:23:35 -0500] "GET /wp-content/uploads/2026/07/Anem_Empresas_Afiliada_01.png HTTP/1.1" 200 29111 "https://anempanama.com/" "Mozilla/5.0 (Windows NT 10.0; Win64; x64) AppleWebKit/537.36 (KHTML, like Gecko) Chrome/151.0.0.0 Safari/537.36"
190.14.192.194 - - [01/Sep/2026:14:23:36 -0500] "GET /wp-content/uploads/2026/08/Logo_Eco_Septic_ANEM.png HTTP/1.1" 200 66230 "https://anempanama.com/" "Mozilla/5.0 (Windows NT 10.0; Win64; x64) AppleWebKit/537.36 (KHTML, like Gecko) Chrome/151.0.0.0 Safari/537.36"
190.14.192.194 - - [01/Sep/2026:14:23:36 -0500] "GET /wp-content/uploads/2026/08/Logo_Bano_Portatil_ANEM.png HTTP/1.1" 200 99207 "https://anempanama.com/" "Mozilla/5.0 (Windows NT 10.0; Win64; x64) AppleWebKit/537.36 (KHTML, like Gecko) Chrome/151.0.0.0 Safari/537.36"
190.14.192.194 - - [01/Sep/2026:14:23:36 -0500] "GET /wp-content/plugins/elementor/assets/js/shared-frontend-handlers.03caa53373b56d3bab67.bundle.min.js HTTP/1.1" 200 8481 "https://anempanama.com/" "Mozilla/5.0 (Windows NT 10.0; Win64; x64) AppleWebKit/537.36 (KHTML, like Gecko) Chrome/151.0.0.0 Safari/537.36"
190.14.192.194 - - [01/Sep/2026:14:23:36 -0500] "GET /wp-content/plugins/elementor/assets/js/nested-accordion.294d40984397351fd0f5.bundle.min.js HTTP/1.1" 200 9761 "https://anempanama.com/" "Mozilla/5.0 (Windows NT 10.0; Win64; x64) AppleWebKit/537.36 (KHTML, like Gecko) Chrome/151.0.0.0 Safari/537.36"
190.14.192.194 - - [01/Sep/2026:14:23:36 -0500] "GET /wp-content/uploads/2026/06/cropped-Favicon_ANEM-32x32.png HTTP/1.1" 200 1776 "https://anempanama.com/" "Mozilla/5.0 (Windows NT 10.0; Win64; x64) AppleWebKit/537.36 (KHTML, like Gecko) Chrome/151.0.0.0 Safari/537.36"
190.14.192.194 - - [01/Sep/2026:14:23:36 -0500] "GET /wp-content/plugins/elementor/assets/js/image-carousel.6167d20b95b33386757b.bundle.min.js HTTP/1.1" 200 408 "https://anempanama.com/" "Mozilla/5.0 (Windows NT 10.0; Win64; x64) AppleWebKit/537.36 (KHTML, like Gecko) Chrome/151.0.0.0 Safari/537.36"
190.14.192.194 - - [01/Sep/2026:14:23:36 -0500] "GET /wp-content/plugins/elementor/assets/js/text-editor.45609661e409413f1cef.bundle.min.js HTTP/1.1" 200 1348 "https://anempanama.com/" "Mozilla/5.0 (Windows NT 10.0; Win64; x64) AppleWebKit/537.36 (KHTML, like Gecko) Chrome/151.0.0.0 Safari/537.36"
190.14.192.194 - - [01/Sep/2026:14:23:37 -0500] "GET /wp-content/uploads/elementor/css/base-mobile.css?ver=6a91fef1d41a2 HTTP/1.1" 200 87 "https://anempanama.com/" "Mozilla/5.0 (Windows NT 10.0; Win64; x64) AppleWebKit/537.36 (KHTML, like Gecko) Chrome/151.0.0.0 Safari/537.36"
190.14.192.194 - - [01/Sep/2026:14:23:37 -0500] "GET /wp-content/uploads/elementor/css/local-7594-frontend-mobile.css?ver=6a92003520854 HTTP/1.1" 200 378 "https://anempanama.com/" "Mozilla/5.0 (Windows NT 10.0; Win64; x64) AppleWebKit/537.36 (KHTML, like Gecko) Chrome/151.0.0.0 Safari/537.36"
190.14.192.194 - - [01/Sep/2026:14:23:36 -0500] "GET /wp-json/contact-form-7/v1/contact-forms/4387/feedback/schema HTTP/1.1" 200 227 "https://anempanama.com/" "Mozilla/5.0 (Windows NT 10.0; Win64; x64) AppleWebKit/537.36 (KHTML, like Gecko) Chrome/151.0.0.0 Safari/537.36"
190.14.192.194 - - [01/Sep/2026:14:23:36 -0500] "GET /wp-json/contact-form-7/v1/contact-forms/14/feedback/schema HTTP/1.1" 200 1347 "https://anempanama.com/" "Mozilla/5.0 (Windows NT 10.0; Win64; x64) AppleWebKit/537.36 (KHTML, like Gecko) Chrome/151.0.0.0 Safari/537.36"
190.14.192.194 - - [01/Sep/2026:14:23:36 -0500] "GET /wp-json/contact-form-7/v1/contact-forms/1572/feedback/schema HTTP/1.1" 200 1286 "https://anempanama.com/" "Mozilla/5.0 (Windows NT 10.0; Win64; x64) AppleWebKit/537.36 (KHTML, like Gecko) Chrome/151.0.0.0 Safari/537.36"
91.98.185.79 - - [01/Sep/2026:14:23:38 -0500] "GET /categoria-producto/accessories/?stock_status=instock&filter_color=beige,black,blue,brown HTTP/1.1" 200 166816 "-" "Mozilla/5.0 (compatible; SERankingBacklinksBot/1.0; +https://seranking.com/backlinks-crawler)"
186.124.2.63 - - [01/Sep/2026:14:23:44 -0500] "POST /wp-admin/admin-ajax.php HTTP/1.1" 200 77 "https://anempanama.com/wp-admin/post.php?post=7594&action=elementor" "Mozilla/5.0 (Macintosh; Intel Mac OS X 10_15_7) AppleWebKit/537.36 (KHTML, like Gecko) Chrome/152.0.0.0 Safari/537.36"
91.98.185.79 - - [01/Sep/2026:14:23:44 -0500] "GET /categoria-producto/accessories/?stock_status=onsale&filter_color=beige,black,blue,yellow HTTP/1.1" 200 151715 "-" "Mozilla/5.0 (compatible; SERankingBacklinksBot/1.0; +https://seranking.com/backlinks-crawler)"
91.98.185.79 - - [01/Sep/2026:14:23:51 -0500] "GET /categoria-producto/accessories/?stock_status=onsale&filter_color=beige,blue,brown,yellow HTTP/1.1" 200 151715 "-" "Mozilla/5.0 (compatible; SERankingBacklinksBot/1.0; +https://seranking.com/backlinks-crawler)"
157.90.185.123 - - [01/Sep/2026:14:24:00 -0500] "POST /wp-cron.php?doing_wp_cron=1788290640.9100370407104492187500 HTTP/1.1" 200 - "-" "WordPress/7.1; https://anempanama.com"
91.98.185.79 - - [01/Sep/2026:14:23:57 -0500] "GET /categoria-producto/accessories/?stock_status=onsale&filter_color=black,blue,brown,yellow HTTP/1.1" 200 151715 "-" "Mozilla/5.0 (compatible; SERankingBacklinksBot/1.0; +https://seranking.com/backlinks-crawler)"
91.98.185.79 - - [01/Sep/2026:14:24:03 -0500] "GET /categoria-producto/furniture/?filter_color=beige,black,brown&stock_status=instock,onsale HTTP/1.1" 200 163841 "-" "Mozilla/5.0 (compatible; SERankingBacklinksBot/1.0; +https://seranking.com/backlinks-crawler)"
91.98.185.79 - - [01/Sep/2026:14:24:10 -0500] "GET /categoria-producto/furniture/?filter_color=blue,brown,yellow&stock_status=instock,onsale HTTP/1.1" 200 165507 "-" "Mozilla/5.0 (compatible; SERankingBacklinksBot/1.0; +https://seranking.com/backlinks-crawler)"
91.98.185.79 - - [01/Sep/2026:14:24:16 -0500] "GET /categoria-producto/furniture/?stock_status=onsale&filter_color=blue,brown&filter_size=l,m HTTP/1.1" 200 165619 "-" "Mozilla/5.0 (compatible; SERankingBacklinksBot/1.0; +https://seranking.com/backlinks-crawler)"
91.98.185.79 - - [01/Sep/2026:14:24:23 -0500] "GET /categoria-producto/furniture/?stock_status=onsale&filter_color=blue,brown&filter_size=l,s HTTP/1.1" 200 165619 "-" "Mozilla/5.0 (compatible; SERankingBacklinksBot/1.0; +https://seranking.com/backlinks-crawler)"
91.98.185.79 - - [01/Sep/2026:14:24:30 -0500] "GET /categoria-producto/furniture/?stock_status=onsale&filter_color=blue,brown&filter_size=m,s HTTP/1.1" 200 165619 "-" "Mozilla/5.0 (compatible; SERankingBacklinksBot/1.0; +https://seranking.com/backlinks-crawler)"
91.98.185.79 - - [01/Sep/2026:14:24:36 -0500] "GET /categoria-producto/accessories/?filter_color=beige,black,blue&stock_status=instock,onsale HTTP/1.1" 200 151681 "-" "Mozilla/5.0 (compatible; SERankingBacklinksBot/1.0; +https://seranking.com/backlinks-crawler)"
91.98.185.79 - - [01/Sep/2026:14:24:43 -0500] "GET /categoria-producto/accessories/?filter_color=beige,black,blue,yellow&stock_status=instock HTTP/1.1" 200 166840 "-" "Mozilla/5.0 (compatible; SERankingBacklinksBot/1.0; +https://seranking.com/backlinks-crawler)"
91.98.185.79 - - [01/Sep/2026:14:24:49 -0500] "GET /categoria-producto/accessories/?filter_color=beige,black,brown,yellow&stock_status=onsale HTTP/1.1" 200 151729 "-" "Mozilla/5.0 (compatible; SERankingBacklinksBot/1.0; +https://seranking.com/backlinks-crawler)"
157.90.185.123 - - [01/Sep/2026:14:24:58 -0500] "POST /wp-cron.php?doing_wp_cron=1788290698.7060379981994628906250 HTTP/1.1" 200 - "-" "WordPress/7.1; https://anempanama.com"
91.98.185.79 - - [01/Sep/2026:14:24:55 -0500] "GET /categoria-producto/accessories/?filter_color=beige,blue,brown&stock_status=instock,onsale HTTP/1.1" 200 151681 "-" "Mozilla/5.0 (compatible; SERankingBacklinksBot/1.0; +https://seranking.com/backlinks-crawler)"
91.98.185.79 - - [01/Sep/2026:14:25:01 -0500] "GET /categoria-producto/accessories/?filter_color=beige,blue,brown,yellow&stock_status=instock HTTP/1.1" 200 171063 "-" "Mozilla/5.0 (compatible; SERankingBacklinksBot/1.0; +https://seranking.com/backlinks-crawler)"
91.98.185.79 - - [01/Sep/2026:14:25:08 -0500] "GET /categoria-producto/accessories/?filter_color=black,blue,brown&stock_status=instock,onsale HTTP/1.1" 200 151681 "-" "Mozilla/5.0 (compatible; SERankingBacklinksBot/1.0; +https://seranking.com/backlinks-crawler)"
91.98.185.79 - - [01/Sep/2026:14:25:14 -0500] "GET /categoria-producto/accessories/?filter_color=black,blue,brown,yellow&stock_status=instock HTTP/1.1" 200 166840 "-" "Mozilla/5.0 (compatible; SERankingBacklinksBot/1.0; +https://seranking.com/backlinks-crawler)"
201.225.7.125 - - [01/Sep/2026:14:25:19 -0500] "HEAD / HTTP/1.1" 200 - "-" "Mozilla/5.0 (Linux; Android 10; K) AppleWebKit/537.36 (KHTML, like Gecko) SamsungBrowser/30.0 Chrome/143.0.0.0 Mobile Safari/537.36"
91.98.185.79 - - [01/Sep/2026:14:25:20 -0500] "GET /categoria-producto/accessories/?stock_status=instock&filter_color=beige,black,blue,yellow HTTP/1.1" 200 166840 "-" "Mozilla/5.0 (compatible; SERankingBacklinksBot/1.0; +https://seranking.com/backlinks-crawler)"
91.98.185.79 - - [01/Sep/2026:14:25:27 -0500] "GET /categoria-producto/accessories/?stock_status=instock&filter_color=beige,blue,brown,yellow HTTP/1.1" 200 171063 "-" "Mozilla/5.0 (compatible; SERankingBacklinksBot/1.0; +https://seranking.com/backlinks-crawler)"
201.225.7.125 - - [01/Sep/2026:14:25:30 -0500] "HEAD / HTTP/1.1" 200 - "-" "Mozilla/5.0 (Linux; Android 10; K) AppleWebKit/537.36 (KHTML, like Gecko) SamsungBrowser/30.0 Chrome/143.0.0.0 Mobile Safari/537.36"
91.98.185.79 - - [01/Sep/2026:14:25:33 -0500] "GET /categoria-producto/accessories/?stock_status=instock&filter_color=black,blue,brown,yellow HTTP/1.1" 200 166840 "-" "Mozilla/5.0 (compatible; SERankingBacklinksBot/1.0; +https://seranking.com/backlinks-crawler)"
201.225.7.125 - - [01/Sep/2026:14:25:33 -0500] "GET / HTTP/1.1" 200 230479 "-" "Mozilla/5.0 (Linux; Android 10; K) AppleWebKit/537.36 (KHTML, like Gecko) SamsungBrowser/30.0 Chrome/143.0.0.0 Mobile Safari/537.36"
201.225.7.125 - - [01/Sep/2026:14:25:38 -0500] "GET /wp-json/contact-form-7/v1/contact-forms/4387/feedback/schema HTTP/1.1" 200 227 "https://anempanama.com/" "Mozilla/5.0 (Linux; Android 10; K) AppleWebKit/537.36 (KHTML, like Gecko) SamsungBrowser/30.0 Chrome/143.0.0.0 Mobile Safari/537.36"
201.225.7.125 - - [01/Sep/2026:14:25:38 -0500] "GET /wp-json/contact-form-7/v1/contact-forms/14/feedback/schema HTTP/1.1" 200 1347 "https://anempanama.com/" "Mozilla/5.0 (Linux; Android 10; K) AppleWebKit/537.36 (KHTML, like Gecko) SamsungBrowser/30.0 Chrome/143.0.0.0 Mobile Safari/537.36"
201.225.7.125 - - [01/Sep/2026:14:25:42 -0500] "GET /wp-content/uploads/2021/10/real-estate-advantage-1.svg HTTP/1.1" 200 3626 "https://anempanama.com/" "Mozilla/5.0 (Linux; Android 10; K) AppleWebKit/537.36 (KHTML, like Gecko) SamsungBrowser/30.0 Chrome/143.0.0.0 Mobile Safari/537.36"
201.225.7.125 - - [01/Sep/2026:14:25:44 -0500] "GET /wp-content/uploads/2021/10/real-estate-advantage-2.svg HTTP/1.1" 200 1540 "https://anempanama.com/" "Mozilla/5.0 (Linux; Android 10; K) AppleWebKit/537.36 (KHTML, like Gecko) SamsungBrowser/30.0 Chrome/143.0.0.0 Mobile Safari/537.36"
201.225.7.125 - - [01/Sep/2026:14:25:38 -0500] "GET /wp-json/contact-form-7/v1/contact-forms/1572/feedback/schema HTTP/1.1" 200 1286 "https://anempanama.com/" "Mozilla/5.0 (Linux; Android 10; K) AppleWebKit/537.36 (KHTML, like Gecko) SamsungBrowser/30.0 Chrome/143.0.0.0 Mobile Safari/537.36"
91.98.185.79 - - [01/Sep/2026:14:25:40 -0500] "GET /categoria-producto/accessories/?stock_status=instock,onsale&filter_color=beige,black,blue HTTP/1.1" 200 151681 "-" "Mozilla/5.0 (compatible; SERankingBacklinksBot/1.0; +https://seranking.com/backlinks-crawler)"
186.124.2.63 - - [01/Sep/2026:14:25:44 -0500] "POST /wp-admin/admin-ajax.php HTTP/1.1" 200 77 "https://anempanama.com/wp-admin/post.php?post=7594&action=elementor" "Mozilla/5.0 (Macintosh; Intel Mac OS X 10_15_7) AppleWebKit/537.36 (KHTML, like Gecko) Chrome/152.0.0.0 Safari/537.36"
185.191.171.15 - - [01/Sep/2026:14:25:46 -0500] "GET /marca/magisso/ HTTP/1.1" 200 212743 "-" "Mozilla/5.0 (compatible; SemrushBot/7~bl; +http://www.semrush.com/bot.html)"
91.98.185.79 - - [01/Sep/2026:14:25:48 -0500] "GET /categoria-producto/accessories/?stock_status=instock,onsale&filter_color=beige,blue,brown HTTP/1.1" 200 151681 "-" "Mozilla/5.0 (compatible; SERankingBacklinksBot/1.0; +https://seranking.com/backlinks-crawler)"
201.225.7.125 - - [01/Sep/2026:14:25:57 -0500] "GET /wp-content/uploads/2021/10/real-estate-advantage-3.svg HTTP/1.1" 200 2872 "https://anempanama.com/" "Mozilla/5.0 (Linux; Android 10; K) AppleWebKit/537.36 (KHTML, like Gecko) SamsungBrowser/30.0 Chrome/143.0.0.0 Mobile Safari/537.36"
157.90.185.123 - - [01/Sep/2026:14:25:58 -0500] "POST /wp-cron.php?doing_wp_cron=1788290758.8701341152191162109375 HTTP/1.1" 200 - "-" "WordPress/7.1; https://anempanama.com"
91.98.185.79 - - [01/Sep/2026:14:25:55 -0500] "GET /categoria-producto/accessories/?stock_status=instock,onsale&filter_color=black,blue,brown HTTP/1.1" 200 151681 "-" "Mozilla/5.0 (compatible; SERankingBacklinksBot/1.0; +https://seranking.com/backlinks-crawler)"
201.225.7.125 - - [01/Sep/2026:14:26:02 -0500] "GET /wp-content/uploads/2021/10/real-estate-advantage-4.svg HTTP/1.1" 200 7841 "https://anempanama.com/" "Mozilla/5.0 (Linux; Android 10; K) AppleWebKit/537.36 (KHTML, like Gecko) SamsungBrowser/30.0 Chrome/143.0.0.0 Mobile Safari/537.36"
34.150.65.153 - - [01/Sep/2026:14:26:00 -0500] "GET / HTTP/1.1" 200 230479 "-" "Mozilla/5.0 (X11; Linux x86_64) AppleWebKit/537.36 (KHTML, like Gecko) Chrome/131.0.0.0 Safari/537.36"
91.98.185.79 - - [01/Sep/2026:14:26:01 -0500] "GET /categoria-producto/accessories/?stock_status=onsale&filter_color=beige,black,brown,yellow HTTP/1.1" 200 151729 "-" "Mozilla/5.0 (compatible; SERankingBacklinksBot/1.0; +https://seranking.com/backlinks-crawler)"
201.225.7.125 - - [01/Sep/2026:14:26:08 -0500] "GET /wp-content/uploads/2021/10/real-estate-advantage-5.svg HTTP/1.1" 200 4980 "https://anempanama.com/" "Mozilla/5.0 (Linux; Android 10; K) AppleWebKit/537.36 (KHTML, like Gecko) SamsungBrowser/30.0 Chrome/143.0.0.0 Mobile Safari/537.36"
34.150.65.153 - - [01/Sep/2026:14:26:05 -0500] "POST / HTTP/1.1" 200 230479 "-" "Mozilla/5.0 (X11; Linux x86_64) AppleWebKit/537.36 (KHTML, like Gecko) Chrome/131.0.0.0 Safari/537.36"
91.98.185.79 - - [01/Sep/2026:14:26:08 -0500] "GET /categoria-producto/furniture/?filter_color=blue,brown&filter_size=l,m&stock_status=onsale HTTP/1.1" 200 165619 "-" "Mozilla/5.0 (compatible; SERankingBacklinksBot/1.0; +https://seranking.com/backlinks-crawler)"
34.150.65.153 - - [01/Sep/2026:14:26:09 -0500] "POST / HTTP/1.1" 200 230479 "-" "Mozilla/5.0 (X11; Linux x86_64) AppleWebKit/537.36 (KHTML, like Gecko) Chrome/131.0.0.0 Safari/537.36"
201.225.7.125 - - [01/Sep/2026:14:26:15 -0500] "GET /wp-content/uploads/2021/10/real-estate-advantage-6.svg HTTP/1.1" 200 3584 "https://anempanama.com/" "Mozilla/5.0 (Linux; Android 10; K) AppleWebKit/537.36 (KHTML, like Gecko) SamsungBrowser/30.0 Chrome/143.0.0.0 Mobile Safari/537.36"
34.150.65.153 - - [01/Sep/2026:14:26:14 -0500] "POST / HTTP/1.1" 200 230479 "-" "Mozilla/5.0 (X11; Linux x86_64) AppleWebKit/537.36 (KHTML, like Gecko) Chrome/131.0.0.0 Safari/537.36"
34.150.65.153 - - [01/Sep/2026:14:26:19 -0500] "GET /.git/config HTTP/1.1" 403 199 "-" "Mozilla/5.0 (X11; Linux x86_64) AppleWebKit/537.36 (KHTML, like Gecko) Chrome/131.0.0.0 Safari/537.36"
91.98.185.79 - - [01/Sep/2026:14:26:15 -0500] "GET /categoria-producto/furniture/?filter_color=blue,brown&filter_size=l,s&stock_status=onsale HTTP/1.1" 200 165619 "-" "Mozilla/5.0 (compatible; SERankingBacklinksBot/1.0; +https://seranking.com/backlinks-crawler)"
34.150.65.153 - - [01/Sep/2026:14:26:24 -0500] "GET /.env HTTP/1.1" 403 199 "-" "Mozilla/5.0 (X11; Linux x86_64) AppleWebKit/537.36 (KHTML, like Gecko) Chrome/131.0.0.0 Safari/537.36"
34.150.65.153 - - [01/Sep/2026:14:26:20 -0500] "POST / HTTP/1.1" 200 57289 "-" "Mozilla/5.0 (X11; Linux x86_64) AppleWebKit/537.36 (KHTML, like Gecko) Chrome/131.0.0.0 Safari/537.36"
34.150.65.153 - - [01/Sep/2026:14:26:24 -0500] "GET /.env.local HTTP/1.1" 403 199 "-" "Mozilla/5.0 (X11; Linux x86_64) AppleWebKit/537.36 (KHTML, like Gecko) Chrome/131.0.0.0 Safari/537.36"
34.150.65.153 - - [01/Sep/2026:14:26:25 -0500] "GET /.env.production HTTP/1.1" 403 199 "-" "Mozilla/5.0 (X11; Linux x86_64) AppleWebKit/537.36 (KHTML, like Gecko) Chrome/131.0.0.0 Safari/537.36"
34.150.65.153 - - [01/Sep/2026:14:26:26 -0500] "GET /.env.staging HTTP/1.1" 403 199 "-" "Mozilla/5.0 (X11; Linux x86_64) AppleWebKit/537.36 (KHTML, like Gecko) Chrome/131.0.0.0 Safari/537.36"
34.150.65.153 - - [01/Sep/2026:14:26:27 -0500] "GET /.env.test HTTP/1.1" 403 199 "-" "Mozilla/5.0 (X11; Linux x86_64) AppleWebKit/537.36 (KHTML, like Gecko) Chrome/131.0.0.0 Safari/537.36"
34.150.65.153 - - [01/Sep/2026:14:26:28 -0500] "GET /.env.bak HTTP/1.1" 403 199 "-" "Mozilla/5.0 (X11; Linux x86_64) AppleWebKit/537.36 (KHTML, like Gecko) Chrome/131.0.0.0 Safari/537.36"
34.150.65.153 - - [01/Sep/2026:14:26:28 -0500] "GET /.env.backup HTTP/1.1" 403 199 "-" "Mozilla/5.0 (X11; Linux x86_64) AppleWebKit/537.36 (KHTML, like Gecko) Chrome/131.0.0.0 Safari/537.36"
34.150.65.153 - - [01/Sep/2026:14:26:29 -0500] "GET /.env.save HTTP/1.1" 403 199 "-" "Mozilla/5.0 (X11; Linux x86_64) AppleWebKit/537.36 (KHTML, like Gecko) Chrome/131.0.0.0 Safari/537.36"
91.98.185.79 - - [01/Sep/2026:14:26:23 -0500] "GET /categoria-producto/furniture/?filter_color=blue,brown&filter_size=m,s&stock_status=onsale HTTP/1.1" 200 165619 "-" "Mozilla/5.0 (compatible; SERankingBacklinksBot/1.0; +https://seranking.com/backlinks-crawler)"
34.150.65.153 - - [01/Sep/2026:14:26:30 -0500] "GET /.env.old HTTP/1.1" 403 199 "-" "Mozilla/5.0 (X11; Linux x86_64) AppleWebKit/537.36 (KHTML, like Gecko) Chrome/131.0.0.0 Safari/537.36"
34.150.65.153 - - [01/Sep/2026:14:26:31 -0500] "GET /.env.sample HTTP/1.1" 403 199 "-" "Mozilla/5.0 (X11; Linux x86_64) AppleWebKit/537.36 (KHTML, like Gecko) Chrome/131.0.0.0 Safari/537.36"
34.150.65.153 - - [01/Sep/2026:14:26:32 -0500] "GET /.env.example HTTP/1.1" 403 199 "-" "Mozilla/5.0 (X11; Linux x86_64) AppleWebKit/537.36 (KHTML, like Gecko) Chrome/131.0.0.0 Safari/537.36"
201.225.7.125 - - [01/Sep/2026:14:26:32 -0500] "GET /wp-content/themes/woodmart/images/default-skin.svg HTTP/1.1" 200 1554 "https://anempanama.com/wp-content/themes/woodmart/css/parts/lib-photoswipe.css?ver=8.5.1" "Mozilla/5.0 (Linux; Android 10; K) AppleWebKit/537.36 (KHTML, like Gecko) SamsungBrowser/30.0 Chrome/143.0.0.0 Mobile Safari/537.36"
34.150.65.153 - - [01/Sep/2026:14:26:32 -0500] "GET /.env.dev HTTP/1.1" 403 199 "-" "Mozilla/5.0 (X11; Linux x86_64) AppleWebKit/537.36 (KHTML, like Gecko) Chrome/131.0.0.0 Safari/537.36"
34.150.65.153 - - [01/Sep/2026:14:26:33 -0500] "GET /.env.prod HTTP/1.1" 403 199 "-" "Mozilla/5.0 (X11; Linux x86_64) AppleWebKit/537.36 (KHTML, like Gecko) Chrome/131.0.0.0 Safari/537.36"
201.225.7.125 - - [01/Sep/2026:14:26:33 -0500] "GET /wp-content/uploads/2026/07/Anem_Gallery_04.jpg HTTP/1.1" 200 369060 "https://anempanama.com/" "Mozilla/5.0 (Linux; Android 10; K) AppleWebKit/537.36 (KHTML, like Gecko) SamsungBrowser/30.0 Chrome/143.0.0.0 Mobile Safari/537.36"
201.225.7.125 - - [01/Sep/2026:14:26:32 -0500] "GET /wp-content/uploads/2026/07/Anem_Gallery_01.jpg HTTP/1.1" 200 391149 "https://anempanama.com/" "Mozilla/5.0 (Linux; Android 10; K) AppleWebKit/537.36 (KHTML, like Gecko) SamsungBrowser/30.0 Chrome/143.0.0.0 Mobile Safari/537.36"
34.150.65.153 - - [01/Sep/2026:14:26:34 -0500] "GET /.env.stage HTTP/1.1" 403 199 "-" "Mozilla/5.0 (X11; Linux x86_64) AppleWebKit/537.36 (KHTML, like Gecko) Chrome/131.0.0.0 Safari/537.36"
34.150.65.153 - - [01/Sep/2026:14:26:35 -0500] "GET /.env.ci HTTP/1.1" 403 199 "-" "Mozilla/5.0 (X11; Linux x86_64) AppleWebKit/537.36 (KHTML, like Gecko) Chrome/131.0.0.0 Safari/537.36"
201.225.7.125 - - [01/Sep/2026:14:26:35 -0500] "GET /wp-content/uploads/2026/07/Anem_Gallery_03.jpg HTTP/1.1" 200 490645 "https://anempanama.com/" "Mozilla/5.0 (Linux; Android 10; K) AppleWebKit/537.36 (KHTML, like Gecko) SamsungBrowser/30.0 Chrome/143.0.0.0 Mobile Safari/537.36"
91.98.185.79 - - [01/Sep/2026:14:26:32 -0500] "GET /categoria-producto/accessories/?filter_color=beige,black,brown&stock_status=instock,onsale HTTP/1.1" 200 151695 "-" "Mozilla/5.0 (compatible; SERankingBacklinksBot/1.0; +https://seranking.com/backlinks-crawler)"
34.150.65.153 - - [01/Sep/2026:14:26:36 -0500] "GET /.env.docker HTTP/1.1" 403 199 "-" "Mozilla/5.0 (X11; Linux x86_64) AppleWebKit/537.36 (KHTML, like Gecko) Chrome/131.0.0.0 Safari/537.36"
34.150.65.153 - - [01/Sep/2026:14:26:36 -0500] "GET /.env.live HTTP/1.1" 403 199 "-" "Mozilla/5.0 (X11; Linux x86_64) AppleWebKit/537.36 (KHTML, like Gecko) Chrome/131.0.0.0 Safari/537.36"
201.225.7.125 - - [01/Sep/2026:14:26:37 -0500] "GET /wp-content/uploads/2026/07/Anem_Gallery_02.jpg HTTP/1.1" 200 405843 "https://anempanama.com/" "Mozilla/5.0 (Linux; Android 10; K) AppleWebKit/537.36 (KHTML, like Gecko) SamsungBrowser/30.0 Chrome/143.0.0.0 Mobile Safari/537.36"
34.150.65.153 - - [01/Sep/2026:14:26:37 -0500] "GET /.env.preprod HTTP/1.1" 403 199 "-" "Mozilla/5.0 (X11; Linux x86_64) AppleWebKit/537.36 (KHTML, like Gecko) Chrome/131.0.0.0 Safari/537.36"
34.150.65.153 - - [01/Sep/2026:14:26:38 -0500] "GET /.env.uat HTTP/1.1" 403 199 "-" "Mozilla/5.0 (X11; Linux x86_64) AppleWebKit/537.36 (KHTML, like Gecko) Chrome/131.0.0.0 Safari/537.36"
34.150.65.153 - - [01/Sep/2026:14:26:39 -0500] "GET /.env.dist HTTP/1.1" 403 199 "-" "Mozilla/5.0 (X11; Linux x86_64) AppleWebKit/537.36 (KHTML, like Gecko) Chrome/131.0.0.0 Safari/537.36"
34.150.65.153 - - [01/Sep/2026:14:26:40 -0500] "GET /.env.swp HTTP/1.1" 403 199 "-" "Mozilla/5.0 (X11; Linux x86_64) AppleWebKit/537.36 (KHTML, like Gecko) Chrome/131.0.0.0 Safari/537.36"
34.150.65.153 - - [01/Sep/2026:14:26:40 -0500] "GET /.env~ HTTP/1.1" 403 199 "-" "Mozilla/5.0 (X11; Linux x86_64) AppleWebKit/537.36 (KHTML, like Gecko) Chrome/131.0.0.0 Safari/537.36"
34.150.65.153 - - [01/Sep/2026:14:26:41 -0500] "GET /.env1 HTTP/1.1" 403 199 "-" "Mozilla/5.0 (X11; Linux x86_64) AppleWebKit/537.36 (KHTML, like Gecko) Chrome/131.0.0.0 Safari/537.36"
91.98.185.79 - - [01/Sep/2026:14:26:39 -0500] "GET /categoria-producto/accessories/?filter_color=beige,black,brown,yellow&stock_status=instock HTTP/1.1" 200 166864 "-" "Mozilla/5.0 (compatible; SERankingBacklinksBot/1.0; +https://seranking.com/backlinks-crawler)"
34.150.65.153 - - [01/Sep/2026:14:26:42 -0500] "GET /.env2 HTTP/1.1" 403 199 "-" "Mozilla/5.0 (X11; Linux x86_64) AppleWebKit/537.36 (KHTML, like Gecko) Chrome/131.0.0.0 Safari/537.36"
34.150.65.153 - - [01/Sep/2026:14:26:43 -0500] "GET /.env_copy HTTP/1.1" 403 199 "-" "Mozilla/5.0 (X11; Linux x86_64) AppleWebKit/537.36 (KHTML, like Gecko) Chrome/131.0.0.0 Safari/537.36"
34.150.65.153 - - [01/Sep/2026:14:26:43 -0500] "GET /.env.txt HTTP/1.1" 403 199 "-" "Mozilla/5.0 (X11; Linux x86_64) AppleWebKit/537.36 (KHTML, like Gecko) Chrome/131.0.0.0 Safari/537.36"
34.150.65.153 - - [01/Sep/2026:14:26:44 -0500] "GET /.env.json HTTP/1.1" 403 199 "-" "Mozilla/5.0 (X11; Linux x86_64) AppleWebKit/537.36 (KHTML, like Gecko) Chrome/131.0.0.0 Safari/537.36"
181.197.52.184 - - [01/Sep/2026:14:26:43 -0500] "HEAD / HTTP/1.1" 200 - "-" "Mozilla/5.0 (Linux; Android 10; K) AppleWebKit/537.36 (KHTML, like Gecko) SamsungBrowser/30.0 Chrome/143.0.0.0 Mobile Safari/537.36"
34.150.65.153 - - [01/Sep/2026:14:26:45 -0500] "GET /.env.yaml HTTP/1.1" 403 199 "-" "Mozilla/5.0 (X11; Linux x86_64) AppleWebKit/537.36 (KHTML, like Gecko) Chrome/131.0.0.0 Safari/537.36"
34.150.65.153 - - [01/Sep/2026:14:26:46 -0500] "GET /.env.yml HTTP/1.1" 403 199 "-" "Mozilla/5.0 (X11; Linux x86_64) AppleWebKit/537.36 (KHTML, like Gecko) Chrome/131.0.0.0 Safari/537.36"
34.150.65.153 - - [01/Sep/2026:14:26:47 -0500] "GET /app/.env HTTP/1.1" 403 199 "-" "Mozilla/5.0 (X11; Linux x86_64) AppleWebKit/537.36 (KHTML, like Gecko) Chrome/131.0.0.0 Safari/537.36"
34.150.65.153 - - [01/Sep/2026:14:26:47 -0500] "GET /apps/.env HTTP/1.1" 403 199 "-" "Mozilla/5.0 (X11; Linux x86_64) AppleWebKit/537.36 (KHTML, like Gecko) Chrome/131.0.0.0 Safari/537.36"
91.98.185.79 - - [01/Sep/2026:14:26:45 -0500] "GET /categoria-producto/accessories/?filter_color=beige,blue,yellow&stock_status=instock,onsale HTTP/1.1" 200 151695 "-" "Mozilla/5.0 (compatible; SERankingBacklinksBot/1.0; +https://seranking.com/backlinks-crawler)"
34.150.65.153 - - [01/Sep/2026:14:26:48 -0500] "GET /api/.env HTTP/1.1" 403 199 "-" "Mozilla/5.0 (X11; Linux x86_64) AppleWebKit/537.36 (KHTML, like Gecko) Chrome/131.0.0.0 Safari/537.36"
181.197.52.184 - - [01/Sep/2026:14:26:45 -0500] "GET / HTTP/1.1" 200 230479 "-" "Mozilla/5.0 (Linux; Android 10; K) AppleWebKit/537.36 (KHTML, like Gecko) SamsungBrowser/30.0 Chrome/143.0.0.0 Mobile Safari/537.36"
181.197.52.184 - - [01/Sep/2026:14:26:49 -0500] "GET /wp-content/uploads/elementor/css/post-7.css?ver=1787952881 HTTP/1.1" 200 1111 "https://anempanama.com/" "Mozilla/5.0 (Linux; Android 10; K) AppleWebKit/537.36 (KHTML, like Gecko) SamsungBrowser/30.0 Chrome/143.0.0.0 Mobile Safari/537.36"
181.197.52.184 - - [01/Sep/2026:14:26:49 -0500] "GET /wp-content/plugins/elementor/assets/css/widget-nested-accordion.min.css?ver=4.2.2 HTTP/1.1" 200 5206 "https://anempanama.com/" "Mozilla/5.0 (Linux; Android 10; K) AppleWebKit/537.36 (KHTML, like Gecko) SamsungBrowser/30.0 Chrome/143.0.0.0 Mobile Safari/537.36"
34.150.65.153 - - [01/Sep/2026:14:26:49 -0500] "GET /web/.env HTTP/1.1" 403 199 "-" "Mozilla/5.0 (X11; Linux x86_64) AppleWebKit/537.36 (KHTML, like Gecko) Chrome/131.0.0.0 Safari/537.36"
181.197.52.184 - - [01/Sep/2026:14:26:49 -0500] "GET /wp-content/plugins/elementor/assets/css/conditionals/e-swiper.min.css?ver=4.2.2 HTTP/1.1" 200 5486 "https://anempanama.com/" "Mozilla/5.0 (Linux; Android 10; K) AppleWebKit/537.36 (KHTML, like Gecko) SamsungBrowser/30.0 Chrome/143.0.0.0 Mobile Safari/537.36"
181.197.52.184 - - [01/Sep/2026:14:26:49 -0500] "GET /wp-content/plugins/elementor/assets/lib/swiper/v8/css/swiper.min.css?ver=8.4.5 HTTP/1.1" 200 16471 "https://anempanama.com/" "Mozilla/5.0 (Linux; Android 10; K) AppleWebKit/537.36 (KHTML, like Gecko) SamsungBrowser/30.0 Chrome/143.0.0.0 Mobile Safari/537.36"
181.197.52.184 - - [01/Sep/2026:14:26:49 -0500] "GET /wp-content/uploads/elementor/css/base-desktop.css?ver=6a91fef1d41a2 HTTP/1.1" 200 1975 "https://anempanama.com/" "Mozilla/5.0 (Linux; Android 10; K) AppleWebKit/537.36 (KHTML, like Gecko) SamsungBrowser/30.0 Chrome/143.0.0.0 Mobile Safari/537.36"
181.197.52.184 - - [01/Sep/2026:14:26:49 -0500] "GET /wp-content/plugins/elementor/assets/css/widget-image-carousel.min.css?ver=4.2.2 HTTP/1.1" 200 342 "https://anempanama.com/" "Mozilla/5.0 (Linux; Android 10; K) AppleWebKit/537.36 (KHTML, like Gecko) SamsungBrowser/30.0 Chrome/143.0.0.0 Mobile Safari/537.36"
181.197.52.184 - - [01/Sep/2026:14:26:49 -0500] "GET /wp-content/uploads/elementor/css/post-7594.css?ver=1787953205 HTTP/1.1" 200 25447 "https://anempanama.com/" "Mozilla/5.0 (Linux; Android 10; K) AppleWebKit/537.36 (KHTML, like Gecko) SamsungBrowser/30.0 Chrome/143.0.0.0 Mobile Safari/537.36"
181.197.52.184 - - [01/Sep/2026:14:26:49 -0500] "GET /wp-content/uploads/elementor/css/local-7594-frontend-desktop.css?ver=6a92003520854 HTTP/1.1" 200 596 "https://anempanama.com/" "Mozilla/5.0 (Linux; Android 10; K) AppleWebKit/537.36 (KHTML, like Gecko) SamsungBrowser/30.0 Chrome/143.0.0.0 Mobile Safari/537.36"
181.197.52.184 - - [01/Sep/2026:14:26:49 -0500] "GET /wp-content/uploads/elementor/css/custom-frontend.min.css?ver=1787952880 HTTP/1.1" 200 54819 "https://anempanama.com/" "Mozilla/5.0 (Linux; Android 10; K) AppleWebKit/537.36 (KHTML, like Gecko) SamsungBrowser/30.0 Chrome/143.0.0.0 Mobile Safari/537.36"
181.197.52.184 - - [01/Sep/2026:14:26:49 -0500] "GET /wp-content/uploads/elementor/css/local-7594-frontend-mobile.css?ver=6a92003520854 HTTP/1.1" 200 378 "https://anempanama.com/" "Mozilla/5.0 (Linux; Android 10; K) AppleWebKit/537.36 (KHTML, like Gecko) SamsungBrowser/30.0 Chrome/143.0.0.0 Mobile Safari/537.36"
181.197.52.184 - - [01/Sep/2026:14:26:49 -0500] "GET /wp-content/uploads/elementor/css/base-mobile.css?ver=6a91fef1d41a2 HTTP/1.1" 200 87 "https://anempanama.com/" "Mozilla/5.0 (Linux; Android 10; K) AppleWebKit/537.36 (KHTML, like Gecko) SamsungBrowser/30.0 Chrome/143.0.0.0 Mobile Safari/537.36"
181.197.52.184 - - [01/Sep/2026:14:26:49 -0500] "GET /wp-content/themes/woodmart/css/parts/base.css?ver=8.5.1 HTTP/1.1" 200 32754 "https://anempanama.com/" "Mozilla/5.0 (Linux; Android 10; K) AppleWebKit/537.36 (KHTML, like Gecko) SamsungBrowser/30.0 Chrome/143.0.0.0 Mobile Safari/537.36"
181.197.52.184 - - [01/Sep/2026:14:26:49 -0500] "GET /wp-content/themes/woodmart/css/parts/header-opt-overlap.css?ver=8.5.1 HTTP/1.1" 200 798 "https://anempanama.com/" "Mozilla/5.0 (Linux; Android 10; K) AppleWebKit/537.36 (KHTML, like Gecko) SamsungBrowser/30.0 Chrome/143.0.0.0 Mobile Safari/537.36"
181.197.52.184 - - [01/Sep/2026:14:26:50 -0500] "GET /wp-includes/js/jquery/jquery.min.js?ver=3.7.1 HTTP/1.1" 200 87553 "https://anempanama.com/" "Mozilla/5.0 (Linux; Android 10; K) AppleWebKit/537.36 (KHTML, like Gecko) SamsungBrowser/30.0 Chrome/143.0.0.0 Mobile Safari/537.36"
181.197.52.184 - - [01/Sep/2026:14:26:50 -0500] "GET /wp-content/themes/woodmart/js/scripts/global/scrollBar.min.js?ver=8.5.1 HTTP/1.1" 200 540 "https://anempanama.com/" "Mozilla/5.0 (Linux; Android 10; K) AppleWebKit/537.36 (KHTML, like Gecko) SamsungBrowser/30.0 Chrome/143.0.0.0 Mobile Safari/537.36"
181.197.52.184 - - [01/Sep/2026:14:26:50 -0500] "GET /wp-includes/js/jquery/jquery-migrate.min.js?ver=3.4.1 HTTP/1.1" 200 13577 "https://anempanama.com/" "Mozilla/5.0 (Linux; Android 10; K) AppleWebKit/537.36 (KHTML, like Gecko) SamsungBrowser/30.0 Chrome/143.0.0.0 Mobile Safari/537.36"
34.150.65.153 - - [01/Sep/2026:14:26:50 -0500] "GET /site/.env HTTP/1.1" 403 199 "-" "Mozilla/5.0 (X11; Linux x86_64) AppleWebKit/537.36 (KHTML, like Gecko) Chrome/131.0.0.0 Safari/537.36"
181.197.52.184 - - [01/Sep/2026:14:26:50 -0500] "GET /wp-content/themes/woodmart/css/parts/header-el-logo-opt-swap.css?ver=8.5.1 HTTP/1.1" 200 222 "https://anempanama.com/" "Mozilla/5.0 (Linux; Android 10; K) AppleWebKit/537.36 (KHTML, like Gecko) SamsungBrowser/30.0 Chrome/143.0.0.0 Mobile Safari/537.36"
181.197.52.184 - - [01/Sep/2026:14:26:50 -0500] "GET /wp-content/uploads/2026/07/Banner_Home_ANEM.png HTTP/1.1" 200 279796 "https://anempanama.com/" "Mozilla/5.0 (Linux; Android 10; K) AppleWebKit/537.36 (KHTML, like Gecko) SamsungBrowser/30.0 Chrome/143.0.0.0 Mobile Safari/537.36"
181.197.52.184 - - [01/Sep/2026:14:26:50 -0500] "GET /wp-content/uploads/elementor/css/post-7601.css?ver=1787952882 HTTP/1.1" 200 258 "https://anempanama.com/" "Mozilla/5.0 (Linux; Android 10; K) AppleWebKit/537.36 (KHTML, like Gecko) SamsungBrowser/30.0 Chrome/143.0.0.0 Mobile Safari/537.36"
181.197.52.184 - - [01/Sep/2026:14:26:50 -0500] "GET /wp-content/themes/woodmart/css/parts/mod-animations-transform.css?ver=8.5.1 HTTP/1.1" 200 506 "https://anempanama.com/" "Mozilla/5.0 (Linux; Android 10; K) AppleWebKit/537.36 (KHTML, like Gecko) SamsungBrowser/30.0 Chrome/143.0.0.0 Mobile Safari/537.36"
181.197.52.184 - - [01/Sep/2026:14:26:50 -0500] "GET /wp-content/plugins/woocommerce/assets/client/blocks/wc-blocks.css?ver=wc-11.0.1 HTTP/1.1" 200 14015 "https://anempanama.com/" "Mozilla/5.0 (Linux; Android 10; K) AppleWebKit/537.36 (KHTML, like Gecko) SamsungBrowser/30.0 Chrome/143.0.0.0 Mobile Safari/537.36"
181.197.52.184 - - [01/Sep/2026:14:26:50 -0500] "GET /wp-content/themes/woodmart/css/parts/mod-transform.css?ver=8.5.1 HTTP/1.1" 200 806 "https://anempanama.com/" "Mozilla/5.0 (Linux; Android 10; K) AppleWebKit/537.36 (KHTML, like Gecko) SamsungBrowser/30.0 Chrome/143.0.0.0 Mobile Safari/537.36"
181.197.52.184 - - [01/Sep/2026:14:26:50 -0500] "GET /wp-content/themes/woodmart/css/parts/el-button.css?ver=8.5.1 HTTP/1.1" 200 2953 "https://anempanama.com/" "Mozilla/5.0 (Linux; Android 10; K) AppleWebKit/537.36 (KHTML, like Gecko) SamsungBrowser/30.0 Chrome/143.0.0.0 Mobile Safari/537.36"
181.197.52.184 - - [01/Sep/2026:14:26:50 -0500] "GET /wp-content/uploads/elementor/css/post-7604.css?ver=1787952883 HTTP/1.1" 200 1583 "https://anempanama.com/" "Mozilla/5.0 (Linux; Android 10; K) AppleWebKit/537.36 (KHTML, like Gecko) SamsungBrowser/30.0 Chrome/143.0.0.0 Mobile Safari/537.36"
181.197.52.184 - - [01/Sep/2026:14:26:50 -0500] "GET /wp-content/themes/woodmart/css/parts/page-title.css?ver=8.5.1 HTTP/1.1" 200 679 "https://anempanama.com/" "Mozilla/5.0 (Linux; Android 10; K) AppleWebKit/537.36 (KHTML, like Gecko) SamsungBrowser/30.0 Chrome/143.0.0.0 Mobile Safari/537.36"
181.197.52.184 - - [01/Sep/2026:14:26:50 -0500] "GET /wp-content/themes/woodmart/css/parts/el-section-title.css?ver=8.5.1 HTTP/1.1" 200 1771 "https://anempanama.com/" "Mozilla/5.0 (Linux; Android 10; K) AppleWebKit/537.36 (KHTML, like Gecko) SamsungBrowser/30.0 Chrome/143.0.0.0 Mobile Safari/537.36"
181.197.52.184 - - [01/Sep/2026:14:26:50 -0500] "GET /wp-content/uploads/2026/06/Logo_ANEM.png HTTP/1.1" 200 223783 "https://anempanama.com/" "Mozilla/5.0 (Linux; Android 10; K) AppleWebKit/537.36 (KHTML, like Gecko) SamsungBrowser/30.0 Chrome/143.0.0.0 Mobile Safari/537.36"
181.197.52.184 - - [01/Sep/2026:14:26:50 -0500] "GET /wp-content/themes/woodmart/css/parts/mod-highlighted-text.css?ver=8.5.1 HTTP/1.1" 200 475 "https://anempanama.com/" "Mozilla/5.0 (Linux; Android 10; K) AppleWebKit/537.36 (KHTML, like Gecko) SamsungBrowser/30.0 Chrome/143.0.0.0 Mobile Safari/537.36"
34.150.65.153 - - [01/Sep/2026:14:26:51 -0500] "GET /public/.env HTTP/1.1" 403 199 "-" "Mozilla/5.0 (X11; Linux x86_64) AppleWebKit/537.36 (KHTML, like Gecko) Chrome/131.0.0.0 Safari/537.36"
181.197.52.184 - - [01/Sep/2026:14:26:50 -0500] "GET /wp-content/uploads/2026/07/Banner_Home_ANEM_III.png HTTP/1.1" 200 314723 "https://anempanama.com/" "Mozilla/5.0 (Linux; Android 10; K) AppleWebKit/537.36 (KHTML, like Gecko) SamsungBrowser/30.0 Chrome/143.0.0.0 Mobile Safari/537.36"
181.197.52.184 - - [01/Sep/2026:14:26:51 -0500] "GET /wp-content/themes/woodmart/css/parts/el-text-block.css?ver=8.5.1 HTTP/1.1" 200 300 "https://anempanama.com/" "Mozilla/5.0 (Linux; Android 10; K) AppleWebKit/537.36 (KHTML, like Gecko) SamsungBrowser/30.0 Chrome/143.0.0.0 Mobile Safari/537.36"
181.197.52.184 - - [01/Sep/2026:14:26:51 -0500] "GET /wp-content/themes/woodmart/css/parts/int-wpcf7.css?ver=8.5.1 HTTP/1.1" 200 2739 "https://anempanama.com/" "Mozilla/5.0 (Linux; Android 10; K) AppleWebKit/537.36 (KHTML, like Gecko) SamsungBrowser/30.0 Chrome/143.0.0.0 Mobile Safari/537.36"
181.197.52.184 - - [01/Sep/2026:14:26:51 -0500] "GET /wp-content/themes/woodmart/fonts/woodmart-font-1-400.woff2?v=8.5.1 HTTP/1.1" 200 11972 "https://anempanama.com/" "Mozilla/5.0 (Linux; Android 10; K) AppleWebKit/537.36 (KHTML, like Gecko) SamsungBrowser/30.0 Chrome/143.0.0.0 Mobile Safari/537.36"
181.197.52.184 - - [01/Sep/2026:14:26:51 -0500] "GET /wp-content/uploads/2021/10/real-estate-bg-top.svg HTTP/1.1" 200 819 "https://anempanama.com/wp-content/uploads/elementor/css/post-7594.css?ver=1787953205" "Mozilla/5.0 (Linux; Android 10; K) AppleWebKit/537.36 (KHTML, like Gecko) SamsungBrowser/30.0 Chrome/143.0.0.0 Mobile Safari/537.36"
181.197.52.184 - - [01/Sep/2026:14:26:51 -0500] "GET /wp-content/themes/woodmart/css/parts/el-subtitle-style.css?ver=8.5.1 HTTP/1.1" 200 694 "https://anempanama.com/" "Mozilla/5.0 (Linux; Android 10; K) AppleWebKit/537.36 (KHTML, like Gecko) SamsungBrowser/30.0 Chrome/143.0.0.0 Mobile Safari/537.36"
181.197.52.184 - - [01/Sep/2026:14:26:51 -0500] "GET /wp-content/themes/woodmart/css/parts/el-gallery.css?ver=8.5.1 HTTP/1.1" 200 306 "https://anempanama.com/" "Mozilla/5.0 (Linux; Android 10; K) AppleWebKit/537.36 (KHTML, like Gecko) SamsungBrowser/30.0 Chrome/143.0.0.0 Mobile Safari/537.36"
181.197.52.184 - - [01/Sep/2026:14:26:51 -0500] "GET /wp-content/themes/woodmart/css/parts/lib-swiper.css?ver=8.5.1 HTTP/1.1" 200 1745 "https://anempanama.com/" "Mozilla/5.0 (Linux; Android 10; K) AppleWebKit/537.36 (KHTML, like Gecko) SamsungBrowser/30.0 Chrome/143.0.0.0 Mobile Safari/537.36"
181.197.52.184 - - [01/Sep/2026:14:26:51 -0500] "GET /wp-content/themes/woodmart/css/parts/lib-swiper-arrows-critical.css?ver=8.5.1 HTTP/1.1" 200 252 "https://anempanama.com/" "Mozilla/5.0 (Linux; Android 10; K) AppleWebKit/537.36 (KHTML, like Gecko) SamsungBrowser/30.0 Chrome/143.0.0.0 Mobile Safari/537.36"
181.197.52.184 - - [01/Sep/2026:14:26:51 -0500] "GET /wp-content/themes/woodmart/css/parts/lib-swiper-pagin-critical.css?ver=8.5.1 HTTP/1.1" 200 399 "https://anempanama.com/" "Mozilla/5.0 (Linux; Android 10; K) AppleWebKit/537.36 (KHTML, like Gecko) SamsungBrowser/30.0 Chrome/143.0.0.0 Mobile Safari/537.36"
181.197.52.184 - - [01/Sep/2026:14:26:51 -0500] "GET /wp-content/themes/woodmart/css/parts/el-info-box-style-shadow-and-bg-hover.css?ver=8.5.1 HTTP/1.1" 200 666 "https://anempanama.com/" "Mozilla/5.0 (Linux; Android 10; K) AppleWebKit/537.36 (KHTML, like Gecko) SamsungBrowser/30.0 Chrome/143.0.0.0 Mobile Safari/537.36"
34.150.65.153 - - [01/Sep/2026:14:26:51 -0500] "GET /admin/.env HTTP/1.1" 403 199 "-" "Mozilla/5.0 (X11; Linux x86_64) AppleWebKit/537.36 (KHTML, like Gecko) Chrome/131.0.0.0 Safari/537.36"
181.197.52.184 - - [01/Sep/2026:14:26:51 -0500] "GET /wp-content/themes/woodmart/css/parts/post-types-mod-predefined.css?ver=8.5.1 HTTP/1.1" 200 655 "https://anempanama.com/" "Mozilla/5.0 (Linux; Android 10; K) AppleWebKit/537.36 (KHTML, like Gecko) SamsungBrowser/30.0 Chrome/143.0.0.0 Mobile Safari/537.36"
181.197.52.184 - - [01/Sep/2026:14:26:51 -0500] "GET /wp-content/themes/woodmart/css/parts/blog-loop-base.css?ver=8.5.1 HTTP/1.1" 200 1671 "https://anempanama.com/" "Mozilla/5.0 (Linux; Android 10; K) AppleWebKit/537.36 (KHTML, like Gecko) SamsungBrowser/30.0 Chrome/143.0.0.0 Mobile Safari/537.36"
181.197.52.184 - - [01/Sep/2026:14:26:51 -0500] "GET /wp-content/themes/woodmart/css/parts/post-types-mod-categories-style-bg.css?ver=8.5.1 HTTP/1.1" 200 414 "https://anempanama.com/" "Mozilla/5.0 (Linux; Android 10; K) AppleWebKit/537.36 (KHTML, like Gecko) SamsungBrowser/30.0 Chrome/143.0.0.0 Mobile Safari/537.36"
181.197.52.184 - - [01/Sep/2026:14:26:51 -0500] "GET /wp-content/themes/woodmart/css/parts/blog-loop-design-masonry.css?ver=8.5.1 HTTP/1.1" 200 890 "https://anempanama.com/" "Mozilla/5.0 (Linux; Android 10; K) AppleWebKit/537.36 (KHTML, like Gecko) SamsungBrowser/30.0 Chrome/143.0.0.0 Mobile Safari/537.36"
181.197.52.184 - - [01/Sep/2026:14:26:51 -0500] "GET /wp-content/themes/woodmart/css/parts/blog-mod-author.css?ver=8.5.1 HTTP/1.1" 200 417 "https://anempanama.com/" "Mozilla/5.0 (Linux; Android 10; K) AppleWebKit/537.36 (KHTML, like Gecko) SamsungBrowser/30.0 Chrome/143.0.0.0 Mobile Safari/537.36"
181.197.52.184 - - [01/Sep/2026:14:26:52 -0500] "GET /wp-content/themes/woodmart/css/parts/el-social-icons.css?ver=8.5.1 HTTP/1.1" 200 3840 "https://anempanama.com/" "Mozilla/5.0 (Linux; Android 10; K) AppleWebKit/537.36 (KHTML, like Gecko) SamsungBrowser/30.0 Chrome/143.0.0.0 Mobile Safari/537.36"
