181.197.52.184 - - [01/Sep/2026:14:26:52 -0500] "GET /wp-content/themes/woodmart/css/parts/blog-mod-comments-button.css?ver=8.5.1 HTTP/1.1" 200 735 "https://anempanama.com/" "Mozilla/5.0 (Linux; Android 10; K) AppleWebKit/537.36 (KHTML, like Gecko) SamsungBrowser/30.0 Chrome/143.0.0.0 Mobile Safari/537.36"
181.197.52.184 - - [01/Sep/2026:14:26:52 -0500] "GET /wp-content/themes/woodmart/css/parts/opt-widget-collapse.css?ver=8.5.1 HTTP/1.1" 200 995 "https://anempanama.com/" "Mozilla/5.0 (Linux; Android 10; K) AppleWebKit/537.36 (KHTML, like Gecko) SamsungBrowser/30.0 Chrome/143.0.0.0 Mobile Safari/537.36"
181.197.52.184 - - [01/Sep/2026:14:26:52 -0500] "GET /wp-content/themes/woodmart/css/parts/footer-base.css?ver=8.5.1 HTTP/1.1" 200 801 "https://anempanama.com/" "Mozilla/5.0 (Linux; Android 10; K) AppleWebKit/537.36 (KHTML, like Gecko) SamsungBrowser/30.0 Chrome/143.0.0.0 Mobile Safari/537.36"
181.197.52.184 - - [01/Sep/2026:14:26:52 -0500] "GET /wp-content/uploads/elementor/css/post-7626.css?ver=1787952885 HTTP/1.1" 200 2549 "https://anempanama.com/" "Mozilla/5.0 (Linux; Android 10; K) AppleWebKit/537.36 (KHTML, like Gecko) SamsungBrowser/30.0 Chrome/143.0.0.0 Mobile Safari/537.36"
181.197.52.184 - - [01/Sep/2026:14:26:52 -0500] "GET /wp-content/uploads/elementor/css/post-7631.css?ver=1787952887 HTTP/1.1" 200 1890 "https://anempanama.com/" "Mozilla/5.0 (Linux; Android 10; K) AppleWebKit/537.36 (KHTML, like Gecko) SamsungBrowser/30.0 Chrome/143.0.0.0 Mobile Safari/537.36"
181.197.52.184 - - [01/Sep/2026:14:26:52 -0500] "GET /wp-content/themes/woodmart/css/parts/el-list-wpb-elem.css?ver=8.5.1 HTTP/1.1" 200 150 "https://anempanama.com/" "Mozilla/5.0 (Linux; Android 10; K) AppleWebKit/537.36 (KHTML, like Gecko) SamsungBrowser/30.0 Chrome/143.0.0.0 Mobile Safari/537.36"
181.197.52.184 - - [01/Sep/2026:14:26:52 -0500] "GET /wp-content/themes/woodmart/css/parts/el-list.css?ver=8.5.1 HTTP/1.1" 200 1729 "https://anempanama.com/" "Mozilla/5.0 (Linux; Android 10; K) AppleWebKit/537.36 (KHTML, like Gecko) SamsungBrowser/30.0 Chrome/143.0.0.0 Mobile Safari/537.36"
181.197.52.184 - - [01/Sep/2026:14:26:52 -0500] "GET /wp-content/themes/woodmart/css/parts/opt-scrolltotop.css?ver=8.5.1 HTTP/1.1" 200 789 "https://anempanama.com/" "Mozilla/5.0 (Linux; Android 10; K) AppleWebKit/537.36 (KHTML, like Gecko) SamsungBrowser/30.0 Chrome/143.0.0.0 Mobile Safari/537.36"
181.197.52.184 - - [01/Sep/2026:14:26:52 -0500] "GET /wp-content/themes/woodmart/css/parts/base-deferred.css?ver=8.5.1 HTTP/1.1" 200 6650 "https://anempanama.com/" "Mozilla/5.0 (Linux; Android 10; K) AppleWebKit/537.36 (KHTML, like Gecko) SamsungBrowser/30.0 Chrome/143.0.0.0 Mobile Safari/537.36"
34.150.65.153 - - [01/Sep/2026:14:26:52 -0500] "GET /backend/.env HTTP/1.1" 403 199 "-" "Mozilla/5.0 (X11; Linux x86_64) AppleWebKit/537.36 (KHTML, like Gecko) Chrome/131.0.0.0 Safari/537.36"
181.197.52.184 - - [01/Sep/2026:14:26:52 -0500] "GET /wp-content/themes/woodmart/css/parts/woocommerce-base-deferred.css?ver=8.5.1 HTTP/1.1" 200 1364 "https://anempanama.com/" "Mozilla/5.0 (Linux; Android 10; K) AppleWebKit/537.36 (KHTML, like Gecko) SamsungBrowser/30.0 Chrome/143.0.0.0 Mobile Safari/537.36"
181.197.52.184 - - [01/Sep/2026:14:26:52 -0500] "GET /wp-content/themes/woodmart/css/parts/mod-notices-general.css?ver=8.5.1 HTTP/1.1" 200 5715 "https://anempanama.com/" "Mozilla/5.0 (Linux; Android 10; K) AppleWebKit/537.36 (KHTML, like Gecko) SamsungBrowser/30.0 Chrome/143.0.0.0 Mobile Safari/537.36"
181.197.52.184 - - [01/Sep/2026:14:26:52 -0500] "GET /wp-content/themes/woodmart/css/parts/woo-mod-block-notices.css?ver=8.5.1 HTTP/1.1" 200 2327 "https://anempanama.com/" "Mozilla/5.0 (Linux; Android 10; K) AppleWebKit/537.36 (KHTML, like Gecko) SamsungBrowser/30.0 Chrome/143.0.0.0 Mobile Safari/537.36"
181.197.52.184 - - [01/Sep/2026:14:26:52 -0500] "GET /wp-content/themes/woodmart/css/parts/header-opt-sticky-shadow.css?ver=8.5.1 HTTP/1.1" 200 363 "https://anempanama.com/" "Mozilla/5.0 (Linux; Android 10; K) AppleWebKit/537.36 (KHTML, like Gecko) SamsungBrowser/30.0 Chrome/143.0.0.0 Mobile Safari/537.36"
181.197.52.184 - - [01/Sep/2026:14:26:52 -0500] "GET /wp-content/themes/woodmart/css/parts/header-opt-scroll-stick.css?ver=8.5.1 HTTP/1.1" 200 392 "https://anempanama.com/" "Mozilla/5.0 (Linux; Android 10; K) AppleWebKit/537.36 (KHTML, like Gecko) SamsungBrowser/30.0 Chrome/143.0.0.0 Mobile Safari/537.36"
181.197.52.184 - - [01/Sep/2026:14:26:52 -0500] "GET /wp-content/themes/woodmart/css/parts/lib-swiper-arrows.css?ver=8.5.1 HTTP/1.1" 200 2713 "https://anempanama.com/" "Mozilla/5.0 (Linux; Android 10; K) AppleWebKit/537.36 (KHTML, like Gecko) SamsungBrowser/30.0 Chrome/143.0.0.0 Mobile Safari/537.36"
181.197.52.184 - - [01/Sep/2026:14:26:52 -0500] "GET /wp-content/themes/woodmart/css/parts/lib-photoswipe.css?ver=8.5.1 HTTP/1.1" 200 6809 "https://anempanama.com/" "Mozilla/5.0 (Linux; Android 10; K) AppleWebKit/537.36 (KHTML, like Gecko) SamsungBrowser/30.0 Chrome/143.0.0.0 Mobile Safari/537.36"
181.197.52.184 - - [01/Sep/2026:14:26:52 -0500] "GET /wp-content/themes/woodmart/css/parts/lib-magnific-popup.css?ver=8.5.1 HTTP/1.1" 200 2083 "https://anempanama.com/" "Mozilla/5.0 (Linux; Android 10; K) AppleWebKit/537.36 (KHTML, like Gecko) SamsungBrowser/30.0 Chrome/143.0.0.0 Mobile Safari/537.36"
181.197.52.184 - - [01/Sep/2026:14:26:52 -0500] "GET /wp-content/themes/woodmart/css/parts/lib-swiper-pagin.css?ver=8.5.1 HTTP/1.1" 200 1132 "https://anempanama.com/" "Mozilla/5.0 (Linux; Android 10; K) AppleWebKit/537.36 (KHTML, like Gecko) SamsungBrowser/30.0 Chrome/143.0.0.0 Mobile Safari/537.36"
181.197.52.184 - - [01/Sep/2026:14:26:52 -0500] "GET /wp-content/themes/woodmart/css/parts/header-el-mobile-nav.css?ver=8.5.1 HTTP/1.1" 200 2593 "https://anempanama.com/" "Mozilla/5.0 (Linux; Android 10; K) AppleWebKit/537.36 (KHTML, like Gecko) SamsungBrowser/30.0 Chrome/143.0.0.0 Mobile Safari/537.36"
181.197.52.184 - - [01/Sep/2026:14:26:53 -0500] "GET /wp-includes/js/dist/hooks.min.js?ver=f0f188028580e8dc1255 HTTP/1.1" 200 5107 "https://anempanama.com/" "Mozilla/5.0 (Linux; Android 10; K) AppleWebKit/537.36 (KHTML, like Gecko) SamsungBrowser/30.0 Chrome/143.0.0.0 Mobile Safari/537.36"
181.197.52.184 - - [01/Sep/2026:14:26:53 -0500] "GET /wp-content/plugins/contact-form-7/includes/swv/js/index.js?ver=6.1.6 HTTP/1.1" 200 12512 "https://anempanama.com/" "Mozilla/5.0 (Linux; Android 10; K) AppleWebKit/537.36 (KHTML, like Gecko) SamsungBrowser/30.0 Chrome/143.0.0.0 Mobile Safari/537.36"
181.197.52.184 - - [01/Sep/2026:14:26:53 -0500] "GET /wp-includes/js/dist/i18n.min.js?ver=1dfe7db3940c23ea9216 HTTP/1.1" 200 5791 "https://anempanama.com/" "Mozilla/5.0 (Linux; Android 10; K) AppleWebKit/537.36 (KHTML, like Gecko) SamsungBrowser/30.0 Chrome/143.0.0.0 Mobile Safari/537.36"
181.197.52.184 - - [01/Sep/2026:14:26:53 -0500] "GET /wp-content/plugins/contact-form-7/includes/js/index.js?ver=6.1.6 HTTP/1.1" 200 13452 "https://anempanama.com/" "Mozilla/5.0 (Linux; Android 10; K) AppleWebKit/537.36 (KHTML, like Gecko) SamsungBrowser/30.0 Chrome/143.0.0.0 Mobile Safari/537.36"
181.197.52.184 - - [01/Sep/2026:14:26:53 -0500] "GET /wp-content/plugins/woocommerce/assets/js/frontend/order-attribution.min.js?ver=11.0.1 HTTP/1.1" 200 2439 "https://anempanama.com/" "Mozilla/5.0 (Linux; Android 10; K) AppleWebKit/537.36 (KHTML, like Gecko) SamsungBrowser/30.0 Chrome/143.0.0.0 Mobile Safari/537.36"
181.197.52.184 - - [01/Sep/2026:14:26:53 -0500] "GET /wp-content/plugins/elementor/assets/js/webpack.runtime.min.js?ver=4.2.2 HTTP/1.1" 200 5819 "https://anempanama.com/" "Mozilla/5.0 (Linux; Android 10; K) AppleWebKit/537.36 (KHTML, like Gecko) SamsungBrowser/30.0 Chrome/143.0.0.0 Mobile Safari/537.36"
181.197.52.184 - - [01/Sep/2026:14:26:53 -0500] "GET /wp-content/plugins/elementor/assets/js/frontend-modules.min.js?ver=4.2.2 HTTP/1.1" 200 50602 "https://anempanama.com/" "Mozilla/5.0 (Linux; Android 10; K) AppleWebKit/537.36 (KHTML, like Gecko) SamsungBrowser/30.0 Chrome/143.0.0.0 Mobile Safari/537.36"
181.197.52.184 - - [01/Sep/2026:14:26:53 -0500] "GET /wp-includes/js/jquery/ui/core.min.js?ver=1.14.2 HTTP/1.1" 200 18674 "https://anempanama.com/" "Mozilla/5.0 (Linux; Android 10; K) AppleWebKit/537.36 (KHTML, like Gecko) SamsungBrowser/30.0 Chrome/143.0.0.0 Mobile Safari/537.36"
34.150.65.153 - - [01/Sep/2026:14:26:53 -0500] "GET /server/.env HTTP/1.1" 403 199 "-" "Mozilla/5.0 (X11; Linux x86_64) AppleWebKit/537.36 (KHTML, like Gecko) Chrome/131.0.0.0 Safari/537.36"
181.197.52.184 - - [01/Sep/2026:14:26:53 -0500] "GET /wp-content/plugins/elementor/assets/js/frontend.min.js?ver=4.2.2 HTTP/1.1" 200 32098 "https://anempanama.com/" "Mozilla/5.0 (Linux; Android 10; K) AppleWebKit/537.36 (KHTML, like Gecko) SamsungBrowser/30.0 Chrome/143.0.0.0 Mobile Safari/537.36"
181.197.52.184 - - [01/Sep/2026:14:26:53 -0500] "GET /wp-content/plugins/elementor/assets/lib/swiper/v8/swiper.min.js?ver=8.4.5 HTTP/1.1" 200 143709 "https://anempanama.com/" "Mozilla/5.0 (Linux; Android 10; K) AppleWebKit/537.36 (KHTML, like Gecko) SamsungBrowser/30.0 Chrome/143.0.0.0 Mobile Safari/537.36"
181.197.52.184 - - [01/Sep/2026:14:26:53 -0500] "GET /wp-content/themes/woodmart/js/scripts/global/helpers.min.js?ver=8.5.1 HTTP/1.1" 200 4644 "https://anempanama.com/" "Mozilla/5.0 (Linux; Android 10; K) AppleWebKit/537.36 (KHTML, like Gecko) SamsungBrowser/30.0 Chrome/143.0.0.0 Mobile Safari/537.36"
181.197.52.184 - - [01/Sep/2026:14:26:53 -0500] "GET /wp-content/themes/woodmart/js/scripts/global/elementor-integration.min.js?ver=8.5.1 HTTP/1.1" 200 1843 "https://anempanama.com/" "Mozilla/5.0 (Linux; Android 10; K) AppleWebKit/537.36 (KHTML, like Gecko) SamsungBrowser/30.0 Chrome/143.0.0.0 Mobile Safari/537.36"
181.197.52.184 - - [01/Sep/2026:14:26:53 -0500] "GET /wp-content/themes/woodmart/js/scripts/header/headerBuilder.min.js?ver=8.5.1 HTTP/1.1" 200 2565 "https://anempanama.com/" "Mozilla/5.0 (Linux; Android 10; K) AppleWebKit/537.36 (KHTML, like Gecko) SamsungBrowser/30.0 Chrome/143.0.0.0 Mobile Safari/537.36"
181.197.52.184 - - [01/Sep/2026:14:26:53 -0500] "GET /wp-content/themes/woodmart/js/scripts/menu/menuSetUp.min.js?ver=8.5.1 HTTP/1.1" 200 1743 "https://anempanama.com/" "Mozilla/5.0 (Linux; Android 10; K) AppleWebKit/537.36 (KHTML, like Gecko) SamsungBrowser/30.0 Chrome/143.0.0.0 Mobile Safari/537.36"
181.197.52.184 - - [01/Sep/2026:14:26:53 -0500] "GET /wp-content/themes/woodmart/js/scripts/menu/menuOffsets.min.js?ver=8.5.1 HTTP/1.1" 200 3160 "https://anempanama.com/" "Mozilla/5.0 (Linux; Android 10; K) AppleWebKit/537.36 (KHTML, like Gecko) SamsungBrowser/30.0 Chrome/143.0.0.0 Mobile Safari/537.36"
91.98.185.79 - - [01/Sep/2026:14:26:51 -0500] "GET /categoria-producto/accessories/?filter_color=black,blue,yellow&stock_status=instock,onsale HTTP/1.1" 200 151695 "-" "Mozilla/5.0 (compatible; SERankingBacklinksBot/1.0; +https://seranking.com/backlinks-crawler)"
181.197.52.184 - - [01/Sep/2026:14:26:54 -0500] "GET /wp-content/themes/woodmart/js/libs/waypoints.min.js?ver=8.5.1 HTTP/1.1" 200 8788 "https://anempanama.com/" "Mozilla/5.0 (Linux; Android 10; K) AppleWebKit/537.36 (KHTML, like Gecko) SamsungBrowser/30.0 Chrome/143.0.0.0 Mobile Safari/537.36"
181.197.52.184 - - [01/Sep/2026:14:26:54 -0500] "GET /wp-content/themes/woodmart/js/scripts/menu/onePageMenu.min.js?ver=8.5.1 HTTP/1.1" 200 1626 "https://anempanama.com/" "Mozilla/5.0 (Linux; Android 10; K) AppleWebKit/537.36 (KHTML, like Gecko) SamsungBrowser/30.0 Chrome/143.0.0.0 Mobile Safari/537.36"
181.197.52.184 - - [01/Sep/2026:14:26:54 -0500] "GET /wp-content/themes/woodmart/js/scripts/elements/contentPopup.min.js?ver=8.5.1 HTTP/1.1" 200 1650 "https://anempanama.com/" "Mozilla/5.0 (Linux; Android 10; K) AppleWebKit/537.36 (KHTML, like Gecko) SamsungBrowser/30.0 Chrome/143.0.0.0 Mobile Safari/537.36"
181.197.52.184 - - [01/Sep/2026:14:26:54 -0500] "GET /wp-content/themes/woodmart/js/libs/magnific-popup.min.js?ver=8.5.1 HTTP/1.1" 200 21680 "https://anempanama.com/" "Mozilla/5.0 (Linux; Android 10; K) AppleWebKit/537.36 (KHTML, like Gecko) SamsungBrowser/30.0 Chrome/143.0.0.0 Mobile Safari/537.36"
34.150.65.153 - - [01/Sep/2026:14:26:54 -0500] "GET /frontend/.env HTTP/1.1" 403 199 "-" "Mozilla/5.0 (X11; Linux x86_64) AppleWebKit/537.36 (KHTML, like Gecko) Chrome/131.0.0.0 Safari/537.36"
181.197.52.184 - - [01/Sep/2026:14:26:54 -0500] "GET /wp-content/themes/woodmart/js/scripts/global/photoswipeImages.min.js?ver=8.5.1 HTTP/1.1" 200 709 "https://anempanama.com/" "Mozilla/5.0 (Linux; Android 10; K) AppleWebKit/537.36 (KHTML, like Gecko) SamsungBrowser/30.0 Chrome/143.0.0.0 Mobile Safari/537.36"
181.197.52.184 - - [01/Sep/2026:14:26:54 -0500] "GET /wp-content/themes/woodmart/js/scripts/global/callPhotoSwipe.min.js?ver=8.5.1 HTTP/1.1" 200 1186 "https://anempanama.com/" "Mozilla/5.0 (Linux; Android 10; K) AppleWebKit/537.36 (KHTML, like Gecko) SamsungBrowser/30.0 Chrome/143.0.0.0 Mobile Safari/537.36"
181.197.52.184 - - [01/Sep/2026:14:26:54 -0500] "GET /wp-includes/js/imagesloaded.min.js?ver=5.0.0 HTTP/1.1" 200 5520 "https://anempanama.com/" "Mozilla/5.0 (Linux; Android 10; K) AppleWebKit/537.36 (KHTML, like Gecko) SamsungBrowser/30.0 Chrome/143.0.0.0 Mobile Safari/537.36"
181.197.52.184 - - [01/Sep/2026:14:26:54 -0500] "GET /wp-content/themes/woodmart/js/scripts/global/widgetCollapse.min.js?ver=8.5.1 HTTP/1.1" 200 967 "https://anempanama.com/" "Mozilla/5.0 (Linux; Android 10; K) AppleWebKit/537.36 (KHTML, like Gecko) SamsungBrowser/30.0 Chrome/143.0.0.0 Mobile Safari/537.36"
181.197.52.184 - - [01/Sep/2026:14:26:54 -0500] "GET /wp-content/themes/woodmart/js/libs/swiper.min.js?ver=8.5.1 HTTP/1.1" 200 107891 "https://anempanama.com/" "Mozilla/5.0 (Linux; Android 10; K) AppleWebKit/537.36 (KHTML, like Gecko) SamsungBrowser/30.0 Chrome/143.0.0.0 Mobile Safari/537.36"
181.197.52.184 - - [01/Sep/2026:14:26:54 -0500] "GET /wp-content/themes/woodmart/js/scripts/global/scrollTop.min.js?ver=8.5.1 HTTP/1.1" 200 362 "https://anempanama.com/" "Mozilla/5.0 (Linux; Android 10; K) AppleWebKit/537.36 (KHTML, like Gecko) SamsungBrowser/30.0 Chrome/143.0.0.0 Mobile Safari/537.36"
181.197.52.184 - - [01/Sep/2026:14:26:54 -0500] "GET /wp-content/themes/woodmart/js/scripts/menu/mobileNavigation.min.js?ver=8.5.1 HTTP/1.1" 200 7332 "https://anempanama.com/" "Mozilla/5.0 (Linux; Android 10; K) AppleWebKit/537.36 (KHTML, like Gecko) SamsungBrowser/30.0 Chrome/143.0.0.0 Mobile Safari/537.36"
34.150.65.153 - - [01/Sep/2026:14:26:54 -0500] "GET /src/.env HTTP/1.1" 403 199 "-" "Mozilla/5.0 (X11; Linux x86_64) AppleWebKit/537.36 (KHTML, like Gecko) Chrome/131.0.0.0 Safari/537.36"
181.197.52.184 - - [01/Sep/2026:14:26:55 -0500] "GET /wp-content/plugins/woocommerce/assets/js/frontend/add-to-cart.min.js?ver=11.0.1 HTTP/1.1" 200 4350 "https://anempanama.com/" "Mozilla/5.0 (Linux; Android 10; K) AppleWebKit/537.36 (KHTML, like Gecko) SamsungBrowser/30.0 Chrome/143.0.0.0 Mobile Safari/537.36"
181.197.52.184 - - [01/Sep/2026:14:26:55 -0500] "GET /wp-content/plugins/woocommerce/assets/js/jquery-blockui/jquery.blockUI.min.js?ver=2.7.0-wc.11.0.1 HTTP/1.1" 200 9636 "https://anempanama.com/" "Mozilla/5.0 (Linux; Android 10; K) AppleWebKit/537.36 (KHTML, like Gecko) SamsungBrowser/30.0 Chrome/143.0.0.0 Mobile Safari/537.36"
181.197.52.184 - - [01/Sep/2026:14:26:55 -0500] "GET /wp-content/plugins/woocommerce/assets/js/js-cookie/js.cookie.min.js?ver=2.1.4-wc.11.0.1 HTTP/1.1" 200 1720 "https://anempanama.com/" "Mozilla/5.0 (Linux; Android 10; K) AppleWebKit/537.36 (KHTML, like Gecko) SamsungBrowser/30.0 Chrome/143.0.0.0 Mobile Safari/537.36"
181.197.52.184 - - [01/Sep/2026:14:26:55 -0500] "GET /wp-content/plugins/woocommerce/assets/js/frontend/woocommerce.min.js?ver=11.0.1 HTTP/1.1" 200 4270 "https://anempanama.com/" "Mozilla/5.0 (Linux; Android 10; K) AppleWebKit/537.36 (KHTML, like Gecko) SamsungBrowser/30.0 Chrome/143.0.0.0 Mobile Safari/537.36"
34.150.65.153 - - [01/Sep/2026:14:26:55 -0500] "GET /core/.env HTTP/1.1" 403 199 "-" "Mozilla/5.0 (X11; Linux x86_64) AppleWebKit/537.36 (KHTML, like Gecko) Chrome/131.0.0.0 Safari/537.36"
181.197.52.184 - - [01/Sep/2026:14:26:56 -0500] "GET /wp-content/uploads/2026/07/Anem_Empresas_Afiliada_14.png HTTP/1.1" 200 53176 "https://anempanama.com/" "Mozilla/5.0 (Linux; Android 10; K) AppleWebKit/537.36 (KHTML, like Gecko) SamsungBrowser/30.0 Chrome/143.0.0.0 Mobile Safari/537.36"
181.197.52.184 - - [01/Sep/2026:14:26:56 -0500] "GET /wp-content/uploads/2026/07/Anem_Empresas_Afiliada_13.png HTTP/1.1" 200 13705 "https://anempanama.com/" "Mozilla/5.0 (Linux; Android 10; K) AppleWebKit/537.36 (KHTML, like Gecko) SamsungBrowser/30.0 Chrome/143.0.0.0 Mobile Safari/537.36"
34.150.65.153 - - [01/Sep/2026:14:26:56 -0500] "GET /core/app/.env HTTP/1.1" 403 199 "-" "Mozilla/5.0 (X11; Linux x86_64) AppleWebKit/537.36 (KHTML, like Gecko) Chrome/131.0.0.0 Safari/537.36"
181.197.52.184 - - [01/Sep/2026:14:26:56 -0500] "GET /wp-content/uploads/2026/07/Anem_Empresas_Afiliada_12.png HTTP/1.1" 200 61406 "https://anempanama.com/" "Mozilla/5.0 (Linux; Android 10; K) AppleWebKit/537.36 (KHTML, like Gecko) SamsungBrowser/30.0 Chrome/143.0.0.0 Mobile Safari/537.36"
34.150.65.153 - - [01/Sep/2026:14:26:57 -0500] "GET /config/.env HTTP/1.1" 403 199 "-" "Mozilla/5.0 (X11; Linux x86_64) AppleWebKit/537.36 (KHTML, like Gecko) Chrome/131.0.0.0 Safari/537.36"
181.197.52.184 - - [01/Sep/2026:14:26:57 -0500] "GET /wp-content/uploads/2021/10/real-estate-advantage-1.svg HTTP/1.1" 200 3626 "https://anempanama.com/" "Mozilla/5.0 (Linux; Android 10; K) AppleWebKit/537.36 (KHTML, like Gecko) SamsungBrowser/30.0 Chrome/143.0.0.0 Mobile Safari/537.36"
34.150.65.153 - - [01/Sep/2026:14:26:58 -0500] "GET /private/.env HTTP/1.1" 403 199 "-" "Mozilla/5.0 (X11; Linux x86_64) AppleWebKit/537.36 (KHTML, like Gecko) Chrome/131.0.0.0 Safari/537.36"
181.197.52.184 - - [01/Sep/2026:14:26:51 -0500] "GET /wp-content/themes/woodmart/css/parts/el-info-box.css?ver=8.5.1 HTTP/1.1" 200 3810 "https://anempanama.com/" "Mozilla/5.0 (Linux; Android 10; K) AppleWebKit/537.36 (KHTML, like Gecko) SamsungBrowser/30.0 Chrome/143.0.0.0 Mobile Safari/537.36"
181.197.52.184 - - [01/Sep/2026:14:26:58 -0500] "GET /wp-content/themes/woodmart/css/parts/post-types-mod-date-style-bg.css?ver=8.5.1 HTTP/1.1" 200 589 "https://anempanama.com/" "Mozilla/5.0 (Linux; Android 10; K) AppleWebKit/537.36 (KHTML, like Gecko) SamsungBrowser/30.0 Chrome/143.0.0.0 Mobile Safari/537.36"
181.197.52.184 - - [01/Sep/2026:14:26:58 -0500] "GET /wp-content/uploads/2021/10/real-estate-advantage-2.svg HTTP/1.1" 200 1540 "https://anempanama.com/" "Mozilla/5.0 (Linux; Android 10; K) AppleWebKit/537.36 (KHTML, like Gecko) SamsungBrowser/30.0 Chrome/143.0.0.0 Mobile Safari/537.36"
181.197.52.184 - - [01/Sep/2026:14:26:58 -0500] "GET /wp-content/uploads/2021/10/real-estate-advantage-3.svg HTTP/1.1" 200 2872 "https://anempanama.com/" "Mozilla/5.0 (Linux; Android 10; K) AppleWebKit/537.36 (KHTML, like Gecko) SamsungBrowser/30.0 Chrome/143.0.0.0 Mobile Safari/537.36"
34.150.65.153 - - [01/Sep/2026:14:26:58 -0500] "GET /bootstrap/.env HTTP/1.1" 403 199 "-" "Mozilla/5.0 (X11; Linux x86_64) AppleWebKit/537.36 (KHTML, like Gecko) Chrome/131.0.0.0 Safari/537.36"
181.197.52.184 - - [01/Sep/2026:14:26:58 -0500] "GET /wp-content/uploads/2026/07/Anem_Empresas_Afiliada_11.png HTTP/1.1" 200 50519 "https://anempanama.com/" "Mozilla/5.0 (Linux; Android 10; K) AppleWebKit/537.36 (KHTML, like Gecko) SamsungBrowser/30.0 Chrome/143.0.0.0 Mobile Safari/537.36"
181.197.52.184 - - [01/Sep/2026:14:26:55 -0500] "GET /wp-content/uploads/2026/07/Anem_Gallery_05.jpg HTTP/1.1" 200 459069 "https://anempanama.com/" "Mozilla/5.0 (Linux; Android 10; K) AppleWebKit/537.36 (KHTML, like Gecko) SamsungBrowser/30.0 Chrome/143.0.0.0 Mobile Safari/537.36"
181.197.52.184 - - [01/Sep/2026:14:26:59 -0500] "GET /wp-content/uploads/2026/07/Anem_Empresas_Afiliada_10.png HTTP/1.1" 200 16850 "https://anempanama.com/" "Mozilla/5.0 (Linux; Android 10; K) AppleWebKit/537.36 (KHTML, like Gecko) SamsungBrowser/30.0 Chrome/143.0.0.0 Mobile Safari/537.36"
181.197.52.184 - - [01/Sep/2026:14:26:59 -0500] "GET /wp-content/uploads/2026/07/Anem_Empresas_Afiliada_09.png HTTP/1.1" 200 33648 "https://anempanama.com/" "Mozilla/5.0 (Linux; Android 10; K) AppleWebKit/537.36 (KHTML, like Gecko) SamsungBrowser/30.0 Chrome/143.0.0.0 Mobile Safari/537.36"
181.197.52.184 - - [01/Sep/2026:14:26:55 -0500] "GET /wp-content/uploads/2026/07/Banner_Home_ANEM_II.png HTTP/1.1" 200 712858 "https://anempanama.com/" "Mozilla/5.0 (Linux; Android 10; K) AppleWebKit/537.36 (KHTML, like Gecko) SamsungBrowser/30.0 Chrome/143.0.0.0 Mobile Safari/537.36"
34.150.65.153 - - [01/Sep/2026:14:26:59 -0500] "GET /database/.env HTTP/1.1" 403 199 "-" "Mozilla/5.0 (X11; Linux x86_64) AppleWebKit/537.36 (KHTML, like Gecko) Chrome/131.0.0.0 Safari/537.36"
157.90.185.123 - - [01/Sep/2026:14:26:59 -0500] "POST /wp-cron.php?doing_wp_cron=1788290819.8299760818481445312500 HTTP/1.1" 200 - "-" "WordPress/7.1; https://anempanama.com"
91.98.185.79 - - [01/Sep/2026:14:26:56 -0500] "GET /categoria-producto/accessories/?filter_color=blue,brown,yellow&stock_status=instock,onsale HTTP/1.1" 200 151695 "-" "Mozilla/5.0 (compatible; SERankingBacklinksBot/1.0; +https://seranking.com/backlinks-crawler)"
34.150.65.153 - - [01/Sep/2026:14:27:00 -0500] "GET /storage/.env HTTP/1.1" 403 199 "-" "Mozilla/5.0 (X11; Linux x86_64) AppleWebKit/537.36 (KHTML, like Gecko) Chrome/131.0.0.0 Safari/537.36"
201.225.7.125 - - [01/Sep/2026:14:27:00 -0500] "GET /wp-content/uploads/2026/08/Reunion_Trabajo_Ministerio_1_ANEM.jpg HTTP/1.1" 200 197096 "https://anempanama.com/" "Mozilla/5.0 (Linux; Android 10; K) AppleWebKit/537.36 (KHTML, like Gecko) SamsungBrowser/30.0 Chrome/143.0.0.0 Mobile Safari/537.36"
181.197.52.184 - - [01/Sep/2026:14:26:53 -0500] "GET /wp-content/themes/woodmart/js/scripts/wc/updateCartFragmentsFix.js?ver=8.5.1 HTTP/1.1" 200 1666 "https://anempanama.com/" "Mozilla/5.0 (Linux; Android 10; K) AppleWebKit/537.36 (KHTML, like Gecko) SamsungBrowser/30.0 Chrome/143.0.0.0 Mobile Safari/537.36"
181.197.52.184 - - [01/Sep/2026:14:27:01 -0500] "GET /wp-content/plugins/woocommerce/assets/js/sourcebuster/sourcebuster.min.js?ver=11.0.1 HTTP/1.1" 200 15315 "https://anempanama.com/" "Mozilla/5.0 (Linux; Android 10; K) AppleWebKit/537.36 (KHTML, like Gecko) SamsungBrowser/30.0 Chrome/143.0.0.0 Mobile Safari/537.36"
34.150.65.153 - - [01/Sep/2026:14:27:01 -0500] "GET /var/www/.env HTTP/1.1" 403 199 "-" "Mozilla/5.0 (X11; Linux x86_64) AppleWebKit/537.36 (KHTML, like Gecko) Chrome/131.0.0.0 Safari/537.36"
34.150.65.153 - - [01/Sep/2026:14:27:02 -0500] "GET /var/www/html/.env HTTP/1.1" 403 199 "-" "Mozilla/5.0 (X11; Linux x86_64) AppleWebKit/537.36 (KHTML, like Gecko) Chrome/131.0.0.0 Safari/537.36"
34.150.65.153 - - [01/Sep/2026:14:27:02 -0500] "GET /current/.env HTTP/1.1" 403 199 "-" "Mozilla/5.0 (X11; Linux x86_64) AppleWebKit/537.36 (KHTML, like Gecko) Chrome/131.0.0.0 Safari/537.36"
34.150.65.153 - - [01/Sep/2026:14:27:03 -0500] "GET /release/.env HTTP/1.1" 403 199 "-" "Mozilla/5.0 (X11; Linux x86_64) AppleWebKit/537.36 (KHTML, like Gecko) Chrome/131.0.0.0 Safari/537.36"
34.150.65.153 - - [01/Sep/2026:14:27:04 -0500] "GET /releases/.env HTTP/1.1" 403 199 "-" "Mozilla/5.0 (X11; Linux x86_64) AppleWebKit/537.36 (KHTML, like Gecko) Chrome/131.0.0.0 Safari/537.36"
34.150.65.153 - - [01/Sep/2026:14:27:05 -0500] "GET /shared/.env HTTP/1.1" 403 199 "-" "Mozilla/5.0 (X11; Linux x86_64) AppleWebKit/537.36 (KHTML, like Gecko) Chrome/131.0.0.0 Safari/537.36"
201.225.7.125 - - [01/Sep/2026:14:27:04 -0500] "GET /wp-content/uploads/2026/08/Jornada_Limpieza_ANEM.jpg HTTP/1.1" 200 356987 "https://anempanama.com/" "Mozilla/5.0 (Linux; Android 10; K) AppleWebKit/537.36 (KHTML, like Gecko) SamsungBrowser/30.0 Chrome/143.0.0.0 Mobile Safari/537.36"
34.150.65.153 - - [01/Sep/2026:14:27:06 -0500] "GET /deploy/.env HTTP/1.1" 403 199 "-" "Mozilla/5.0 (X11; Linux x86_64) AppleWebKit/537.36 (KHTML, like Gecko) Chrome/131.0.0.0 Safari/537.36"
91.98.185.79 - - [01/Sep/2026:14:27:02 -0500] "GET /categoria-producto/accessories/?stock_status=instock&filter_color=beige,black,brown,yellow HTTP/1.1" 200 166864 "-" "Mozilla/5.0 (compatible; SERankingBacklinksBot/1.0; +https://seranking.com/backlinks-crawler)"
34.150.65.153 - - [01/Sep/2026:14:27:06 -0500] "GET /build/.env HTTP/1.1" 403 199 "-" "Mozilla/5.0 (X11; Linux x86_64) AppleWebKit/537.36 (KHTML, like Gecko) Chrome/131.0.0.0 Safari/537.36"
181.197.52.184 - - [01/Sep/2026:14:26:54 -0500] "GET /wp-content/themes/woodmart/js/libs/photoswipe-bundle.min.js?ver=8.5.1 HTTP/1.1" 200 38875 "https://anempanama.com/" "Mozilla/5.0 (Linux; Android 10; K) AppleWebKit/537.36 (KHTML, like Gecko) SamsungBrowser/30.0 Chrome/143.0.0.0 Mobile Safari/537.36"
181.197.52.184 - - [01/Sep/2026:14:27:07 -0500] "GET /wp-content/themes/woodmart/js/scripts/global/swiperInit.min.js?ver=8.5.1 HTTP/1.1" 200 8047 "https://anempanama.com/" "Mozilla/5.0 (Linux; Android 10; K) AppleWebKit/537.36 (KHTML, like Gecko) SamsungBrowser/30.0 Chrome/143.0.0.0 Mobile Safari/537.36"
201.225.7.125 - - [01/Sep/2026:14:27:07 -0500] "GET /wp-content/uploads/2026/08/Jornada_Juguetes_ANEM.jpg HTTP/1.1" 200 254960 "https://anempanama.com/" "Mozilla/5.0 (Linux; Android 10; K) AppleWebKit/537.36 (KHTML, like Gecko) SamsungBrowser/30.0 Chrome/143.0.0.0 Mobile Safari/537.36"
34.150.65.153 - - [01/Sep/2026:14:27:07 -0500] "GET /dist/.env HTTP/1.1" 403 199 "-" "Mozilla/5.0 (X11; Linux x86_64) AppleWebKit/537.36 (KHTML, like Gecko) Chrome/131.0.0.0 Safari/537.36"
34.150.65.153 - - [01/Sep/2026:14:27:08 -0500] "GET /public_html/.env HTTP/1.1" 403 199 "-" "Mozilla/5.0 (X11; Linux x86_64) AppleWebKit/537.36 (KHTML, like Gecko) Chrome/131.0.0.0 Safari/537.36"
34.150.65.153 - - [01/Sep/2026:14:27:09 -0500] "GET /htdocs/.env HTTP/1.1" 403 199 "-" "Mozilla/5.0 (X11; Linux x86_64) AppleWebKit/537.36 (KHTML, like Gecko) Chrome/131.0.0.0 Safari/537.36"
34.150.65.153 - - [01/Sep/2026:14:27:09 -0500] "GET /www/.env HTTP/1.1" 403 199 "-" "Mozilla/5.0 (X11; Linux x86_64) AppleWebKit/537.36 (KHTML, like Gecko) Chrome/131.0.0.0 Safari/537.36"
34.150.65.153 - - [01/Sep/2026:14:27:10 -0500] "GET /html/.env HTTP/1.1" 403 199 "-" "Mozilla/5.0 (X11; Linux x86_64) AppleWebKit/537.36 (KHTML, like Gecko) Chrome/131.0.0.0 Safari/537.36"
34.150.65.153 - - [01/Sep/2026:14:27:11 -0500] "GET /live/.env HTTP/1.1" 403 199 "-" "Mozilla/5.0 (X11; Linux x86_64) AppleWebKit/537.36 (KHTML, like Gecko) Chrome/131.0.0.0 Safari/537.36"
34.150.65.153 - - [01/Sep/2026:14:27:12 -0500] "GET /prod/.env HTTP/1.1" 403 199 "-" "Mozilla/5.0 (X11; Linux x86_64) AppleWebKit/537.36 (KHTML, like Gecko) Chrome/131.0.0.0 Safari/537.36"
34.150.65.153 - - [01/Sep/2026:14:27:13 -0500] "GET /dev/.env HTTP/1.1" 403 199 "-" "Mozilla/5.0 (X11; Linux x86_64) AppleWebKit/537.36 (KHTML, like Gecko) Chrome/131.0.0.0 Safari/537.36"
201.225.7.125 - - [01/Sep/2026:14:27:13 -0500] "GET /wp-content/uploads/2026/08/Jorge_Pimentel_ANEM.png HTTP/1.1" 200 102308 "https://anempanama.com/" "Mozilla/5.0 (Linux; Android 10; K) AppleWebKit/537.36 (KHTML, like Gecko) SamsungBrowser/30.0 Chrome/143.0.0.0 Mobile Safari/537.36"
91.98.185.79 - - [01/Sep/2026:14:27:09 -0500] "GET /categoria-producto/accessories/?stock_status=instock,onsale&filter_color=beige,black,brown HTTP/1.1" 200 151695 "-" "Mozilla/5.0 (compatible; SERankingBacklinksBot/1.0; +https://seranking.com/backlinks-crawler)"
34.150.65.153 - - [01/Sep/2026:14:27:13 -0500] "GET /staging/.env HTTP/1.1" 403 199 "-" "Mozilla/5.0 (X11; Linux x86_64) AppleWebKit/537.36 (KHTML, like Gecko) Chrome/131.0.0.0 Safari/537.36"
201.225.7.125 - - [01/Sep/2026:14:27:14 -0500] "GET /wp-content/uploads/2026/08/Alcibiades_Ragel_ANEM.png HTTP/1.1" 200 83033 "https://anempanama.com/" "Mozilla/5.0 (Linux; Android 10; K) AppleWebKit/537.36 (KHTML, like Gecko) SamsungBrowser/30.0 Chrome/143.0.0.0 Mobile Safari/537.36"
34.150.65.153 - - [01/Sep/2026:14:27:14 -0500] "GET /opt/.env HTTP/1.1" 403 199 "-" "Mozilla/5.0 (X11; Linux x86_64) AppleWebKit/537.36 (KHTML, like Gecko) Chrome/131.0.0.0 Safari/537.36"
201.225.7.125 - - [01/Sep/2026:14:27:14 -0500] "GET /wp-content/uploads/2026/08/Shirley_Guitierrez_ANEM.png HTTP/1.1" 200 135842 "https://anempanama.com/" "Mozilla/5.0 (Linux; Android 10; K) AppleWebKit/537.36 (KHTML, like Gecko) SamsungBrowser/30.0 Chrome/143.0.0.0 Mobile Safari/537.36"
34.150.65.153 - - [01/Sep/2026:14:27:15 -0500] "GET /laravel/.env HTTP/1.1" 403 199 "-" "Mozilla/5.0 (X11; Linux x86_64) AppleWebKit/537.36 (KHTML, like Gecko) Chrome/131.0.0.0 Safari/537.36"
34.150.65.153 - - [01/Sep/2026:14:27:16 -0500] "GET /symfony/.env HTTP/1.1" 403 199 "-" "Mozilla/5.0 (X11; Linux x86_64) AppleWebKit/537.36 (KHTML, like Gecko) Chrome/131.0.0.0 Safari/537.36"
34.150.65.153 - - [01/Sep/2026:14:27:17 -0500] "GET /wordpress/.env HTTP/1.1" 403 199 "-" "Mozilla/5.0 (X11; Linux x86_64) AppleWebKit/537.36 (KHTML, like Gecko) Chrome/131.0.0.0 Safari/537.36"
201.225.7.125 - - [01/Sep/2026:14:27:17 -0500] "GET /wp-content/uploads/2026/08/Victor_Cesar_ANEM.png HTTP/1.1" 200 89890 "https://anempanama.com/" "Mozilla/5.0 (Linux; Android 10; K) AppleWebKit/537.36 (KHTML, like Gecko) SamsungBrowser/30.0 Chrome/143.0.0.0 Mobile Safari/537.36"
34.150.65.153 - - [01/Sep/2026:14:27:17 -0500] "GET /wp/.env HTTP/1.1" 403 199 "-" "Mozilla/5.0 (X11; Linux x86_64) AppleWebKit/537.36 (KHTML, like Gecko) Chrome/131.0.0.0 Safari/537.36"
201.225.7.125 - - [01/Sep/2026:14:27:18 -0500] "GET /wp-content/uploads/2026/08/Gilberto_Herrera_ANEM.png HTTP/1.1" 200 157156 "https://anempanama.com/" "Mozilla/5.0 (Linux; Android 10; K) AppleWebKit/537.36 (KHTML, like Gecko) SamsungBrowser/30.0 Chrome/143.0.0.0 Mobile Safari/537.36"
34.150.65.153 - - [01/Sep/2026:14:27:18 -0500] "GET /cms/.env HTTP/1.1" 403 199 "-" "Mozilla/5.0 (X11; Linux x86_64) AppleWebKit/537.36 (KHTML, like Gecko) Chrome/131.0.0.0 Safari/537.36"
34.150.65.153 - - [01/Sep/2026:14:27:19 -0500] "GET /drupal/.env HTTP/1.1" 403 199 "-" "Mozilla/5.0 (X11; Linux x86_64) AppleWebKit/537.36 (KHTML, like Gecko) Chrome/131.0.0.0 Safari/537.36"
91.98.185.79 - - [01/Sep/2026:14:27:16 -0500] "GET /categoria-producto/accessories/?stock_status=instock,onsale&filter_color=beige,blue,yellow HTTP/1.1" 200 151695 "-" "Mozilla/5.0 (compatible; SERankingBacklinksBot/1.0; +https://seranking.com/backlinks-crawler)"
34.150.65.153 - - [01/Sep/2026:14:27:20 -0500] "GET /joomla/.env HTTP/1.1" 403 199 "-" "Mozilla/5.0 (X11; Linux x86_64) AppleWebKit/537.36 (KHTML, like Gecko) Chrome/131.0.0.0 Safari/537.36"
34.150.65.153 - - [01/Sep/2026:14:27:20 -0500] "GET /magento/.env HTTP/1.1" 403 199 "-" "Mozilla/5.0 (X11; Linux x86_64) AppleWebKit/537.36 (KHTML, like Gecko) Chrome/131.0.0.0 Safari/537.36"
34.150.65.153 - - [01/Sep/2026:14:27:21 -0500] "GET /shopify/.env HTTP/1.1" 403 199 "-" "Mozilla/5.0 (X11; Linux x86_64) AppleWebKit/537.36 (KHTML, like Gecko) Chrome/131.0.0.0 Safari/537.36"
34.150.65.153 - - [01/Sep/2026:14:27:22 -0500] "GET /prestashop/.env HTTP/1.1" 403 199 "-" "Mozilla/5.0 (X11; Linux x86_64) AppleWebKit/537.36 (KHTML, like Gecko) Chrome/131.0.0.0 Safari/537.36"
34.150.65.153 - - [01/Sep/2026:14:27:23 -0500] "GET /codeigniter/.env HTTP/1.1" 403 199 "-" "Mozilla/5.0 (X11; Linux x86_64) AppleWebKit/537.36 (KHTML, like Gecko) Chrome/131.0.0.0 Safari/537.36"
34.150.65.153 - - [01/Sep/2026:14:27:24 -0500] "GET /cakephp/.env HTTP/1.1" 403 199 "-" "Mozilla/5.0 (X11; Linux x86_64) AppleWebKit/537.36 (KHTML, like Gecko) Chrome/131.0.0.0 Safari/537.36"
34.150.65.153 - - [01/Sep/2026:14:27:24 -0500] "GET /zend/.env HTTP/1.1" 403 199 "-" "Mozilla/5.0 (X11; Linux x86_64) AppleWebKit/537.36 (KHTML, like Gecko) Chrome/131.0.0.0 Safari/537.36"
201.225.7.125 - - [01/Sep/2026:14:27:24 -0500] "GET /wp-content/uploads/2026/08/Diego_Aguirre_ANEM.png HTTP/1.1" 200 125666 "https://anempanama.com/" "Mozilla/5.0 (Linux; Android 10; K) AppleWebKit/537.36 (KHTML, like Gecko) SamsungBrowser/30.0 Chrome/143.0.0.0 Mobile Safari/537.36"
34.150.65.153 - - [01/Sep/2026:14:27:25 -0500] "GET /yii/.env HTTP/1.1" 403 199 "-" "Mozilla/5.0 (X11; Linux x86_64) AppleWebKit/537.36 (KHTML, like Gecko) Chrome/131.0.0.0 Safari/537.36"
91.98.185.79 - - [01/Sep/2026:14:27:22 -0500] "GET /categoria-producto/accessories/?stock_status=instock,onsale&filter_color=black,blue,yellow HTTP/1.1" 200 151695 "-" "Mozilla/5.0 (compatible; SERankingBacklinksBot/1.0; +https://seranking.com/backlinks-crawler)"
34.150.65.153 - - [01/Sep/2026:14:27:26 -0500] "GET /laravel5/.env HTTP/1.1" 403 199 "-" "Mozilla/5.0 (X11; Linux x86_64) AppleWebKit/537.36 (KHTML, like Gecko) Chrome/131.0.0.0 Safari/537.36"
34.150.65.153 - - [01/Sep/2026:14:27:27 -0500] "GET /v1/.env HTTP/1.1" 403 199 "-" "Mozilla/5.0 (X11; Linux x86_64) AppleWebKit/537.36 (KHTML, like Gecko) Chrome/131.0.0.0 Safari/537.36"
34.150.65.153 - - [01/Sep/2026:14:27:27 -0500] "GET /v2/.env HTTP/1.1" 403 199 "-" "Mozilla/5.0 (X11; Linux x86_64) AppleWebKit/537.36 (KHTML, like Gecko) Chrome/131.0.0.0 Safari/537.36"
201.225.7.125 - - [01/Sep/2026:14:27:24 -0500] "GET /2026/08/10/reunion-de-trabajo-en-el-ministerio-de-ambiente/ HTTP/1.1" 200 153684 "https://anempanama.com/" "Mozilla/5.0 (Linux; Android 10; K) AppleWebKit/537.36 (KHTML, like Gecko) SamsungBrowser/30.0 Chrome/143.0.0.0 Mobile Safari/537.36"
34.150.65.153 - - [01/Sep/2026:14:27:28 -0500] "GET /v3/.env HTTP/1.1" 403 199 "-" "Mozilla/5.0 (X11; Linux x86_64) AppleWebKit/537.36 (KHTML, like Gecko) Chrome/131.0.0.0 Safari/537.36"
34.150.65.153 - - [01/Sep/2026:14:27:29 -0500] "GET /api/v1/.env HTTP/1.1" 403 199 "-" "Mozilla/5.0 (X11; Linux x86_64) AppleWebKit/537.36 (KHTML, like Gecko) Chrome/131.0.0.0 Safari/537.36"
34.150.65.153 - - [01/Sep/2026:14:27:30 -0500] "GET /api/v2/.env HTTP/1.1" 403 199 "-" "Mozilla/5.0 (X11; Linux x86_64) AppleWebKit/537.36 (KHTML, like Gecko) Chrome/131.0.0.0 Safari/537.36"
34.150.65.153 - - [01/Sep/2026:14:27:31 -0500] "GET /rest/.env HTTP/1.1" 403 199 "-" "Mozilla/5.0 (X11; Linux x86_64) AppleWebKit/537.36 (KHTML, like Gecko) Chrome/131.0.0.0 Safari/537.36"
201.225.7.125 - - [01/Sep/2026:14:27:28 -0500] "GET /2026/08/10/jornada-de-limpieza-de-playa/ HTTP/1.1" 200 152835 "https://anempanama.com/" "Mozilla/5.0 (Linux; Android 10; K) AppleWebKit/537.36 (KHTML, like Gecko) SamsungBrowser/30.0 Chrome/143.0.0.0 Mobile Safari/537.36"
34.150.65.153 - - [01/Sep/2026:14:27:32 -0500] "GET /graphql/.env HTTP/1.1" 403 199 "-" "Mozilla/5.0 (X11; Linux x86_64) AppleWebKit/537.36 (KHTML, like Gecko) Chrome/131.0.0.0 Safari/537.36"
91.98.185.79 - - [01/Sep/2026:14:27:29 -0500] "GET /categoria-producto/accessories/?stock_status=instock,onsale&filter_color=blue,brown,yellow HTTP/1.1" 200 151695 "-" "Mozilla/5.0 (compatible; SERankingBacklinksBot/1.0; +https://seranking.com/backlinks-crawler)"
34.150.65.153 - - [01/Sep/2026:14:27:32 -0500] "GET /gateway/.env HTTP/1.1" 403 199 "-" "Mozilla/5.0 (X11; Linux x86_64) AppleWebKit/537.36 (KHTML, like Gecko) Chrome/131.0.0.0 Safari/537.36"
34.150.65.153 - - [01/Sep/2026:14:27:33 -0500] "GET /microservice/.env HTTP/1.1" 403 199 "-" "Mozilla/5.0 (X11; Linux x86_64) AppleWebKit/537.36 (KHTML, like Gecko) Chrome/131.0.0.0 Safari/537.36"
34.150.65.153 - - [01/Sep/2026:14:27:34 -0500] "GET /service/.env HTTP/1.1" 403 199 "-" "Mozilla/5.0 (X11; Linux x86_64) AppleWebKit/537.36 (KHTML, like Gecko) Chrome/131.0.0.0 Safari/537.36"
34.150.65.153 - - [01/Sep/2026:14:27:35 -0500] "GET /api/v3/.env HTTP/1.1" 403 199 "-" "Mozilla/5.0 (X11; Linux x86_64) AppleWebKit/537.36 (KHTML, like Gecko) Chrome/131.0.0.0 Safari/537.36"
201.225.7.125 - - [01/Sep/2026:14:27:32 -0500] "GET /2026/08/10/jornada-de-entrega-de-regalos/ HTTP/1.1" 200 152708 "https://anempanama.com/" "Mozilla/5.0 (Linux; Android 10; K) AppleWebKit/537.36 (KHTML, like Gecko) SamsungBrowser/30.0 Chrome/143.0.0.0 Mobile Safari/537.36"
34.150.65.153 - - [01/Sep/2026:14:27:36 -0500] "GET /api/dev/.env HTTP/1.1" 403 199 "-" "Mozilla/5.0 (X11; Linux x86_64) AppleWebKit/537.36 (KHTML, like Gecko) Chrome/131.0.0.0 Safari/537.36"
34.150.65.153 - - [01/Sep/2026:14:27:36 -0500] "GET /api/staging/.env HTTP/1.1" 403 199 "-" "Mozilla/5.0 (X11; Linux x86_64) AppleWebKit/537.36 (KHTML, like Gecko) Chrome/131.0.0.0 Safari/537.36"
34.150.65.153 - - [01/Sep/2026:14:27:37 -0500] "GET /vendor/.env HTTP/1.1" 403 199 "-" "Mozilla/5.0 (X11; Linux x86_64) AppleWebKit/537.36 (KHTML, like Gecko) Chrome/131.0.0.0 Safari/537.36"
34.150.65.153 - - [01/Sep/2026:14:27:38 -0500] "GET /lib/.env HTTP/1.1" 403 199 "-" "Mozilla/5.0 (X11; Linux x86_64) AppleWebKit/537.36 (KHTML, like Gecko) Chrome/131.0.0.0 Safari/537.36"
34.150.65.153 - - [01/Sep/2026:14:27:39 -0500] "GET /resources/.env HTTP/1.1" 403 199 "-" "Mozilla/5.0 (X11; Linux x86_64) AppleWebKit/537.36 (KHTML, like Gecko) Chrome/131.0.0.0 Safari/537.36"
91.98.185.79 - - [01/Sep/2026:14:27:35 -0500] "GET /categoria-producto/furniture/?filter_color=blue,brown&filter_size=l,m&stock_status=instock HTTP/1.1" 200 182174 "-" "Mozilla/5.0 (compatible; SERankingBacklinksBot/1.0; +https://seranking.com/backlinks-crawler)"
34.150.65.153 - - [01/Sep/2026:14:27:40 -0500] "GET /assets/.env HTTP/1.1" 403 199 "-" "Mozilla/5.0 (X11; Linux x86_64) AppleWebKit/537.36 (KHTML, like Gecko) Chrome/131.0.0.0 Safari/537.36"
34.150.65.153 - - [01/Sep/2026:14:27:40 -0500] "GET /uploads/.env HTTP/1.1" 403 199 "-" "Mozilla/5.0 (X11; Linux x86_64) AppleWebKit/537.36 (KHTML, like Gecko) Chrome/131.0.0.0 Safari/537.36"
34.150.65.153 - - [01/Sep/2026:14:27:41 -0500] "GET /internal/.env HTTP/1.1" 403 199 "-" "Mozilla/5.0 (X11; Linux x86_64) AppleWebKit/537.36 (KHTML, like Gecko) Chrome/131.0.0.0 Safari/537.36"
34.150.65.153 - - [01/Sep/2026:14:27:42 -0500] "GET /tools/.env HTTP/1.1" 403 199 "-" "Mozilla/5.0 (X11; Linux x86_64) AppleWebKit/537.36 (KHTML, like Gecko) Chrome/131.0.0.0 Safari/537.36"
34.150.65.153 - - [01/Sep/2026:14:27:43 -0500] "GET /scripts/.env HTTP/1.1" 403 199 "-" "Mozilla/5.0 (X11; Linux x86_64) AppleWebKit/537.36 (KHTML, like Gecko) Chrome/131.0.0.0 Safari/537.36"
34.150.65.153 - - [01/Sep/2026:14:27:43 -0500] "GET /bin/.env HTTP/1.1" 403 199 "-" "Mozilla/5.0 (X11; Linux x86_64) AppleWebKit/537.36 (KHTML, like Gecko) Chrome/131.0.0.0 Safari/537.36"
34.150.65.153 - - [01/Sep/2026:14:27:44 -0500] "GET /sbin/.env HTTP/1.1" 403 199 "-" "Mozilla/5.0 (X11; Linux x86_64) AppleWebKit/537.36 (KHTML, like Gecko) Chrome/131.0.0.0 Safari/537.36"
34.150.65.153 - - [01/Sep/2026:14:27:45 -0500] "GET /local/.env HTTP/1.1" 403 199 "-" "Mozilla/5.0 (X11; Linux x86_64) AppleWebKit/537.36 (KHTML, like Gecko) Chrome/131.0.0.0 Safari/537.36"
91.92.243.243 - - [01/Sep/2026:14:27:42 -0500] "POST /wp-login.php HTTP/1.1" 200 10898 "-" "Mozilla/5.0"
34.150.65.153 - - [01/Sep/2026:14:27:46 -0500] "GET /portal/.env HTTP/1.1" 403 199 "-" "Mozilla/5.0 (X11; Linux x86_64) AppleWebKit/537.36 (KHTML, like Gecko) Chrome/131.0.0.0 Safari/537.36"
91.98.185.79 - - [01/Sep/2026:14:27:42 -0500] "GET /categoria-producto/furniture/?filter_color=blue,brown&filter_size=l,s&stock_status=instock HTTP/1.1" 200 182174 "-" "Mozilla/5.0 (compatible; SERankingBacklinksBot/1.0; +https://seranking.com/backlinks-crawler)"
34.150.65.153 - - [01/Sep/2026:14:27:47 -0500] "GET /dashboard/.env HTTP/1.1" 403 199 "-" "Mozilla/5.0 (X11; Linux x86_64) AppleWebKit/537.36 (KHTML, like Gecko) Chrome/131.0.0.0 Safari/537.36"
186.124.2.63 - - [01/Sep/2026:14:27:44 -0500] "POST /wp-admin/admin-ajax.php HTTP/1.1" 200 77 "https://anempanama.com/wp-admin/post.php?post=7594&action=elementor" "Mozilla/5.0 (Macintosh; Intel Mac OS X 10_15_7) AppleWebKit/537.36 (KHTML, like Gecko) Chrome/152.0.0.0 Safari/537.36"
34.150.65.153 - - [01/Sep/2026:14:27:47 -0500] "GET /panel/.env HTTP/1.1" 403 199 "-" "Mozilla/5.0 (X11; Linux x86_64) AppleWebKit/537.36 (KHTML, like Gecko) Chrome/131.0.0.0 Safari/537.36"
34.150.65.153 - - [01/Sep/2026:14:27:48 -0500] "GET /crm/.env HTTP/1.1" 403 199 "-" "Mozilla/5.0 (X11; Linux x86_64) AppleWebKit/537.36 (KHTML, like Gecko) Chrome/131.0.0.0 Safari/537.36"
34.150.65.153 - - [01/Sep/2026:14:27:49 -0500] "GET /erp/.env HTTP/1.1" 403 199 "-" "Mozilla/5.0 (X11; Linux x86_64) AppleWebKit/537.36 (KHTML, like Gecko) Chrome/131.0.0.0 Safari/537.36"
34.150.65.153 - - [01/Sep/2026:14:27:50 -0500] "GET /shop/.env HTTP/1.1" 403 199 "-" "Mozilla/5.0 (X11; Linux x86_64) AppleWebKit/537.36 (KHTML, like Gecko) Chrome/131.0.0.0 Safari/537.36"
34.150.65.153 - - [01/Sep/2026:14:27:51 -0500] "GET /store/.env HTTP/1.1" 403 199 "-" "Mozilla/5.0 (X11; Linux x86_64) AppleWebKit/537.36 (KHTML, like Gecko) Chrome/131.0.0.0 Safari/537.36"
34.150.65.153 - - [01/Sep/2026:14:27:51 -0500] "GET /saas/.env HTTP/1.1" 403 199 "-" "Mozilla/5.0 (X11; Linux x86_64) AppleWebKit/537.36 (KHTML, like Gecko) Chrome/131.0.0.0 Safari/537.36"
34.150.65.153 - - [01/Sep/2026:14:27:52 -0500] "GET /client/.env HTTP/1.1" 403 199 "-" "Mozilla/5.0 (X11; Linux x86_64) AppleWebKit/537.36 (KHTML, like Gecko) Chrome/131.0.0.0 Safari/537.36"
91.98.185.79 - - [01/Sep/2026:14:27:49 -0500] "GET /categoria-producto/furniture/?filter_color=blue,brown&filter_size=m,s&stock_status=instock HTTP/1.1" 200 182174 "-" "Mozilla/5.0 (compatible; SERankingBacklinksBot/1.0; +https://seranking.com/backlinks-crawler)"
34.150.65.153 - - [01/Sep/2026:14:27:53 -0500] "GET /project/.env HTTP/1.1" 403 199 "-" "Mozilla/5.0 (X11; Linux x86_64) AppleWebKit/537.36 (KHTML, like Gecko) Chrome/131.0.0.0 Safari/537.36"
34.150.65.153 - - [01/Sep/2026:14:27:54 -0500] "GET /admin-panel/.env HTTP/1.1" 403 199 "-" "Mozilla/5.0 (X11; Linux x86_64) AppleWebKit/537.36 (KHTML, like Gecko) Chrome/131.0.0.0 Safari/537.36"
34.150.65.153 - - [01/Sep/2026:14:27:55 -0500] "GET /control-panel/.env HTTP/1.1" 403 199 "-" "Mozilla/5.0 (X11; Linux x86_64) AppleWebKit/537.36 (KHTML, like Gecko) Chrome/131.0.0.0 Safari/537.36"
34.150.65.153 - - [01/Sep/2026:14:27:55 -0500] "GET /user-panel/.env HTTP/1.1" 403 199 "-" "Mozilla/5.0 (X11; Linux x86_64) AppleWebKit/537.36 (KHTML, like Gecko) Chrome/131.0.0.0 Safari/537.36"
34.150.65.153 - - [01/Sep/2026:14:27:56 -0500] "GET /node/.env HTTP/1.1" 403 199 "-" "Mozilla/5.0 (X11; Linux x86_64) AppleWebKit/537.36 (KHTML, like Gecko) Chrome/131.0.0.0 Safari/537.36"
34.150.65.153 - - [01/Sep/2026:14:27:57 -0500] "GET /express/.env HTTP/1.1" 403 199 "-" "Mozilla/5.0 (X11; Linux x86_64) AppleWebKit/537.36 (KHTML, like Gecko) Chrome/131.0.0.0 Safari/537.36"
34.150.65.153 - - [01/Sep/2026:14:27:58 -0500] "GET /next/.env HTTP/1.1" 403 199 "-" "Mozilla/5.0 (X11; Linux x86_64) AppleWebKit/537.36 (KHTML, like Gecko) Chrome/131.0.0.0 Safari/537.36"
34.150.65.153 - - [01/Sep/2026:14:27:59 -0500] "GET /nuxt/.env HTTP/1.1" 403 199 "-" "Mozilla/5.0 (X11; Linux x86_64) AppleWebKit/537.36 (KHTML, like Gecko) Chrome/131.0.0.0 Safari/537.36"
157.90.185.123 - - [01/Sep/2026:14:27:59 -0500] "POST /wp-cron.php?doing_wp_cron=1788290879.2718489170074462890625 HTTP/1.1" 200 - "-" "WordPress/7.1; https://anempanama.com"
91.98.185.79 - - [01/Sep/2026:14:27:55 -0500] "GET /categoria-producto/furniture/?filter_color=blue,yellow&filter_size=l,m&stock_status=onsale HTTP/1.1" 200 165637 "-" "Mozilla/5.0 (compatible; SERankingBacklinksBot/1.0; +https://seranking.com/backlinks-crawler)"
34.150.65.153 - - [01/Sep/2026:14:27:59 -0500] "GET /nest/.env HTTP/1.1" 403 199 "-" "Mozilla/5.0 (X11; Linux x86_64) AppleWebKit/537.36 (KHTML, like Gecko) Chrome/131.0.0.0 Safari/537.36"
34.150.65.153 - - [01/Sep/2026:14:28:00 -0500] "GET /react/.env HTTP/1.1" 403 199 "-" "Mozilla/5.0 (X11; Linux x86_64) AppleWebKit/537.36 (KHTML, like Gecko) Chrome/131.0.0.0 Safari/537.36"
34.150.65.153 - - [01/Sep/2026:14:28:01 -0500] "GET /vue/.env HTTP/1.1" 403 199 "-" "Mozilla/5.0 (X11; Linux x86_64) AppleWebKit/537.36 (KHTML, like Gecko) Chrome/131.0.0.0 Safari/537.36"
34.150.65.153 - - [01/Sep/2026:14:28:02 -0500] "GET /angular/.env HTTP/1.1" 403 199 "-" "Mozilla/5.0 (X11; Linux x86_64) AppleWebKit/537.36 (KHTML, like Gecko) Chrome/131.0.0.0 Safari/537.36"
34.150.65.153 - - [01/Sep/2026:14:28:03 -0500] "GET /svelte/.env HTTP/1.1" 403 199 "-" "Mozilla/5.0 (X11; Linux x86_64) AppleWebKit/537.36 (KHTML, like Gecko) Chrome/131.0.0.0 Safari/537.36"
34.150.65.153 - - [01/Sep/2026:14:28:03 -0500] "GET /vite/.env HTTP/1.1" 403 199 "-" "Mozilla/5.0 (X11; Linux x86_64) AppleWebKit/537.36 (KHTML, like Gecko) Chrome/131.0.0.0 Safari/537.36"
34.150.65.153 - - [01/Sep/2026:14:28:04 -0500] "GET /backup/.env HTTP/1.1" 403 199 "-" "Mozilla/5.0 (X11; Linux x86_64) AppleWebKit/537.36 (KHTML, like Gecko) Chrome/131.0.0.0 Safari/537.36"
34.150.65.153 - - [01/Sep/2026:14:28:05 -0500] "GET /backups/.env HTTP/1.1" 403 199 "-" "Mozilla/5.0 (X11; Linux x86_64) AppleWebKit/537.36 (KHTML, like Gecko) Chrome/131.0.0.0 Safari/537.36"
91.98.185.79 - - [01/Sep/2026:14:28:02 -0500] "GET /categoria-producto/furniture/?filter_color=blue,yellow&filter_size=l,s&stock_status=onsale HTTP/1.1" 200 165637 "-" "Mozilla/5.0 (compatible; SERankingBacklinksBot/1.0; +https://seranking.com/backlinks-crawler)"
34.150.65.153 - - [01/Sep/2026:14:28:06 -0500] "GET /old/.env HTTP/1.1" 403 199 "-" "Mozilla/5.0 (X11; Linux x86_64) AppleWebKit/537.36 (KHTML, like Gecko) Chrome/131.0.0.0 Safari/537.36"
34.150.65.153 - - [01/Sep/2026:14:28:06 -0500] "GET /tmp/.env HTTP/1.1" 403 199 "-" "Mozilla/5.0 (X11; Linux x86_64) AppleWebKit/537.36 (KHTML, like Gecko) Chrome/131.0.0.0 Safari/537.36"
34.150.65.153 - - [01/Sep/2026:14:28:07 -0500] "GET /temp/.env HTTP/1.1" 403 199 "-" "Mozilla/5.0 (X11; Linux x86_64) AppleWebKit/537.36 (KHTML, like Gecko) Chrome/131.0.0.0 Safari/537.36"
34.150.65.153 - - [01/Sep/2026:14:28:08 -0500] "GET /lab/.env HTTP/1.1" 403 199 "-" "Mozilla/5.0 (X11; Linux x86_64) AppleWebKit/537.36 (KHTML, like Gecko) Chrome/131.0.0.0 Safari/537.36"
34.150.65.153 - - [01/Sep/2026:14:28:09 -0500] "GET /cronlab/.env HTTP/1.1" 403 199 "-" "Mozilla/5.0 (X11; Linux x86_64) AppleWebKit/537.36 (KHTML, like Gecko) Chrome/131.0.0.0 Safari/537.36"
34.150.65.153 - - [01/Sep/2026:14:28:10 -0500] "GET /cron/.env HTTP/1.1" 403 199 "-" "Mozilla/5.0 (X11; Linux x86_64) AppleWebKit/537.36 (KHTML, like Gecko) Chrome/131.0.0.0 Safari/537.36"
34.150.65.153 - - [01/Sep/2026:14:28:10 -0500] "GET /en/.env HTTP/1.1" 403 199 "-" "Mozilla/5.0 (X11; Linux x86_64) AppleWebKit/537.36 (KHTML, like Gecko) Chrome/131.0.0.0 Safari/537.36"
34.150.65.153 - - [01/Sep/2026:14:28:11 -0500] "GET /administrator/.env HTTP/1.1" 403 199 "-" "Mozilla/5.0 (X11; Linux x86_64) AppleWebKit/537.36 (KHTML, like Gecko) Chrome/131.0.0.0 Safari/537.36"
91.98.185.79 - - [01/Sep/2026:14:28:08 -0500] "GET /categoria-producto/furniture/?filter_color=blue,yellow&filter_size=m,s&stock_status=onsale HTTP/1.1" 200 165637 "-" "Mozilla/5.0 (compatible; SERankingBacklinksBot/1.0; +https://seranking.com/backlinks-crawler)"
34.150.65.153 - - [01/Sep/2026:14:28:12 -0500] "GET /psnlink/.env HTTP/1.1" 403 199 "-" "Mozilla/5.0 (X11; Linux x86_64) AppleWebKit/537.36 (KHTML, like Gecko) Chrome/131.0.0.0 Safari/537.36"
34.150.65.153 - - [01/Sep/2026:14:28:13 -0500] "GET /exapi/.env HTTP/1.1" 403 199 "-" "Mozilla/5.0 (X11; Linux x86_64) AppleWebKit/537.36 (KHTML, like Gecko) Chrome/131.0.0.0 Safari/537.36"
34.150.65.153 - - [01/Sep/2026:14:28:14 -0500] "GET /sitemaps/.env HTTP/1.1" 403 199 "-" "Mozilla/5.0 (X11; Linux x86_64) AppleWebKit/537.36 (KHTML, like Gecko) Chrome/131.0.0.0 Safari/537.36"
34.150.65.153 - - [01/Sep/2026:14:28:14 -0500] "GET /.env.backup1 HTTP/1.1" 403 199 "-" "Mozilla/5.0 (X11; Linux x86_64) AppleWebKit/537.36 (KHTML, like Gecko) Chrome/131.0.0.0 Safari/537.36"
34.150.65.153 - - [01/Sep/2026:14:28:15 -0500] "GET /.env.backup2 HTTP/1.1" 403 199 "-" "Mozilla/5.0 (X11; Linux x86_64) AppleWebKit/537.36 (KHTML, like Gecko) Chrome/131.0.0.0 Safari/537.36"
34.150.65.153 - - [01/Sep/2026:14:28:16 -0500] "GET /logs/.env HTTP/1.1" 403 199 "-" "Mozilla/5.0 (X11; Linux x86_64) AppleWebKit/537.36 (KHTML, like Gecko) Chrome/131.0.0.0 Safari/537.36"
34.150.65.153 - - [01/Sep/2026:14:28:17 -0500] "GET /cache/.env HTTP/1.1" 403 199 "-" "Mozilla/5.0 (X11; Linux x86_64) AppleWebKit/537.36 (KHTML, like Gecko) Chrome/131.0.0.0 Safari/537.36"
91.98.185.79 - - [01/Sep/2026:14:28:15 -0500] "GET /categoria-producto/accessories/?filter_color=beige,black,blue,brown&filter_product_brand=53 HTTP/1.1" 200 163729 "-" "Mozilla/5.0 (compatible; SERankingBacklinksBot/1.0; +https://seranking.com/backlinks-crawler)"
34.150.65.153 - - [01/Sep/2026:14:28:17 -0500] "GET /mailer/.env HTTP/1.1" 403 199 "-" "Mozilla/5.0 (X11; Linux x86_64) AppleWebKit/537.36 (KHTML, like Gecko) Chrome/131.0.0.0 Safari/537.36"
34.150.65.153 - - [01/Sep/2026:14:28:18 -0500] "GET /mail/.env HTTP/1.1" 403 199 "-" "Mozilla/5.0 (X11; Linux x86_64) AppleWebKit/537.36 (KHTML, like Gecko) Chrome/131.0.0.0 Safari/537.36"
34.150.65.153 - - [01/Sep/2026:14:28:19 -0500] "GET /email/.env HTTP/1.1" 403 199 "-" "Mozilla/5.0 (X11; Linux x86_64) AppleWebKit/537.36 (KHTML, like Gecko) Chrome/131.0.0.0 Safari/537.36"
34.150.65.153 - - [01/Sep/2026:14:28:20 -0500] "GET /smtp/.env HTTP/1.1" 403 199 "-" "Mozilla/5.0 (X11; Linux x86_64) AppleWebKit/537.36 (KHTML, like Gecko) Chrome/131.0.0.0 Safari/537.36"
34.150.65.153 - - [01/Sep/2026:14:28:21 -0500] "GET /mailing/.env HTTP/1.1" 403 199 "-" "Mozilla/5.0 (X11; Linux x86_64) AppleWebKit/537.36 (KHTML, like Gecko) Chrome/131.0.0.0 Safari/537.36"
34.150.65.153 - - [01/Sep/2026:14:28:21 -0500] "GET /notifications/.env HTTP/1.1" 403 199 "-" "Mozilla/5.0 (X11; Linux x86_64) AppleWebKit/537.36 (KHTML, like Gecko) Chrome/131.0.0.0 Safari/537.36"
34.150.65.153 - - [01/Sep/2026:14:28:22 -0500] "GET /notify/.env HTTP/1.1" 403 199 "-" "Mozilla/5.0 (X11; Linux x86_64) AppleWebKit/537.36 (KHTML, like Gecko) Chrome/131.0.0.0 Safari/537.36"
34.150.65.153 - - [01/Sep/2026:14:28:23 -0500] "GET /sender/.env HTTP/1.1" 403 199 "-" "Mozilla/5.0 (X11; Linux x86_64) AppleWebKit/537.36 (KHTML, like Gecko) Chrome/131.0.0.0 Safari/537.36"
