62.60.130.215 - - [02/Sep/2026:00:17:26 -0500] "GET /wp-login.php HTTP/1.1" 500 2943 "https://www.google.com/" "Mozilla/5.0 (Macintosh; Intel Mac OS X 10_15_7) AppleWebKit/605.1.15 (KHTML, like Gecko) Version/17.0 Safari/605.1.15"
157.90.185.123 - - [02/Sep/2026:00:17:56 -0500] "POST /wp-cron.php?doing_wp_cron=1788326276.0350539684295654296875 HTTP/1.1" 200 - "-" "WordPress/7.1; https://anempanama.com"
105.76.182.193 - - [02/Sep/2026:00:17:52 -0500] "GET /wp-includes/js/tinymce/plugins/admin.php HTTP/1.1" 404 119709 "-" "Mozilla/5.0 (Windows NT 10.0; Win64; x64) AppleWebKit/537.36 (KHTML, like Gecko) Chrome/85.0.4183.102 Safari/537.36"
105.76.182.193 - - [02/Sep/2026:00:17:57 -0500] "GET /wp-includes/js/tinymce/plugins/api.php HTTP/1.1" 500 2698 "-" "Mozilla/5.0 (Windows NT 10.0; Win64; x64) AppleWebKit/537.36 (KHTML, like Gecko) Chrome/85.0.4183.102 Safari/537.36"
91.92.243.243 - - [02/Sep/2026:00:21:16 -0500] "POST /wp-login.php HTTP/1.1" 500 2943 "-" "Mozilla/5.0"
43.155.140.157 - - [02/Sep/2026:00:22:08 -0500] "GET / HTTP/1.1" 403 199 "-" "Mozilla/5.0 (iPhone; CPU iPhone OS 13_2_3 like Mac OS X) AppleWebKit/605.1.15 (KHTML, like Gecko) Version/13.0.3 Mobile/15E148 Safari/604.1"
91.92.243.243 - - [02/Sep/2026:00:27:11 -0500] "POST /wp-login.php HTTP/1.1" 500 2943 "-" "Mozilla/5.0"
144.202.90.242 - - [02/Sep/2026:00:27:40 -0500] "GET / HTTP/1.1" 500 2698 "-" "Mozilla/5.0 (Windows NT 6.2) AppleWebKit/537.36 (KHTML, like Gecko) Chrome/53.0.2785.89 Safari/537.36"
144.202.90.242 - - [02/Sep/2026:00:27:44 -0500] "GET /checkout/ HTTP/1.1" 500 2698 "-" "Mozilla/5.0 (Windows NT 6.2) AppleWebKit/537.36 (KHTML, like Gecko) Chrome/53.0.2785.89 Safari/537.36"
144.202.90.242 - - [02/Sep/2026:00:27:49 -0500] "GET / HTTP/1.1" 500 2698 "-" "Mozilla/5.0 (Windows NT 6.2) AppleWebKit/537.36 (KHTML, like Gecko) Chrome/53.0.2785.89 Safari/537.36"
105.76.182.193 - - [02/Sep/2026:00:28:04 -0500] "GET /wp-includes/js/tinymce/plugins/config.php HTTP/1.1" 500 2698 "-" "Mozilla/5.0 (Windows NT 10.0; Win64; x64) AppleWebKit/537.36 (KHTML, like Gecko) Chrome/85.0.4183.102 Safari/537.36"
91.92.243.250 - - [02/Sep/2026:00:28:12 -0500] "POST /wp-login.php HTTP/1.1" 500 2943 "-" "Mozilla/5.0"
144.202.90.242 - - [02/Sep/2026:00:31:21 -0500] "GET /wp-json/wp/v2/wfacp_checkout?per_page=10 HTTP/1.1" 500 2698 "-" "Mozilla/5.0 (Windows NT 6.2) AppleWebKit/537.36 (KHTML, like Gecko) Chrome/53.0.2785.89 Safari/537.36"
144.202.90.242 - - [02/Sep/2026:00:31:33 -0500] "GET /checkout/ HTTP/1.1" 500 2698 "-" "Mozilla/5.0 (Windows NT 6.2) AppleWebKit/537.36 (KHTML, like Gecko) Chrome/53.0.2785.89 Safari/537.36"
20.115.131.249 - - [02/Sep/2026:00:31:35 -0500] "GET / HTTP/1.1" 500 2698 "-" "Mozilla/5.0 (Windows NT 10.0; Win64; x64) AppleWebKit/537.36 (KHTML, like Gecko) Chrome/126.0 Safari/537.36"
20.115.131.249 - - [02/Sep/2026:00:31:38 -0500] "GET / HTTP/1.1" 301 - "-" "Mozilla/5.0 (Windows NT 10.0; Win64; x64) AppleWebKit/537.36 (KHTML, like Gecko) Chrome/126.0 Safari/537.36"
157.90.185.123 - - [02/Sep/2026:00:31:41 -0500] "POST /wp-cron.php?doing_wp_cron=1788327101.5572080612182617187500 HTTP/1.1" 200 - "-" "WordPress/7.1; https://anempanama.com"
144.202.90.242 - - [02/Sep/2026:00:31:39 -0500] "GET /checkout HTTP/1.1" 404 120079 "-" "Mozilla/5.0 (Windows NT 6.2) AppleWebKit/537.36 (KHTML, like Gecko) Chrome/53.0.2785.89 Safari/537.36"
20.115.131.249 - - [02/Sep/2026:00:31:41 -0500] "GET / HTTP/1.1" 301 - "-" "Mozilla/5.0 (Windows NT 10.0; Win64; x64) AppleWebKit/537.36 (KHTML, like Gecko) Chrome/126.0 Safari/537.36"
144.202.90.242 - - [02/Sep/2026:00:31:49 -0500] "GET /cart/ HTTP/1.1" 404 120073 "-" "Mozilla/5.0 (Windows NT 6.2) AppleWebKit/537.36 (KHTML, like Gecko) Chrome/53.0.2785.89 Safari/537.36"
157.90.185.123 - - [02/Sep/2026:00:32:06 -0500] "POST /wp-cron.php?doing_wp_cron=1788327126.4056990146636962890625 HTTP/1.1" 200 - "-" "WordPress/7.1; https://anempanama.com"
144.202.90.242 - - [02/Sep/2026:00:32:02 -0500] "GET / HTTP/1.1" 200 229832 "-" "Mozilla/5.0 (Windows NT 6.2) AppleWebKit/537.36 (KHTML, like Gecko) Chrome/53.0.2785.89 Safari/537.36"
144.202.90.242 - - [02/Sep/2026:00:32:16 -0500] "GET /wp-json/wp/v2/wfacp_checkout?per_page=5 HTTP/1.1" 404 149 "-" "Mozilla/5.0 (Windows NT 6.2) AppleWebKit/537.36 (KHTML, like Gecko) Chrome/53.0.2785.89 Safari/537.36"
144.202.90.242 - - [02/Sep/2026:00:32:28 -0500] "GET / HTTP/1.1" 200 229832 "-" "Mozilla/5.0 (Windows NT 6.2) AppleWebKit/537.36 (KHTML, like Gecko) Chrome/53.0.2785.89 Safari/537.36"
144.202.90.242 - - [02/Sep/2026:00:32:42 -0500] "GET / HTTP/1.1" 500 2698 "-" "Mozilla/5.0 (Windows NT 6.2) AppleWebKit/537.36 (KHTML, like Gecko) Chrome/53.0.2785.89 Safari/537.36"
91.92.243.243 - - [02/Sep/2026:00:32:49 -0500] "POST /wp-login.php HTTP/1.1" 500 2943 "-" "Mozilla/5.0"
144.202.90.242 - - [02/Sep/2026:00:32:52 -0500] "GET /shop/ HTTP/1.1" 500 2698 "-" "Mozilla/5.0 (Windows NT 6.2) AppleWebKit/537.36 (KHTML, like Gecko) Chrome/53.0.2785.89 Safari/537.36"
144.202.90.242 - - [02/Sep/2026:00:32:56 -0500] "GET /store/ HTTP/1.1" 500 2698 "-" "Mozilla/5.0 (Windows NT 6.2) AppleWebKit/537.36 (KHTML, like Gecko) Chrome/53.0.2785.89 Safari/537.36"
144.202.90.242 - - [02/Sep/2026:00:33:20 -0500] "GET /product/ HTTP/1.1" 500 2698 "-" "Mozilla/5.0 (Windows NT 6.2) AppleWebKit/537.36 (KHTML, like Gecko) Chrome/53.0.2785.89 Safari/537.36"
144.202.90.242 - - [02/Sep/2026:00:33:28 -0500] "GET /wp-json/wp/v2/product?per_page=3 HTTP/1.1" 500 2698 "-" "Mozilla/5.0 (Windows NT 6.2) AppleWebKit/537.36 (KHTML, like Gecko) Chrome/53.0.2785.89 Safari/537.36"
45.132.225.118 - - [02/Sep/2026:00:33:33 -0500] "GET / HTTP/1.1" 500 - "-" "Mozilla/5.0 (Windows NT 10.0; Win64; x64) AppleWebKit/537.36 (