HEX
Server: Apache/2.4.57 (Unix) OpenSSL/1.0.2k-fips
System: Linux panel19.servidoresrapidos.net 3.10.0-1160.el7.x86_64 #1 SMP Mon Oct 19 16:18:59 UTC 2020 x86_64
User: pastorfi (1081)
PHP: 8.1.34
Disabled: NONE
Upload Files
File: //usr/local/apache/domlogs/anempanama.com.log
91.92.243.243 - - [01/Sep/2026:03:07:55 -0500] "POST /wp-login.php HTTP/1.1" 500 2943 "-" "Mozilla/5.0"
157.90.185.123 - - [01/Sep/2026:03:13:06 -0500] "POST /wp-cron.php?doing_wp_cron=1788250386.4874100685119628906250 HTTP/1.1" 200 - "-" "WordPress/7.1; https://anempanama.com"
2a06:98c0:3600::103 - - [01/Sep/2026:03:13:05 -0500] "GET /wp-admin/install.php?step=1 HTTP/1.1" 200 1375 "-" "http://anempanama.com/wp-admin/install.php?step=1"
91.92.243.250 - - [01/Sep/2026:03:13:20 -0500] "POST /wp-login.php HTTP/1.1" 500 2943 "-" "Mozilla/5.0"
157.90.185.123 - - [01/Sep/2026:03:13:39 -0500] "POST /wp-cron.php?doing_wp_cron=1788250419.9455089569091796875000 HTTP/1.1" 200 - "-" "WordPress/7.1; https://anempanama.com"
91.92.243.243 - - [01/Sep/2026:03:13:37 -0500] "POST /wp-login.php HTTP/1.1" 200 10934 "-" "Mozilla/5.0"
91.92.243.243 - - [01/Sep/2026:03:19:32 -0500] "POST /wp-login.php HTTP/1.1" 500 2943 "-" "Mozilla/5.0"
167.172.69.168 - - [01/Sep/2026:03:24:17 -0500] "POST /wp-login.php HTTP/1.1" 500 2943 "-" "Mozilla/5.0 (Windows NT 10.0; Win64; x64) AppleWebKit/537.36 Chrome/129.0.0.0 Safari/537.36"
167.172.69.168 - - [01/Sep/2026:03:24:17 -0500] "POST /wp-login.php HTTP/1.1" 500 2943 "-" "Mozilla/5.0 (Macintosh; Intel Mac OS X 10_15_7) AppleWebKit/605.1.15 Version/17.0 Safari/605.1.15"
157.90.185.123 - - [01/Sep/2026:03:25:29 -0500] "POST /wp-cron.php?doing_wp_cron=1788251128.9865279197692871093750 HTTP/1.1" 200 - "-" "WordPress/7.1; https://anempanama.com"
91.92.243.243 - - [01/Sep/2026:03:25:22 -0500] "POST /wp-login.php HTTP/1.1" 200 10898 "-" "Mozilla/5.0"
91.92.243.250 - - [01/Sep/2026:03:27:28 -0500] "POST /wp-login.php HTTP/1.1" 500 2943 "-" "Mozilla/5.0"
91.92.243.243 - - [01/Sep/2026:03:31:26 -0500] "POST /wp-login.php HTTP/1.1" 500 2943 "-" "Mozilla/5.0"
47.82.14.84 - - [01/Sep/2026:03:33:10 -0500] "GET /shop/?filter_color=blue&filter_product_brand=59&filter_size=l%2Cs HTTP/1.1" 500 2698 "-" "Mozilla/5.0 (Windows NT 10.0; Win64; x64) AppleWebKit/537.36 (KHTML, like Gecko) Chrome/144.0.0.0 Safari/537.36"
47.79.10.216 - - [01/Sep/2026:03:33:09 -0500] "GET /shop/?filter_color=beige%2Cbrown&filter_product_brand=58&stock_status=instock HTTP/1.1" 500 2698 "-" "Mozilla/5.0 (Windows NT 10.0; Win64; x64) AppleWebKit/537.36 (KHTML, like Gecko) Chrome/139.0.0.0 Safari/537.36"
47.82.52.234 - - [01/Sep/2026:03:33:21 -0500] "GET /shop/?filter_color=blue%2Cbrown&filter_product_brand=59&stock_status=onsale HTTP/1.1" 500 2698 "-" "Mozilla/5.0 (Windows NT 10.0; Win64; x64) AppleWebKit/537.36 (KHTML, like Gecko) Chrome/148.0.0.0 Safari/537.36"
47.82.14.41 - - [01/Sep/2026:03:33:22 -0500] "GET /shop/?filter_color=black%2Cyellow&filter_product_brand=58&stock_status=instock HTTP/1.1" 500 2698 "-" "Mozilla/5.0 (Macintosh; Intel Mac OS X 10_15_7) AppleWebKit/537.36 (KHTML, like Gecko) Chrome/145.0.0.0 Safari/537.36"
47.79.11.112 - - [01/Sep/2026:03:33:24 -0500] "GET /shop/?filter_color=blue&filter_size=s&per_row=3&shop_view=grid&stock_status=instock HTTP/1.1" 500 2698 "-" "Mozilla/5.0 (Macintosh; Intel Mac OS X 10_15_7) AppleWebKit/537.36 (KHTML, like Gecko) Chrome/141.0.0.0 Safari/537.36"
47.82.15.24 - - [01/Sep/2026:03:33:24 -0500] "GET /shop/?filter_color=brown&filter_product_brand=54&filter_size=l HTTP/1.1" 500 2698 "-" "Mozilla/5.0 (Windows NT 10.0; Win64; x64) AppleWebKit/537.36 (KHTML, like Gecko) Chrome/145.0.0.0 Safari/537.36"
47.82.48.23 - - [01/Sep/2026:03:33:25 -0500] "GET /categoria-producto/accessories/?filter_color=black%2Cyellow&stock_status=onsale HTTP/1.1" 500 2698 "-" "Mozilla/5.0 (Macintosh; Intel Mac OS X 10_15_7) AppleWebKit/537.36 (KHTML, like Gecko) Chrome/141.0.0.0 Safari/537.36"
47.82.54.31 - - [01/Sep/2026:03:33:25 -0500] "GET /shop/?filter_color=blue&filter_product_brand=61&filter_size=l&stock_status=instock HTTP/1.1" 500 2698 "-" "Mozilla/5.0 (Macintosh; Intel Mac OS X 10_15_7) AppleWebKit/537.36 (KHTML, like Gecko) Chrome/140.0.0.0 Safari/537.36"
47.79.11.134 - - [01/Sep/2026:03:33:27 -0500] "GET /shop/?filter_color=blue%2Cyellow&filter_product_brand=60&stock_status=instock HTTP/1.1" 500 2698 "-" "Mozilla/5.0 (Windows NT 10.0; Win64; x64) AppleWebKit/537.36 (KHTML, like Gecko) Chrome/143.0.0.0 Safari/537.36"
47.82.14.235 - - [01/Sep/2026:03:33:27 -0500] "GET /shop/?filter_color=yellow&filter_product_brand=56&filter_size=m&stock_status=instock HTTP/1.1" 500 2698 "-" "Mozilla/5.0 (Windows NT 10.0; Win64; x64) AppleWebKit/537.36 (KHTML, like Gecko) Chrome/140.0.0.0 Safari/537.36"
47.82.49.3 - - [01/Sep/2026:03:33:30 -0500] "GET /shop/?filter_color=black%2Cbrown%2Cyellow&filter_product_brand=53 HTTP/1.1" 500 2698 "-" "Mozilla/5.0 (Macintosh; Intel Mac OS X 10_15_7) AppleWebKit/537.36 (KHTML, like Gecko) Chrome/148.0.0.0 Safari/537.36"
47.82.8.202 - - [01/Sep/2026:03:33:30 -0500] "GET /shop/?filter_color=beige%2Cbrown&filter_product_brand=59&stock_status=instock HTTP/1.1" 500 2698 "-" "Mozilla/5.0 (Macintosh; Intel Mac OS X 10_15_7) AppleWebKit/537.36 (KHTML, like Gecko) Chrome/143.0.0.0 Safari/537.36"
47.82.53.216 - - [01/Sep/2026:03:33:33 -0500] "GET /shop/?filter_color=blue&filter_size=l%2Cs&stock_status=onsale HTTP/1.1" 500 2698 "-" "Mozilla/5.0 (Windows NT 10.0; Win64; x64) AppleWebKit/537.36 (KHTML, like Gecko) Chrome/148.0.0.0 Safari/537.36"
47.82.55.131 - - [01/Sep/2026:03:33:33 -0500] "GET /shop/?filter_color=blue&filter_size=m&per_row=3&shop_view=grid&stock_status=instock HTTP/1.1" 500 2698 "-" "Mozilla/5.0 (Windows NT 10.0; Win64; x64) AppleWebKit/537.36 (KHTML, like Gecko) Chrome/139.0.0.0 Safari/537.36"
47.82.55.105 - - [01/Sep/2026:03:33:37 -0500] "GET /shop/?filter_product_brand=58&filter_size=m%2Cs&stock_status=instock HTTP/1.1" 500 2698 "-" "Mozilla/5.0 (Windows NT 10.0; Win64; x64) AppleWebKit/537.36 (KHTML, like Gecko) Chrome/148.0.0.0 Safari/537.36"
47.82.55.226 - - [01/Sep/2026:03:33:37 -0500] "GET /shop/?filter_color=brown&filter_product_brand=59&filter_size=l&stock_status=instock HTTP/1.1" 500 2698 "-" "Mozilla/5.0 (Macintosh; Intel Mac OS X 10_15_7) AppleWebKit/537.36 (KHTML, like Gecko) Chrome/146.0.0.0 Safari/537.36"
47.82.54.58 - - [01/Sep/2026:03:33:37 -0500] "GET /shop/?filter_size=l%2Cs&per_row=2&shop_view=grid&stock_status=instock HTTP/1.1" 500 2698 "-" "Mozilla/5.0 (Windows NT 10.0; Win64; x64) AppleWebKit/537.36 (KHTML, like Gecko) Chrome/141.0.0.0 Safari/537.36"
47.82.49.108 - - [01/Sep/2026:03:33:37 -0500] "GET /shop/?filter_size=m%2Cs&stock_status=instock%2Consale HTTP/1.1" 500 2698 "-" "Mozilla/5.0 (Macintosh; Intel Mac OS X 10_15_7) AppleWebKit/537.36 (KHTML, like Gecko) Chrome/139.0.0.0 Safari/537.36"
47.82.55.15 - - [01/Sep/2026:03:33:37 -0500] "GET /shop/?filter_product_brand=57&filter_size=l HTTP/1.1" 500 2698 "-" "Mozilla/5.0 (Macintosh; Intel Mac OS X 10_15_7) AppleWebKit/537.36 (KHTML, like Gecko) Chrome/146.0.0.0 Safari/537.36"
47.82.55.23 - - [01/Sep/2026:03:33:37 -0500] "GET /shop/?filter_color=black%2Cblue&filter_product_brand=53&stock_status=onsale HTTP/1.1" 500 2698 "-" "Mozilla/5.0 (Macintosh; Intel Mac OS X 10_15_7) AppleWebKit/537.36 (KHTML, like Gecko) Chrome/146.0.0.0 Safari/537.36"
47.82.14.202 - - [01/Sep/2026:03:33:41 -0500] "GET /shop/?filter_color=black%2Cbrown%2Cyellow&per_row=3&shop_view=grid HTTP/1.1" 500 2698 "-" "Mozilla/5.0 (Macintosh; Intel Mac OS X 10_15_7) AppleWebKit/537.36 (KHTML, like Gecko) Chrome/140.0.0.0 Safari/537.36"
47.79.15.102 - - [01/Sep/2026:03:33:43 -0500] "GET /shop/?filter_color=blue%2Cyellow&filter_product_brand=57&stock_status=instock HTTP/1.1" 500 2698 "-" "Mozilla/5.0 (Windows NT 10.0; Win64; x64) AppleWebKit/537.36 (KHTML, like Gecko) Chrome/147.0.0.0 Safari/537.36"
47.79.11.236 - - [01/Sep/2026:03:33:43 -0500] "GET /shop/?filter_product_brand=53&filter_size=s&stock_status=onsale HTTP/1.1" 500 2698 "-" "Mozilla/5.0 (Macintosh; Intel Mac OS X 10_15_7) AppleWebKit/537.36 (KHTML, like Gecko) Chrome/142.0.0.0 Safari/537.36"
157.90.185.123 - - [01/Sep/2026:03:33:45 -0500] "POST /wp-cron.php?doing_wp_cron=1788251625.7736630439758300781250 HTTP/1.1" 200 - "-" "WordPress/7.1; https://anempanama.com"
47.79.51.172 - - [01/Sep/2026:03:33:41 -0500] "GET /shop/?filter_color=black%2Cyellow&filter_product_brand=54&stock_status=onsale HTTP/1.1" 200 145279 "-" "Mozilla/5.0 (Windows NT 10.0; Win64; x64) AppleWebKit/537.36 (KHTML, like Gecko) Chrome/146.0.0.0 Safari/537.36"
91.92.243.243 - - [01/Sep/2026:03:37:21 -0500] "POST /wp-login.php HTTP/1.1" 500 2943 "-" "Mozilla/5.0"
185.191.171.19 - - [01/Sep/2026:03:39:15 -0500] "GET /robots.txt HTTP/1.1" 500 - "-" "Mozilla/5.0 (compatible; SemrushBot/7~bl; +http://www.semrush.com/bot.html)"
85.208.96.194 - - [01/Sep/2026:03:39:18 -0500] "GET /producto/eames-plastic-side-chair/ HTTP/1.1" 500 431 "-" "Mozilla/5.0 (compatible; SemrushBot/7~bl; +http://www.semrush.com/bot.html)"
91.92.243.250 - - [01/Sep/2026:03:41:46 -0500] "POST /wp-login.php HTTP/1.1" 500 2943 "-" "Mozilla/5.0"
91.92.243.243 - - [01/Sep/2026:03:43:19 -0500] "POST /wp-login.php HTTP/1.1" 500 2943 "-" "Mozilla/5.0"
91.92.243.243 - - [01/Sep/2026:03:49:17 -0500] "POST /wp-login.php HTTP/1.1" 500 2943 "-" "Mozilla/5.0"
85.208.96.199 - - [01/Sep/2026:03:49:46 -0500] "GET /producto/classic-wooden-chair/ HTTP/1.1" 500 431 "-" "Mozilla/5.0 (compatible; SemrushBot/7~bl; +http://www.semrush.com/bot.html)"
91.92.243.243 - - [01/Sep/2026:03:54:58 -0500] "POST /wp-login.php HTTP/1.1" 500 2943 "-" "Mozilla/5.0"
91.92.243.250 - - [01/Sep/2026:03:55:53 -0500] "POST /wp-login.php HTTP/1.1" 500 2943 "-" "Mozilla/5.0"
91.92.243.243 - - [01/Sep/2026:04:00:37 -0500] "POST /wp-login.php HTTP/1.1" 500 2943 "-" "Mozilla/5.0"
170.106.187.106 - - [01/Sep/2026:04:04:17 -0500] "GET / HTTP/1.1" 403 199 "-" "Mozilla/5.0 (iPhone; CPU iPhone OS 13_2_3 like Mac OS X) AppleWebKit/605.1.15 (KHTML, like Gecko) Version/13.0.3 Mobile/15E148 Safari/604.1"
91.92.243.243 - - [01/Sep/2026:04:06:23 -0500] "POST /wp-login.php HTTP/1.1" 500 2943 "-" "Mozilla/5.0"
52.167.144.25 - - [01/Sep/2026:04:09:52 -0500] "GET / HTTP/1.1" 500 2698 "-" "Mozilla/5.0 AppleWebKit/537.36 (KHTML, like Gecko; compatible; bingbot/2.0; +http://www.bing.com/bingbot.htm) Chrome/116.0.1938.76 Safari/537.36"
91.92.243.250 - - [01/Sep/2026:04:09:59 -0500] "POST /wp-login.php HTTP/1.1" 500 2943 "-" "Mozilla/5.0"
91.92.243.243 - - [01/Sep/2026:04:11:59 -0500] "POST /wp-login.php HTTP/1.1" 500 2943 "-" "Mozilla/5.0"
91.92.243.243 - - [01/Sep/2026:04:17:54 -0500] "POST /wp-login.php HTTP/1.1" 500 2943 "-" "Mozilla/5.0"
91.92.243.243 - - [01/Sep/2026:04:23:39 -0500] "POST /wp-login.php HTTP/1.1" 500 2943 "-" "Mozilla/5.0"
91.92.243.250 - - [01/Sep/2026:04:24:07 -0500] "POST /wp-login.php HTTP/1.1" 500 2943 "-" "Mozilla/5.0"
167.172.69.168 - - [01/Sep/2026:04:26:42 -0500] "POST /wp-login.php HTTP/1.1" 500 2943 "-" "Mozilla/5.0 (Macintosh; Intel Mac OS X 10_15_7) AppleWebKit/605.1.15 Version/17.0 Safari/605.1.15"
167.172.69.168 - - [01/Sep/2026:04:26:42 -0500] "POST /wp-login.php HTTP/1.1" 500 2943 "-" "Mozilla/5.0 (Windows NT 10.0; Win64; rv:143.0) Gecko/20100101 Firefox/143.0"
106.222.249.173 - - [01/Sep/2026:04:28:01 -0500] "POST /xmlrpc.php HTTP/1.1" 403 199 "-" "Jetpack/12.1; WordPress/6.1; http://site75745494.com"
91.98.185.79 - - [01/Sep/2026:04:28:50 -0500] "GET /categoria-producto/accessories/?per_page=24&filter_color=black,blue,brown HTTP/1.1" 500 2698 "-" "Mozilla/5.0 (compatible; SERankingBacklinksBot/1.0; +https://seranking.com/backlinks-crawler)"
157.90.185.123 - - [01/Sep/2026:04:29:36 -0500] "POST /wp-cron.php?doing_wp_cron=1788254976.0492260456085205078125 HTTP/1.1" 200 - "-" "WordPress/7.1; https://anempanama.com"
91.92.243.243 - - [01/Sep/2026:04:29:33 -0500] "POST /wp-login.php HTTP/1.1" 200 10898 "-" "Mozilla/5.0"
91.92.243.243 - - [01/Sep/2026:04:35:22 -0500] "POST /wp-login.php HTTP/1.1" 500 2943 "-" "Mozilla/5.0"
91.92.243.250 - - [01/Sep/2026:04:38:18 -0500] "POST /wp-login.php HTTP/1.1" 500 2943 "-" "Mozilla/5.0"
91.92.243.243 - - [01/Sep/2026:04:41:06 -0500] "POST /wp-login.php HTTP/1.1" 500 2943 "-" "Mozilla/5.0"
143.244.57.120 - - [01/Sep/2026:04:41:48 -0500] "GET / HTTP/1.1" 500 2698 "-" "Mozilla/5.0 (Windows NT 10.0; Win64; x64) AppleWebKit/537.36 (KHTML, like Gecko) Chrome/78.0.3904.108 Safari/537.36"
143.244.57.120 - - [01/Sep/2026:04:41:49 -0500] "GET / HTTP/1.1" 500 2698 "-" "Mozilla/5.0 (Windows NT 10.0; Win64; x64) AppleWebKit/537.36 (KHTML, like Gecko) Chrome/78.0.3904.108 Safari/537.36"
143.244.57.120 - - [01/Sep/2026:04:41:51 -0500] "GET /wp-includes/wlwmanifest.xml HTTP/1.1" 500 - "-" "Mozilla/5.0 (Windows NT 10.0; Win64; x64) AppleWebKit/537.36 (KHTML, like Gecko) Chrome/78.0.3904.108 Safari/537.36"
143.244.57.120 - - [01/Sep/2026:04:41:52 -0500] "GET /xmlrpc.php?rsd HTTP/1.1" 403 199 "-" "Mozilla/5.0 (Windows NT 10.0; Win64; x64) AppleWebKit/537.36 (KHTML, like Gecko) Chrome/78.0.3904.108 Safari/537.36"
143.244.57.120 - - [01/Sep/2026:04:41:52 -0500] "GET / HTTP/1.1" 500 2698 "-" "Mozilla/5.0 (Windows NT 10.0; Win64; x64) AppleWebKit/537.36 (KHTML, like Gecko) Chrome/78.0.3904.108 Safari/537.36"
143.244.57.120 - - [01/Sep/2026:04:41:54 -0500] "GET /blog/wp-includes/wlwmanifest.xml HTTP/1.1" 500 2698 "-" "Mozilla/5.0 (Windows NT 10.0; Win64; x64) AppleWebKit/537.36 (KHTML, like Gecko) Chrome/78.0.3904.108 Safari/537.36"
143.244.57.120 - - [01/Sep/2026:04:41:55 -0500] "GET /blog//?author=1 HTTP/1.1" 500 - "-" "Mozilla/5.0 (Windows NT 10.0; Win64; x64) AppleWebKit/537.36 (KHTML, like Gecko) Chrome/78.0.3904.108 Safari/537.36"
143.244.57.120 - - [01/Sep/2026:04:41:58 -0500] "GET /blog//wp-json/wp/v2/users/ HTTP/1.1" 403 199 "-" "Mozilla/5.0 (Windows NT 10.0; Win64; x64) AppleWebKit/537.36 (KHTML, like Gecko) Chrome/78.0.3904.108 Safari/537.36"
143.244.57.120 - - [01/Sep/2026:04:41:58 -0500] "GET /blog//wp-json/oembed/1.0/embed?url=http://anempanama.com/blog/ HTTP/1.1" 500 2698 "-" "Mozilla/5.0 (Windows NT 10.0; Win64; x64) AppleWebKit/537.36 (KHTML, like Gecko) Chrome/78.0.3904.108 Safari/537.36"
143.244.57.120 - - [01/Sep/2026:04:42:00 -0500] "POST /blog//xmlrpc.php HTTP/1.1" 500 2698 "-" "Mozilla/5.0 (Windows NT 10.0; Win64; x64) AppleWebKit/537.36 (KHTML, like Gecko) Chrome/78.0.3904.108 Safari/537.36"
143.244.57.120 - - [01/Sep/2026:04:41:57 -0500] "GET /blog//?author=2 HTTP/1.1" 500 - "-" "Mozilla/5.0 (Windows NT 10.0; Win64; x64) AppleWebKit/537.36 (KHTML, like Gecko) Chrome/78.0.3904.108 Safari/537.36"
91.92.243.243 - - [01/Sep/2026:04:46:52 -0500] "POST /wp-login.php HTTP/1.1" 500 2943 "-" "Mozilla/5.0"
106.52.216.13 - - [01/Sep/2026:04:48:19 -0500] "GET / HTTP/1.1" 403 199 "-" "Mozilla/5.0 (iPhone; CPU iPhone OS 13_2_3 like Mac OS X) AppleWebKit/605.1.15 (KHTML, like Gecko) Version/13.0.3 Mobile/15E148 Safari/604.1"
157.90.185.123 - - [01/Sep/2026:04:48:39 -0500] "POST /wp-cron.php?doing_wp_cron=1788256119.7040240764617919921875 HTTP/1.1" 200 - "-" "WordPress/7.1; https://anempanama.com"
2a06:98c0:3600::103 - - [01/Sep/2026:04:48:39 -0500] "GET /wp-admin/install.php?step=1 HTTP/1.1" 200 1375 "-" "http://anempanama.com/wp-admin/install.php?step=1"
152.228.230.62 - - [01/Sep/2026:04:51:47 -0500] "DELETE / HTTP/1.1" 500 - "-" "python-requests/2.34.2"
91.92.243.250 - - [01/Sep/2026:04:52:23 -0500] "POST /wp-login.php HTTP/1.1" 500 2943 "-" "Mozilla/5.0"
91.92.243.243 - - [01/Sep/2026:04:52:32 -0500] "POST /wp-login.php HTTP/1.1" 500 2943 "-" "Mozilla/5.0"
91.92.243.243 - - [01/Sep/2026:04:58:22 -0500] "POST /wp-login.php HTTP/1.1" 500 2943 "-" "Mozilla/5.0"
43.159.148.221 - - [01/Sep/2026:04:59:20 -0500] "GET / HTTP/1.1" 403 199 "-" "Mozilla/5.0 (iPhone; CPU iPhone OS 13_2_3 like Mac OS X) AppleWebKit/605.1.15 (KHTML, like Gecko) Version/13.0.3 Mobile/15E148 Safari/604.1"
91.92.243.243 - - [01/Sep/2026:05:04:08 -0500] "POST /wp-login.php HTTP/1.1" 500 2943 "-" "Mozilla/5.0"
91.92.243.250 - - [01/Sep/2026:05:06:39 -0500] "POST /wp-login.php HTTP/1.1" 500 2943 "-" "Mozilla/5.0"
91.92.243.243 - - [01/Sep/2026:05:10:00 -0500] "POST /wp-login.php HTTP/1.1" 500 2943 "-" "Mozilla/5.0"
91.92.243.243 - - [01/Sep/2026:05:15:52 -0500] "POST /wp-login.php HTTP/1.1" 500 2943 "-" "Mozilla/5.0"
34.231.118.144 - - [01/Sep/2026:05:17:21 -0500] "GET /robots.txt HTTP/1.1" 500 2698 "-" "Mozilla/5.0 AppleWebKit/537.36 (KHTML, like Gecko; compatible; Amazonbot/0.1; +https://developer.amazon.com/support/amazonbot) Chrome/119.0.6045.214 Safari/537.36"
157.90.185.123 - - [01/Sep/2026:05:20:51 -0500] "POST /wp-cron.php?doing_wp_cron=1788258051.3367400169372558593750 HTTP/1.1" 200 - "-" "WordPress/7.1; https://anempanama.com"
91.92.243.250 - - [01/Sep/2026:05:20:49 -0500] "POST /wp-login.php HTTP/1.1" 200 10934 "-" "Mozilla/5.0"
157.90.185.123 - - [01/Sep/2026:05:20:53 -0500] "POST /wp-admin/admin-ajax.php?action=wp_1_wc_privacy_cleanup&nonce=3d409bf8de HTTP/1.1" 500 181 "-" "WordPress/7.1; https://anempanama.com"
91.92.243.243 - - [01/Sep/2026:05:21:34 -0500] "POST /wp-login.php HTTP/1.1" 500 2943 "-" "Mozilla/5.0"
85.208.96.196 - - [01/Sep/2026:05:25:35 -0500] "GET /robots.txt HTTP/1.1" 500 - "-" "Mozilla/5.0 (compatible; SemrushBot/7~bl; +http://www.semrush.com/bot.html)"
185.191.171.11 - - [01/Sep/2026:05:25:41 -0500] "GET /producto/iphone-dock/ HTTP/1.1" 500 431 "-" "Mozilla/5.0 (compatible; SemrushBot/7~bl; +http://www.semrush.com/bot.html)"
91.92.243.243 - - [01/Sep/2026:05:27:28 -0500] "POST /wp-login.php HTTP/1.1" 500 2943 "-" "Mozilla/5.0"
85.208.96.206 - - [01/Sep/2026:05:32:28 -0500] "GET /portfolio/potenti-parturient-parturie/ HTTP/1.1" 500 - "-" "Mozilla/5.0 (compatible; SemrushBot/7~bl; +http://www.semrush.com/bot.html)"
91.92.243.243 - - [01/Sep/2026:05:33:07 -0500] "POST /wp-login.php HTTP/1.1" 500 2943 "-" "Mozilla/5.0"
167.172.69.168 - - [01/Sep/2026:05:34:52 -0500] "POST /wp-login.php HTTP/1.1" 500 2943 "-" "Mozilla/5.0 (Macintosh; Intel Mac OS X 10_15_7) AppleWebKit/605.1.15 Version/17.0 Safari/605.1.15"
167.172.69.168 - - [01/Sep/2026:05:34:52 -0500] "POST /wp-login.php HTTP/1.1" 500 2943 "-" "Mozilla/5.0 (Windows NT 10.0; Win64; x64) AppleWebKit/537.36 Chrome/129.0.0.0 Safari/537.36"
91.92.243.250 - - [01/Sep/2026:05:34:58 -0500] "POST /wp-login.php HTTP/1.1" 500 2943 "-" "Mozilla/5.0"
185.191.171.8 - - [01/Sep/2026:05:37:28 -0500] "GET /project-cat/accessories/ HTTP/1.1" 500 431 "-" "Mozilla/5.0 (compatible; SemrushBot/7~bl; +http://www.semrush.com/bot.html)"
91.92.243.243 - - [01/Sep/2026:05:39:00 -0500] "POST /wp-login.php HTTP/1.1" 500 2943 "-" "Mozilla/5.0"
94.154.43.164 - - [01/Sep/2026:05:44:16 -0500] "GET /.env HTTP/1.1" 403 199 "-" "Mozilla/5.0 (Windows NT 10.0; Win64; x64) AppleWebKit/537.36 (KHTML, like Gecko) Chrome/147.0.0.0 Safari/537.36"
91.92.243.243 - - [01/Sep/2026:05:44:47 -0500] "POST /wp-login.php HTTP/1.1" 500 2943 "-" "Mozilla/5.0"
91.92.243.250 - - [01/Sep/2026:05:49:01 -0500] "POST /wp-login.php HTTP/1.1" 500 2943 "-" "Mozilla/5.0"
91.92.243.243 - - [01/Sep/2026:05:50:31 -0500] "POST /wp-login.php HTTP/1.1" 500 2943 "-" "Mozilla/5.0"
185.191.171.6 - - [01/Sep/2026:05:56:04 -0500] "GET /portfolio/imperdiet-mauris-a-nontin/ HTTP/1.1" 500 - "-" "Mozilla/5.0 (compatible; SemrushBot/7~bl; +http://www.semrush.com/bot.html)"
91.92.243.243 - - [01/Sep/2026:05:56:18 -0500] "POST /wp-login.php HTTP/1.1" 500 2943 "-" "Mozilla/5.0"
51.81.110.17 - - [01/Sep/2026:05:59:17 -0500] "GET /robots.txt HTTP/1.1" 500 2698 "-" "Mozilla/5.0 (compatible; AhrefsBot/7.0; +http://ahrefs.com/robot/)"
51.81.105.31 - - [01/Sep/2026:05:59:20 -0500] "GET /portfolio/feed/ HTTP/1.1" 500 2698 "-" "Mozilla/5.0 (compatible; AhrefsBot/7.0; +http://ahrefs.com/robot/)"
157.90.185.123 - - [01/Sep/2026:06:02:06 -0500] "POST /wp-cron.php?doing_wp_cron=1788260526.4477128982543945312500 HTTP/1.1" 200 - "-" "WordPress/7.1; https://anempanama.com"
91.92.243.243 - - [01/Sep/2026:06:02:03 -0500] "POST /wp-login.php HTTP/1.1" 200 10898 "-" "Mozilla/5.0"
34.83.157.119 - - [01/Sep/2026:06:02:39 -0500] "GET / HTTP/1.1" 500 - "-" "Mozilla/5.0 (Windows NT 10.0; Win64; x64) AppleWebKit/537.36 (KHTML, like Gecko) Chrome/95.0.4638.69 Safari/537.36"
34.83.157.119 - - [01/Sep/2026:06:02:41 -0500] "GET /wp-includes/ID3/license.txt HTTP/1.1" 200 1396 "-" "Mozilla/5.0 (Windows NT 10.0; Win64; x64) AppleWebKit/537.36 (KHTML, like Gecko) Chrome/95.0.4638.69 Safari/537.36"
34.83.157.119 - - [01/Sep/2026:06:02:48 -0500] "GET /feed/ HTTP/1.1" 500 - "-" "Mozilla/5.0 (Windows NT 10.0; Win64; x64) AppleWebKit/537.36 (KHTML, like Gecko) Chrome/95.0.4638.69 Safari/537.36"
34.83.157.119 - - [01/Sep/2026:06:02:50 -0500] "GET /xmlrpc.php?rsd HTTP/1.1" 403 199 "-" "Mozilla/5.0 (Windows NT 10.0; Win64; x64) AppleWebKit/537.36 (KHTML, like Gecko) Chrome/95.0.4638.69 Safari/537.36"
34.83.157.119 - - [01/Sep/2026:06:02:51 -0500] "GET /blog/wp-includes/wlwmanifest.xml HTTP/1.1" 500 2698 "-" "Mozilla/5.0 (Windows NT 10.0; Win64; x64) AppleWebKit/537.36 (KHTML, like Gecko) Chrome/95.0.4638.69 Safari/537.36"
34.83.157.119 - - [01/Sep/2026:06:02:53 -0500] "GET /blog//?author=1 HTTP/1.1" 500 2698 "-" "Mozilla/5.0 (Windows NT 10.0; Win64; x64) AppleWebKit/537.36 (KHTML, like Gecko) Chrome/95.0.4638.69 Safari/537.36"
34.83.157.119 - - [01/Sep/2026:06:02:55 -0500] "GET /blog//wp-json/wp/v2/users/ HTTP/1.1" 403 199 "-" "Mozilla/5.0 (Windows NT 10.0; Win64; x64) AppleWebKit/537.36 (KHTML, like Gecko) Chrome/95.0.4638.69 Safari/537.36"
34.83.157.119 - - [01/Sep/2026:06:02:56 -0500] "GET /blog//wp-json/oembed/1.0/embed?url=http://anempanama.com/blog/ HTTP/1.1" 500 2698 "-" "Mozilla/5.0 (Windows NT 10.0; Win64; x64) AppleWebKit/537.36 (KHTML, like Gecko) Chrome/95.0.4638.69 Safari/537.36"
34.83.157.119 - - [01/Sep/2026:06:02:58 -0500] "POST /blog//xmlrpc.php HTTP/1.1" 500 2698 "-" "Mozilla/5.0 (Windows NT 10.0; Win64; x64) AppleWebKit/537.36 (KHTML, like Gecko) Chrome/95.0.4638.69 Safari/537.36"
91.92.243.250 - - [01/Sep/2026:06:03:10 -0500] "POST /wp-login.php HTTP/1.1" 500 2943 "-" "Mozilla/5.0"
91.92.243.243 - - [01/Sep/2026:06:07:57 -0500] "POST /wp-login.php HTTP/1.1" 500 2943 "-" "Mozilla/5.0"
91.92.243.243 - - [01/Sep/2026:06:13:42 -0500] "POST /wp-login.php HTTP/1.1" 500 2943 "-" "Mozilla/5.0"
91.98.185.79 - - [01/Sep/2026:06:16:44 -0500] "GET /categoria-producto/accessories/?per_page=9&filter_color=beige,black,brown HTTP/1.1" 500 2698 "-" "Mozilla/5.0 (compatible; SERankingBacklinksBot/1.0; +https://seranking.com/backlinks-crawler)"
91.92.243.250 - - [01/Sep/2026:06:17:15 -0500] "POST /wp-login.php HTTP/1.1" 500 2943 "-" "Mozilla/5.0"
91.92.243.243 - - [01/Sep/2026:06:19:33 -0500] "POST /wp-login.php HTTP/1.1" 500 2943 "-" "Mozilla/5.0"
134.185.85.61 - - [01/Sep/2026:06:23:28 -0500] "GET /wp-content/plugins/pods/init.php HTTP/1.1" 403 199 "-" "Mozilla/5.0 (Macintosh; Intel Mac OS X 10_15_7) AppleWebKit/537.36 (KHTML, like Gecko) Chrome/124.0.0.0 Safari/537.36"
134.185.85.61 - - [01/Sep/2026:06:23:29 -0500] "GET /wp-content/plugins/pods/readme.txt HTTP/1.1" 403 199 "-" "Mozilla/5.0 (Macintosh; Intel Mac OS X 10_15_7) AppleWebKit/537.36 (KHTML, like Gecko) Chrome/124.0.0.0 Safari/537.36"
134.185.85.61 - - [01/Sep/2026:06:23:30 -0500] "GET /wp-content/plugins/pods/init.php HTTP/1.1" 403 199 "-" "Mozilla/5.0 (Macintosh; Intel Mac OS X 10_15_7) AppleWebKit/537.36 (KHTML, like Gecko) Chrome/124.0.0.0 Safari/537.36"
134.185.85.61 - - [01/Sep/2026:06:23:18 -0500] "GET /wp-content/plugins/pods/readme.txt HTTP/1.1" 500 2698 "-" "Mozilla/5.0 (Macintosh; Intel Mac OS X 10_15_7) AppleWebKit/537.36 (KHTML, like Gecko) Chrome/124.0.0.0 Safari/537.36"
85.208.96.194 - - [01/Sep/2026:06:23:47 -0500] "GET /portfolio/rhoncus-quisque-sollicitudin/ HTTP/1.1" 500 431 "-" "Mozilla/5.0 (compatible; SemrushBot/7~bl; +http://www.semrush.com/bot.html)"
91.92.243.243 - - [01/Sep/2026:06:25:19 -0500] "POST /wp-login.php HTTP/1.1" 500 2943 "-" "Mozilla/5.0"
157.90.185.123 - - [01/Sep/2026:06:30:10 -0500] "POST /wp-cron.php?doing_wp_cron=1788262210.5608530044555664062500 HTTP/1.1" 200 - "-" "WordPress/7.1; https://anempanama.com"
2a06:98c0:3600::103 - - [01/Sep/2026:06:30:09 -0500] "GET /wp-admin/install.php?step=1 HTTP/1.1" 200 1375 "-" "http://anempanama.com/wp-admin/install.php?step=1"
91.92.243.243 - - [01/Sep/2026:06:31:00 -0500] "POST /wp-login.php HTTP/1.1" 500 2943 "-" "Mozilla/5.0"
91.92.243.250 - - [01/Sep/2026:06:31:24 -0500] "POST /wp-login.php HTTP/1.1" 500 2943 "-" "Mozilla/5.0"
91.92.243.243 - - [01/Sep/2026:06:36:55 -0500] "POST /wp-login.php HTTP/1.1" 500 2943 "-" "Mozilla/5.0"
167.172.69.168 - - [01/Sep/2026:06:38:16 -0500] "POST /wp-login.php HTTP/1.1" 500 2943 "-" "Mozilla/5.0 (Windows NT 10.0; Win64; rv:143.0) Gecko/20100101 Firefox/143.0"
167.172.69.168 - - [01/Sep/2026:06:38:16 -0500] "POST /wp-login.php HTTP/1.1" 500 2943 "-" "Mozilla/5.0 (Windows NT 10.0; Win64; x64) AppleWebKit/537.36 Chrome/129.0.0.0 Safari/537.36"
103.191.89.253 - - [01/Sep/2026:06:39:34 -0500] "POST /xmlrpc.php HTTP/1.1" 403 199 "-" "Jetpack by WordPress.com (Jetpack 12.5; WordPress 6.3)"
91.92.243.243 - - [01/Sep/2026:06:42:37 -0500] "POST /wp-login.php HTTP/1.1" 500 2943 "-" "Mozilla/5.0"
66.249.64.35 - - [01/Sep/2026:06:43:19 -0500] "GET /robots.txt HTTP/1.1" 500 - "-" "Mozilla/5.0 (compatible; Googlebot/2.1; +http://www.google.com/bot.html)"
66.249.64.35 - - [01/Sep/2026:06:43:21 -0500] "GET /robots.txt HTTP/1.1" 500 2698 "-" "GoogleOther"
66.249.64.36 - - [01/Sep/2026:06:44:23 -0500] "GET /robots.txt HTTP/1.1" 500 2698 "-" "GoogleOther"
91.92.243.250 - - [01/Sep/2026:06:45:32 -0500] "POST /wp-login.php HTTP/1.1" 500 2943 "-" "Mozilla/5.0"
91.92.243.243 - - [01/Sep/2026:06:48:35 -0500] "POST /wp-login.php HTTP/1.1" 500 2943 "-" "Mozilla/5.0"
91.92.243.243 - - [01/Sep/2026:06:54:15 -0500] "POST /wp-login.php HTTP/1.1" 500 2943 "-" "Mozilla/5.0"
51.8.102.242 - - [01/Sep/2026:06:56:13 -0500] "GET /robots.txt HTTP/1.1" 500 2698 "-" "Mozilla/5.0 (Macintosh; Intel Mac OS X 10_15_7) AppleWebKit/537.36 (KHTML, like Gecko) Chrome/131.0.0.0 Safari/537.36; compatible; OAI-SearchBot/1.0; +https://openai.com/searchbot"
51.8.102.178 - - [01/Sep/2026:06:56:15 -0500] "GET /robots.txt HTTP/1.1" 500 2698 "-" "Mozilla/5.0 (Macintosh; Intel Mac OS X 10_15_7) AppleWebKit/537.36 (KHTML, like Gecko) Chrome/131.0.0.0 Safari/537.36; compatible; OAI-SearchBot/1.0; +https://openai.com/searchbot"
51.8.102.188 - - [01/Sep/2026:06:56:17 -0500] "GET /robots.txt HTTP/1.1" 500 2698 "-" "Mozilla/5.0 (Macintosh; Intel Mac OS X 10_15_7) AppleWebKit/537.36 (KHTML, like Gecko) Chrome/131.0.0.0 Safari/537.36; compatible; OAI-SearchBot/1.0; +https://openai.com/searchbot"
51.8.102.29 - - [01/Sep/2026:06:56:18 -0500] "GET /robots.txt HTTP/1.1" 500 2698 "-" "Mozilla/5.0 (Macintosh; Intel Mac OS X 10_15_7) AppleWebKit/537.36 (KHTML, like Gecko) Chrome/131.0.0.0 Safari/537.36; compatible; OAI-SearchBot/1.0; +https://openai.com/searchbot"
35.197.98.103 - - [01/Sep/2026:06:59:31 -0500] "GET / HTTP/1.1" 500 2698 "-" "Mozilla/5.0 (compatible; CMS-Checker/1.0; +https://example.com)"
91.92.243.250 - - [01/Sep/2026:06:59:39 -0500] "POST /wp-login.php HTTP/1.1" 500 2943 "-" "Mozilla/5.0"
91.92.243.243 - - [01/Sep/2026:06:59:51 -0500] "POST /wp-login.php HTTP/1.1" 500 2943 "-" "Mozilla/5.0"
91.92.243.243 - - [01/Sep/2026:07:05:35 -0500] "POST /wp-login.php HTTP/1.1" 500 2943 "-" "Mozilla/5.0"
74.7.175.160 - - [01/Sep/2026:07:10:44 -0500] "GET /robots.txt HTTP/1.1" 500 2698 "-" "Mozilla/5.0 (Macintosh; Intel Mac OS X 10_15_7) AppleWebKit/537.36 (KHTML, like Gecko) Chrome/131.0.0.0 Safari/537.36; compatible; OAI-SearchBot/1.4; robots.txt; +https://openai.com/searchbot"
91.92.243.243 - - [01/Sep/2026:07:11:14 -0500] "POST /wp-login.php HTTP/1.1" 500 2943 "-" "Mozilla/5.0"
91.92.243.250 - - [01/Sep/2026:07:13:41 -0500] "POST /wp-login.php HTTP/1.1" 500 2943 "-" "Mozilla/5.0"
91.92.243.243 - - [01/Sep/2026:07:17:07 -0500] "POST /wp-login.php HTTP/1.1" 500 2943 "-" "Mozilla/5.0"
91.92.243.243 - - [01/Sep/2026:07:22:52 -0500] "POST /wp-login.php HTTP/1.1" 500 2943 "-" "Mozilla/5.0"
52.167.144.21 - - [01/Sep/2026:07:25:15 -0500] "GET /categoria-producto/lighting/?shop_view=grid&per_row=2 HTTP/1.1" 500 - "-" "Mozilla/5.0 AppleWebKit/537.36 (KHTML, like Gecko; compatible; bingbot/2.0; +http://www.bing.com/bingbot.htm) Chrome/116.0.1938.76 Safari/537.36"
91.92.243.250 - - [01/Sep/2026:07:27:55 -0500] "POST /wp-login.php HTTP/1.1" 500 2943 "-" "Mozilla/5.0"
91.92.243.243 - - [01/Sep/2026:07:28:51 -0500] "POST /wp-login.php HTTP/1.1" 500 2943 "-" "Mozilla/5.0"
91.92.243.243 - - [01/Sep/2026:07:34:39 -0500] "POST /wp-login.php HTTP/1.1" 500 2943 "-" "Mozilla/5.0"
91.92.243.243 - - [01/Sep/2026:07:40:32 -0500] "POST /wp-login.php HTTP/1.1" 500 2943 "-" "Mozilla/5.0"
157.90.185.123 - - [01/Sep/2026:07:42:06 -0500] "POST /wp-cron.php?doing_wp_cron=1788266526.3757998943328857421875 HTTP/1.1" 200 - "-" "WordPress/7.1; https://anempanama.com"
91.92.243.250 - - [01/Sep/2026:07:42:03 -0500] "POST /wp-login.php HTTP/1.1" 200 10934 "-" "Mozilla/5.0"
167.172.69.168 - - [01/Sep/2026:07:42:38 -0500] "POST /wp-login.php HTTP/1.1" 500 2943 "-" "Mozilla/5.0 (Windows NT 10.0; Win64; x64) AppleWebKit/537.36 Chrome/129.0.0.0 Safari/537.36"
167.172.69.168 - - [01/Sep/2026:07:42:38 -0500] "POST /wp-login.php HTTP/1.1" 200 10934 "-" "Mozilla/5.0 (Windows NT 10.0; Win64; x64) AppleWebKit/537.36 Chrome/129.0.0.0 Safari/537.36"
192.253.248.142 - - [01/Sep/2026:07:43:27 -0500] "GET / HTTP/1.1" 500 538 "-" "ExposureWatch-Benchmark/0.1 (authorized-security-monitoring)"
91.92.243.243 - - [01/Sep/2026:07:46:29 -0500] "POST /wp-login.php HTTP/1.1" 500 2943 "-" "Mozilla/5.0"
91.98.185.79 - - [01/Sep/2026:07:47:08 -0500] "GET /categoria-producto/accessories/?per_page=9&filter_color=beige,blue,yellow HTTP/1.1" 500 2698 "-" "Mozilla/5.0 (compatible; SERankingBacklinksBot/1.0; +https://seranking.com/backlinks-crawler)"
91.92.243.243 - - [01/Sep/2026:07:52:07 -0500] "POST /wp-login.php HTTP/1.1" 500 2943 "-" "Mozilla/5.0"
91.92.243.250 - - [01/Sep/2026:07:56:08 -0500] "POST /wp-login.php HTTP/1.1" 500 2943 "-" "Mozilla/5.0"
91.92.243.243 - - [01/Sep/2026:07:57:56 -0500] "POST /wp-login.php HTTP/1.1" 500 2943 "-" "Mozilla/5.0"
91.92.243.243 - - [01/Sep/2026:08:03:39 -0500] "POST /wp-login.php HTTP/1.1" 500 2943 "-" "Mozilla/5.0"
91.92.243.243 - - [01/Sep/2026:08:09:26 -0500] "POST /wp-login.php HTTP/1.1" 500 2943 "-" "Mozilla/5.0"
91.92.243.250 - - [01/Sep/2026:08:10:17 -0500] "POST /wp-login.php HTTP/1.1" 500 2943 "-" "Mozilla/5.0"
157.90.185.123 - - [01/Sep/2026:08:10:36 -0500] "POST /wp-cron.php?doing_wp_cron=1788268236.6739470958709716796875 HTTP/1.1" 200 - "-" "WordPress/7.1; https://anempanama.com"
2a06:98c0:3600::103 - - [01/Sep/2026:08:10:36 -0500] "GET /wp-admin/install.php?step=1 HTTP/1.1" 200 1375 "-" "http://anempanama.com/wp-admin/install.php?step=1"
91.92.243.243 - - [01/Sep/2026:08:15:08 -0500] "POST /wp-login.php HTTP/1.1" 500 2943 "-" "Mozilla/5.0"
91.92.243.243 - - [01/Sep/2026:08:20:54 -0500] "POST /wp-login.php HTTP/1.1" 500 2943 "-" "Mozilla/5.0"
91.92.243.250 - - [01/Sep/2026:08:24:26 -0500] "POST /wp-login.php HTTP/1.1" 500 2943 "-" "Mozilla/5.0"
91.92.243.243 - - [01/Sep/2026:08:26:54 -0500] "POST /wp-login.php HTTP/1.1" 500 2943 "-" "Mozilla/5.0"
157.90.185.123 - - [01/Sep/2026:08:27:29 -0500] "GET /wp-includes/Text/aenfdgx/xmndvh1/sxkd1qh/index.php?pass=N6C1B8ih9cr HTTP/1.1" 200 5712 "-" "Mozilla/5.0 (X11; Ubuntu; Linux x86_64) AppleWebKit/537.36 (KHTML, like Gecko) Chrome/118.0.5993.88 Safari/537.36"
157.90.185.123 - - [01/Sep/2026:08:33:03 -0500] "POST /wp-cron.php?doing_wp_cron=1788269583.8043339252471923828125 HTTP/1.1" 200 - "-" "WordPress/7.1; https://anempanama.com"
91.92.243.243 - - [01/Sep/2026:08:33:00 -0500] "POST /wp-login.php HTTP/1.1" 200 10898 "-" "Mozilla/5.0"
157.90.185.123 - - [01/Sep/2026:08:38:44 -0500] "POST /wp-cron.php?doing_wp_cron=1788269924.1657979488372802734375 HTTP/1.1" 200 - "-" "WordPress/7.1; https://anempanama.com"
91.92.243.250 - - [01/Sep/2026:08:38:42 -0500] "POST /wp-login.php HTTP/1.1" 200 10934 "-" "Mozilla/5.0"
91.92.243.243 - - [01/Sep/2026:08:38:59 -0500] "POST /wp-login.php HTTP/1.1" 500 2943 "-" "Mozilla/5.0"
91.92.243.243 - - [01/Sep/2026:08:44:50 -0500] "POST /wp-login.php HTTP/1.1" 500 2943 "-" "Mozilla/5.0"
167.172.69.168 - - [01/Sep/2026:08:49:07 -0500] "POST /wp-login.php HTTP/1.1" 500 2943 "-" "Mozilla/5.0 (Windows NT 10.0; Win64; x64) AppleWebKit/537.36 Chrome/129.0.0.0 Safari/537.36"
167.172.69.168 - - [01/Sep/2026:08:49:07 -0500] "POST /wp-login.php HTTP/1.1" 500 2943 "-" "Mozilla/5.0 (Macintosh; Intel Mac OS X 10_15_7) AppleWebKit/605.1.15 Version/17.0 Safari/605.1.15"
91.92.243.243 - - [01/Sep/2026:08:50:35 -0500] "POST /wp-login.php HTTP/1.1" 500 2943 "-" "Mozilla/5.0"
91.92.243.250 - - [01/Sep/2026:08:52:52 -0500] "POST /wp-login.php HTTP/1.1" 500 2943 "-" "Mozilla/5.0"
157.90.185.123 - - [01/Sep/2026:08:54:44 -0500] "GET /wp-includes/sitemaps/bpyamuh/xbsmtye/mvrchej/index.php?pass=OJP1l72RKVN HTTP/1.1" 200 5712 "-" "Mozilla/5.0 (Windows NT 10.0; Win64; x64) AppleWebKit/537.36 (KHTML, like Gecko) Chrome/121.0.6167.85 Safari/537.36"
91.92.243.243 - - [01/Sep/2026:08:56:20 -0500] "POST /wp-login.php HTTP/1.1" 500 2943 "-" "Mozilla/5.0"
91.92.243.243 - - [01/Sep/2026:09:02:02 -0500] "POST /wp-login.php HTTP/1.1" 500 2943 "-" "Mozilla/5.0"
91.98.185.79 - - [01/Sep/2026:09:06:17 -0500] "GET /categoria-producto/accessories/?per_page=9&filter_color=black,blue,yellow HTTP/1.1" 500 2698 "-" "Mozilla/5.0 (compatible; SERankingBacklinksBot/1.0; +https://seranking.com/backlinks-crawler)"
91.92.243.250 - - [01/Sep/2026:09:07:04 -0500] "POST /wp-login.php HTTP/1.1" 500 2943 "-" "Mozilla/5.0"
91.92.243.243 - - [01/Sep/2026:09:07:56 -0500] "POST /wp-login.php HTTP/1.1" 500 2943 "-" "Mozilla/5.0"
43.164.190.124 - - [01/Sep/2026:09:08:54 -0500] "GET / HTTP/1.1" 403 199 "-" "Mozilla/5.0 (iPhone; CPU iPhone OS 13_2_3 like Mac OS X) AppleWebKit/605.1.15 (KHTML, like Gecko) Version/13.0.3 Mobile/15E148 Safari/604.1"
91.92.243.243 - - [01/Sep/2026:09:13:42 -0500] "POST /wp-login.php HTTP/1.1" 500 2943 "-" "Mozilla/5.0"
129.121.76.191 - - [01/Sep/2026:09:14:23 -0500] "GET /readme.html HTTP/1.1" 200 7407 "-" "Mozilla/5.0 (Windows NT 10.0; Win64; x64) AppleWebKit/537.36 (KHTML, like Gecko) Chrome/151.0.0.0 Safari/537.36, Mozilla/5.0 (Windows NT 10.0; Win64; x64) AppleWebKit/537.36 (KHTML, like Gecko) Chrome/151.0.0.0 Safari/537.36"
192.250.232.93 - - [01/Sep/2026:09:14:27 -0500] "GET /wp-json/ HTTP/1.1" 500 488 "-" "Mozilla/5.0 (Windows NT 10.0; Win64; x64) AppleWebKit/537.36 (KHTML, like Gecko) Chrome/151.0.0.0 Safari/537.36, Mozilla/5.0 (Windows NT 10.0; Win64; x64) AppleWebKit/537.36 (KHTML, like Gecko) Chrome/151.0.0.0 Safari/537.36"
103.74.116.219 - - [01/Sep/2026:09:14:35 -0500] "GET / HTTP/1.1" 500 2698 "-" "Mozilla/5.0 (Windows NT 10.0; Win64; x64) AppleWebKit/537.36 (KHTML, like Gecko) Chrome/151.0.0.0 Safari/537.36, Mozilla/5.0 (Macintosh; Intel Mac OS X 10_15_7) AppleWebKit/537.36 (KHTML, like Gecko) Chrome/151.0.0.0 Safari/537.36"
103.124.95.115 - - [01/Sep/2026:09:14:50 -0500] "GET /wp-json/wp/v2/posts?per_page=20&_embed=author&_fields=_embedded HTTP/1.1" 500 489 "-" "Mozilla/5.0 (Windows NT 10.0; Win64; x64) AppleWebKit/537.36 (KHTML, like Gecko) Chrome/151.0.0.0 Safari/537.36, Mozilla/5.0 (Macintosh; Intel Mac OS X 10_15_7) AppleWebKit/537.36 (KHTML, like Gecko) Chrome/151.0.0.0 Safari/537.36"
213.32.77.104 - - [01/Sep/2026:09:14:53 -0500] "POST /graphql HTTP/1.1" 500 538 "-" "Mozilla/5.0 (Windows NT 10.0; Win64; x64) AppleWebKit/537.36 (KHTML, like Gecko) Chrome/151.0.0.0 Safari/537.36, Mozilla/5.0 (X11; Linux x86_64) AppleWebKit/537.36 (KHTML, like Gecko) Chrome/151.0.0.0 Safari/537.36"
209.42.18.204 - - [01/Sep/2026:09:14:55 -0500] "POST /api/graphql HTTP/1.1" 500 538 "-" "Mozilla/5.0 (Windows NT 10.0; Win64; x64) AppleWebKit/537.36 (KHTML, like Gecko) Chrome/151.0.0.0 Safari/537.36, Mozilla/5.0 (X11; Linux x86_64) AppleWebKit/537.36 (KHTML, like Gecko) Chrome/151.0.0.0 Safari/537.36"
66.116.251.167 - - [01/Sep/2026:09:14:58 -0500] "GET /wp-json/wc/v1/customers?per_page=100&_fields=username HTTP/1.1" 500 488 "-" "Mozilla/5.0 (Windows NT 10.0; Win64; x64) AppleWebKit/537.36 (KHTML, like Gecko) Chrome/151.0.0.0 Safari/537.36, Mozilla/5.0 (X11; Linux x86_64) AppleWebKit/537.36 (KHTML, like Gecko) Chrome/151.0.0.0 Safari/537.36"
157.230.98.178 - - [01/Sep/2026:09:15:01 -0500] "GET /wp-json/buddypress/v1/members?per_page=100&_fields=user_login HTTP/1.1" 500 488 "-" "Mozilla/5.0 (Windows NT 10.0; Win64; x64) AppleWebKit/537.36 (KHTML, like Gecko) Chrome/151.0.0.0 Safari/537.36, Mozilla/5.0 (Macintosh; Intel Mac OS X 10_15_7) AppleWebKit/537.36 (KHTML, like Gecko) Chrome/151.0.0.0 Safari/537.36"
143.95.158.36 - - [01/Sep/2026:09:15:07 -0500] "GET /wp-json/buddyboss/v1/members?per_page=100&_fields=user_login HTTP/1.1" 500 488 "-" "Mozilla/5.0 (Windows NT 10.0; Win64; x64) AppleWebKit/537.36 (KHTML, like Gecko) Chrome/151.0.0.0 Safari/537.36, Mozilla/5.0 (Macintosh; Intel Mac OS X 10_15_7) AppleWebKit/537.36 (KHTML, like Gecko) Chrome/151.0.0.0 Safari/537.36"
192.250.232.93 - - [01/Sep/2026:09:15:11 -0500] "GET /feed/json/ HTTP/1.1" 500 543 "-" "Mozilla/5.0 (Windows NT 10.0; Win64; x64) AppleWebKit/537.36 (KHTML, like Gecko) Chrome/151.0.0.0 Safari/537.36, Mozilla/5.0 (Windows NT 10.0; Win64; x64) AppleWebKit/537.36 (KHTML, like Gecko) Chrome/151.0.0.0 Safari/537.36"
157.230.98.178 - - [01/Sep/2026:09:15:14 -0500] "GET /wp-json/wp/v2/users?_jsonp=callback&per_page=100&_fields=id,slug HTTP/1.1" 403 199 "-" "Mozilla/5.0 (Windows NT 10.0; Win64; x64) AppleWebKit/537.36 (KHTML, like Gecko) Chrome/151.0.0.0 Safari/537.36, Mozilla/5.0 (Macintosh; Intel Mac OS X 10_15_7) AppleWebKit/537.36 (KHTML, like Gecko) Chrome/151.0.0.0 Safari/537.36"
129.121.76.191 - - [01/Sep/2026:09:15:18 -0500] "GET /wp-json/learnpress/v1/users HTTP/1.1" 500 489 "-" "Mozilla/5.0 (Windows NT 10.0; Win64; x64) AppleWebKit/537.36 (KHTML, like Gecko) Chrome/151.0.0.0 Safari/537.36, Mozilla/5.0 (X11; Linux x86_64) AppleWebKit/537.36 (KHTML, like Gecko) Chrome/151.0.0.0 Safari/537.36"
135.236.141.8 - - [01/Sep/2026:09:15:20 -0500] "GET /wp-json/mepr/v1/members HTTP/1.1" 500 489 "-" "Mozilla/5.0 (Windows NT 10.0; Win64; x64) AppleWebKit/537.36 (KHTML, like Gecko) Chrome/151.0.0.0 Safari/537.36, Mozilla/5.0 (Macintosh; Intel Mac OS X 10_15_7) AppleWebKit/537.36 (KHTML, like Gecko) Chrome/151.0.0.0 Safari/537.36"
72.167.132.114 - - [01/Sep/2026:09:15:29 -0500] "GET /wp-json/wp/v2/users?per_page=50&_embed&_fields=id,slug,name HTTP/1.1" 403 199 "-" "Mozilla/5.0 (Windows NT 10.0; Win64; x64) AppleWebKit/537.36 (KHTML, like Gecko) Chrome/151.0.0.0 Safari/537.36, Mozilla/5.0 (X11; Linux x86_64) AppleWebKit/537.36 (KHTML, like Gecko) Chrome/151.0.0.0 Safari/537.36"
85.208.96.194 - - [01/Sep/2026:09:16:42 -0500] "GET /robots.txt HTTP/1.1" 500 - "-" "Mozilla/5.0 (compatible; SemrushBot/7~bl; +http://www.semrush.com/bot.html)"
85.208.96.198 - - [01/Sep/2026:09:16:44 -0500] "GET /producto/panton-tunior-chair/ HTTP/1.1" 500 431 "-" "Mozilla/5.0 (compatible; SemrushBot/7~bl; +http://www.semrush.com/bot.html)"
91.92.243.243 - - [01/Sep/2026:09:19:29 -0500] "POST /wp-login.php HTTP/1.1" 500 2943 "-" "Mozilla/5.0"
45.61.188.202 - - [01/Sep/2026:09:20:42 -0500] "GET / HTTP/1.1" 500 - "-" "Mozilla/5.0 (Windows NT 10.0; Win64; x64) AppleWebKit/537.36 (KHTML, like Gecko) Chrome/120.0.0.0 Safari/537.36"
91.92.243.250 - - [01/Sep/2026:09:21:14 -0500] "POST /wp-login.php HTTP/1.1" 500 2943 "-" "Mozilla/5.0"
45.61.188.202 - - [01/Sep/2026:09:21:15 -0500] "GET /?rest_route=/ HTTP/1.1" 500 2698 "http://www.google.com.hk" "Mozilla/5.0 (Windows NT 10.0; Win64; x64; rv:120.0) Gecko/20100101 Firefox/120.0"
45.61.188.202 - - [01/Sep/2026:09:21:17 -0500] "GET /plugins/editors/jce/jce.xml HTTP/1.1" 500 2698 "-" "Mozilla/5.0 (iPhone; CPU iPhone OS 17_2 like Mac OS X) AppleWebKit/605.1.15 (KHTML, like Gecko) Version/17.2 Mobile/15E148 Safari/604.1"
45.61.188.202 - - [01/Sep/2026:09:21:19 -0500] "GET /administrator/components/com_jce/ HTTP/1.1" 500 2698 "-" "Mozilla/5.0 (Windows NT 10.0; Win64; x64) AppleWebKit/537.36 (KHTML, like Gecko) Chrome/120.0.0.0 Safari/537.36"
45.61.188.202 - - [01/Sep/2026:09:21:21 -0500] "GET /media/system/js/core.js HTTP/1.1" 500 2698 "-" "Mozilla/5.0 (iPhone; CPU iPhone OS 17_2 like Mac OS X) AppleWebKit/605.1.15 (KHTML, like Gecko) Version/17.2 Mobile/15E148 Safari/604.1"
45.61.188.202 - - [01/Sep/2026:09:21:23 -0500] "GET /media/jui/js/bootstrap.min.js HTTP/1.1" 500 2698 "-" "Mozilla/5.0 (iPhone; CPU iPhone OS 17_2 like Mac OS X) AppleWebKit/605.1.15 (KHTML, like Gecko) Version/17.2 Mobile/15E148 Safari/604.1"
45.61.188.202 - - [01/Sep/2026:09:21:25 -0500] "GET /media/vendor/jquery/js/jquery.min.js?3.6.0 HTTP/1.1" 500 2698 "-" "Mozilla/5.0 (Macintosh; Intel Mac OS X 10_15_7) AppleWebKit/605.1.15 (KHTML, like Gecko) Version/17.2 Safari/605.1.15"
45.61.188.202 - - [01/Sep/2026:09:21:28 -0500] "GET / HTTP/1.1" 500 2698 "-" "Mozilla/5.0 (X11; Linux x86_64) AppleWebKit/537.36 (KHTML, like Gecko) Chrome/120.0.0.0 Safari/537.36"
91.92.243.243 - - [01/Sep/2026:09:25:15 -0500] "POST /wp-login.php HTTP/1.1" 500 2943 "-" "Mozilla/5.0"
91.92.243.243 - - [01/Sep/2026:09:30:58 -0500] "POST /wp-login.php HTTP/1.1" 500 2943 "-" "Mozilla/5.0"
91.92.243.250 - - [01/Sep/2026:09:35:21 -0500] "POST /wp-login.php HTTP/1.1" 500 2943 "-" "Mozilla/5.0"
185.191.171.12 - - [01/Sep/2026:09:35:46 -0500] "GET /categoria-producto/lighting/ HTTP/1.1" 500 431 "-" "Mozilla/5.0 (compatible; SemrushBot/7~bl; +http://www.semrush.com/bot.html)"
91.92.243.243 - - [01/Sep/2026:09:36:45 -0500] "POST /wp-login.php HTTP/1.1" 500 2943 "-" "Mozilla/5.0"
157.90.185.123 - - [01/Sep/2026:09:38:03 -0500] "POST /wp-cron.php?doing_wp_cron=1788273483.8963620662689208984375 HTTP/1.1" 200 - "-" "WordPress/7.1; https://anempanama.com"
2a06:98c0:3600::103 - - [01/Sep/2026:09:38:03 -0500] "GET /wp-admin/install.php?step=1 HTTP/1.1" 200 1375 "-" "http://anempanama.com/wp-admin/install.php?step=1"
147.182.193.79 - - [01/Sep/2026:09:38:46 -0500] "GET / HTTP/1.1" 500 2698 "-" "Mozilla/5.0 (X11; Linux x86_64) AppleWebKit/537.36 (KHTML, like Gecko) Chrome/142.0.0.0 Safari/537.36"
157.90.185.123 - - [01/Sep/2026:09:38:50 -0500] "POST /wp-cron.php?doing_wp_cron=1788273530.4475491046905517578125 HTTP/1.1" 200 - "-" "WordPress/7.1; https://anempanama.com"
147.182.193.79 - - [01/Sep/2026:09:38:47 -0500] "GET /favicon.ico HTTP/1.1" 302 - "http://anempanama.com/" "Mozilla/5.0 (X11; Linux x86_64) AppleWebKit/537.36 (KHTML, like Gecko) Chrome/142.0.0.0 Safari/537.36"
147.182.193.79 - - [01/Sep/2026:09:38:51 -0500] "GET / HTTP/1.1" 200 230479 "-" "Mozilla/5.0 (X11; Linux x86_64) AppleWebKit/537.36 (KHTML, like Gecko) Chrome/142.0.0.0 Safari/537.36"
91.92.243.243 - - [01/Sep/2026:09:42:27 -0500] "POST /wp-login.php HTTP/1.1" 500 2943 "-" "Mozilla/5.0"
195.178.110.137 - - [01/Sep/2026:09:43:06 -0500] "GET /.env HTTP/1.1" 403 199 "-" "fasthttp"
195.178.110.137 - - [01/Sep/2026:09:43:06 -0500] "GET /.env HTTP/1.1" 403 199 "-" "fasthttp"
195.178.110.137 - - [01/Sep/2026:09:43:06 -0500] "GET /.env.local HTTP/1.1" 403 199 "-" "fasthttp"
195.178.110.137 - - [01/Sep/2026:09:43:07 -0500] "GET /.env.local HTTP/1.1" 403 199 "-" "fasthttp"
195.178.110.137 - - [01/Sep/2026:09:43:07 -0500] "GET /.env.production HTTP/1.1" 403 199 "-" "fasthttp"
195.178.110.137 - - [01/Sep/2026:09:43:08 -0500] "GET /.env.production HTTP/1.1" 403 199 "-" "fasthttp"
195.178.110.137 - - [01/Sep/2026:09:43:08 -0500] "GET /.env.dev HTTP/1.1" 403 199 "-" "fasthttp"
195.178.110.137 - - [01/Sep/2026:09:43:08 -0500] "GET /.env.bak HTTP/1.1" 403 199 "-" "fasthttp"
195.178.110.137 - - [01/Sep/2026:09:43:08 -0500] "GET /.env.dev HTTP/1.1" 403 199 "-" "fasthttp"
195.178.110.137 - - [01/Sep/2026:09:43:09 -0500] "GET /.env.old HTTP/1.1" 403 199 "-" "fasthttp"
195.178.110.137 - - [01/Sep/2026:09:43:09 -0500] "GET /.env.bak HTTP/1.1" 403 199 "-" "fasthttp"
195.178.110.137 - - [01/Sep/2026:09:43:09 -0500] "GET /.env.save HTTP/1.1" 403 199 "-" "fasthttp"
195.178.110.137 - - [01/Sep/2026:09:43:10 -0500] "GET /.env.old HTTP/1.1" 403 199 "-" "fasthttp"
195.178.110.137 - - [01/Sep/2026:09:43:10 -0500] "GET /.env.backup HTTP/1.1" 403 199 "-" "fasthttp"
195.178.110.137 - - [01/Sep/2026:09:43:10 -0500] "GET /.env.save HTTP/1.1" 403 199 "-" "fasthttp"
195.178.110.137 - - [01/Sep/2026:09:43:11 -0500] "GET /.env.backup HTTP/1.1" 403 199 "-" "fasthttp"
91.92.243.243 - - [01/Sep/2026:09:48:21 -0500] "POST /wp-login.php HTTP/1.1" 500 2943 "-" "Mozilla/5.0"
91.92.243.250 - - [01/Sep/2026:09:49:32 -0500] "POST /wp-login.php HTTP/1.1" 500 2943 "-" "Mozilla/5.0"
91.92.243.243 - - [01/Sep/2026:09:54:05 -0500] "POST /wp-login.php HTTP/1.1" 500 2943 "-" "Mozilla/5.0"
78.184.111.240 - - [01/Sep/2026:09:54:15 -0500] "POST /xmlrpc.php HTTP/1.1" 403 199 "-" "Mozilla/5.0 (Windows NT 6.2; x64) AppleWebKit/537.36 (KHTML, like Gecko) Safari/14.0.0.0 Safari/537.36"
167.172.69.168 - - [01/Sep/2026:09:55:38 -0500] "POST /wp-login.php HTTP/1.1" 500 2943 "-" "Mozilla/5.0 (Windows NT 10.0; Win64; rv:143.0) Gecko/20100101 Firefox/143.0"
167.172.69.168 - - [01/Sep/2026:09:55:38 -0500] "POST /wp-login.php HTTP/1.1" 500 2943 "-" "Mozilla/5.0 (Windows NT 10.0; Win64; x64) AppleWebKit/537.36 Chrome/129.0.0.0 Safari/537.36"
91.92.243.243 - - [01/Sep/2026:09:59:55 -0500] "POST /wp-login.php HTTP/1.1" 500 2943 "-" "Mozilla/5.0"
91.92.243.250 - - [01/Sep/2026:10:03:40 -0500] "POST /wp-login.php HTTP/1.1" 500 2943 "-" "Mozilla/5.0"
91.92.243.243 - - [01/Sep/2026:10:05:55 -0500] "POST /wp-login.php HTTP/1.1" 500 2943 "-" "Mozilla/5.0"
91.92.243.243 - - [01/Sep/2026:10:11:46 -0500] "POST /wp-login.php HTTP/1.1" 500 2943 "-" "Mozilla/5.0"
43.130.53.252 - - [01/Sep/2026:10:15:02 -0500] "GET / HTTP/1.1" 403 199 "-" "Mozilla/5.0 (iPhone; CPU iPhone OS 13_2_3 like Mac OS X) AppleWebKit/605.1.15 (KHTML, like Gecko) Version/13.0.3 Mobile/15E148 Safari/604.1"
91.92.243.243 - - [01/Sep/2026:10:17:44 -0500] "POST /wp-login.php HTTP/1.1" 500 2943 "-" "Mozilla/5.0"
91.92.243.250 - - [01/Sep/2026:10:17:55 -0500] "POST /wp-login.php HTTP/1.1" 500 2943 "-" "Mozilla/5.0"
91.92.243.243 - - [01/Sep/2026:10:23:35 -0500] "POST /wp-login.php HTTP/1.1" 500 2943 "-" "Mozilla/5.0"
66.249.64.37 - - [01/Sep/2026:10:27:10 -0500] "GET /robots.txt HTTP/1.1" 500 2698 "-" "Mozilla/5.0 (compatible; Googlebot/2.1; +http://www.google.com/bot.html)"
91.92.243.243 - - [01/Sep/2026:10:29:28 -0500] "POST /wp-login.php HTTP/1.1" 500 2943 "-" "Mozilla/5.0"
192.253.248.142 - - [01/Sep/2026:10:30:13 -0500] "GET / HTTP/1.1" 500 538 "-" "ExposureWatch-Benchmark/0.1 (authorized-security-monitoring)"
91.92.243.250 - - [01/Sep/2026:10:32:12 -0500] "POST /wp-login.php HTTP/1.1" 500 2943 "-" "Mozilla/5.0"
91.92.243.243 - - [01/Sep/2026:10:35:58 -0500] "POST /wp-login.php HTTP/1.1" 500 2943 "-" "Mozilla/5.0"
91.92.243.243 - - [01/Sep/2026:10:41:54 -0500] "POST /wp-login.php HTTP/1.1" 500 2943 "-" "Mozilla/5.0"
34.192.125.239 - - [01/Sep/2026:10:42:52 -0500] "GET /robots.txt HTTP/1.1" 500 2698 "-" "Mozilla/5.0 AppleWebKit/537.36 (KHTML, like Gecko; compatible; Amazonbot/0.1; +https://developer.amazon.com/support/amazonbot) Chrome/119.0.6045.214 Safari/537.36"
91.92.243.250 - - [01/Sep/2026:10:46:30 -0500] "POST /wp-login.php HTTP/1.1" 500 2943 "-" "Mozilla/5.0"
91.92.243.243 - - [01/Sep/2026:10:47:53 -0500] "POST /wp-login.php HTTP/1.1" 500 2943 "-" "Mozilla/5.0"
185.191.171.19 - - [01/Sep/2026:10:51:24 -0500] "GET /robots.txt HTTP/1.1" 500 - "-" "Mozilla/5.0 (compatible; SemrushBot/7~bl; +http://www.semrush.com/bot.html)"
85.208.96.195 - - [01/Sep/2026:10:51:26 -0500] "GET /marca/hay/ HTTP/1.1" 500 431 "-" "Mozilla/5.0 (compatible; SemrushBot/7~bl; +http://www.semrush.com/bot.html)"
91.92.243.243 - - [01/Sep/2026:10:53:39 -0500] "POST /wp-login.php HTTP/1.1" 500 2943 "-" "Mozilla/5.0"
91.98.185.79 - - [01/Sep/2026:10:58:23 -0500] "GET /categoria-producto/accessories/?per_page=9&filter_color=blue,brown,yellow HTTP/1.1" 500 2698 "-" "Mozilla/5.0 (compatible; SERankingBacklinksBot/1.0; +https://seranking.com/backlinks-crawler)"
106.52.49.148 - - [01/Sep/2026:10:59:00 -0500] "GET / HTTP/1.1" 403 199 "-" "Mozilla/5.0 (iPhone; CPU iPhone OS 13_2_3 like Mac OS X) AppleWebKit/605.1.15 (KHTML, like Gecko) Version/13.0.3 Mobile/15E148 Safari/604.1"
91.92.243.243 - - [01/Sep/2026:10:59:37 -0500] "POST /wp-login.php HTTP/1.1" 500 2943 "-" "Mozilla/5.0"
91.92.243.250 - - [01/Sep/2026:11:00:41 -0500] "POST /wp-login.php HTTP/1.1" 500 2943 "-" "Mozilla/5.0"
167.172.69.168 - - [01/Sep/2026:11:01:49 -0500] "POST /wp-login.php HTTP/1.1" 500 2943 "-" "Mozilla/5.0 (Windows NT 10.0; Win64; x64) AppleWebKit/537.36 Chrome/129.0.0.0 Safari/537.36"
167.172.69.168 - - [01/Sep/2026:11:01:49 -0500] "POST /wp-login.php HTTP/1.1" 500 2943 "-" "Mozilla/5.0 (Macintosh; Intel Mac OS X 10_15_7) AppleWebKit/605.1.15 Version/17.0 Safari/605.1.15"
157.90.185.123 - - [01/Sep/2026:11:05:34 -0500] "POST /wp-cron.php?doing_wp_cron=1788278734.4410290718078613281250 HTTP/1.1" 200 - "-" "WordPress/7.1; https://anempanama.com"
91.92.243.243 - - [01/Sep/2026:11:05:30 -0500] "POST /wp-login.php HTTP/1.1" 200 10898 "-" "Mozilla/5.0"
74.7.175.160 - - [01/Sep/2026:11:05:44 -0500] "GET /robots.txt HTTP/1.1" 200 320 "-" "Mozilla/5.0 (Macintosh; Intel Mac OS X 10_15_7) AppleWebKit/537.36 (KHTML, like Gecko) Chrome/131.0.0.0 Safari/537.36; compatible; OAI-SearchBot/1.4; robots.txt; +https://openai.com/searchbot"
91.92.243.243 - - [01/Sep/2026:11:11:20 -0500] "POST /wp-login.php HTTP/1.1" 500 2943 "-" "Mozilla/5.0"
91.92.243.250 - - [01/Sep/2026:11:14:52 -0500] "POST /wp-login.php HTTP/1.1" 500 2943 "-" "Mozilla/5.0"
192.253.248.142 - - [01/Sep/2026:11:15:53 -0500] "GET / HTTP/1.1" 500 543 "-" "ExposureWatch-Benchmark/0.1 (authorized-security-monitoring)"
