191.101.40.26 - - [01/Sep/2026:14:58:58 -0500] "GET /wp-content/themes/woodmart/js/scripts/global/widgetCollapse.min.js?ver=8.5.1 HTTP/1.1" 200 967 "https://anempanama.com/" "Mozilla/5.0 (Windows NT 10.0; Win64; x64) AppleWebKit/537.36 (KHTML, like Gecko) Chrome/151.0.0.0 Safari/537.36 Edg/151.0.0.0"
191.101.40.26 - - [01/Sep/2026:14:58:58 -0500] "GET /wp-includes/js/imagesloaded.min.js?ver=5.0.0 HTTP/1.1" 200 5520 "https://anempanama.com/" "Mozilla/5.0 (Windows NT 10.0; Win64; x64) AppleWebKit/537.36 (KHTML, like Gecko) Chrome/151.0.0.0 Safari/537.36 Edg/151.0.0.0"
191.101.40.26 - - [01/Sep/2026:14:58:58 -0500] "GET /wp-content/themes/woodmart/js/scripts/global/scrollTop.min.js?ver=8.5.1 HTTP/1.1" 200 362 "https://anempanama.com/" "Mozilla/5.0 (Windows NT 10.0; Win64; x64) AppleWebKit/537.36 (KHTML, like Gecko) Chrome/151.0.0.0 Safari/537.36 Edg/151.0.0.0"
191.101.40.26 - - [01/Sep/2026:14:58:58 -0500] "GET /wp-content/themes/woodmart/js/scripts/menu/mobileNavigation.min.js?ver=8.5.1 HTTP/1.1" 200 7332 "https://anempanama.com/" "Mozilla/5.0 (Windows NT 10.0; Win64; x64) AppleWebKit/537.36 (KHTML, like Gecko) Chrome/151.0.0.0 Safari/537.36 Edg/151.0.0.0"
191.101.40.26 - - [01/Sep/2026:14:58:58 -0500] "GET /wp-content/themes/woodmart/js/libs/swiper.min.js?ver=8.5.1 HTTP/1.1" 200 107891 "https://anempanama.com/" "Mozilla/5.0 (Windows NT 10.0; Win64; x64) AppleWebKit/537.36 (KHTML, like Gecko) Chrome/151.0.0.0 Safari/537.36 Edg/151.0.0.0"
191.101.40.26 - - [01/Sep/2026:14:58:59 -0500] "GET /wp-content/plugins/woocommerce/assets/js/frontend/add-to-cart.min.js?ver=11.0.1 HTTP/1.1" 200 4350 "https://anempanama.com/" "Mozilla/5.0 (Windows NT 10.0; Win64; x64) AppleWebKit/537.36 (KHTML, like Gecko) Chrome/151.0.0.0 Safari/537.36 Edg/151.0.0.0"
191.101.40.26 - - [01/Sep/2026:14:58:59 -0500] "GET /wp-content/plugins/woocommerce/assets/js/jquery-blockui/jquery.blockUI.min.js?ver=2.7.0-wc.11.0.1 HTTP/1.1" 200 9636 "https://anempanama.com/" "Mozilla/5.0 (Windows NT 10.0; Win64; x64) AppleWebKit/537.36 (KHTML, like Gecko) Chrome/151.0.0.0 Safari/537.36 Edg/151.0.0.0"
191.101.40.26 - - [01/Sep/2026:14:58:59 -0500] "GET /wp-content/plugins/woocommerce/assets/js/js-cookie/js.cookie.min.js?ver=2.1.4-wc.11.0.1 HTTP/1.1" 200 1720 "https://anempanama.com/" "Mozilla/5.0 (Windows NT 10.0; Win64; x64) AppleWebKit/537.36 (KHTML, like Gecko) Chrome/151.0.0.0 Safari/537.36 Edg/151.0.0.0"
191.101.40.26 - - [01/Sep/2026:14:58:59 -0500] "GET /wp-content/plugins/woocommerce/assets/js/frontend/woocommerce.min.js?ver=11.0.1 HTTP/1.1" 200 4270 "https://anempanama.com/" "Mozilla/5.0 (Windows NT 10.0; Win64; x64) AppleWebKit/537.36 (KHTML, like Gecko) Chrome/151.0.0.0 Safari/537.36 Edg/151.0.0.0"
190.140.250.251 - - [01/Sep/2026:14:58:59 -0500] "GET /wp-content/themes/woodmart/js/scripts/global/widgetCollapse.min.js?ver=8.5.1 HTTP/1.1" 200 967 "https://anempanama.com/" "Mozilla/5.0 (iPhone; CPU iPhone OS 18_7 like Mac OS X) AppleWebKit/605.1.15 (KHTML, like Gecko) Version/26.6.1 Mobile/15E148 Safari/604.1"
190.140.250.251 - - [01/Sep/2026:14:58:59 -0500] "GET /wp-includes/js/imagesloaded.min.js?ver=5.0.0 HTTP/1.1" 200 5520 "https://anempanama.com/" "Mozilla/5.0 (iPhone; CPU iPhone OS 18_7 like Mac OS X) AppleWebKit/605.1.15 (KHTML, like Gecko) Version/26.6.1 Mobile/15E148 Safari/604.1"
190.140.250.251 - - [01/Sep/2026:14:58:59 -0500] "GET /wp-content/themes/woodmart/js/scripts/menu/mobileNavigation.min.js?ver=8.5.1 HTTP/1.1" 200 7332 "https://anempanama.com/" "Mozilla/5.0 (iPhone; CPU iPhone OS 18_7 like Mac OS X) AppleWebKit/605.1.15 (KHTML, like Gecko) Version/26.6.1 Mobile/15E148 Safari/604.1"
190.140.250.251 - - [01/Sep/2026:14:58:59 -0500] "GET /wp-content/themes/woodmart/js/scripts/global/scrollTop.min.js?ver=8.5.1 HTTP/1.1" 200 362 "https://anempanama.com/" "Mozilla/5.0 (iPhone; CPU iPhone OS 18_7 like Mac OS X) AppleWebKit/605.1.15 (KHTML, like Gecko) Version/26.6.1 Mobile/15E148 Safari/604.1"
191.101.40.26 - - [01/Sep/2026:14:58:59 -0500] "GET /wp-content/uploads/2026/07/Anem_Gallery_05.jpg HTTP/1.1" 200 459069 "https://anempanama.com/" "Mozilla/5.0 (Windows NT 10.0; Win64; x64) AppleWebKit/537.36 (KHTML, like Gecko) Chrome/151.0.0.0 Safari/537.36 Edg/151.0.0.0"
191.101.40.26 - - [01/Sep/2026:14:58:59 -0500] "GET /wp-content/uploads/2026/07/Anem_Empresas_Afiliada_13.png HTTP/1.1" 200 13705 "https://anempanama.com/" "Mozilla/5.0 (Windows NT 10.0; Win64; x64) AppleWebKit/537.36 (KHTML, like Gecko) Chrome/151.0.0.0 Safari/537.36 Edg/151.0.0.0"
191.101.40.26 - - [01/Sep/2026:14:58:59 -0500] "GET /wp-content/uploads/2026/07/Anem_Empresas_Afiliada_14.png HTTP/1.1" 200 53176 "https://anempanama.com/" "Mozilla/5.0 (Windows NT 10.0; Win64; x64) AppleWebKit/537.36 (KHTML, like Gecko) Chrome/151.0.0.0 Safari/537.36 Edg/151.0.0.0"
191.101.40.26 - - [01/Sep/2026:14:58:59 -0500] "GET /wp-content/uploads/2026/07/Anem_Empresas_Afiliada_12.png HTTP/1.1" 200 61406 "https://anempanama.com/" "Mozilla/5.0 (Windows NT 10.0; Win64; x64) AppleWebKit/537.36 (KHTML, like Gecko) Chrome/151.0.0.0 Safari/537.36 Edg/151.0.0.0"
191.101.40.26 - - [01/Sep/2026:14:58:59 -0500] "GET /wp-content/uploads/2026/07/Anem_Empresas_Afiliada_11.png HTTP/1.1" 200 50519 "https://anempanama.com/" "Mozilla/5.0 (Windows NT 10.0; Win64; x64) AppleWebKit/537.36 (KHTML, like Gecko) Chrome/151.0.0.0 Safari/537.36 Edg/151.0.0.0"
191.101.40.26 - - [01/Sep/2026:14:58:59 -0500] "GET /wp-content/uploads/2026/07/Banner_Home_ANEM_II.png HTTP/1.1" 200 712858 "https://anempanama.com/" "Mozilla/5.0 (Windows NT 10.0; Win64; x64) AppleWebKit/537.36 (KHTML, like Gecko) Chrome/151.0.0.0 Safari/537.36 Edg/151.0.0.0"
190.140.250.251 - - [01/Sep/2026:14:58:59 -0500] "GET /wp-content/themes/woodmart/fonts/woodmart-font-1-400.woff2?v=8.5.1 HTTP/1.1" 200 11972 "https://anempanama.com/" "Mozilla/5.0 (iPhone; CPU iPhone OS 18_7 like Mac OS X) AppleWebKit/605.1.15 (KHTML, like Gecko) Version/26.6.1 Mobile/15E148 Safari/604.1"
190.140.250.251 - - [01/Sep/2026:14:58:59 -0500] "GET /wp-content/uploads/2026/07/Anem_Empresas_Afiliada_07.png HTTP/1.1" 200 26039 "https://anempanama.com/" "Mozilla/5.0 (iPhone; CPU iPhone OS 18_7 like Mac OS X) AppleWebKit/605.1.15 (KHTML, like Gecko) Version/26.6.1 Mobile/15E148 Safari/604.1"
190.140.250.251 - - [01/Sep/2026:14:58:59 -0500] "GET /wp-content/uploads/2026/08/Logo_Bano_Portatil_ANEM.png HTTP/1.1" 200 99207 "https://anempanama.com/" "Mozilla/5.0 (iPhone; CPU iPhone OS 18_7 like Mac OS X) AppleWebKit/605.1.15 (KHTML, like Gecko) Version/26.6.1 Mobile/15E148 Safari/604.1"
190.140.250.251 - - [01/Sep/2026:14:58:59 -0500] "GET /wp-content/uploads/2026/07/Anem_Empresas_Afiliada_05.png HTTP/1.1" 200 23411 "https://anempanama.com/" "Mozilla/5.0 (iPhone; CPU iPhone OS 18_7 like Mac OS X) AppleWebKit/605.1.15 (KHTML, like Gecko) Version/26.6.1 Mobile/15E148 Safari/604.1"
190.140.250.251 - - [01/Sep/2026:14:58:59 -0500] "GET /wp-content/uploads/2026/07/Anem_Empresas_Afiliada_08.png HTTP/1.1" 200 36815 "https://anempanama.com/" "Mozilla/5.0 (iPhone; CPU iPhone OS 18_7 like Mac OS X) AppleWebKit/605.1.15 (KHTML, like Gecko) Version/26.6.1 Mobile/15E148 Safari/604.1"
190.140.250.251 - - [01/Sep/2026:14:58:59 -0500] "GET /wp-content/uploads/2021/10/real-estate-bg-top.svg HTTP/1.1" 200 819 "https://anempanama.com/" "Mozilla/5.0 (iPhone; CPU iPhone OS 18_7 like Mac OS X) AppleWebKit/605.1.15 (KHTML, like Gecko) Version/26.6.1 Mobile/15E148 Safari/604.1"
190.140.250.251 - - [01/Sep/2026:14:58:59 -0500] "GET /wp-content/uploads/2026/07/Anem_Empresas_Afiliada_04.png HTTP/1.1" 200 27699 "https://anempanama.com/" "Mozilla/5.0 (iPhone; CPU iPhone OS 18_7 like Mac OS X) AppleWebKit/605.1.15 (KHTML, like Gecko) Version/26.6.1 Mobile/15E148 Safari/604.1"
190.140.250.251 - - [01/Sep/2026:14:58:59 -0500] "GET /wp-content/uploads/2026/07/Anem_Empresas_Afiliada_06.png HTTP/1.1" 200 19778 "https://anempanama.com/" "Mozilla/5.0 (iPhone; CPU iPhone OS 18_7 like Mac OS X) AppleWebKit/605.1.15 (KHTML, like Gecko) Version/26.6.1 Mobile/15E148 Safari/604.1"
190.140.250.251 - - [01/Sep/2026:14:58:59 -0500] "GET /wp-content/uploads/2026/07/Anem_Empresas_Afiliada_03.png HTTP/1.1" 200 24884 "https://anempanama.com/" "Mozilla/5.0 (iPhone; CPU iPhone OS 18_7 like Mac OS X) AppleWebKit/605.1.15 (KHTML, like Gecko) Version/26.6.1 Mobile/15E148 Safari/604.1"
191.101.40.26 - - [01/Sep/2026:14:58:59 -0500] "GET /wp-content/uploads/2026/07/Anem_Empresas_Afiliada_10.png HTTP/1.1" 200 16850 "https://anempanama.com/" "Mozilla/5.0 (Windows NT 10.0; Win64; x64) AppleWebKit/537.36 (KHTML, like Gecko) Chrome/151.0.0.0 Safari/537.36 Edg/151.0.0.0"
190.140.250.251 - - [01/Sep/2026:14:58:59 -0500] "GET /wp-content/uploads/2026/07/Anem_Empresas_Afiliada_02.png HTTP/1.1" 200 27004 "https://anempanama.com/" "Mozilla/5.0 (iPhone; CPU iPhone OS 18_7 like Mac OS X) AppleWebKit/605.1.15 (KHTML, like Gecko) Version/26.6.1 Mobile/15E148 Safari/604.1"
190.140.250.251 - - [01/Sep/2026:14:58:59 -0500] "GET /wp-content/uploads/2026/08/Logo_Eco_Septic_ANEM.png HTTP/1.1" 200 66230 "https://anempanama.com/" "Mozilla/5.0 (iPhone; CPU iPhone OS 18_7 like Mac OS X) AppleWebKit/605.1.15 (KHTML, like Gecko) Version/26.6.1 Mobile/15E148 Safari/604.1"
191.101.40.26 - - [01/Sep/2026:14:58:59 -0500] "GET /wp-content/uploads/2026/07/Anem_Empresas_Afiliada_09.png HTTP/1.1" 200 33648 "https://anempanama.com/" "Mozilla/5.0 (Windows NT 10.0; Win64; x64) AppleWebKit/537.36 (KHTML, like Gecko) Chrome/151.0.0.0 Safari/537.36 Edg/151.0.0.0"
190.140.250.251 - - [01/Sep/2026:14:58:59 -0500] "GET /wp-content/uploads/2026/06/Logo_ANEM.png HTTP/1.1" 200 223783 "https://anempanama.com/" "Mozilla/5.0 (iPhone; CPU iPhone OS 18_7 like Mac OS X) AppleWebKit/605.1.15 (KHTML, like Gecko) Version/26.6.1 Mobile/15E148 Safari/604.1"
191.101.40.26 - - [01/Sep/2026:14:58:59 -0500] "GET /wp-content/uploads/2026/07/Anem_Empresas_Afiliada_08.png HTTP/1.1" 200 36815 "https://anempanama.com/" "Mozilla/5.0 (Windows NT 10.0; Win64; x64) AppleWebKit/537.36 (KHTML, like Gecko) Chrome/151.0.0.0 Safari/537.36 Edg/151.0.0.0"
190.140.250.251 - - [01/Sep/2026:14:58:59 -0500] "GET /wp-content/uploads/2026/07/Anem_Empresas_Afiliada_01.png HTTP/1.1" 200 29111 "https://anempanama.com/" "Mozilla/5.0 (iPhone; CPU iPhone OS 18_7 like Mac OS X) AppleWebKit/605.1.15 (KHTML, like Gecko) Version/26.6.1 Mobile/15E148 Safari/604.1"
190.140.250.251 - - [01/Sep/2026:14:58:59 -0500] "GET /wp-content/uploads/2026/07/Anem_Empresas_Afiliada_10.png HTTP/1.1" 200 16850 "https://anempanama.com/" "Mozilla/5.0 (iPhone; CPU iPhone OS 18_7 like Mac OS X) AppleWebKit/605.1.15 (KHTML, like Gecko) Version/26.6.1 Mobile/15E148 Safari/604.1"
190.140.250.251 - - [01/Sep/2026:14:58:59 -0500] "GET /wp-content/uploads/2026/07/Anem_Empresas_Afiliada_09.png HTTP/1.1" 200 33648 "https://anempanama.com/" "Mozilla/5.0 (iPhone; CPU iPhone OS 18_7 like Mac OS X) AppleWebKit/605.1.15 (KHTML, like Gecko) Version/26.6.1 Mobile/15E148 Safari/604.1"
191.101.40.26 - - [01/Sep/2026:14:58:59 -0500] "GET /wp-content/uploads/2026/07/Anem_Empresas_Afiliada_07.png HTTP/1.1" 200 26039 "https://anempanama.com/" "Mozilla/5.0 (Windows NT 10.0; Win64; x64) AppleWebKit/537.36 (KHTML, like Gecko) Chrome/151.0.0.0 Safari/537.36 Edg/151.0.0.0"
191.101.40.26 - - [01/Sep/2026:14:59:00 -0500] "GET /wp-content/uploads/2026/07/Anem_Empresas_Afiliada_06.png HTTP/1.1" 200 19778 "https://anempanama.com/" "Mozilla/5.0 (Windows NT 10.0; Win64; x64) AppleWebKit/537.36 (KHTML, like Gecko) Chrome/151.0.0.0 Safari/537.36 Edg/151.0.0.0"
191.101.40.26 - - [01/Sep/2026:14:59:00 -0500] "GET /wp-content/uploads/2026/07/Anem_Empresas_Afiliada_05.png HTTP/1.1" 200 23411 "https://anempanama.com/" "Mozilla/5.0 (Windows NT 10.0; Win64; x64) AppleWebKit/537.36 (KHTML, like Gecko) Chrome/151.0.0.0 Safari/537.36 Edg/151.0.0.0"
191.101.40.26 - - [01/Sep/2026:14:59:00 -0500] "GET /wp-content/uploads/2026/07/Anem_Empresas_Afiliada_04.png HTTP/1.1" 200 27699 "https://anempanama.com/" "Mozilla/5.0 (Windows NT 10.0; Win64; x64) AppleWebKit/537.36 (KHTML, like Gecko) Chrome/151.0.0.0 Safari/537.36 Edg/151.0.0.0"
191.101.40.26 - - [01/Sep/2026:14:59:00 -0500] "GET /wp-content/uploads/2026/07/Anem_Empresas_Afiliada_03.png HTTP/1.1" 200 24884 "https://anempanama.com/" "Mozilla/5.0 (Windows NT 10.0; Win64; x64) AppleWebKit/537.36 (KHTML, like Gecko) Chrome/151.0.0.0 Safari/537.36 Edg/151.0.0.0"
191.101.40.26 - - [01/Sep/2026:14:59:00 -0500] "GET /wp-content/uploads/2026/07/Anem_Empresas_Afiliada_02.png HTTP/1.1" 200 27004 "https://anempanama.com/" "Mozilla/5.0 (Windows NT 10.0; Win64; x64) AppleWebKit/537.36 (KHTML, like Gecko) Chrome/151.0.0.0 Safari/537.36 Edg/151.0.0.0"
191.101.40.26 - - [01/Sep/2026:14:59:00 -0500] "GET /wp-content/uploads/2026/07/Anem_Empresas_Afiliada_01.png HTTP/1.1" 200 29111 "https://anempanama.com/" "Mozilla/5.0 (Windows NT 10.0; Win64; x64) AppleWebKit/537.36 (KHTML, like Gecko) Chrome/151.0.0.0 Safari/537.36 Edg/151.0.0.0"
191.101.40.26 - - [01/Sep/2026:14:59:00 -0500] "GET /wp-content/uploads/2026/08/Logo_Eco_Septic_ANEM.png HTTP/1.1" 200 66230 "https://anempanama.com/" "Mozilla/5.0 (Windows NT 10.0; Win64; x64) AppleWebKit/537.36 (KHTML, like Gecko) Chrome/151.0.0.0 Safari/537.36 Edg/151.0.0.0"
191.101.40.26 - - [01/Sep/2026:14:59:00 -0500] "GET /wp-content/uploads/2026/08/Logo_Bano_Portatil_ANEM.png HTTP/1.1" 200 99207 "https://anempanama.com/" "Mozilla/5.0 (Windows NT 10.0; Win64; x64) AppleWebKit/537.36 (KHTML, like Gecko) Chrome/151.0.0.0 Safari/537.36 Edg/151.0.0.0"
191.101.40.26 - - [01/Sep/2026:14:59:00 -0500] "GET /wp-content/plugins/elementor/assets/js/shared-frontend-handlers.03caa53373b56d3bab67.bundle.min.js HTTP/1.1" 200 8481 "https://anempanama.com/" "Mozilla/5.0 (Windows NT 10.0; Win64; x64) AppleWebKit/537.36 (KHTML, like Gecko) Chrome/151.0.0.0 Safari/537.36 Edg/151.0.0.0"
191.101.40.26 - - [01/Sep/2026:14:59:00 -0500] "GET /wp-content/plugins/elementor/assets/js/nested-accordion.294d40984397351fd0f5.bundle.min.js HTTP/1.1" 200 9761 "https://anempanama.com/" "Mozilla/5.0 (Windows NT 10.0; Win64; x64) AppleWebKit/537.36 (KHTML, like Gecko) Chrome/151.0.0.0 Safari/537.36 Edg/151.0.0.0"
191.101.40.26 - - [01/Sep/2026:14:59:01 -0500] "GET /wp-content/plugins/elementor/assets/js/image-carousel.6167d20b95b33386757b.bundle.min.js HTTP/1.1" 200 408 "https://anempanama.com/" "Mozilla/5.0 (Windows NT 10.0; Win64; x64) AppleWebKit/537.36 (KHTML, like Gecko) Chrome/151.0.0.0 Safari/537.36 Edg/151.0.0.0"
191.101.40.26 - - [01/Sep/2026:14:59:01 -0500] "GET /wp-content/plugins/elementor/assets/js/text-editor.45609661e409413f1cef.bundle.min.js HTTP/1.1" 200 1348 "https://anempanama.com/" "Mozilla/5.0 (Windows NT 10.0; Win64; x64) AppleWebKit/537.36 (KHTML, like Gecko) Chrome/151.0.0.0 Safari/537.36 Edg/151.0.0.0"
190.140.250.251 - - [01/Sep/2026:14:59:01 -0500] "GET /wp-content/uploads/elementor/css/base-mobile.css?ver=6a91fef1d41a2 HTTP/1.1" 200 87 "https://anempanama.com/" "Mozilla/5.0 (iPhone; CPU iPhone OS 18_7 like Mac OS X) AppleWebKit/605.1.15 (KHTML, like Gecko) Version/26.6.1 Mobile/15E148 Safari/604.1"
191.101.40.26 - - [01/Sep/2026:14:59:01 -0500] "GET /wp-content/uploads/elementor/css/base-mobile.css?ver=6a91fef1d41a2 HTTP/1.1" 200 87 "https://anempanama.com/" "Mozilla/5.0 (Windows NT 10.0; Win64; x64) AppleWebKit/537.36 (KHTML, like Gecko) Chrome/151.0.0.0 Safari/537.36 Edg/151.0.0.0"
191.101.40.26 - - [01/Sep/2026:14:59:01 -0500] "GET /wp-content/uploads/elementor/css/local-7594-frontend-mobile.css?ver=6a92003520854 HTTP/1.1" 200 378 "https://anempanama.com/" "Mozilla/5.0 (Windows NT 10.0; Win64; x64) AppleWebKit/537.36 (KHTML, like Gecko) Chrome/151.0.0.0 Safari/537.36 Edg/151.0.0.0"
191.101.40.26 - - [01/Sep/2026:14:59:01 -0500] "GET /wp-content/uploads/2026/06/cropped-Favicon_ANEM-32x32.png HTTP/1.1" 200 1776 "https://anempanama.com/" "Mozilla/5.0 (Windows NT 10.0; Win64; x64) AppleWebKit/537.36 (KHTML, like Gecko) Chrome/151.0.0.0 Safari/537.36 Edg/151.0.0.0"
190.140.250.251 - - [01/Sep/2026:14:59:01 -0500] "GET /wp-content/uploads/elementor/css/local-7594-frontend-mobile.css?ver=6a92003520854 HTTP/1.1" 200 378 "https://anempanama.com/" "Mozilla/5.0 (iPhone; CPU iPhone OS 18_7 like Mac OS X) AppleWebKit/605.1.15 (KHTML, like Gecko) Version/26.6.1 Mobile/15E148 Safari/604.1"
190.140.250.251 - - [01/Sep/2026:14:59:01 -0500] "GET /wp-content/uploads/2026/07/Banner_Home_ANEM_III.png HTTP/1.1" 200 314723 "https://anempanama.com/" "Mozilla/5.0 (iPhone; CPU iPhone OS 18_7 like Mac OS X) AppleWebKit/605.1.15 (KHTML, like Gecko) Version/26.6.1 Mobile/15E148 Safari/604.1"
190.140.250.251 - - [01/Sep/2026:14:59:03 -0500] "GET /wp-content/uploads/2026/07/Banner_Home_ANEM_II.png HTTP/1.1" 200 712858 "https://anempanama.com/" "Mozilla/5.0 (iPhone; CPU iPhone OS 18_7 like Mac OS X) AppleWebKit/605.1.15 (KHTML, like Gecko) Version/26.6.1 Mobile/15E148 Safari/604.1"
191.101.40.26 - - [01/Sep/2026:14:58:59 -0500] "GET /wp-json/contact-form-7/v1/contact-forms/1572/feedback/schema HTTP/1.1" 200 1286 "https://anempanama.com/" "Mozilla/5.0 (Windows NT 10.0; Win64; x64) AppleWebKit/537.36 (KHTML, like Gecko) Chrome/151.0.0.0 Safari/537.36 Edg/151.0.0.0"
191.101.40.26 - - [01/Sep/2026:14:58:59 -0500] "GET /wp-json/contact-form-7/v1/contact-forms/14/feedback/schema HTTP/1.1" 200 1347 "https://anempanama.com/" "Mozilla/5.0 (Windows NT 10.0; Win64; x64) AppleWebKit/537.36 (KHTML, like Gecko) Chrome/151.0.0.0 Safari/537.36 Edg/151.0.0.0"
157.90.185.123 - - [01/Sep/2026:14:59:03 -0500] "POST /wp-cron.php?doing_wp_cron=1788292743.4579539299011230468750 HTTP/1.1" 200 - "-" "WordPress/7.1; https://anempanama.com"
190.140.250.251 - - [01/Sep/2026:14:59:04 -0500] "GET /wp-content/uploads/2026/07/Anem_Gallery_05.jpg HTTP/1.1" 200 459069 "https://anempanama.com/" "Mozilla/5.0 (iPhone; CPU iPhone OS 18_7 like Mac OS X) AppleWebKit/605.1.15 (KHTML, like Gecko) Version/26.6.1 Mobile/15E148 Safari/604.1"
190.140.250.251 - - [01/Sep/2026:14:58:57 -0500] "GET /wp-content/themes/woodmart/css/parts/lib-swiper-arrows.css?ver=8.5.1 HTTP/1.1" 200 2713 "https://anempanama.com/" "Mozilla/5.0 (iPhone; CPU iPhone OS 18_7 like Mac OS X) AppleWebKit/605.1.15 (KHTML, like Gecko) Version/26.6.1 Mobile/15E148 Safari/604.1"
190.140.250.251 - - [01/Sep/2026:14:59:04 -0500] "GET /wp-content/plugins/contact-form-7/includes/swv/js/index.js?ver=6.1.6 HTTP/1.1" 200 12512 "https://anempanama.com/" "Mozilla/5.0 (iPhone; CPU iPhone OS 18_7 like Mac OS X) AppleWebKit/605.1.15 (KHTML, like Gecko) Version/26.6.1 Mobile/15E148 Safari/604.1"
190.140.250.251 - - [01/Sep/2026:14:59:04 -0500] "GET /wp-content/uploads/2026/07/Anem_Empresas_Afiliada_14.png HTTP/1.1" 200 53176 "https://anempanama.com/" "Mozilla/5.0 (iPhone; CPU iPhone OS 18_7 like Mac OS X) AppleWebKit/605.1.15 (KHTML, like Gecko) Version/26.6.1 Mobile/15E148 Safari/604.1"
191.101.40.26 - - [01/Sep/2026:14:59:04 -0500] "GET /wp-content/uploads/2026/07/Anem_Gallery_02-700x700.jpg HTTP/1.1" 200 89467 "https://anempanama.com/" "Mozilla/5.0 (Windows NT 10.0; Win64; x64) AppleWebKit/537.36 (KHTML, like Gecko) Chrome/151.0.0.0 Safari/537.36 Edg/151.0.0.0"
191.101.40.26 - - [01/Sep/2026:14:59:04 -0500] "GET /wp-content/uploads/2026/07/Anem_Gallery_03-700x700.jpg HTTP/1.1" 200 102472 "https://anempanama.com/" "Mozilla/5.0 (Windows NT 10.0; Win64; x64) AppleWebKit/537.36 (KHTML, like Gecko) Chrome/151.0.0.0 Safari/537.36 Edg/151.0.0.0"
190.140.250.251 - - [01/Sep/2026:14:59:04 -0500] "GET /wp-content/uploads/2026/07/Anem_Empresas_Afiliada_13.png HTTP/1.1" 200 13705 "https://anempanama.com/" "Mozilla/5.0 (iPhone; CPU iPhone OS 18_7 like Mac OS X) AppleWebKit/605.1.15 (KHTML, like Gecko) Version/26.6.1 Mobile/15E148 Safari/604.1"
190.140.250.251 - - [01/Sep/2026:14:59:05 -0500] "GET /wp-content/uploads/2026/07/Anem_Empresas_Afiliada_11.png HTTP/1.1" 200 50519 "https://anempanama.com/" "Mozilla/5.0 (iPhone; CPU iPhone OS 18_7 like Mac OS X) AppleWebKit/605.1.15 (KHTML, like Gecko) Version/26.6.1 Mobile/15E148 Safari/604.1"
190.140.250.251 - - [01/Sep/2026:14:59:05 -0500] "GET /wp-content/plugins/elementor/assets/js/shared-frontend-handlers.03caa53373b56d3bab67.bundle.min.js HTTP/1.1" 200 8481 "https://anempanama.com/" "Mozilla/5.0 (iPhone; CPU iPhone OS 18_7 like Mac OS X) AppleWebKit/605.1.15 (KHTML, like Gecko) Version/26.6.1 Mobile/15E148 Safari/604.1"
190.140.250.251 - - [01/Sep/2026:14:59:05 -0500] "GET /wp-content/plugins/elementor/assets/js/nested-accordion.294d40984397351fd0f5.bundle.min.js HTTP/1.1" 200 9761 "https://anempanama.com/" "Mozilla/5.0 (iPhone; CPU iPhone OS 18_7 like Mac OS X) AppleWebKit/605.1.15 (KHTML, like Gecko) Version/26.6.1 Mobile/15E148 Safari/604.1"
190.140.250.251 - - [01/Sep/2026:14:59:05 -0500] "GET /wp-content/plugins/elementor/assets/js/image-carousel.6167d20b95b33386757b.bundle.min.js HTTP/1.1" 200 408 "https://anempanama.com/" "Mozilla/5.0 (iPhone; CPU iPhone OS 18_7 like Mac OS X) AppleWebKit/605.1.15 (KHTML, like Gecko) Version/26.6.1 Mobile/15E148 Safari/604.1"
190.140.250.251 - - [01/Sep/2026:14:59:05 -0500] "GET /wp-content/uploads/2026/07/Anem_Empresas_Afiliada_12.png HTTP/1.1" 200 61406 "https://anempanama.com/" "Mozilla/5.0 (iPhone; CPU iPhone OS 18_7 like Mac OS X) AppleWebKit/605.1.15 (KHTML, like Gecko) Version/26.6.1 Mobile/15E148 Safari/604.1"
190.140.250.251 - - [01/Sep/2026:14:59:05 -0500] "GET /wp-content/plugins/elementor/assets/js/text-editor.45609661e409413f1cef.bundle.min.js HTTP/1.1" 200 1348 "https://anempanama.com/" "Mozilla/5.0 (iPhone; CPU iPhone OS 18_7 like Mac OS X) AppleWebKit/605.1.15 (KHTML, like Gecko) Version/26.6.1 Mobile/15E148 Safari/604.1"
190.140.250.251 - - [01/Sep/2026:14:59:06 -0500] "GET /wp-content/uploads/2026/06/cropped-Favicon_ANEM-192x192.png HTTP/1.1" 200 28110 "https://anempanama.com/" "Mozilla/5.0 (iPhone; CPU iPhone OS 18_7 like Mac OS X) AppleWebKit/605.1.15 (KHTML, like Gecko) Version/26.6.1 Mobile/15E148 Safari/604.1"
190.140.250.251 - - [01/Sep/2026:14:59:06 -0500] "GET /wp-content/uploads/2026/06/cropped-Favicon_ANEM-32x32.png HTTP/1.1" 200 1776 "https://anempanama.com/" "Mozilla/5.0 (iPhone; CPU iPhone OS 18_7 like Mac OS X) AppleWebKit/605.1.15 (KHTML, like Gecko) Version/26.6.1 Mobile/15E148 Safari/604.1"
190.140.250.251 - - [01/Sep/2026:14:59:05 -0500] "GET /wp-json/contact-form-7/v1/contact-forms/14/feedback/schema HTTP/1.1" 200 1347 "https://anempanama.com/" "Mozilla/5.0 (iPhone; CPU iPhone OS 18_7 like Mac OS X) AppleWebKit/605.1.15 (KHTML, like Gecko) Version/26.6.1 Mobile/15E148 Safari/604.1"
190.140.250.251 - - [01/Sep/2026:14:59:05 -0500] "GET /wp-json/contact-form-7/v1/contact-forms/4387/feedback/schema HTTP/1.1" 200 227 "https://anempanama.com/" "Mozilla/5.0 (iPhone; CPU iPhone OS 18_7 like Mac OS X) AppleWebKit/605.1.15 (KHTML, like Gecko) Version/26.6.1 Mobile/15E148 Safari/604.1"
191.101.40.26 - - [01/Sep/2026:14:58:59 -0500] "GET /wp-json/contact-form-7/v1/contact-forms/4387/feedback/schema HTTP/1.1" 200 227 "https://anempanama.com/" "Mozilla/5.0 (Windows NT 10.0; Win64; x64) AppleWebKit/537.36 (KHTML, like Gecko) Chrome/151.0.0.0 Safari/537.36 Edg/151.0.0.0"
191.101.40.26 - - [01/Sep/2026:14:59:12 -0500] "GET /wp-content/uploads/2026/07/Anem_Gallery_04-700x700.jpg HTTP/1.1" 200 75880 "https://anempanama.com/" "Mozilla/5.0 (Windows NT 10.0; Win64; x64) AppleWebKit/537.36 (KHTML, like Gecko) Chrome/151.0.0.0 Safari/537.36 Edg/151.0.0.0"
191.101.40.26 - - [01/Sep/2026:14:59:13 -0500] "GET /wp-content/uploads/2021/10/real-estate-advantage-1.svg HTTP/1.1" 200 3626 "https://anempanama.com/" "Mozilla/5.0 (Windows NT 10.0; Win64; x64) AppleWebKit/537.36 (KHTML, like Gecko) Chrome/151.0.0.0 Safari/537.36 Edg/151.0.0.0"
191.101.40.26 - - [01/Sep/2026:14:59:13 -0500] "GET /wp-content/uploads/2021/10/real-estate-advantage-2.svg HTTP/1.1" 200 1540 "https://anempanama.com/" "Mozilla/5.0 (Windows NT 10.0; Win64; x64) AppleWebKit/537.36 (KHTML, like Gecko) Chrome/151.0.0.0 Safari/537.36 Edg/151.0.0.0"
191.101.40.26 - - [01/Sep/2026:14:59:13 -0500] "GET /wp-content/uploads/2021/10/real-estate-advantage-3.svg HTTP/1.1" 200 2872 "https://anempanama.com/" "Mozilla/5.0 (Windows NT 10.0; Win64; x64) AppleWebKit/537.36 (KHTML, like Gecko) Chrome/151.0.0.0 Safari/537.36 Edg/151.0.0.0"
191.101.40.26 - - [01/Sep/2026:14:59:13 -0500] "GET /wp-content/uploads/2021/10/real-estate-advantage-4.svg HTTP/1.1" 200 7841 "https://anempanama.com/" "Mozilla/5.0 (Windows NT 10.0; Win64; x64) AppleWebKit/537.36 (KHTML, like Gecko) Chrome/151.0.0.0 Safari/537.36 Edg/151.0.0.0"
190.140.250.251 - - [01/Sep/2026:14:59:05 -0500] "GET /wp-json/contact-form-7/v1/contact-forms/1572/feedback/schema HTTP/1.1" 200 1286 "https://anempanama.com/" "Mozilla/5.0 (iPhone; CPU iPhone OS 18_7 like Mac OS X) AppleWebKit/605.1.15 (KHTML, like Gecko) Version/26.6.1 Mobile/15E148 Safari/604.1"
191.101.40.26 - - [01/Sep/2026:14:59:13 -0500] "GET /wp-content/uploads/2021/10/real-estate-advantage-6.svg HTTP/1.1" 200 3584 "https://anempanama.com/" "Mozilla/5.0 (Windows NT 10.0; Win64; x64) AppleWebKit/537.36 (KHTML, like Gecko) Chrome/151.0.0.0 Safari/537.36 Edg/151.0.0.0"
190.140.250.251 - - [01/Sep/2026:14:59:20 -0500] "GET /wp-content/uploads/2021/10/real-estate-advantage-1.svg HTTP/1.1" 200 3626 "https://anempanama.com/" "Mozilla/5.0 (iPhone; CPU iPhone OS 18_7 like Mac OS X) AppleWebKit/605.1.15 (KHTML, like Gecko) Version/26.6.1 Mobile/15E148 Safari/604.1"
190.140.250.251 - - [01/Sep/2026:14:59:20 -0500] "GET /wp-content/uploads/2021/10/real-estate-advantage-2.svg HTTP/1.1" 200 1540 "https://anempanama.com/" "Mozilla/5.0 (iPhone; CPU iPhone OS 18_7 like Mac OS X) AppleWebKit/605.1.15 (KHTML, like Gecko) Version/26.6.1 Mobile/15E148 Safari/604.1"
190.140.250.251 - - [01/Sep/2026:14:59:19 -0500] "GET /wp-content/uploads/2026/07/Anem_Gallery_04.jpg HTTP/1.1" 200 369060 "https://anempanama.com/" "Mozilla/5.0 (iPhone; CPU iPhone OS 18_7 like Mac OS X) AppleWebKit/605.1.15 (KHTML, like Gecko) Version/26.6.1 Mobile/15E148 Safari/604.1"
190.140.250.251 - - [01/Sep/2026:14:59:20 -0500] "GET /wp-content/uploads/2021/10/real-estate-advantage-3.svg HTTP/1.1" 200 2872 "https://anempanama.com/" "Mozilla/5.0 (iPhone; CPU iPhone OS 18_7 like Mac OS X) AppleWebKit/605.1.15 (KHTML, like Gecko) Version/26.6.1 Mobile/15E148 Safari/604.1"
190.140.250.251 - - [01/Sep/2026:14:59:20 -0500] "GET /wp-content/uploads/2021/10/real-estate-advantage-4.svg HTTP/1.1" 200 7841 "https://anempanama.com/" "Mozilla/5.0 (iPhone; CPU iPhone OS 18_7 like Mac OS X) AppleWebKit/605.1.15 (KHTML, like Gecko) Version/26.6.1 Mobile/15E148 Safari/604.1"
191.101.40.26 - - [01/Sep/2026:14:59:13 -0500] "GET /wp-content/uploads/2021/10/real-estate-advantage-5.svg HTTP/1.1" 200 4980 "https://anempanama.com/" "Mozilla/5.0 (Windows NT 10.0; Win64; x64) AppleWebKit/537.36 (KHTML, like Gecko) Chrome/151.0.0.0 Safari/537.36 Edg/151.0.0.0"
190.140.250.251 - - [01/Sep/2026:14:59:28 -0500] "GET /wp-content/uploads/2021/10/real-estate-advantage-5.svg HTTP/1.1" 200 4980 "https://anempanama.com/" "Mozilla/5.0 (iPhone; CPU iPhone OS 18_7 like Mac OS X) AppleWebKit/605.1.15 (KHTML, like Gecko) Version/26.6.1 Mobile/15E148 Safari/604.1"
190.140.250.251 - - [01/Sep/2026:14:59:29 -0500] "GET /wp-content/uploads/2021/10/real-estate-advantage-6.svg HTTP/1.1" 200 3584 "https://anempanama.com/" "Mozilla/5.0 (iPhone; CPU iPhone OS 18_7 like Mac OS X) AppleWebKit/605.1.15 (KHTML, like Gecko) Version/26.6.1 Mobile/15E148 Safari/604.1"
190.140.250.251 - - [01/Sep/2026:14:59:33 -0500] "GET /wp-content/uploads/2026/08/Reunion_Trabajo_Ministerio_1_ANEM.jpg HTTP/1.1" 200 197096 "https://anempanama.com/" "Mozilla/5.0 (iPhone; CPU iPhone OS 18_7 like Mac OS X) AppleWebKit/605.1.15 (KHTML, like Gecko) Version/26.6.1 Mobile/15E148 Safari/604.1"
190.140.250.251 - - [01/Sep/2026:14:59:41 -0500] "GET /wp-content/uploads/2026/08/Jornada_Limpieza_ANEM.jpg HTTP/1.1" 200 356987 "https://anempanama.com/" "Mozilla/5.0 (iPhone; CPU iPhone OS 18_7 like Mac OS X) AppleWebKit/605.1.15 (KHTML, like Gecko) Version/26.6.1 Mobile/15E148 Safari/604.1"
191.101.40.26 - - [01/Sep/2026:14:59:55 -0500] "GET /wp-content/uploads/2026/08/Jorge_Pimentel_ANEM-430x430.png HTTP/1.1" 200 89785 "https://anempanama.com/" "Mozilla/5.0 (Windows NT 10.0; Win64; x64) AppleWebKit/537.36 (KHTML, like Gecko) Chrome/151.0.0.0 Safari/537.36 Edg/151.0.0.0"
191.101.40.26 - - [01/Sep/2026:14:59:55 -0500] "GET /wp-content/uploads/2026/08/Alcibiades_Ragel_ANEM-430x430.png HTTP/1.1" 200 76941 "https://anempanama.com/" "Mozilla/5.0 (Windows NT 10.0; Win64; x64) AppleWebKit/537.36 (KHTML, like Gecko) Chrome/151.0.0.0 Safari/537.36 Edg/151.0.0.0"
191.101.40.26 - - [01/Sep/2026:14:59:55 -0500] "GET /wp-content/uploads/2026/08/Reunion_Trabajo_Ministerio_1_ANEM-400x266.jpg HTTP/1.1" 200 20359 "https://anempanama.com/" "Mozilla/5.0 (Windows NT 10.0; Win64; x64) AppleWebKit/537.36 (KHTML, like Gecko) Chrome/151.0.0.0 Safari/537.36 Edg/151.0.0.0"
191.101.40.26 - - [01/Sep/2026:14:59:55 -0500] "GET /wp-content/uploads/2026/08/Jornada_Juguetes_ANEM-400x221.jpg HTTP/1.1" 200 21946 "https://anempanama.com/" "Mozilla/5.0 (Windows NT 10.0; Win64; x64) AppleWebKit/537.36 (KHTML, like Gecko) Chrome/151.0.0.0 Safari/537.36 Edg/151.0.0.0"
191.101.40.26 - - [01/Sep/2026:14:59:55 -0500] "GET /wp-content/uploads/2026/08/Jornada_Limpieza_ANEM-400x224.jpg HTTP/1.1" 200 33777 "https://anempanama.com/" "Mozilla/5.0 (Windows NT 10.0; Win64; x64) AppleWebKit/537.36 (KHTML, like Gecko) Chrome/151.0.0.0 Safari/537.36 Edg/151.0.0.0"
191.101.40.26 - - [01/Sep/2026:14:59:55 -0500] "GET /wp-content/uploads/2026/08/Shirley_Guitierrez_ANEM-430x430.png HTTP/1.1" 200 110058 "https://anempanama.com/" "Mozilla/5.0 (Windows NT 10.0; Win64; x64) AppleWebKit/537.36 (KHTML, like Gecko) Chrome/151.0.0.0 Safari/537.36 Edg/151.0.0.0"
190.140.250.251 - - [01/Sep/2026:14:59:55 -0500] "GET /wp-content/uploads/2026/08/Jornada_Juguetes_ANEM.jpg HTTP/1.1" 200 254960 "https://anempanama.com/" "Mozilla/5.0 (iPhone; CPU iPhone OS 18_7 like Mac OS X) AppleWebKit/605.1.15 (KHTML, like Gecko) Version/26.6.1 Mobile/15E148 Safari/604.1"
190.140.250.251 - - [01/Sep/2026:15:00:17 -0500] "GET /2026/08/10/reunion-de-trabajo-en-el-ministerio-de-ambiente/ HTTP/1.1" 200 14259 "https://anempanama.com/" "Mozilla/5.0 (iPhone; CPU iPhone OS 18_7 like Mac OS X) AppleWebKit/605.1.15 (KHTML, like Gecko) Version/26.6.1 Mobile/15E148 Safari/604.1"
190.140.250.251 - - [01/Sep/2026:15:00:17 -0500] "GET /2026/08/10/reunion-de-trabajo-en-el-ministerio-de-ambiente/ HTTP/1.1" 200 110380 "https://anempanama.com/" "Mozilla/5.0 (iPhone; CPU iPhone OS 18_7 like Mac OS X) AppleWebKit/605.1.15 (KHTML, like Gecko) Version/26.6.1 Mobile/15E148 Safari/604.1"
157.90.185.123 - - [01/Sep/2026:15:00:22 -0500] "POST /wp-cron.php?doing_wp_cron=1788292822.2049989700317382812500 HTTP/1.1" 200 - "-" "WordPress/7.1; https://anempanama.com"
186.124.2.63 - - [01/Sep/2026:15:00:21 -0500] "POST /wp-admin/admin-ajax.php HTTP/1.1" 200 77 "https://anempanama.com/wp-admin/post.php?post=7594&action=elementor" "Mozilla/5.0 (Macintosh; Intel Mac OS X 10_15_7) AppleWebKit/537.36 (KHTML, like Gecko) Chrome/152.0.0.0 Safari/537.36"
190.140.250.251 - - [01/Sep/2026:15:00:24 -0500] "GET /2026/08/10/reunion-de-trabajo-en-el-ministerio-de-ambiente/ HTTP/1.1" 200 153682 "https://anempanama.com/" "Mozilla/5.0 (iPhone; CPU iPhone OS 18_7 like Mac OS X) AppleWebKit/605.1.15 (KHTML, like Gecko) Version/26.6.1 Mobile/15E148 Safari/604.1"
190.140.250.251 - - [01/Sep/2026:15:00:38 -0500] "GET /wp-content/themes/woodmart/css/parts/opt-off-canvas-sidebar-critical.css?ver=8.5.1 HTTP/1.1" 200 313 "https://anempanama.com/2026/08/10/reunion-de-trabajo-en-el-ministerio-de-ambiente/" "Mozilla/5.0 (iPhone; CPU iPhone OS 18_7 like Mac OS X) AppleWebKit/605.1.15 (KHTML, like Gecko) Version/26.6.1 Mobile/15E148 Safari/604.1"
190.140.250.251 - - [01/Sep/2026:15:00:38 -0500] "GET /wp-includes/css/dist/block-library/style.min.css?ver=7.1 HTTP/1.1" 200 140761 "https://anempanama.com/2026/08/10/reunion-de-trabajo-en-el-ministerio-de-ambiente/" "Mozilla/5.0 (iPhone; CPU iPhone OS 18_7 like Mac OS X) AppleWebKit/605.1.15 (KHTML, like Gecko) Version/26.6.1 Mobile/15E148 Safari/604.1"
190.140.250.251 - - [01/Sep/2026:15:00:39 -0500] "GET /wp-content/themes/woodmart/css/parts/widget-general.css?ver=8.5.1 HTTP/1.1" 200 906 "https://anempanama.com/2026/08/10/reunion-de-trabajo-en-el-ministerio-de-ambiente/" "Mozilla/5.0 (iPhone; CPU iPhone OS 18_7 like Mac OS X) AppleWebKit/605.1.15 (KHTML, like Gecko) Version/26.6.1 Mobile/15E148 Safari/604.1"
190.140.250.251 - - [01/Sep/2026:15:00:39 -0500] "GET /wp-content/themes/woodmart/css/parts/post-types-el-page-navigation.css?ver=8.5.1 HTTP/1.1" 200 1817 "https://anempanama.com/2026/08/10/reunion-de-trabajo-en-el-ministerio-de-ambiente/" "Mozilla/5.0 (iPhone; CPU iPhone OS 18_7 like Mac OS X) AppleWebKit/605.1.15 (KHTML, like Gecko) Version/26.6.1 Mobile/15E148 Safari/604.1"
190.140.250.251 - - [01/Sep/2026:15:00:39 -0500] "GET /wp-content/themes/woodmart/css/parts/post-types-mod-comments.css?ver=8.5.1 HTTP/1.1" 200 4905 "https://anempanama.com/2026/08/10/reunion-de-trabajo-en-el-ministerio-de-ambiente/" "Mozilla/5.0 (iPhone; CPU iPhone OS 18_7 like Mac OS X) AppleWebKit/605.1.15 (KHTML, like Gecko) Version/26.6.1 Mobile/15E148 Safari/604.1"
190.140.250.251 - - [01/Sep/2026:15:00:39 -0500] "GET /wp-content/themes/woodmart/css/parts/el-social-styles.css?ver=8.5.1 HTTP/1.1" 200 1678 "https://anempanama.com/2026/08/10/reunion-de-trabajo-en-el-ministerio-de-ambiente/" "Mozilla/5.0 (iPhone; CPU iPhone OS 18_7 like Mac OS X) AppleWebKit/605.1.15 (KHTML, like Gecko) Version/26.6.1 Mobile/15E148 Safari/604.1"
190.140.250.251 - - [01/Sep/2026:15:00:39 -0500] "GET /wp-content/themes/woodmart/css/parts/blog-single-predefined.css?ver=8.5.1 HTTP/1.1" 200 457 "https://anempanama.com/2026/08/10/reunion-de-trabajo-en-el-ministerio-de-ambiente/" "Mozilla/5.0 (iPhone; CPU iPhone OS 18_7 like Mac OS X) AppleWebKit/605.1.15 (KHTML, like Gecko) Version/26.6.1 Mobile/15E148 Safari/604.1"
190.140.250.251 - - [01/Sep/2026:15:00:39 -0500] "GET /wp-content/themes/woodmart/css/parts/widget-recent-post-comments.css?ver=8.5.1 HTTP/1.1" 200 1245 "https://anempanama.com/2026/08/10/reunion-de-trabajo-en-el-ministerio-de-ambiente/" "Mozilla/5.0 (iPhone; CPU iPhone OS 18_7 like Mac OS X) AppleWebKit/605.1.15 (KHTML, like Gecko) Version/26.6.1 Mobile/15E148 Safari/604.1"
190.140.250.251 - - [01/Sep/2026:15:00:39 -0500] "GET /wp-content/themes/woodmart/css/parts/widget-wd-recent-posts.css?ver=8.5.1 HTTP/1.1" 200 744 "https://anempanama.com/2026/08/10/reunion-de-trabajo-en-el-ministerio-de-ambiente/" "Mozilla/5.0 (iPhone; CPU iPhone OS 18_7 like Mac OS X) AppleWebKit/605.1.15 (KHTML, like Gecko) Version/26.6.1 Mobile/15E148 Safari/604.1"
190.140.250.251 - - [01/Sep/2026:15:00:39 -0500] "GET /wp-content/themes/woodmart/css/parts/el-instagram.css?ver=8.5.1 HTTP/1.1" 200 2631 "https://anempanama.com/2026/08/10/reunion-de-trabajo-en-el-ministerio-de-ambiente/" "Mozilla/5.0 (iPhone; CPU iPhone OS 18_7 like Mac OS X) AppleWebKit/605.1.15 (KHTML, like Gecko) Version/26.6.1 Mobile/15E148 Safari/604.1"
190.140.250.251 - - [01/Sep/2026:15:00:39 -0500] "GET /wp-content/themes/woodmart/css/parts/widget-nav.css?ver=8.5.1 HTTP/1.1" 200 521 "https://anempanama.com/2026/08/10/reunion-de-trabajo-en-el-ministerio-de-ambiente/" "Mozilla/5.0 (iPhone; CPU iPhone OS 18_7 like Mac OS X) AppleWebKit/605.1.15 (KHTML, like Gecko) Version/26.6.1 Mobile/15E148 Safari/604.1"
190.140.250.251 - - [01/Sep/2026:15:00:39 -0500] "GET /wp-content/themes/woodmart/css/parts/mod-sticky-sidebar-opener.css?ver=8.5.1 HTTP/1.1" 200 480 "https://anempanama.com/2026/08/10/reunion-de-trabajo-en-el-ministerio-de-ambiente/" "Mozilla/5.0 (iPhone; CPU iPhone OS 18_7 like Mac OS X) AppleWebKit/605.1.15 (KHTML, like Gecko) Version/26.6.1 Mobile/15E148 Safari/604.1"
190.140.250.251 - - [01/Sep/2026:15:00:39 -0500] "GET /wp-content/themes/woodmart/css/parts/opt-off-canvas-sidebar.css?ver=8.5.1 HTTP/1.1" 200 331 "https://anempanama.com/2026/08/10/reunion-de-trabajo-en-el-ministerio-de-ambiente/" "Mozilla/5.0 (iPhone; CPU iPhone OS 18_7 like Mac OS X) AppleWebKit/605.1.15 (KHTML, like Gecko) Version/26.6.1 Mobile/15E148 Safari/604.1"
190.140.250.251 - - [01/Sep/2026:15:00:39 -0500] "GET /wp-content/themes/woodmart/js/scripts/global/btnsToolTips.min.js?ver=8.5.1 HTTP/1.1" 200 3718 "https://anempanama.com/2026/08/10/reunion-de-trabajo-en-el-ministerio-de-ambiente/" "Mozilla/5.0 (iPhone; CPU iPhone OS 18_7 like Mac OS X) AppleWebKit/605.1.15 (KHTML, like Gecko) Version/26.6.1 Mobile/15E148 Safari/604.1"
190.140.250.251 - - [01/Sep/2026:15:00:39 -0500] "GET /wp-content/themes/woodmart/js/libs/tooltips.min.js?ver=8.5.1 HTTP/1.1" 200 12928 "https://anempanama.com/2026/08/10/reunion-de-trabajo-en-el-ministerio-de-ambiente/" "Mozilla/5.0 (iPhone; CPU iPhone OS 18_7 like Mac OS X) AppleWebKit/605.1.15 (KHTML, like Gecko) Version/26.6.1 Mobile/15E148 Safari/604.1"
190.140.250.251 - - [01/Sep/2026:15:00:39 -0500] "GET /wp-content/themes/woodmart/js/scripts/wc/stickySidebarBtn.min.js?ver=8.5.1 HTTP/1.1" 200 599 "https://anempanama.com/2026/08/10/reunion-de-trabajo-en-el-ministerio-de-ambiente/" "Mozilla/5.0 (iPhone; CPU iPhone OS 18_7 like Mac OS X) AppleWebKit/605.1.15 (KHTML, like Gecko) Version/26.6.1 Mobile/15E148 Safari/604.1"
190.140.250.251 - - [01/Sep/2026:15:00:39 -0500] "GET /wp-content/themes/woodmart/js/scripts/global/hiddenSidebar.min.js?ver=8.5.1 HTTP/1.1" 200 2161 "https://anempanama.com/2026/08/10/reunion-de-trabajo-en-el-ministerio-de-ambiente/" "Mozilla/5.0 (iPhone; CPU iPhone OS 18_7 like Mac OS X) AppleWebKit/605.1.15 (KHTML, like Gecko) Version/26.6.1 Mobile/15E148 Safari/604.1"
190.140.250.251 - - [01/Sep/2026:15:00:40 -0500] "GET /wp-includes/js/comment-reply.min.js?ver=7.1 HTTP/1.1" 200 2950 "https://anempanama.com/2026/08/10/reunion-de-trabajo-en-el-ministerio-de-ambiente/" "Mozilla/5.0 (iPhone; CPU iPhone OS 18_7 like Mac OS X) AppleWebKit/605.1.15 (KHTML, like Gecko) Version/26.6.1 Mobile/15E148 Safari/604.1"
190.140.250.251 - - [01/Sep/2026:15:00:40 -0500] "GET /wp-content/uploads/2026/08/Reunion_Trabajo_Ministerio_1_ANEM-75x65.jpg HTTP/1.1" 200 2520 "https://anempanama.com/2026/08/10/reunion-de-trabajo-en-el-ministerio-de-ambiente/" "Mozilla/5.0 (iPhone; CPU iPhone OS 18_7 like Mac OS X) AppleWebKit/605.1.15 (KHTML, like Gecko) Version/26.6.1 Mobile/15E148 Safari/604.1"
190.140.250.251 - - [01/Sep/2026:15:00:40 -0500] "GET /wp-content/uploads/2026/08/Jornada_Juguetes_ANEM-75x65.jpg HTTP/1.1" 200 2799 "https://anempanama.com/2026/08/10/reunion-de-trabajo-en-el-ministerio-de-ambiente/" "Mozilla/5.0 (iPhone; CPU iPhone OS 18_7 like Mac OS X) AppleWebKit/605.1.15 (KHTML, like Gecko) Version/26.6.1 Mobile/15E148 Safari/604.1"
190.140.250.251 - - [01/Sep/2026:15:00:40 -0500] "GET /wp-content/uploads/2021/08/portfolio-9-430x430.jpg HTTP/1.1" 200 24927 "https://anempanama.com/2026/08/10/reunion-de-trabajo-en-el-ministerio-de-ambiente/" "Mozilla/5.0 (iPhone; CPU iPhone OS 18_7 like Mac OS X) AppleWebKit/605.1.15 (KHTML, like Gecko) Version/26.6.1 Mobile/15E148 Safari/604.1"
190.140.250.251 - - [01/Sep/2026:15:00:40 -0500] "GET /wp-content/uploads/2021/08/portfolio-8-430x430.jpg HTTP/1.1" 200 24015 "https://anempanama.com/2026/08/10/reunion-de-trabajo-en-el-ministerio-de-ambiente/" "Mozilla/5.0 (iPhone; CPU iPhone OS 18_7 like Mac OS X) AppleWebKit/605.1.15 (KHTML, like Gecko) Version/26.6.1 Mobile/15E148 Safari/604.1"
190.140.250.251 - - [01/Sep/2026:15:00:40 -0500] "GET /wp-content/uploads/2026/08/Jornada_Limpieza_ANEM-75x65.jpg HTTP/1.1" 200 3079 "https://anempanama.com/2026/08/10/reunion-de-trabajo-en-el-ministerio-de-ambiente/" "Mozilla/5.0 (iPhone; CPU iPhone OS 18_7 like Mac OS X) AppleWebKit/605.1.15 (KHTML, like Gecko) Version/26.6.1 Mobile/15E148 Safari/604.1"
190.140.250.251 - - [01/Sep/2026:15:00:40 -0500] "GET /wp-content/uploads/2021/08/portfolio-7-430x430.jpg HTTP/1.1" 200 13274 "https://anempanama.com/2026/08/10/reunion-de-trabajo-en-el-ministerio-de-ambiente/" "Mozilla/5.0 (iPhone; CPU iPhone OS 18_7 like Mac OS X) AppleWebKit/605.1.15 (KHTML, like Gecko) Version/26.6.1 Mobile/15E148 Safari/604.1"
190.140.250.251 - - [01/Sep/2026:15:00:40 -0500] "GET /wp-content/uploads/2021/08/portfolio-6-430x430.jpg HTTP/1.1" 200 14892 "https://anempanama.com/2026/08/10/reunion-de-trabajo-en-el-ministerio-de-ambiente/" "Mozilla/5.0 (iPhone; CPU iPhone OS 18_7 like Mac OS X) AppleWebKit/605.1.15 (KHTML, like Gecko) Version/26.6.1 Mobile/15E148 Safari/604.1"
190.140.250.251 - - [01/Sep/2026:15:00:40 -0500] "GET /wp-content/uploads/2021/08/portfolio-5-430x430.jpg HTTP/1.1" 200 17070 "https://anempanama.com/2026/08/10/reunion-de-trabajo-en-el-ministerio-de-ambiente/" "Mozilla/5.0 (iPhone; CPU iPhone OS 18_7 like Mac OS X) AppleWebKit/605.1.15 (KHTML, like Gecko) Version/26.6.1 Mobile/15E148 Safari/604.1"
190.140.250.251 - - [01/Sep/2026:15:00:41 -0500] "GET /wp-content/uploads/2021/08/portfolio-4-430x430.jpg HTTP/1.1" 200 20970 "https://anempanama.com/2026/08/10/reunion-de-trabajo-en-el-ministerio-de-ambiente/" "Mozilla/5.0 (iPhone; CPU iPhone OS 18_7 like Mac OS X) AppleWebKit/605.1.15 (KHTML, like Gecko) Version/26.6.1 Mobile/15E148 Safari/604.1"
190.140.250.251 - - [01/Sep/2026:15:00:41 -0500] "GET /wp-content/uploads/2021/08/portfolio-3-430x430.jpg HTTP/1.1" 200 18910 "https://anempanama.com/2026/08/10/reunion-de-trabajo-en-el-ministerio-de-ambiente/" "Mozilla/5.0 (iPhone; CPU iPhone OS 18_7 like Mac OS X) AppleWebKit/605.1.15 (KHTML, like Gecko) Version/26.6.1 Mobile/15E148 Safari/604.1"
190.140.250.251 - - [01/Sep/2026:15:00:41 -0500] "GET /wp-content/uploads/2021/08/portfolio-2-430x430.jpg HTTP/1.1" 200 18067 "https://anempanama.com/2026/08/10/reunion-de-trabajo-en-el-ministerio-de-ambiente/" "Mozilla/5.0 (iPhone; CPU iPhone OS 18_7 like Mac OS X) AppleWebKit/605.1.15 (KHTML, like Gecko) Version/26.6.1 Mobile/15E148 Safari/604.1"
190.140.250.251 - - [01/Sep/2026:15:00:41 -0500] "GET /wp-content/uploads/2021/08/portfolio-1-430x430.jpg HTTP/1.1" 200 14140 "https://anempanama.com/2026/08/10/reunion-de-trabajo-en-el-ministerio-de-ambiente/" "Mozilla/5.0 (iPhone; CPU iPhone OS 18_7 like Mac OS X) AppleWebKit/605.1.15 (KHTML, like Gecko) Version/26.6.1 Mobile/15E148 Safari/604.1"
190.140.250.251 - - [01/Sep/2026:15:00:40 -0500] "GET /wp-json/contact-form-7/v1/contact-forms/14/feedback/schema HTTP/1.1" 200 1347 "https://anempanama.com/2026/08/10/reunion-de-trabajo-en-el-ministerio-de-ambiente/" "Mozilla/5.0 (iPhone; CPU iPhone OS 18_7 like Mac OS X) AppleWebKit/605.1.15 (KHTML, like Gecko) Version/26.6.1 Mobile/15E148 Safari/604.1"
157.90.185.123 - - [01/Sep/2026:15:01:20 -0500] "POST /wp-cron.php?doing_wp_cron=1788292880.2122540473937988281250 HTTP/1.1" 200 - "-" "WordPress/7.1; https://anempanama.com"
91.92.243.250 - - [01/Sep/2026:15:01:18 -0500] "POST /wp-login.php HTTP/1.1" 200 10899 "-" "Mozilla/5.0"
157.90.185.123 - - [01/Sep/2026:15:02:24 -0500] "POST /wp-cron.php?doing_wp_cron=1788292944.0039100646972656250000 HTTP/1.1" 200 - "-" "WordPress/7.1; https://anempanama.com"
186.124.2.63 - - [01/Sep/2026:15:02:21 -0500] "POST /wp-admin/admin-ajax.php HTTP/1.1" 200 77 "https://anempanama.com/wp-admin/post.php?post=7594&action=elementor" "Mozilla/5.0 (Macintosh; Intel Mac OS X 10_15_7) AppleWebKit/537.36 (KHTML, like Gecko) Chrome/152.0.0.0 Safari/537.36"
91.92.243.243 - - [01/Sep/2026:15:02:33 -0500] "POST /wp-login.php HTTP/1.1" 200 10898 "-" "Mozilla/5.0"
157.90.185.123 - - [01/Sep/2026:15:04:24 -0500] "POST /wp-cron.php?doing_wp_cron=1788293064.1966929435729980468750 HTTP/1.1" 200 - "-" "WordPress/7.1; https://anempanama.com"
186.124.2.63 - - [01/Sep/2026:15:04:21 -0500] "POST /wp-admin/admin-ajax.php HTTP/1.1" 200 77 "https://anempanama.com/wp-admin/post.php?post=7594&action=elementor" "Mozilla/5.0 (Macintosh; Intel Mac OS X 10_15_7) AppleWebKit/537.36 (KHTML, like Gecko) Chrome/152.0.0.0 Safari/537.36"
186.188.152.32 - - [01/Sep/2026:15:04:43 -0500] "GET /wp-content/uploads/2026/08/Reunion_Trabajo_Ministerio_1_ANEM-700x465.jpg HTTP/1.1" 200 45749 "https://anempanama.com/" "Mozilla/5.0 (Windows NT 10.0; Win64; x64) AppleWebKit/537.36 (KHTML, like Gecko) Chrome/152.0.0.0 Safari/537.36"
186.188.152.32 - - [01/Sep/2026:15:04:43 -0500] "GET /wp-content/uploads/2026/08/Jornada_Limpieza_ANEM-700x392.jpg HTTP/1.1" 200 87825 "https://anempanama.com/" "Mozilla/5.0 (Windows NT 10.0; Win64; x64) AppleWebKit/537.36 (KHTML, like Gecko) Chrome/152.0.0.0 Safari/537.36"
186.188.152.32 - - [01/Sep/2026:15:04:43 -0500] "GET /wp-content/uploads/2026/08/Jornada_Juguetes_ANEM-700x387.jpg HTTP/1.1" 200 52402 "https://anempanama.com/" "Mozilla/5.0 (Windows NT 10.0; Win64; x64) AppleWebKit/537.36 (KHTML, like Gecko) Chrome/152.0.0.0 Safari/537.36"
186.188.152.32 - - [01/Sep/2026:15:04:45 -0500] "GET /wp-content/uploads/2026/08/Alcibiades_Ragel_ANEM.png HTTP/1.1" 200 83033 "https://anempanama.com/" "Mozilla/5.0 (Windows NT 10.0; Win64; x64) AppleWebKit/537.36 (KHTML, like Gecko) Chrome/152.0.0.0 Safari/537.36"
186.188.152.32 - - [01/Sep/2026:15:04:45 -0500] "GET /wp-content/uploads/2026/08/Jorge_Pimentel_ANEM.png HTTP/1.1" 200 102308 "https://anempanama.com/" "Mozilla/5.0 (Windows NT 10.0; Win64; x64) AppleWebKit/537.36 (KHTML, like Gecko) Chrome/152.0.0.0 Safari/537.36"
186.188.152.32 - - [01/Sep/2026:15:04:45 -0500] "GET /wp-content/uploads/2026/08/Shirley_Guitierrez_ANEM.png HTTP/1.1" 200 135842 "https://anempanama.com/" "Mozilla/5.0 (Windows NT 10.0; Win64; x64) AppleWebKit/537.36 (KHTML, like Gecko) Chrome/152.0.0.0 Safari/537.36"
186.188.152.32 - - [01/Sep/2026:15:04:46 -0500] "GET /wp-content/uploads/2026/08/Victor_Cesar_ANEM.png HTTP/1.1" 200 89890 "https://anempanama.com/" "Mozilla/5.0 (Windows NT 10.0; Win64; x64) AppleWebKit/537.36 (KHTML, like Gecko) Chrome/152.0.0.0 Safari/537.36"
186.188.152.32 - - [01/Sep/2026:15:04:46 -0500] "GET /wp-content/uploads/2026/08/Gilberto_Herrera_ANEM.png HTTP/1.1" 200 157156 "https://anempanama.com/" "Mozilla/5.0 (Windows NT 10.0; Win64; x64) AppleWebKit/537.36 (KHTML, like Gecko) Chrome/152.0.0.0 Safari/537.36"
186.188.152.32 - - [01/Sep/2026:15:04:46 -0500] "GET /wp-content/uploads/2026/08/Diego_Aguirre_ANEM.png HTTP/1.1" 200 125666 "https://anempanama.com/" "Mozilla/5.0 (Windows NT 10.0; Win64; x64) AppleWebKit/537.36 (KHTML, like Gecko) Chrome/152.0.0.0 Safari/537.36"
157.90.185.123 - - [01/Sep/2026:15:06:23 -0500] "POST /wp-cron.php?doing_wp_cron=1788293183.4646739959716796875000 HTTP/1.1" 200 - "-" "WordPress/7.1; https://anempanama.com"
186.124.2.63 - - [01/Sep/2026:15:06:21 -0500] "POST /wp-admin/admin-ajax.php HTTP/1.1" 200 77 "https://anempanama.com/wp-admin/post.php?post=7594&action=elementor" "Mozilla/5.0 (Macintosh; Intel Mac OS X 10_15_7) AppleWebKit/537.36 (KHTML, like Gecko) Chrome/152.0.0.0 Safari/537.36"
157.90.185.123 - - [01/Sep/2026:15:08:23 -0500] "POST /wp-cron.php?doing_wp_cron=1788293303.9455630779266357421875 HTTP/1.1" 200 - "-" "WordPress/7.1; https://anempanama.com"
186.124.2.63 - - [01/Sep/2026:15:08:21 -0500] "POST /wp-admin/admin-ajax.php HTTP/1.1" 200 77 "https://anempanama.com/wp-admin/post.php?post=7594&action=elementor" "Mozilla/5.0 (Macintosh; Intel Mac OS X 10_15_7) AppleWebKit/537.36 (KHTML, like Gecko) Chrome/152.0.0.0 Safari/537.36"
186.124.2.63 - - [01/Sep/2026:15:08:30 -0500] "GET /?nocache=1 HTTP/1.1" 200 230267 "-" "Mozilla/5.0 (Macintosh; Intel Mac OS X 10.15; rv:154.0) Gecko/20100101 Firefox/154.0"
186.124.2.63 - - [01/Sep/2026:15:08:37 -0500] "GET /wp-content/uploads/2026/07/Anem_Gallery_02.jpg HTTP/1.1" 200 405843 "https://anempanama.com/?nocache=1" "Mozilla/5.0 (Macintosh; Intel Mac OS X 10.15; rv:154.0) Gecko/20100101 Firefox/154.0"
186.124.2.63 - - [01/Sep/2026:15:08:37 -0500] "GET /wp-content/uploads/2026/07/Anem_Gallery_03.jpg HTTP/1.1" 200 490645 "https://anempanama.com/?nocache=1" "Mozilla/5.0 (Macintosh; Intel Mac OS X 10.15; rv:154.0) Gecko/20100101 Firefox/154.0"
186.124.2.63 - - [01/Sep/2026:15:08:37 -0500] "GET /wp-content/uploads/2026/07/Anem_Gallery_04.jpg HTTP/1.1" 200 369060 "https://anempanama.com/?nocache=1" "Mozilla/5.0 (Macintosh; Intel Mac OS X 10.15; rv:154.0) Gecko/20100101 Firefox/154.0"
186.124.2.63 - - [01/Sep/2026:15:08:35 -0500] "GET /wp-json/contact-form-7/v1/contact-forms/4387/feedback/schema HTTP/1.1" 200 227 "https://anempanama.com/?nocache=1" "Mozilla/5.0 (Macintosh; Intel Mac OS X 10.15; rv:154.0) Gecko/20100101 Firefox/154.0"
186.124.2.63 - - [01/Sep/2026:15:08:35 -0500] "GET /wp-json/contact-form-7/v1/contact-forms/14/feedback/schema HTTP/1.1" 200 1347 "https://anempanama.com/?nocache=1" "Mozilla/5.0 (Macintosh; Intel Mac OS X 10.15; rv:154.0) Gecko/20100101 Firefox/154.0"
186.124.2.63 - - [01/Sep/2026:15:08:35 -0500] "GET /wp-json/contact-form-7/v1/contact-forms/1572/feedback/schema HTTP/1.1" 200 1286 "https://anempanama.com/?nocache=1" "Mozilla/5.0 (Macintosh; Intel Mac OS X 10.15; rv:154.0) Gecko/20100101 Firefox/154.0"
91.92.243.243 - - [01/Sep/2026:15:08:39 -0500] "POST /wp-login.php HTTP/1.1" 200 10898 "-" "Mozilla/5.0"
157.90.185.123 - - [01/Sep/2026:15:10:25 -0500] "POST /wp-cron.php?doing_wp_cron=1788293425.7278640270233154296875 HTTP/1.1" 200 - "-" "WordPress/7.1; https://anempanama.com"
186.124.2.63 - - [01/Sep/2026:15:10:21 -0500] "POST /wp-admin/admin-ajax.php HTTP/1.1" 200 77 "https://anempanama.com/wp-admin/post.php?post=7594&action=elementor" "Mozilla/5.0 (Macintosh; Intel Mac OS X 10_15_7) AppleWebKit/537.36 (KHTML, like Gecko) Chrome/152.0.0.0 Safari/537.36"
157.90.185.123 - - [01/Sep/2026:15:11:24 -0500] "POST /wp-cron.php?doing_wp_cron=1788293484.0182149410247802734375 HTTP/1.1" 200 - "-" "WordPress/7.1; https://anempanama.com"
186.124.2.63 - - [01/Sep/2026:15:11:19 -0500] "POST /wp-admin/admin-ajax.php HTTP/1.1" 200 77 "https://anempanama.com/wp-admin/post.php?post=7594&action=elementor" "Mozilla/5.0 (Macintosh; Intel Mac OS X 10_15_7) AppleWebKit/537.36 (KHTML, like Gecko) Chrome/152.0.0.0 Safari/537.36"
