47.82.50.149 - - [01/Sep/2026:16:55:13 -0500] "GET /shop/?filter_color=yellow&filter_product_brand=58&filter_size=m%2Cs HTTP/1.1" 200 67943 "-" "Mozilla/5.0 (Windows NT 10.0; Win64; x64) AppleWebKit/537.36 (KHTML, like Gecko) Chrome/145.0.0.0 Safari/537.36"
47.82.53.250 - - [01/Sep/2026:16:55:28 -0500] "GET /shop/?filter_color=brown%2Cyellow&filter_size=s&per_row=3&shop_view=grid HTTP/1.1" 200 173601 "-" "Mozilla/5.0 (Windows NT 10.0; Win64; x64) AppleWebKit/537.36 (KHTML, like Gecko) Chrome/141.0.0.0 Safari/537.36"
47.82.52.168 - - [01/Sep/2026:16:55:30 -0500] "GET /shop/?filter_color=beige%2Cblack%2Cbrown&per_row=2&shop_view=grid&stock_status=instock HTTP/1.1" 200 176520 "-" "Mozilla/5.0 (Macintosh; Intel Mac OS X 10_15_7) AppleWebKit/537.36 (KHTML, like Gecko) Chrome/139.0.0.0 Safari/537.36"
47.82.55.102 - - [01/Sep/2026:16:55:28 -0500] "GET /shop/?filter_color=brown%2Cyellow&filter_size=l%2Cm HTTP/1.1" 200 173465 "-" "Mozilla/5.0 (Macintosh; Intel Mac OS X 10_15_7) AppleWebKit/537.36 (KHTML, like Gecko) Chrome/141.0.0.0 Safari/537.36"
47.82.14.206 - - [01/Sep/2026:16:55:30 -0500] "GET /shop/?filter_color=beige%2Cblack%2Cbrown%2Cyellow&filter_product_brand=56 HTTP/1.1" 200 148253 "-" "Mozilla/5.0 (Windows NT 10.0; Win64; x64) AppleWebKit/537.36 (KHTML, like Gecko) Chrome/139.0.0.0 Safari/537.36"
47.82.53.113 - - [01/Sep/2026:16:55:32 -0500] "GET /categoria-producto/accessories/?filter_color=beige%2Cblack%2Cbrown&per_row=2&shop_view=grid HTTP/1.1" 200 166085 "-" "Mozilla/5.0 (Macintosh; Intel Mac OS X 10_15_7) AppleWebKit/537.36 (KHTML, like Gecko) Chrome/143.0.0.0 Safari/537.36"
47.82.52.35 - - [01/Sep/2026:16:55:32 -0500] "GET /categoria-producto/accessories/?filter_color=beige%2Cblue%2Cyellow&stock_status=instock HTTP/1.1" 200 170621 "-" "Mozilla/5.0 (Windows NT 10.0; Win64; x64) AppleWebKit/537.36 (KHTML, like Gecko) Chrome/142.0.0.0 Safari/537.36"
47.82.49.180 - - [01/Sep/2026:16:55:34 -0500] "GET /categoria-producto/accessories/?filter_color=beige&filter_product_brand=53&stock_status=instock%2Consale HTTP/1.1" 200 67755 "-" "Mozilla/5.0 (Macintosh; Intel Mac OS X 10_15_7) AppleWebKit/537.36 (KHTML, like Gecko) Chrome/142.0.0.0 Safari/537.36"
47.82.8.12 - - [01/Sep/2026:16:55:35 -0500] "GET /shop/?filter_color=yellow&filter_size=s&per_row=3&shop_view=grid&stock_status=onsale HTTP/1.1" 200 67943 "-" "Mozilla/5.0 (Macintosh; Intel Mac OS X 10_15_7) AppleWebKit/537.36 (KHTML, like Gecko) Chrome/146.0.0.0 Safari/537.36"
47.82.55.16 - - [01/Sep/2026:16:55:36 -0500] "GET /shop/?filter_color=beige%2Cblack%2Cyellow&filter_product_brand=57&stock_status=onsale HTTP/1.1" 200 67943 "-" "Mozilla/5.0 (Macintosh; Intel Mac OS X 10_15_7) AppleWebKit/537.36 (KHTML, like Gecko) Chrome/145.0.0.0 Safari/537.36"
47.79.11.71 - - [01/Sep/2026:16:55:36 -0500] "GET /shop/?filter_product_brand=53&filter_size=l%2Cm%2Cs HTTP/1.1" 200 67943 "-" "Mozilla/5.0 (Windows NT 10.0; Win64; x64) AppleWebKit/537.36 (KHTML, like Gecko) Chrome/146.0.0.0 Safari/537.36"
47.79.11.138 - - [01/Sep/2026:16:55:38 -0500] "GET /shop/?filter_color=beige%2Cyellow&filter_product_brand=53&stock_status=instock%2Consale HTTP/1.1" 200 67943 "-" "Mozilla/5.0 (Macintosh; Intel Mac OS X 10_15_7) AppleWebKit/537.36 (KHTML, like Gecko) Chrome/148.0.0.0 Safari/537.36"
47.82.51.160 - - [01/Sep/2026:16:55:38 -0500] "GET /shop/?filter_color=brown&filter_product_brand=61&filter_size=l%2Cm HTTP/1.1" 200 67792 "-" "Mozilla/5.0 (Macintosh; Intel Mac OS X 10_15_7) AppleWebKit/537.36 (KHTML, like Gecko) Chrome/145.0.0.0 Safari/537.36"
47.79.11.186 - - [01/Sep/2026:16:55:40 -0500] "GET /shop/?filter_color=beige%2Cblack%2Cblue%2Cbrown&filter_product_brand=56 HTTP/1.1" 200 67943 "-" "Mozilla/5.0 (Macintosh; Intel Mac OS X 10_15_7) AppleWebKit/537.36 (KHTML, like Gecko) Chrome/141.0.0.0 Safari/537.36"
47.82.54.68 - - [01/Sep/2026:16:55:40 -0500] "GET /shop/?filter_color=beige%2Cbrown%2Cyellow&filter_product_brand=56&stock_status=instock HTTP/1.1" 200 67943 "-" "Mozilla/5.0 (Windows NT 10.0; Win64; x64) AppleWebKit/537.36 (KHTML, like Gecko) Chrome/139.0.0.0 Safari/537.36"
157.90.185.123 - - [01/Sep/2026:16:55:58 -0500] "POST /wp-cron.php?doing_wp_cron=1788299758.5053610801696777343750 HTTP/1.1" 200 - "-" "WordPress/7.1; https://anempanama.com"
157.90.185.123 - - [01/Sep/2026:17:00:38 -0500] "POST /wp-cron.php?doing_wp_cron=1788300038.2950448989868164062500 HTTP/1.1" 200 - "-" "WordPress/7.1; https://anempanama.com"
91.92.243.243 - - [01/Sep/2026:17:00:27 -0500] "POST /wp-login.php HTTP/1.1" 200 10898 "-" "Mozilla/5.0"
157.90.185.123 - - [01/Sep/2026:17:05:37 -0500] "POST /wp-cron.php?doing_wp_cron=1788300337.0653219223022460937500 HTTP/1.1" 200 - "-" "WordPress/7.1; https://anempanama.com"
185.191.171.8 - - [01/Sep/2026:17:05:32 -0500] "GET /about-us-3/ HTTP/1.1" 200 154178 "-" "Mozilla/5.0 (compatible; SemrushBot/7~bl; +http://www.semrush.com/bot.html)"
157.90.185.123 - - [01/Sep/2026:17:06:26 -0500] "POST /wp-cron.php?doing_wp_cron=1788300385.9804708957672119140625 HTTP/1.1" 200 - "-" "WordPress/7.1; https://anempanama.com"
91.92.243.243 - - [01/Sep/2026:17:06:23 -0500] "POST /wp-login.php HTTP/1.1" 200 10898 "-" "Mozilla/5.0"
157.90.185.123 - - [01/Sep/2026:17:08:46 -0500] "POST /wp-cron.php?doing_wp_cron=1788300526.5771179199218750000000 HTTP/1.1" 200 - "-" "WordPress/7.1; https://anempanama.com"
91.92.243.250 - - [01/Sep/2026:17:08:44 -0500] "POST /wp-login.php HTTP/1.1" 200 10898 "-" "Mozilla/5.0"
157.90.185.123 - - [01/Sep/2026:17:09:13 -0500] "POST /wp-cron.php?doing_wp_cron=1788300553.3417789936065673828125 HTTP/1.1" 200 - "-" "WordPress/7.1; https://anempanama.com"
40.77.167.72 - - [01/Sep/2026:17:09:10 -0500] "GET /wp-sitemap-taxonomies-product_brand-1.xml HTTP/1.1" 301 - "-" "Mozilla/5.0 AppleWebKit/537.36 (KHTML, like Gecko; compatible; bingbot/2.0; +http://www.bing.com/bingbot.htm) Chrome/116.0.1938.76 Safari/537.36"
40.77.167.72 - - [01/Sep/2026:17:09:13 -0500] "GET /product_brand-sitemap.xml HTTP/1.1" 404 118901 "-" "Mozilla/5.0 AppleWebKit/537.36 (KHTML, like Gecko; compatible; bingbot/2.0; +http://www.bing.com/bingbot.htm) Chrome/116.0.1938.76 Safari/537.36"
91.98.185.79 - - [01/Sep/2026:17:09:38 -0500] "GET /marca/eva-solo/?stock_status=instock&per_row=3&per_page=12&shop_view=grid&filter_color=black HTTP/1.1" 200 222108 "-" "Mozilla/5.0 (compatible; SERankingBacklinksBot/1.0; +https://seranking.com/backlinks-crawler)"
91.98.185.79 - - [01/Sep/2026:17:09:45 -0500] "GET /marca/vitra/?stock_status=instock&per_row=4&shop_view=grid&filter_color=yellow&filter_size=l HTTP/1.1" 200 219634 "-" "Mozilla/5.0 (compatible; SERankingBacklinksBot/1.0; +https://seranking.com/backlinks-crawler)"
91.98.185.79 - - [01/Sep/2026:17:09:52 -0500] "GET /categoria-producto/furniture/?per_page=9&filter_color=beige,black,brown&stock_status=instock HTTP/1.1" 200 178799 "-" "Mozilla/5.0 (compatible; SERankingBacklinksBot/1.0; +https://seranking.com/backlinks-crawler)"
157.90.185.123 - - [01/Sep/2026:17:10:03 -0500] "POST /wp-cron.php?doing_wp_cron=1788300603.4383330345153808593750 HTTP/1.1" 200 - "-" "WordPress/7.1; https://anempanama.com"
91.98.185.79 - - [01/Sep/2026:17:09:59 -0500] "GET /marca/eva-solo/?stock_status=instock&per_row=3&per_page=12&shop_view=grid&filter_color=brown HTTP/1.1" 200 222069 "-" "Mozilla/5.0 (compatible; SERankingBacklinksBot/1.0; +https://seranking.com/backlinks-crawler)"
91.98.185.79 - - [01/Sep/2026:17:10:06 -0500] "GET /marca/vitra/?stock_status=instock&per_row=4&shop_view=grid&filter_color=yellow&filter_size=m HTTP/1.1" 200 219634 "-" "Mozilla/5.0 (compatible; SERankingBacklinksBot/1.0; +https://seranking.com/backlinks-crawler)"
91.98.185.79 - - [01/Sep/2026:17:10:13 -0500] "GET /categoria-producto/furniture/?per_page=9&filter_color=blue,brown&stock_status=instock,onsale HTTP/1.1" 200 165199 "-" "Mozilla/5.0 (compatible; SERankingBacklinksBot/1.0; +https://seranking.com/backlinks-crawler)"
1.15.52.154 - - [01/Sep/2026:17:10:22 -0500] "GET / HTTP/1.1" 403 199 "-" "Mozilla/5.0 (iPhone; CPU iPhone OS 13_2_3 like Mac OS X) AppleWebKit/605.1.15 (KHTML, like Gecko) Version/13.0.3 Mobile/15E148 Safari/604.1"
43.135.139.165 - - [01/Sep/2026:17:10:25 -0500] "GET / HTTP/1.1" 403 199 "-" "Mozilla/5.0 (iPhone; CPU iPhone OS 13_2_3 like Mac OS X) AppleWebKit/605.1.15 (KHTML, like Gecko) Version/13.0.3 Mobile/15E148 Safari/604.1"
91.98.185.79 - - [01/Sep/2026:17:10:21 -0500] "GET /marca/eva-solo/?stock_status=instock&per_row=3&per_page=18&shop_view=grid&filter_color=beige HTTP/1.1" 200 226816 "-" "Mozilla/5.0 (compatible; SERankingBacklinksBot/1.0; +https://seranking.com/backlinks-crawler)"
91.98.185.79 - - [01/Sep/2026:17:10:32 -0500] "GET /marca/vitra/?stock_status=instock&per_row=4&shop_view=grid&filter_color=yellow&filter_size=s HTTP/1.1" 200 219634 "-" "Mozilla/5.0 (compatible; SERankingBacklinksBot/1.0; +https://seranking.com/backlinks-crawler)"
91.98.185.79 - - [01/Sep/2026:17:10:42 -0500] "GET /categoria-producto/furniture/?per_page=9&filter_color=blue,brown,yellow&stock_status=instock HTTP/1.1" 200 181704 "-" "Mozilla/5.0 (compatible; SERankingBacklinksBot/1.0; +https://seranking.com/backlinks-crawler)"
157.90.185.123 - - [01/Sep/2026:17:10:59 -0500] "POST /wp-cron.php?doing_wp_cron=1788300659.7682158946990966796875 HTTP/1.1" 200 - "-" "WordPress/7.1; https://anempanama.com"
91.98.185.79 - - [01/Sep/2026:17:10:52 -0500] "GET /marca/eva-solo/?stock_status=instock&per_row=3&per_page=18&shop_view=grid&filter_color=black HTTP/1.1" 200 222108 "-" "Mozilla/5.0 (compatible; SERankingBacklinksBot/1.0; +https://seranking.com/backlinks-crawler)"
91.98.185.79 - - [01/Sep/2026:17:11:02 -0500] "GET /marca/vitra/?stock_status=instock&per_row=4&shop_view=grid&filter_size=l&filter_color=yellow HTTP/1.1" 200 219634 "-" "Mozilla/5.0 (compatible; SERankingBacklinksBot/1.0; +https://seranking.com/backlinks-crawler)"
91.98.185.79 - - [01/Sep/2026:17:11:10 -0500] "GET /categoria-producto/furniture/?per_page=24&filter_color=blue,brown,yellow&stock_status=onsale HTTP/1.1" 200 165200 "-" "Mozilla/5.0 (compatible; SERankingBacklinksBot/1.0; +https://seranking.com/backlinks-crawler)"
91.98.185.79 - - [01/Sep/2026:17:11:17 -0500] "GET /marca/eva-solo/?stock_status=instock&per_row=3&per_page=18&shop_view=grid&filter_color=brown HTTP/1.1" 200 222069 "-" "Mozilla/5.0 (compatible; SERankingBacklinksBot/1.0; +https://seranking.com/backlinks-crawler)"
91.98.185.79 - - [01/Sep/2026:17:11:24 -0500] "GET /marca/vitra/?stock_status=instock&per_row=4&shop_view=grid&filter_size=m&filter_color=yellow HTTP/1.1" 200 219634 "-" "Mozilla/5.0 (compatible; SERankingBacklinksBot/1.0; +https://seranking.com/backlinks-crawler)"
91.98.185.79 - - [01/Sep/2026:17:11:31 -0500] "GET /marca/eva-solo/?stock_status=instock&per_row=3&per_page=24&shop_view=grid&filter_color=beige HTTP/1.1" 200 226816 "-" "Mozilla/5.0 (compatible; SERankingBacklinksBot/1.0; +https://seranking.com/backlinks-crawler)"
91.98.185.79 - - [01/Sep/2026:17:11:38 -0500] "GET /marca/vitra/?stock_status=instock&per_row=4&shop_view=grid&filter_size=s&filter_color=yellow HTTP/1.1" 200 219634 "-" "Mozilla/5.0 (compatible; SERankingBacklinksBot/1.0; +https://seranking.com/backlinks-crawler)"
91.98.185.79 - - [01/Sep/2026:17:11:45 -0500] "GET /marca/eva-solo/?stock_status=instock&per_row=3&per_page=24&shop_view=grid&filter_color=black HTTP/1.1" 200 222108 "-" "Mozilla/5.0 (compatible; SERankingBacklinksBot/1.0; +https://seranking.com/backlinks-crawler)"
91.98.185.79 - - [01/Sep/2026:17:11:52 -0500] "GET /marca/eva-solo/?stock_status=instock&per_row=3&per_page=24&shop_view=grid&filter_color=brown HTTP/1.1" 200 222069 "-" "Mozilla/5.0 (compatible; SERankingBacklinksBot/1.0; +https://seranking.com/backlinks-crawler)"
157.90.185.123 - - [01/Sep/2026:17:12:02 -0500] "POST /wp-cron.php?doing_wp_cron=1788300722.7211809158325195312500 HTTP/1.1" 200 - "-" "WordPress/7.1; https://anempanama.com"
91.98.185.79 - - [01/Sep/2026:17:11:59 -0500] "GET /marca/eva-solo/?stock_status=instock&per_row=3&per_page=9&shop_view=grid&filter_color=yellow HTTP/1.1" 200 222079 "-" "Mozilla/5.0 (compatible; SERankingBacklinksBot/1.0; +https://seranking.com/backlinks-crawler)"
193.242.184.224 - - [01/Sep/2026:17:12:03 -0500] "GET /wp-login.php HTTP/1.1" 200 10678 "-" "Mozilla/5.0 (Windows NT 10.0; Win64; x64) AppleWebKit/537.36 (KHTML, like Gecko) Chrome/124.0.0.0 Safari/537.36"
91.92.243.243 - - [01/Sep/2026:17:12:05 -0500] "POST /wp-login.php HTTP/1.1" 200 10898 "-" "Mozilla/5.0"
91.98.185.79 - - [01/Sep/2026:17:12:05 -0500] "GET /marca/eva-solo/?stock_status=instock&per_row=4&per_page=12&shop_view=grid&filter_color=beige HTTP/1.1" 200 226816 "-" "Mozilla/5.0 (compatible; SERankingBacklinksBot/1.0; +https://seranking.com/backlinks-crawler)"
193.242.184.224 - - [01/Sep/2026:17:12:07 -0500] "GET /wp-content/plugins/wpmudev-updates/readme.txt HTTP/1.1" 404 120153 "-" "Mozilla/5.0 (Windows NT 10.0; Win64; x64) AppleWebKit/537.36 (KHTML, like Gecko) Chrome/124.0.0.0 Safari/537.36"
193.242.184.224 - - [01/Sep/2026:17:12:12 -0500] "GET /wp-content/plugins/wpmudev-updates/wpmudev-dash-notification.php HTTP/1.1" 404 120191 "-" "Mozilla/5.0 (Windows NT 10.0; Win64; x64) AppleWebKit/537.36 (KHTML, like Gecko) Chrome/124.0.0.0 Safari/537.36"
91.98.185.79 - - [01/Sep/2026:17:12:14 -0500] "GET /marca/eva-solo/?stock_status=instock&per_row=4&per_page=12&shop_view=grid&filter_color=black HTTP/1.1" 200 222108 "-" "Mozilla/5.0 (compatible; SERankingBacklinksBot/1.0; +https://seranking.com/backlinks-crawler)"
193.242.184.224 - - [01/Sep/2026:17:12:16 -0500] "GET /wp-content/plugins/wpmudev-updates/ HTTP/1.1" 404 120133 "-" "Mozilla/5.0 (Windows NT 10.0; Win64; x64) AppleWebKit/537.36 (KHTML, like Gecko) Chrome/124.0.0.0 Safari/537.36"
193.242.184.224 - - [01/Sep/2026:17:12:20 -0500] "GET / HTTP/1.1" 200 229832 "-" "Mozilla/5.0 (Windows NT 10.0; Win64; x64) AppleWebKit/537.36 (KHTML, like Gecko) Chrome/124.0.0.0 Safari/537.36"
91.98.185.79 - - [01/Sep/2026:17:12:21 -0500] "GET /marca/eva-solo/?stock_status=instock&per_row=4&per_page=12&shop_view=grid&filter_color=brown HTTP/1.1" 200 222069 "-" "Mozilla/5.0 (compatible; SERankingBacklinksBot/1.0; +https://seranking.com/backlinks-crawler)"
91.98.185.79 - - [01/Sep/2026:17:12:28 -0500] "GET /marca/eva-solo/?stock_status=instock&per_row=4&per_page=18&shop_view=grid&filter_color=beige HTTP/1.1" 200 226816 "-" "Mozilla/5.0 (compatible; SERankingBacklinksBot/1.0; +https://seranking.com/backlinks-crawler)"
91.98.185.79 - - [01/Sep/2026:17:12:35 -0500] "GET /marca/eva-solo/?stock_status=instock&per_row=4&per_page=18&shop_view=grid&filter_color=black HTTP/1.1" 200 222108 "-" "Mozilla/5.0 (compatible; SERankingBacklinksBot/1.0; +https://seranking.com/backlinks-crawler)"
91.98.185.79 - - [01/Sep/2026:17:12:41 -0500] "GET /marca/eva-solo/?stock_status=instock&per_row=4&per_page=18&shop_view=grid&filter_color=brown HTTP/1.1" 200 222069 "-" "Mozilla/5.0 (compatible; SERankingBacklinksBot/1.0; +https://seranking.com/backlinks-crawler)"
91.98.185.79 - - [01/Sep/2026:17:12:48 -0500] "GET /marca/eva-solo/?stock_status=instock&per_row=4&per_page=24&shop_view=grid&filter_color=beige HTTP/1.1" 200 226816 "-" "Mozilla/5.0 (compatible; SERankingBacklinksBot/1.0; +https://seranking.com/backlinks-crawler)"
157.90.185.123 - - [01/Sep/2026:17:12:58 -0500] "POST /wp-cron.php?doing_wp_cron=1788300778.6589350700378417968750 HTTP/1.1" 200 - "-" "WordPress/7.1; https://anempanama.com"
91.98.185.79 - - [01/Sep/2026:17:12:55 -0500] "GET /marca/eva-solo/?stock_status=instock&per_row=4&per_page=24&shop_view=grid&filter_color=black HTTP/1.1" 200 222108 "-" "Mozilla/5.0 (compatible; SERankingBacklinksBot/1.0; +https://seranking.com/backlinks-crawler)"
91.98.185.79 - - [01/Sep/2026:17:13:01 -0500] "GET /marca/eva-solo/?stock_status=instock&per_row=4&per_page=24&shop_view=grid&filter_color=brown HTTP/1.1" 200 222069 "-" "Mozilla/5.0 (compatible; SERankingBacklinksBot/1.0; +https://seranking.com/backlinks-crawler)"
74.7.243.224 - - [01/Sep/2026:17:13:05 -0500] "GET /sitemap_index.xml HTTP/1.1" 403 199 "-" "Mozilla/5.0 AppleWebKit/537.36 (KHTML, like Gecko; compatible; GPTBot/1.4; +https://openai.com/gptbot)"
74.7.175.160 - - [01/Sep/2026:17:13:05 -0500] "GET /robots.txt HTTP/1.1" 200 320 "-" "Mozilla/5.0 (Macintosh; Intel Mac OS X 10_15_7) AppleWebKit/537.36 (KHTML, like Gecko) Chrome/131.0.0.0 Safari/537.36; compatible; OAI-SearchBot/1.4; robots.txt; +https://openai.com/searchbot"
91.98.185.79 - - [01/Sep/2026:17:13:08 -0500] "GET /marca/eva-solo/?stock_status=instock&per_row=4&per_page=9&shop_view=grid&filter_color=yellow HTTP/1.1" 200 222079 "-" "Mozilla/5.0 (compatible; SERankingBacklinksBot/1.0; +https://seranking.com/backlinks-crawler)"
91.98.185.79 - - [01/Sep/2026:17:13:15 -0500] "GET /categoria-producto/accessories/?filter_color=beige,black,blue,yellow&shop_view=grid&per_row=2 HTTP/1.1" 200 166493 "-" "Mozilla/5.0 (compatible; SERankingBacklinksBot/1.0; +https://seranking.com/backlinks-crawler)"
91.98.185.79 - - [01/Sep/2026:17:13:21 -0500] "GET /categoria-producto/furniture/?stock_status=instock&filter_color=beige,black,brown&per_page=12 HTTP/1.1" 200 178809 "-" "Mozilla/5.0 (compatible; SERankingBacklinksBot/1.0; +https://seranking.com/backlinks-crawler)"
91.98.185.79 - - [01/Sep/2026:17:13:28 -0500] "GET /categoria-producto/accessories/?filter_color=beige,black,blue,yellow&shop_view=grid&per_row=3 HTTP/1.1" 200 166493 "-" "Mozilla/5.0 (compatible; SERankingBacklinksBot/1.0; +https://seranking.com/backlinks-crawler)"
91.98.185.79 - - [01/Sep/2026:17:13:34 -0500] "GET /categoria-producto/furniture/?stock_status=instock&filter_color=beige,black,brown&per_page=18 HTTP/1.1" 200 178809 "-" "Mozilla/5.0 (compatible; SERankingBacklinksBot/1.0; +https://seranking.com/backlinks-crawler)"
91.98.185.79 - - [01/Sep/2026:17:13:40 -0500] "GET /categoria-producto/accessories/?filter_color=beige,black,blue,yellow&shop_view=grid&per_row=4 HTTP/1.1" 200 166493 "-" "Mozilla/5.0 (compatible; SERankingBacklinksBot/1.0; +https://seranking.com/backlinks-crawler)"
91.98.185.79 - - [01/Sep/2026:17:13:46 -0500] "GET /categoria-producto/furniture/?stock_status=instock&filter_color=beige,black,brown&per_page=24 HTTP/1.1" 200 178809 "-" "Mozilla/5.0 (compatible; SERankingBacklinksBot/1.0; +https://seranking.com/backlinks-crawler)"
91.98.185.79 - - [01/Sep/2026:17:13:53 -0500] "GET /categoria-producto/accessories/?filter_color=beige,black,brown,yellow&filter_product_brand=53 HTTP/1.1" 200 163777 "-" "Mozilla/5.0 (compatible; SERankingBacklinksBot/1.0; +https://seranking.com/backlinks-crawler)"
157.90.185.123 - - [01/Sep/2026:17:14:03 -0500] "POST /wp-cron.php?doing_wp_cron=1788300843.1075971126556396484375 HTTP/1.1" 200 - "-" "WordPress/7.1; https://anempanama.com"
91.98.185.79 - - [01/Sep/2026:17:13:59 -0500] "GET /categoria-producto/furniture/?stock_status=instock&filter_color=blue,brown,yellow&per_page=12 HTTP/1.1" 200 181713 "-" "Mozilla/5.0 (compatible; SERankingBacklinksBot/1.0; +https://seranking.com/backlinks-crawler)"
91.98.185.79 - - [01/Sep/2026:17:14:06 -0500] "GET /categoria-producto/accessories/?filter_color=beige,blue,brown,yellow&shop_view=grid&per_row=2 HTTP/1.1" 200 170716 "-" "Mozilla/5.0 (compatible; SERankingBacklinksBot/1.0; +https://seranking.com/backlinks-crawler)"
91.98.185.79 - - [01/Sep/2026:17:14:14 -0500] "GET /categoria-producto/furniture/?stock_status=instock&filter_color=blue,brown,yellow&per_page=18 HTTP/1.1" 200 181713 "-" "Mozilla/5.0 (compatible; SERankingBacklinksBot/1.0; +https://seranking.com/backlinks-crawler)"
91.98.185.79 - - [01/Sep/2026:17:14:23 -0500] "GET /categoria-producto/accessories/?filter_color=beige,blue,brown,yellow&shop_view=grid&per_row=3 HTTP/1.1" 200 170716 "-" "Mozilla/5.0 (compatible; SERankingBacklinksBot/1.0; +https://seranking.com/backlinks-crawler)"
91.98.185.79 - - [01/Sep/2026:17:14:29 -0500] "GET /categoria-producto/furniture/?stock_status=instock&filter_color=blue,brown,yellow&per_page=24 HTTP/1.1" 200 181713 "-" "Mozilla/5.0 (compatible; SERankingBacklinksBot/1.0; +https://seranking.com/backlinks-crawler)"
91.98.185.79 - - [01/Sep/2026:17:14:36 -0500] "GET /categoria-producto/accessories/?filter_color=beige,blue,brown,yellow&shop_view=grid&per_row=4 HTTP/1.1" 200 170716 "-" "Mozilla/5.0 (compatible; SERankingBacklinksBot/1.0; +https://seranking.com/backlinks-crawler)"
91.98.185.79 - - [01/Sep/2026:17:14:42 -0500] "GET /categoria-producto/lighting/?per_page=12&filter_color=beige,black&stock_status=instock,onsale HTTP/1.1" 200 149825 "-" "Mozilla/5.0 (compatible; SERankingBacklinksBot/1.0; +https://seranking.com/backlinks-crawler)"
91.98.185.79 - - [01/Sep/2026:17:14:48 -0500] "GET /categoria-producto/accessories/?filter_color=black,blue,brown,yellow&shop_view=grid&per_row=2 HTTP/1.1" 200 166493 "-" "Mozilla/5.0 (compatible; SERankingBacklinksBot/1.0; +https://seranking.com/backlinks-crawler)"
157.90.185.123 - - [01/Sep/2026:17:14:57 -0500] "POST /wp-cron.php?doing_wp_cron=1788300897.8052949905395507812500 HTTP/1.1" 200 - "-" "WordPress/7.1; https://anempanama.com"
91.98.185.79 - - [01/Sep/2026:17:14:54 -0500] "GET /categoria-producto/lighting/?per_page=18&filter_color=beige,black&stock_status=instock,onsale HTTP/1.1" 200 149825 "-" "Mozilla/5.0 (compatible; SERankingBacklinksBot/1.0; +https://seranking.com/backlinks-crawler)"
91.98.185.79 - - [01/Sep/2026:17:15:00 -0500] "GET /categoria-producto/accessories/?filter_color=black,blue,brown,yellow&shop_view=grid&per_row=3 HTTP/1.1" 200 166493 "-" "Mozilla/5.0 (compatible; SERankingBacklinksBot/1.0; +https://seranking.com/backlinks-crawler)"
91.98.185.79 - - [01/Sep/2026:17:15:07 -0500] "GET /categoria-producto/lighting/?per_page=24&filter_color=beige,black&stock_status=instock,onsale HTTP/1.1" 200 149825 "-" "Mozilla/5.0 (compatible; SERankingBacklinksBot/1.0; +https://seranking.com/backlinks-crawler)"
91.98.185.79 - - [01/Sep/2026:17:15:13 -0500] "GET /shop/?stock_status=instock,onsale&filter_color=yellow&filter_product_brand=61&filter_size=l,m HTTP/1.1" 200 148219 "-" "Mozilla/5.0 (compatible; SERankingBacklinksBot/1.0; +https://seranking.com/backlinks-crawler)"
91.98.185.79 - - [01/Sep/2026:17:15:20 -0500] "GET /categoria-producto/accessories/?filter_color=black,blue,brown,yellow&shop_view=grid&per_row=4 HTTP/1.1" 200 166493 "-" "Mozilla/5.0 (compatible; SERankingBacklinksBot/1.0; +https://seranking.com/backlinks-crawler)"
91.98.185.79 - - [01/Sep/2026:17:15:26 -0500] "GET /shop/?stock_status=instock,onsale&filter_color=yellow&filter_product_brand=61&filter_size=l,s HTTP/1.1" 200 148219 "-" "Mozilla/5.0 (compatible; SERankingBacklinksBot/1.0; +https://seranking.com/backlinks-crawler)"
91.98.185.79 - - [01/Sep/2026:17:15:32 -0500] "GET /categoria-producto/accessories/?filter_product_brand=53&filter_color=beige,black,brown,yellow HTTP/1.1" 200 163777 "-" "Mozilla/5.0 (compatible; SERankingBacklinksBot/1.0; +https://seranking.com/backlinks-crawler)"
91.98.185.79 - - [01/Sep/2026:17:15:38 -0500] "GET /shop/?stock_status=instock,onsale&filter_color=yellow&filter_product_brand=61&filter_size=m,s HTTP/1.1" 200 148219 "-" "Mozilla/5.0 (compatible; SERankingBacklinksBot/1.0; +https://seranking.com/backlinks-crawler)"
91.98.185.79 - - [01/Sep/2026:17:15:45 -0500] "GET /categoria-producto/accessories/?per_page=12&filter_color=beige,black,blue&stock_status=onsale HTTP/1.1" 200 151405 "-" "Mozilla/5.0 (compatible; SERankingBacklinksBot/1.0; +https://seranking.com/backlinks-crawler)"
91.98.185.79 - - [01/Sep/2026:17:15:51 -0500] "GET /categoria-producto/accessories/?per_page=12&filter_color=beige,blue,brown&stock_status=onsale HTTP/1.1" 200 151405 "-" "Mozilla/5.0 (compatible; SERankingBacklinksBot/1.0; +https://seranking.com/backlinks-crawler)"
157.90.185.123 - - [01/Sep/2026:17:16:00 -0500] "POST /wp-cron.php?doing_wp_cron=1788300960.5956099033355712890625 HTTP/1.1" 200 - "-" "WordPress/7.1; https://anempanama.com"
91.98.185.79 - - [01/Sep/2026:17:15:57 -0500] "GET /marca/eva-solo/?stock_status=instock&per_row=2&per_page=12&shop_view=grid&filter_color=yellow HTTP/1.1" 200 222098 "-" "Mozilla/5.0 (compatible; SERankingBacklinksBot/1.0; +https://seranking.com/backlinks-crawler)"
91.98.185.79 - - [01/Sep/2026:17:16:03 -0500] "GET /categoria-producto/accessories/?per_page=12&filter_color=black,blue,brown&stock_status=onsale HTTP/1.1" 200 151405 "-" "Mozilla/5.0 (compatible; SERankingBacklinksBot/1.0; +https://seranking.com/backlinks-crawler)"
91.98.185.79 - - [01/Sep/2026:17:16:10 -0500] "GET /marca/eva-solo/?stock_status=instock&per_row=2&per_page=18&shop_view=grid&filter_color=yellow HTTP/1.1" 200 222098 "-" "Mozilla/5.0 (compatible; SERankingBacklinksBot/1.0; +https://seranking.com/backlinks-crawler)"
91.98.185.79 - - [01/Sep/2026:17:16:15 -0500] "GET /categoria-producto/accessories/?per_page=18&filter_color=beige,black,blue&stock_status=onsale HTTP/1.1" 200 151405 "-" "Mozilla/5.0 (compatible; SERankingBacklinksBot/1.0; +https://seranking.com/backlinks-crawler)"
91.98.185.79 - - [01/Sep/2026:17:16:22 -0500] "GET /marca/eva-solo/?stock_status=instock&per_row=2&per_page=24&shop_view=grid&filter_color=yellow HTTP/1.1" 200 222098 "-" "Mozilla/5.0 (compatible; SERankingBacklinksBot/1.0; +https://seranking.com/backlinks-crawler)"
91.98.185.79 - - [01/Sep/2026:17:16:28 -0500] "GET /categoria-producto/accessories/?per_page=18&filter_color=beige,blue,brown&stock_status=onsale HTTP/1.1" 200 151405 "-" "Mozilla/5.0 (compatible; SERankingBacklinksBot/1.0; +https://seranking.com/backlinks-crawler)"
91.98.185.79 - - [01/Sep/2026:17:16:35 -0500] "GET /marca/eva-solo/?stock_status=instock&per_row=3&per_page=12&shop_view=grid&filter_color=yellow HTTP/1.1" 200 222098 "-" "Mozilla/5.0 (compatible; SERankingBacklinksBot/1.0; +https://seranking.com/backlinks-crawler)"
91.98.185.79 - - [01/Sep/2026:17:16:41 -0500] "GET /categoria-producto/accessories/?per_page=18&filter_color=black,blue,brown&stock_status=onsale HTTP/1.1" 200 151405 "-" "Mozilla/5.0 (compatible; SERankingBacklinksBot/1.0; +https://seranking.com/backlinks-crawler)"
91.98.185.79 - - [01/Sep/2026:17:16:47 -0500] "GET /marca/eva-solo/?stock_status=instock&per_row=3&per_page=18&shop_view=grid&filter_color=yellow HTTP/1.1" 200 222098 "-" "Mozilla/5.0 (compatible; SERankingBacklinksBot/1.0; +https://seranking.com/backlinks-crawler)"
91.98.185.79 - - [01/Sep/2026:17:16:53 -0500] "GET /categoria-producto/accessories/?per_page=24&filter_color=beige,black,blue&stock_status=onsale HTTP/1.1" 200 151405 "-" "Mozilla/5.0 (compatible; SERankingBacklinksBot/1.0; +https://seranking.com/backlinks-crawler)"
157.90.185.123 - - [01/Sep/2026:17:17:02 -0500] "POST /wp-cron.php?doing_wp_cron=1788301022.7170479297637939453125 HTTP/1.1" 200 - "-" "WordPress/7.1; https://anempanama.com"
91.98.185.79 - - [01/Sep/2026:17:16:59 -0500] "GET /marca/eva-solo/?stock_status=instock&per_row=3&per_page=24&shop_view=grid&filter_color=yellow HTTP/1.1" 200 222098 "-" "Mozilla/5.0 (compatible; SERankingBacklinksBot/1.0; +https://seranking.com/backlinks-crawler)"
91.98.185.79 - - [01/Sep/2026:17:17:05 -0500] "GET /categoria-producto/accessories/?per_page=24&filter_color=beige,blue,brown&stock_status=onsale HTTP/1.1" 200 151405 "-" "Mozilla/5.0 (compatible; SERankingBacklinksBot/1.0; +https://seranking.com/backlinks-crawler)"
91.98.185.79 - - [01/Sep/2026:17:17:11 -0500] "GET /marca/eva-solo/?stock_status=instock&per_row=4&per_page=12&shop_view=grid&filter_color=yellow HTTP/1.1" 200 222098 "-" "Mozilla/5.0 (compatible; SERankingBacklinksBot/1.0; +https://seranking.com/backlinks-crawler)"
91.98.185.79 - - [01/Sep/2026:17:17:17 -0500] "GET /categoria-producto/accessories/?per_page=24&filter_color=black,blue,brown&stock_status=onsale HTTP/1.1" 200 151405 "-" "Mozilla/5.0 (compatible; SERankingBacklinksBot/1.0; +https://seranking.com/backlinks-crawler)"
91.98.185.79 - - [01/Sep/2026:17:17:23 -0500] "GET /marca/eva-solo/?stock_status=instock&per_row=4&per_page=18&shop_view=grid&filter_color=yellow HTTP/1.1" 200 222098 "-" "Mozilla/5.0 (compatible; SERankingBacklinksBot/1.0; +https://seranking.com/backlinks-crawler)"
91.98.185.79 - - [01/Sep/2026:17:17:33 -0500] "GET /categoria-producto/accessories/?per_page=9&filter_color=beige,black,blue&stock_status=instock HTTP/1.1" 200 166601 "-" "Mozilla/5.0 (compatible; SERankingBacklinksBot/1.0; +https://seranking.com/backlinks-crawler)"
91.98.185.79 - - [01/Sep/2026:17:17:39 -0500] "GET /marca/eva-solo/?stock_status=instock&per_row=4&per_page=24&shop_view=grid&filter_color=yellow HTTP/1.1" 200 222098 "-" "Mozilla/5.0 (compatible; SERankingBacklinksBot/1.0; +https://seranking.com/backlinks-crawler)"
91.92.243.243 - - [01/Sep/2026:17:17:43 -0500] "POST /wp-login.php HTTP/1.1" 200 10898 "-" "Mozilla/5.0"
91.98.185.79 - - [01/Sep/2026:17:17:45 -0500] "GET /categoria-producto/accessories/?per_page=9&filter_color=beige,black,brown&stock_status=onsale HTTP/1.1" 200 151414 "-" "Mozilla/5.0 (compatible; SERankingBacklinksBot/1.0; +https://seranking.com/backlinks-crawler)"
91.98.185.79 - - [01/Sep/2026:17:17:51 -0500] "GET /categoria-producto/accessories/?per_page=9&filter_color=beige,blue,brown&stock_status=instock HTTP/1.1" 200 170824 "-" "Mozilla/5.0 (compatible; SERankingBacklinksBot/1.0; +https://seranking.com/backlinks-crawler)"
157.90.185.123 - - [01/Sep/2026:17:18:01 -0500] "POST /wp-cron.php?doing_wp_cron=1788301081.0659120082855224609375 HTTP/1.1" 200 - "-" "WordPress/7.1; https://anempanama.com"
91.98.185.79 - - [01/Sep/2026:17:17:58 -0500] "GET /categoria-producto/accessories/?per_page=9&filter_color=beige,blue,yellow&stock_status=onsale HTTP/1.1" 200 151414 "-" "Mozilla/5.0 (compatible; SERankingBacklinksBot/1.0; +https://seranking.com/backlinks-crawler)"
91.98.185.79 - - [01/Sep/2026:17:18:04 -0500] "GET /categoria-producto/accessories/?per_page=9&filter_color=black,blue,brown&stock_status=instock HTTP/1.1" 200 166601 "-" "Mozilla/5.0 (compatible; SERankingBacklinksBot/1.0; +https://seranking.com/backlinks-crawler)"
91.98.185.79 - - [01/Sep/2026:17:18:11 -0500] "GET /categoria-producto/accessories/?per_page=9&filter_color=black,blue,yellow&stock_status=onsale HTTP/1.1" 200 151414 "-" "Mozilla/5.0 (compatible; SERankingBacklinksBot/1.0; +https://seranking.com/backlinks-crawler)"
91.98.185.79 - - [01/Sep/2026:17:18:16 -0500] "GET /categoria-producto/accessories/?per_page=9&filter_color=blue,brown,yellow&stock_status=onsale HTTP/1.1" 200 151414 "-" "Mozilla/5.0 (compatible; SERankingBacklinksBot/1.0; +https://seranking.com/backlinks-crawler)"
91.98.185.79 - - [01/Sep/2026:17:18:23 -0500] "GET /categoria-producto/accessories/?stock_status=instock&filter_color=beige,black,blue&per_page=9 HTTP/1.1" 200 166601 "-" "Mozilla/5.0 (compatible; SERankingBacklinksBot/1.0; +https://seranking.com/backlinks-crawler)"
91.98.185.79 - - [01/Sep/2026:17:18:29 -0500] "GET /categoria-producto/accessories/?stock_status=instock&filter_color=beige,blue,brown&per_page=9 HTTP/1.1" 200 170824 "-" "Mozilla/5.0 (compatible; SERankingBacklinksBot/1.0; +https://seranking.com/backlinks-crawler)"
91.98.185.79 - - [01/Sep/2026:17:18:35 -0500] "GET /categoria-producto/accessories/?stock_status=instock&filter_color=black,blue,brown&per_page=9 HTTP/1.1" 200 166601 "-" "Mozilla/5.0 (compatible; SERankingBacklinksBot/1.0; +https://seranking.com/backlinks-crawler)"
91.98.185.79 - - [01/Sep/2026:17:18:41 -0500] "GET /categoria-producto/furniture/?filter_color=blue,brown&filter_size=l,m&filter_product_brand=54 HTTP/1.1" 200 154658 "-" "Mozilla/5.0 (compatible; SERankingBacklinksBot/1.0; +https://seranking.com/backlinks-crawler)"
91.98.185.79 - - [01/Sep/2026:17:18:47 -0500] "GET /categoria-producto/furniture/?filter_color=blue,brown&filter_size=l,m&filter_product_brand=58 HTTP/1.1" 200 154662 "-" "Mozilla/5.0 (compatible; SERankingBacklinksBot/1.0; +https://seranking.com/backlinks-crawler)"
157.90.185.123 - - [01/Sep/2026:17:18:57 -0500] "POST /wp-cron.php?doing_wp_cron=1788301137.4671959877014160156250 HTTP/1.1" 200 - "-" "WordPress/7.1; https://anempanama.com"
91.98.185.79 - - [01/Sep/2026:17:18:53 -0500] "GET /categoria-producto/furniture/?filter_color=blue,brown&filter_size=l,m&filter_product_brand=60 HTTP/1.1" 200 154665 "-" "Mozilla/5.0 (compatible; SERankingBacklinksBot/1.0; +https://seranking.com/backlinks-crawler)"
91.98.185.79 - - [01/Sep/2026:17:19:00 -0500] "GET /categoria-producto/furniture/?filter_color=blue,brown&filter_size=l,m&filter_product_brand=61 HTTP/1.1" 200 174985 "-" "Mozilla/5.0 (compatible; SERankingBacklinksBot/1.0; +https://seranking.com/backlinks-crawler)"
91.98.185.79 - - [01/Sep/2026:17:19:07 -0500] "GET /categoria-producto/furniture/?filter_color=blue,brown&filter_size=l,s&filter_product_brand=54 HTTP/1.1" 200 154658 "-" "Mozilla/5.0 (compatible; SERankingBacklinksBot/1.0; +https://seranking.com/backlinks-crawler)"
91.98.185.79 - - [01/Sep/2026:17:19:13 -0500] "GET /categoria-producto/furniture/?filter_color=blue,brown&filter_size=l,s&filter_product_brand=58 HTTP/1.1" 200 154662 "-" "Mozilla/5.0 (compatible; SERankingBacklinksBot/1.0; +https://seranking.com/backlinks-crawler)"
91.98.185.79 - - [01/Sep/2026:17:19:19 -0500] "GET /categoria-producto/furniture/?filter_color=blue,brown&filter_size=l,s&filter_product_brand=60 HTTP/1.1" 200 154665 "-" "Mozilla/5.0 (compatible; SERankingBacklinksBot/1.0; +https://seranking.com/backlinks-crawler)"
91.98.185.79 - - [01/Sep/2026:17:19:25 -0500] "GET /categoria-producto/furniture/?filter_color=blue,brown&filter_size=l,s&filter_product_brand=61 HTTP/1.1" 200 174985 "-" "Mozilla/5.0 (compatible; SERankingBacklinksBot/1.0; +https://seranking.com/backlinks-crawler)"
91.98.185.79 - - [01/Sep/2026:17:19:31 -0500] "GET /categoria-producto/furniture/?filter_color=blue,brown&filter_size=m,s&filter_product_brand=54 HTTP/1.1" 200 154658 "-" "Mozilla/5.0 (compatible; SERankingBacklinksBot/1.0; +https://seranking.com/backlinks-crawler)"
91.98.185.79 - - [01/Sep/2026:17:19:39 -0500] "GET /categoria-producto/furniture/?filter_color=blue,brown&filter_size=m,s&filter_product_brand=58 HTTP/1.1" 200 154662 "-" "Mozilla/5.0 (compatible; SERankingBacklinksBot/1.0; +https://seranking.com/backlinks-crawler)"
91.98.185.79 - - [01/Sep/2026:17:19:45 -0500] "GET /categoria-producto/furniture/?filter_color=blue,brown&filter_size=m,s&filter_product_brand=60 HTTP/1.1" 200 154665 "-" "Mozilla/5.0 (compatible; SERankingBacklinksBot/1.0; +https://seranking.com/backlinks-crawler)"
91.98.185.79 - - [01/Sep/2026:17:19:51 -0500] "GET /categoria-producto/furniture/?filter_color=blue,brown&filter_size=m,s&filter_product_brand=61 HTTP/1.1" 200 174985 "-" "Mozilla/5.0 (compatible; SERankingBacklinksBot/1.0; +https://seranking.com/backlinks-crawler)"
91.98.185.79 - - [01/Sep/2026:17:19:57 -0500] "GET /categoria-producto/furniture/?per_page=12&filter_color=beige,black,brown&stock_status=instock HTTP/1.1" 200 178809 "-" "Mozilla/5.0 (compatible; SERankingBacklinksBot/1.0; +https://seranking.com/backlinks-crawler)"
91.98.185.79 - - [01/Sep/2026:17:20:03 -0500] "GET /categoria-producto/furniture/?per_page=12&filter_color=blue,brown&stock_status=instock,onsale HTTP/1.1" 200 165205 "-" "Mozilla/5.0 (compatible; SERankingBacklinksBot/1.0; +https://seranking.com/backlinks-crawler)"
157.90.185.123 - - [01/Sep/2026:17:20:00 -0500] "POST /wp-cron.php?doing_wp_cron=1788301200.9098479747772216796875 HTTP/1.1" 200 - "-" "WordPress/7.1; https://anempanama.com"
91.98.185.79 - - [01/Sep/2026:17:20:10 -0500] "GET /categoria-producto/furniture/?per_page=12&filter_color=blue,brown,yellow&stock_status=instock HTTP/1.1" 200 181713 "-" "Mozilla/5.0 (compatible; SERankingBacklinksBot/1.0; +https://seranking.com/backlinks-crawler)"
91.98.185.79 - - [01/Sep/2026:17:20:16 -0500] "GET /categoria-producto/furniture/?per_page=18&filter_color=beige,black,brown&stock_status=instock HTTP/1.1" 200 178809 "-" "Mozilla/5.0 (compatible; SERankingBacklinksBot/1.0; +https://seranking.com/backlinks-crawler)"
91.98.185.79 - - [01/Sep/2026:17:20:23 -0500] "GET /categoria-producto/furniture/?per_page=18&filter_color=blue,brown&stock_status=instock,onsale HTTP/1.1" 200 165205 "-" "Mozilla/5.0 (compatible; SERankingBacklinksBot/1.0; +https://seranking.com/backlinks-crawler)"
91.98.185.79 - - [01/Sep/2026:17:20:29 -0500] "GET /categoria-producto/furniture/?per_page=18&filter_color=blue,brown,yellow&stock_status=instock HTTP/1.1" 200 181713 "-" "Mozilla/5.0 (compatible; SERankingBacklinksBot/1.0; +https://seranking.com/backlinks-crawler)"
91.98.185.79 - - [01/Sep/2026:17:20:35 -0500] "GET /categoria-producto/furniture/?per_page=24&filter_color=beige,black,brown&stock_status=instock HTTP/1.1" 200 178809 "-" "Mozilla/5.0 (compatible; SERankingBacklinksBot/1.0; +https://seranking.com/backlinks-crawler)"
91.98.185.79 - - [01/Sep/2026:17:20:42 -0500] "GET /categoria-producto/furniture/?per_page=24&filter_color=blue,brown&stock_status=instock,onsale HTTP/1.1" 200 165205 "-" "Mozilla/5.0 (compatible; SERankingBacklinksBot/1.0; +https://seranking.com/backlinks-crawler)"
91.98.185.79 - - [01/Sep/2026:17:20:48 -0500] "GET /categoria-producto/furniture/?per_page=24&filter_color=blue,brown,yellow&stock_status=instock HTTP/1.1" 200 181713 "-" "Mozilla/5.0 (compatible; SERankingBacklinksBot/1.0; +https://seranking.com/backlinks-crawler)"
157.90.185.123 - - [01/Sep/2026:17:21:02 -0500] "POST /wp-cron.php?doing_wp_cron=1788301262.6107089519500732421875 HTTP/1.1" 200 - "-" "WordPress/7.1; https://anempanama.com"
91.98.185.79 - - [01/Sep/2026:17:20:59 -0500] "GET /categoria-producto/furniture/?per_page=9&filter_color=beige,black&stock_status=instock,onsale HTTP/1.1" 200 163568 "-" "Mozilla/5.0 (compatible; SERankingBacklinksBot/1.0; +https://seranking.com/backlinks-crawler)"
91.98.185.79 - - [01/Sep/2026:17:21:05 -0500] "GET /categoria-producto/furniture/?per_page=9&filter_color=beige,brown&stock_status=instock,onsale HTTP/1.1" 200 163568 "-" "Mozilla/5.0 (compatible; SERankingBacklinksBot/1.0; +https://seranking.com/backlinks-crawler)"
91.98.185.79 - - [01/Sep/2026:17:21:11 -0500] "GET /categoria-producto/furniture/?per_page=9&filter_color=black,brown&stock_status=instock,onsale HTTP/1.1" 200 163568 "-" "Mozilla/5.0 (compatible; SERankingBacklinksBot/1.0; +https://seranking.com/backlinks-crawler)"
91.98.185.79 - - [01/Sep/2026:17:21:18 -0500] "GET /categoria-producto/furniture/?per_page=9&filter_color=blue,yellow&stock_status=instock,onsale HTTP/1.1" 200 165216 "-" "Mozilla/5.0 (compatible; SERankingBacklinksBot/1.0; +https://seranking.com/backlinks-crawler)"
91.98.185.79 - - [01/Sep/2026:17:21:25 -0500] "GET /shop/?stock_status=instock&per_row=2&per_page=9&shop_view=grid&filter_size=l&filter_color=blue HTTP/1.1" 200 174255 "-" "Mozilla/5.0 (compatible; SERankingBacklinksBot/1.0; +https://seranking.com/backlinks-crawler)"
91.98.185.79 - - [01/Sep/2026:17:21:31 -0500] "GET /categoria-producto/furniture/?stock_status=onsale&filter_color=blue,brown,yellow&filter_size=l HTTP/1.1" 200 165681 "-" "Mozilla/5.0 (compatible; SERankingBacklinksBot/1.0; +https://seranking.com/backlinks-crawler)"
91.98.185.79 - - [01/Sep/2026:17:21:38 -0500] "GET /categoria-producto/accessories/?filter_color=beige,black,brown,yellow&shop_view=grid&per_row=2 HTTP/1.1" 200 166516 "-" "Mozilla/5.0 (compatible; SERankingBacklinksBot/1.0; +https://seranking.com/backlinks-crawler)"
91.98.185.79 - - [01/Sep/2026:17:21:46 -0500] "GET /categoria-producto/furniture/?stock_status=onsale&filter_color=blue,brown,yellow&filter_size=m HTTP/1.1" 200 165681 "-" "Mozilla/5.0 (compatible; SERankingBacklinksBot/1.0; +https://seranking.com/backlinks-crawler)"
91.98.185.79 - - [01/Sep/2026:17:21:52 -0500] "GET /categoria-producto/accessories/?filter_color=beige,black,brown,yellow&shop_view=grid&per_row=3 HTTP/1.1" 200 166516 "-" "Mozilla/5.0 (compatible; SERankingBacklinksBot/1.0; +https://seranking.com/backlinks-crawler)"
157.90.185.123 - - [01/Sep/2026:17:22:02 -0500] "POST /wp-cron.php?doing_wp_cron=1788301322.3698799610137939453125 HTTP/1.1" 200 - "-" "WordPress/7.1; https://anempanama.com"
91.98.185.79 - - [01/Sep/2026:17:21:59 -0500] "GET /categoria-producto/furniture/?stock_status=onsale&filter_color=blue,brown,yellow&filter_size=s HTTP/1.1" 200 165681 "-" "Mozilla/5.0 (compatible; SERankingBacklinksBot/1.0; +https://seranking.com/backlinks-crawler)"
91.98.185.79 - - [01/Sep/2026:17:22:05 -0500] "GET /categoria-producto/accessories/?filter_color=beige,black,brown,yellow&shop_view=grid&per_row=4 HTTP/1.1" 200 166516 "-" "Mozilla/5.0 (compatible; SERankingBacklinksBot/1.0; +https://seranking.com/backlinks-crawler)"
91.98.185.79 - - [01/Sep/2026:17:22:11 -0500] "GET /categoria-producto/furniture/?stock_status=onsale&filter_size=l&filter_color=blue,brown,yellow HTTP/1.1" 200 165681 "-" "Mozilla/5.0 (compatible; SERankingBacklinksBot/1.0; +https://seranking.com/backlinks-crawler)"
91.98.185.79 - - [01/Sep/2026:17:22:17 -0500] "GET /categoria-producto/accessories/?per_page=12&filter_color=beige,black,blue&stock_status=instock HTTP/1.1" 200 166611 "-" "Mozilla/5.0 (compatible; SERankingBacklinksBot/1.0; +https://seranking.com/backlinks-crawler)"
91.98.185.79 - - [01/Sep/2026:17:22:23 -0500] "GET /categoria-producto/furniture/?stock_status=onsale&filter_size=m&filter_color=blue,brown,yellow HTTP/1.1" 200 165681 "-" "Mozilla/5.0 (compatible; SERankingBacklinksBot/1.0; +https://seranking.com/backlinks-crawler)"
91.98.185.79 - - [01/Sep/2026:17:22:29 -0500] "GET /categoria-producto/accessories/?per_page=12&filter_color=beige,black,brown&stock_status=onsale HTTP/1.1" 200 151418 "-" "Mozilla/5.0 (compatible; SERankingBacklinksBot/1.0; +https://seranking.com/backlinks-crawler)"
91.98.185.79 - - [01/Sep/2026:17:22:35 -0500] "GET /categoria-producto/furniture/?stock_status=onsale&filter_size=s&filter_color=blue,brown,yellow HTTP/1.1" 200 165681 "-" "Mozilla/5.0 (compatible; SERankingBacklinksBot/1.0; +https://seranking.com/backlinks-crawler)"
91.98.185.79 - - [01/Sep/2026:17:22:42 -0500] "GET /categoria-producto/accessories/?per_page=12&filter_color=beige,blue,brown&stock_status=instock HTTP/1.1" 200 170834 "-" "Mozilla/5.0 (compatible; SERankingBacklinksBot/1.0; +https://seranking.com/backlinks-crawler)"
91.92.243.250 - - [01/Sep/2026:17:22:48 -0500] "POST /wp-login.php HTTP/1.1" 200 10898 "-" "Mozilla/5.0"
91.98.185.79 - - [01/Sep/2026:17:22:48 -0500] "GET /categoria-producto/accessories/?per_page=12&filter_color=beige,blue,yellow&stock_status=onsale HTTP/1.1" 200 151418 "-" "Mozilla/5.0 (compatible; SERankingBacklinksBot/1.0; +https://seranking.com/backlinks-crawler)"
157.90.185.123 - - [01/Sep/2026:17:22:58 -0500] "POST /wp-cron.php?doing_wp_cron=1788301378.7028260231018066406250 HTTP/1.1" 200 - "-" "WordPress/7.1; https://anempanama.com"
91.98.185.79 - - [01/Sep/2026:17:22:55 -0500] "GET /categoria-producto/accessories/?per_page=12&filter_color=black,blue,brown&stock_status=instock HTTP/1.1" 200 166611 "-" "Mozilla/5.0 (compatible; SERankingBacklinksBot/1.0; +https://seranking.com/backlinks-crawler)"
91.98.185.79 - - [01/Sep/2026:17:23:01 -0500] "GET /categoria-producto/accessories/?per_page=12&filter_color=black,blue,yellow&stock_status=onsale HTTP/1.1" 200 151418 "-" "Mozilla/5.0 (compatible; SERankingBacklinksBot/1.0; +https://seranking.com/backlinks-crawler)"
91.98.185.79 - - [01/Sep/2026:17:23:07 -0500] "GET /categoria-producto/accessories/?per_page=12&filter_color=blue,brown,yellow&stock_status=onsale HTTP/1.1" 200 151418 "-" "Mozilla/5.0 (compatible; SERankingBacklinksBot/1.0; +https://seranking.com/backlinks-crawler)"
91.92.243.243 - - [01/Sep/2026:17:23:12 -0500] "POST /wp-login.php HTTP/1.1" 200 10898 "-" "Mozilla/5.0"
91.98.185.79 - - [01/Sep/2026:17:23:14 -0500] "GET /categoria-producto/accessories/?per_page=18&filter_color=beige,black,blue&stock_status=instock HTTP/1.1" 200 166611 "-" "Mozilla/5.0 (compatible; SERankingBacklinksBot/1.0; +https://seranking.com/backlinks-crawler)"
91.98.185.79 - - [01/Sep/2026:17:23:20 -0500] "GET /categoria-producto/accessories/?per_page=18&filter_color=beige,black,brown&stock_status=onsale HTTP/1.1" 200 151418 "-" "Mozilla/5.0 (compatible; SERankingBacklinksBot/1.0; +https://seranking.com/backlinks-crawler)"
91.98.185.79 - - [01/Sep/2026:17:23:26 -0500] "GET /categoria-producto/accessories/?per_page=18&filter_color=beige,blue,brown&stock_status=instock HTTP/1.1" 200 170834 "-" "Mozilla/5.0 (compatible; SERankingBacklinksBot/1.0; +https://seranking.com/backlinks-crawler)"
91.98.185.79 - - [01/Sep/2026:17:23:33 -0500] "GET /categoria-producto/accessories/?per_page=18&filter_color=beige,blue,yellow&stock_status=onsale HTTP/1.1" 200 151418 "-" "Mozilla/5.0 (compatible; SERankingBacklinksBot/1.0; +https://seranking.com/backlinks-crawler)"
91.98.185.79 - - [01/Sep/2026:17:23:39 -0500] "GET /categoria-producto/accessories/?per_page=18&filter_color=black,blue,brown&stock_status=instock HTTP/1.1" 200 166611 "-" "Mozilla/5.0 (compatible; SERankingBacklinksBot/1.0; +https://seranking.com/backlinks-crawler)"
91.98.185.79 - - [01/Sep/2026:17:23:45 -0500] "GET /categoria-producto/accessories/?per_page=18&filter_color=black,blue,yellow&stock_status=onsale HTTP/1.1" 200 151418 "-" "Mozilla/5.0 (compatible; SERankingBacklinksBot/1.0; +https://seranking.com/backlinks-crawler)"
157.90.185.123 - - [01/Sep/2026:17:23:57 -0500] "POST /wp-cron.php?doing_wp_cron=1788301437.1834049224853515625000 HTTP/1.1" 200 - "-" "WordPress/7.1; https://anempanama.com"
91.98.185.79 - - [01/Sep/2026:17:23:51 -0500] "GET /categoria-producto/accessories/?per_page=18&filter_color=blue,brown,yellow&stock_status=onsale HTTP/1.1" 200 151418 "-" "Mozilla/5.0 (compatible; SERankingBacklinksBot/1.0; +https://seranking.com/backlinks-crawler)"
91.98.185.79 - - [01/Sep/2026:17:24:00 -0500] "GET /categoria-producto/accessories/?per_page=24&filter_color=beige,black,blue&stock_status=instock HTTP/1.1" 200 166611 "-" "Mozilla/5.0 (compatible; SERankingBacklinksBot/1.0; +https://seranking.com/backlinks-crawler)"
91.98.185.79 - - [01/Sep/2026:17:24:07 -0500] "GET /categoria-producto/accessories/?per_page=24&filter_color=beige,black,brown&stock_status=onsale HTTP/1.1" 200 151418 "-" "Mozilla/5.0 (compatible; SERankingBacklinksBot/1.0; +https://seranking.com/backlinks-crawler)"
91.98.185.79 - - [01/Sep/2026:17:24:13 -0500] "GET /categoria-producto/accessories/?per_page=24&filter_color=beige,blue,brown&stock_status=instock HTTP/1.1" 200 170834 "-" "Mozilla/5.0 (compatible; SERankingBacklinksBot/1.0; +https://seranking.com/backlinks-crawler)"
91.98.185.79 - - [01/Sep/2026:17:24:19 -0500] "GET /categoria-producto/accessories/?per_page=24&filter_color=beige,blue,yellow&stock_status=onsale HTTP/1.1" 200 151418 "-" "Mozilla/5.0 (compatible; SERankingBacklinksBot/1.0; +https://seranking.com/backlinks-crawler)"
91.98.185.79 - - [01/Sep/2026:17:24:25 -0500] "GET /categoria-producto/accessories/?per_page=24&filter_color=black,blue,brown&stock_status=instock HTTP/1.1" 200 166611 "-" "Mozilla/5.0 (compatible; SERankingBacklinksBot/1.0; +https://seranking.com/backlinks-crawler)"
91.98.185.79 - - [01/Sep/2026:17:24:31 -0500] "GET /categoria-producto/accessories/?per_page=24&filter_color=black,blue,yellow&stock_status=onsale HTTP/1.1" 200 151418 "-" "Mozilla/5.0 (compatible; SERankingBacklinksBot/1.0; +https://seranking.com/backlinks-crawler)"
91.98.185.79 - - [01/Sep/2026:17:24:38 -0500] "GET /categoria-producto/accessories/?per_page=24&filter_color=blue,brown,yellow&stock_status=onsale HTTP/1.1" 200 151418 "-" "Mozilla/5.0 (compatible; SERankingBacklinksBot/1.0; +https://seranking.com/backlinks-crawler)"
91.98.185.79 - - [01/Sep/2026:17:24:44 -0500] "GET /categoria-producto/accessories/?per_page=9&filter_color=beige,black,brown&stock_status=instock HTTP/1.1" 200 166624 "-" "Mozilla/5.0 (compatible; SERankingBacklinksBot/1.0; +https://seranking.com/backlinks-crawler)"
91.98.185.79 - - [01/Sep/2026:17:24:50 -0500] "GET /categoria-producto/accessories/?per_page=9&filter_color=beige,black,yellow&stock_status=onsale HTTP/1.1" 200 151427 "-" "Mozilla/5.0 (compatible; SERankingBacklinksBot/1.0; +https://seranking.com/backlinks-crawler)"
157.90.185.123 - - [01/Sep/2026:17:25:01 -0500] "POST /wp-cron.php?doing_wp_cron=1788301501.1569809913635253906250 HTTP/1.1" 200 - "-" "WordPress/7.1; https://anempanama.com"
91.98.185.79 - - [01/Sep/2026:17:24:57 -0500] "GET /categoria-producto/accessories/?per_page=9&filter_color=beige,blue&stock_status=instock,onsale HTTP/1.1" 200 151413 "-" "Mozilla/5.0 (compatible; SERankingBacklinksBot/1.0; +https://seranking.com/backlinks-crawler)"
91.98.185.79 - - [01/Sep/2026:17:25:04 -0500] "GET /categoria-producto/accessories/?per_page=9&filter_color=beige,blue,yellow&stock_status=instock HTTP/1.1" 200 170847 "-" "Mozilla/5.0 (compatible; SERankingBacklinksBot/1.0; +https://seranking.com/backlinks-crawler)"
91.98.185.79 - - [01/Sep/2026:17:25:11 -0500] "GET /categoria-producto/accessories/?per_page=9&filter_color=beige,brown,yellow&stock_status=onsale HTTP/1.1" 200 151427 "-" "Mozilla/5.0 (compatible; SERankingBacklinksBot/1.0; +https://seranking.com/backlinks-crawler)"
91.98.185.79 - - [01/Sep/2026:17:25:17 -0500] "GET /categoria-producto/accessories/?per_page=9&filter_color=black,blue&stock_status=instock,onsale HTTP/1.1" 200 151413 "-" "Mozilla/5.0 (compatible; SERankingBacklinksBot/1.0; +https://seranking.com/backlinks-crawler)"
91.98.185.79 - - [01/Sep/2026:17:25:24 -0500] "GET /categoria-producto/accessories/?per_page=9&filter_color=black,blue,yellow&stock_status=instock HTTP/1.1" 200 166624 "-" "Mozilla/5.0 (compatible; SERankingBacklinksBot/1.0; +https://seranking.com/backlinks-crawler)"
91.98.185.79 - - [01/Sep/2026:17:25:30 -0500] "GET /categoria-producto/accessories/?per_page=9&filter_color=black,brown,yellow&stock_status=onsale HTTP/1.1" 200 151427 "-" "Mozilla/5.0 (compatible; SERankingBacklinksBot/1.0; +https://seranking.com/backlinks-crawler)"
