186.124.2.63 - - [01/Sep/2026:15:11:34 -0500] "POST /wp-admin/admin-ajax.php HTTP/1.1" 200 77 "https://anempanama.com/wp-admin/post.php?post=7594&action=elementor" "Mozilla/5.0 (Macintosh; Intel Mac OS X 10_15_7) AppleWebKit/537.36 (KHTML, like Gecko) Chrome/152.0.0.0 Safari/537.36"
157.90.185.123 - - [01/Sep/2026:15:12:03 -0500] "POST /wp-cron.php?doing_wp_cron=1788293523.1900720596313476562500 HTTP/1.1" 200 - "-" "WordPress/7.1; https://anempanama.com"
186.124.2.63 - - [01/Sep/2026:15:11:58 -0500] "POST /wp-admin/admin-ajax.php HTTP/1.1" 200 77 "https://anempanama.com/wp-admin/post.php?post=7594&action=elementor" "Mozilla/5.0 (Macintosh; Intel Mac OS X 10_15_7) AppleWebKit/537.36 (KHTML, like Gecko) Chrome/152.0.0.0 Safari/537.36"
186.124.2.63 - - [01/Sep/2026:15:12:13 -0500] "POST /wp-admin/admin-ajax.php HTTP/1.1" 200 77 "https://anempanama.com/wp-admin/post.php?post=7594&action=elementor" "Mozilla/5.0 (Macintosh; Intel Mac OS X 10_15_7) AppleWebKit/537.36 (KHTML, like Gecko) Chrome/152.0.0.0 Safari/537.36"
186.124.2.63 - - [01/Sep/2026:15:12:14 -0500] "GET /wp-json/wp/v2/users/me?_fields=capabilities&context=edit&_locale=user HTTP/1.1" 200 3609 "https://anempanama.com/wp-admin/post.php?post=7594&action=elementor" "Mozilla/5.0 (Macintosh; Intel Mac OS X 10_15_7) AppleWebKit/537.36 (KHTML, like Gecko) Chrome/152.0.0.0 Safari/537.36"
186.124.2.63 - - [01/Sep/2026:15:12:28 -0500] "POST /wp-admin/admin-ajax.php HTTP/1.1" 200 77 "https://anempanama.com/wp-admin/post.php?post=7594&action=elementor" "Mozilla/5.0 (Macintosh; Intel Mac OS X 10_15_7) AppleWebKit/537.36 (KHTML, like Gecko) Chrome/152.0.0.0 Safari/537.36"
186.124.2.63 - - [01/Sep/2026:15:12:43 -0500] "POST /wp-admin/admin-ajax.php HTTP/1.1" 200 77 "https://anempanama.com/wp-admin/post.php?post=7594&action=elementor" "Mozilla/5.0 (Macintosh; Intel Mac OS X 10_15_7) AppleWebKit/537.36 (KHTML, like Gecko) Chrome/152.0.0.0 Safari/537.36"
157.90.185.123 - - [01/Sep/2026:15:13:01 -0500] "POST /wp-cron.php?doing_wp_cron=1788293581.3239109516143798828125 HTTP/1.1" 200 - "-" "WordPress/7.1; https://anempanama.com"
186.124.2.63 - - [01/Sep/2026:15:12:58 -0500] "POST /wp-admin/admin-ajax.php HTTP/1.1" 200 77 "https://anempanama.com/wp-admin/post.php?post=7594&action=elementor" "Mozilla/5.0 (Macintosh; Intel Mac OS X 10_15_7) AppleWebKit/537.36 (KHTML, like Gecko) Chrome/152.0.0.0 Safari/537.36"
186.124.2.63 - - [01/Sep/2026:15:13:07 -0500] "GET /wp-content/plugins/wp-fastest-cache/css/style.css?ver=1788293585 HTTP/1.1" 200 19634 "https://anempanama.com/wp-admin/post.php?post=7594&action=edit" "Mozilla/5.0 (Macintosh; Intel Mac OS X 10_15_7) AppleWebKit/537.36 (KHTML, like Gecko) Chrome/152.0.0.0 Safari/537.36"
186.124.2.63 - - [01/Sep/2026:15:13:07 -0500] "GET /wp-content/plugins/wp-fastest-cache/css/toolbar.css?ver=1788293585 HTTP/1.1" 200 6109 "https://anempanama.com/wp-admin/post.php?post=7594&action=edit" "Mozilla/5.0 (Macintosh; Intel Mac OS X 10_15_7) AppleWebKit/537.36 (KHTML, like Gecko) Chrome/152.0.0.0 Safari/537.36"
186.124.2.63 - - [01/Sep/2026:15:13:01 -0500] "GET /wp-admin/post.php?post=7594&action=edit HTTP/1.1" 200 771626 "-" "Mozilla/5.0 (Macintosh; Intel Mac OS X 10_15_7) AppleWebKit/537.36 (KHTML, like Gecko) Chrome/152.0.0.0 Safari/537.36"
186.124.2.63 - - [01/Sep/2026:15:13:08 -0500] "GET /wp-content/plugins/wp-fastest-cache/js/column.js?ver=1788293585 HTTP/1.1" 200 1411 "https://anempanama.com/wp-admin/post.php?post=7594&action=edit" "Mozilla/5.0 (Macintosh; Intel Mac OS X 10_15_7) AppleWebKit/537.36 (KHTML, like Gecko) Chrome/152.0.0.0 Safari/537.36"
186.124.2.63 - - [01/Sep/2026:15:13:08 -0500] "GET /wp-content/plugins/wp-fastest-cache/js/toolbar.js?ver=1788293585 HTTP/1.1" 200 3514 "https://anempanama.com/wp-admin/post.php?post=7594&action=edit" "Mozilla/5.0 (Macintosh; Intel Mac OS X 10_15_7) AppleWebKit/537.36 (KHTML, like Gecko) Chrome/152.0.0.0 Safari/537.36"
186.124.2.63 - - [01/Sep/2026:15:13:07 -0500] "POST /wp-admin/admin-ajax.php HTTP/1.1" 200 1 "https://anempanama.com/wp-admin/post.php?post=7594&action=edit" "Mozilla/5.0 (Macintosh; Intel Mac OS X 10_15_7) AppleWebKit/537.36 (KHTML, like Gecko) Chrome/152.0.0.0 Safari/537.36"
186.124.2.63 - - [01/Sep/2026:15:13:12 -0500] "GET /wp-admin/admin-ajax.php?keyword=empresas%20de%20aguas%20residuales%20y%20saneamiento%20panama&action=rank_math_is_keyword_new&security=e66d58f766&objectID=7594&objectType=post HTTP/1.1" 200 29 "https://anempanama.com/wp-admin/post.php?post=7594&action=edit" "Mozilla/5.0 (Macintosh; Intel Mac OS X 10_15_7) AppleWebKit/537.36 (KHTML, like Gecko) Chrome/152.0.0.0 Safari/537.36"
186.124.2.63 - - [01/Sep/2026:15:13:13 -0500] "POST /wp-admin/admin-ajax.php HTTP/1.1" 200 77 "https://anempanama.com/wp-admin/post.php?post=7594&action=elementor" "Mozilla/5.0 (Macintosh; Intel Mac OS X 10_15_7) AppleWebKit/537.36 (KHTML, like Gecko) Chrome/152.0.0.0 Safari/537.36"
186.124.2.63 - - [01/Sep/2026:15:13:29 -0500] "POST /wp-admin/admin-ajax.php HTTP/1.1" 200 77 "https://anempanama.com/wp-admin/post.php?post=7594&action=elementor" "Mozilla/5.0 (Macintosh; Intel Mac OS X 10_15_7) AppleWebKit/537.36 (KHTML, like Gecko) Chrome/152.0.0.0 Safari/537.36"
186.124.2.63 - - [01/Sep/2026:15:13:37 -0500] "GET /wp-admin/post.php?post=7594&action=elementor HTTP/1.1" 200 3606171 "-" "Mozilla/5.0 (Macintosh; Intel Mac OS X 10_15_7) AppleWebKit/537.36 (KHTML, like Gecko) Chrome/152.0.0.0 Safari/537.36"
186.124.2.63 - - [01/Sep/2026:15:13:44 -0500] "GET /wp-json/elementor/v1/variables/list HTTP/1.1" 200 64 "https://anempanama.com/wp-admin/post.php?post=7594&action=elementor" "Mozilla/5.0 (Macintosh; Intel Mac OS X 10_15_7) AppleWebKit/537.36 (KHTML, like Gecko) Chrome/152.0.0.0 Safari/537.36"
186.124.2.63 - - [01/Sep/2026:15:13:45 -0500] "POST /wp-admin/admin-ajax.php HTTP/1.1" 200 77 "https://anempanama.com/wp-admin/post.php?post=7594&action=elementor" "Mozilla/5.0 (Macintosh; Intel Mac OS X 10_15_7) AppleWebKit/537.36 (KHTML, like Gecko) Chrome/152.0.0.0 Safari/537.36"
186.124.2.63 - - [01/Sep/2026:15:13:45 -0500] "GET /wp-json/elementor/v1/site-navigation/recent-posts?posts_per_page=6&_locale=user HTTP/1.1" 200 952 "https://anempanama.com/wp-admin/post.php?post=7594&action=elementor" "Mozilla/5.0 (Macintosh; Intel Mac OS X 10_15_7) AppleWebKit/537.36 (KHTML, like Gecko) Chrome/152.0.0.0 Safari/537.36"
186.124.2.63 - - [01/Sep/2026:15:13:50 -0500] "GET /wp-content/plugins/wp-fastest-cache/css/toolbar.css?ver=1788293629 HTTP/1.1" 200 6109 "https://anempanama.com/?elementor-preview=7594&ver=1788293620" "Mozilla/5.0 (Macintosh; Intel Mac OS X 10_15_7) AppleWebKit/537.36 (KHTML, like Gecko) Chrome/152.0.0.0 Safari/537.36"
186.124.2.63 - - [01/Sep/2026:15:13:45 -0500] "GET /?elementor-preview=7594&ver=1788293620 HTTP/1.1" 200 191159 "https://anempanama.com/wp-admin/post.php?post=7594&action=elementor" "Mozilla/5.0 (Macintosh; Intel Mac OS X 10_15_7) AppleWebKit/537.36 (KHTML, like Gecko) Chrome/152.0.0.0 Safari/537.36"
186.124.2.63 - - [01/Sep/2026:15:13:50 -0500] "GET /wp-content/uploads/elementor/css/local-7594-preview-desktop.css?ver=6a971ef10533f HTTP/1.1" 304 - "https://anempanama.com/?elementor-preview=7594&ver=1788293620" "Mozilla/5.0 (Macintosh; Intel Mac OS X 10_15_7) AppleWebKit/537.36 (KHTML, like Gecko) Chrome/152.0.0.0 Safari/537.36"
186.124.2.63 - - [01/Sep/2026:15:13:50 -0500] "GET /wp-content/uploads/elementor/css/local-7594-preview-mobile.css?ver=6a971ef10533f HTTP/1.1" 304 - "https://anempanama.com/?elementor-preview=7594&ver=1788293620" "Mozilla/5.0 (Macintosh; Intel Mac OS X 10_15_7) AppleWebKit/537.36 (KHTML, like Gecko) Chrome/152.0.0.0 Safari/537.36"
186.124.2.63 - - [01/Sep/2026:15:13:45 -0500] "GET /wp-json/elementor/v1/checklist/user-progress HTTP/1.1" 200 534 "https://anempanama.com/wp-admin/post.php?post=7594&action=elementor" "Mozilla/5.0 (Macintosh; Intel Mac OS X 10_15_7) AppleWebKit/537.36 (KHTML, like Gecko) Chrome/152.0.0.0 Safari/537.36"
186.124.2.63 - - [01/Sep/2026:15:13:45 -0500] "GET /wp-json/elementor/v1/global-classes/usage HTTP/1.1" 200 21 "https://anempanama.com/wp-admin/post.php?post=7594&action=elementor" "Mozilla/5.0 (Macintosh; Intel Mac OS X 10_15_7) AppleWebKit/537.36 (KHTML, like Gecko) Chrome/152.0.0.0 Safari/537.36"
186.124.2.63 - - [01/Sep/2026:15:13:49 -0500] "GET /wp-json/elementor/v1/global-classes?context=preview HTTP/1.1" 200 21 "https://anempanama.com/wp-admin/post.php?post=7594&action=elementor" "Mozilla/5.0 (Macintosh; Intel Mac OS X 10_15_7) AppleWebKit/537.36 (KHTML, like Gecko) Chrome/152.0.0.0 Safari/537.36"
186.124.2.63 - - [01/Sep/2026:15:13:55 -0500] "GET /wp-content/plugins/wp-fastest-cache/js/toolbar.js?ver=1788293629 HTTP/1.1" 200 3514 "https://anempanama.com/?elementor-preview=7594&ver=1788293620" "Mozilla/5.0 (Macintosh; Intel Mac OS X 10_15_7) AppleWebKit/537.36 (KHTML, like Gecko) Chrome/152.0.0.0 Safari/537.36"
186.124.2.63 - - [01/Sep/2026:15:13:50 -0500] "GET /wp-json/elementor/v1/components HTTP/1.1" 200 21 "https://anempanama.com/wp-admin/post.php?post=7594&action=elementor" "Mozilla/5.0 (Macintosh; Intel Mac OS X 10_15_7) AppleWebKit/537.36 (KHTML, like Gecko) Chrome/152.0.0.0 Safari/537.36"
186.124.2.63 - - [01/Sep/2026:15:13:49 -0500] "GET /wp-json/elementor/v1/global-classes?context=frontend HTTP/1.1" 200 21 "https://anempanama.com/wp-admin/post.php?post=7594&action=elementor" "Mozilla/5.0 (Macintosh; Intel Mac OS X 10_15_7) AppleWebKit/537.36 (KHTML, like Gecko) Chrome/152.0.0.0 Safari/537.36"
186.124.2.63 - - [01/Sep/2026:15:13:50 -0500] "GET /wp-json/elementor/v1/kit-elements-defaults HTTP/1.1" 200 2 "https://anempanama.com/wp-admin/post.php?post=7594&action=elementor" "Mozilla/5.0 (Macintosh; Intel Mac OS X 10_15_7) AppleWebKit/537.36 (KHTML, like Gecko) Chrome/152.0.0.0 Safari/537.36"
186.124.2.63 - - [01/Sep/2026:15:13:53 -0500] "GET /wp-json/elementor/v1/user-data/current-user?context=edit HTTP/1.1" 200 3022 "https://anempanama.com/wp-admin/post.php?post=7594&action=elementor" "Mozilla/5.0 (Macintosh; Intel Mac OS X 10_15_7) AppleWebKit/537.36 (KHTML, like Gecko) Chrome/152.0.0.0 Safari/537.36"
186.124.2.63 - - [01/Sep/2026:15:13:55 -0500] "POST /wp-json/elementor/v1/design-system-sync/stylesheet HTTP/1.1" 204 - "https://anempanama.com/wp-admin/post.php?post=7594&action=elementor" "Mozilla/5.0 (Macintosh; Intel Mac OS X 10_15_7) AppleWebKit/537.36 (KHTML, like Gecko) Chrome/152.0.0.0 Safari/537.36"
186.124.2.63 - - [01/Sep/2026:15:13:56 -0500] "GET /wp-json/elementor/v1/global-classes?context=preview HTTP/1.1" 200 21 "https://anempanama.com/wp-admin/post.php?post=7594&action=elementor" "Mozilla/5.0 (Macintosh; Intel Mac OS X 10_15_7) AppleWebKit/537.36 (KHTML, like Gecko) Chrome/152.0.0.0 Safari/537.36"
186.124.2.63 - - [01/Sep/2026:15:13:56 -0500] "GET /wp-json/contact-form-7/v1/contact-forms/14/feedback/schema HTTP/1.1" 200 1347 "https://anempanama.com/?elementor-preview=7594&ver=1788293620" "Mozilla/5.0 (Macintosh; Intel Mac OS X 10_15_7) AppleWebKit/537.36 (KHTML, like Gecko) Chrome/152.0.0.0 Safari/537.36"
157.90.185.123 - - [01/Sep/2026:15:13:57 -0500] "POST /wp-cron.php?doing_wp_cron=1788293637.0635271072387695312500 HTTP/1.1" 200 - "-" "WordPress/7.1; https://anempanama.com"
186.124.2.63 - - [01/Sep/2026:15:13:57 -0500] "GET /wp-json/elementor/v1/globals HTTP/1.1" 200 2091 "https://anempanama.com/wp-admin/post.php?post=7594&action=elementor" "Mozilla/5.0 (Macintosh; Intel Mac OS X 10_15_7) AppleWebKit/537.36 (KHTML, like Gecko) Chrome/152.0.0.0 Safari/537.36"
186.124.2.63 - - [01/Sep/2026:15:13:53 -0500] "POST /wp-admin/admin-ajax.php HTTP/1.1" 200 3598910 "https://anempanama.com/wp-admin/post.php?post=7594&action=elementor" "Mozilla/5.0 (Macintosh; Intel Mac OS X 10_15_7) AppleWebKit/537.36 (KHTML, like Gecko) Chrome/152.0.0.0 Safari/537.36"
186.124.2.63 - - [01/Sep/2026:15:13:59 -0500] "GET /wp-json/elementor/v1/components HTTP/1.1" 200 21 "https://anempanama.com/wp-admin/post.php?post=7594&action=elementor" "Mozilla/5.0 (Macintosh; Intel Mac OS X 10_15_7) AppleWebKit/537.36 (KHTML, like Gecko) Chrome/152.0.0.0 Safari/537.36"
186.124.2.63 - - [01/Sep/2026:15:14:03 -0500] "GET /wp-json/elementor/v1/global-classes?context=frontend HTTP/1.1" 200 21 "https://anempanama.com/wp-admin/post.php?post=7594&action=elementor" "Mozilla/5.0 (Macintosh; Intel Mac OS X 10_15_7) AppleWebKit/537.36 (KHTML, like Gecko) Chrome/152.0.0.0 Safari/537.36"
186.124.2.63 - - [01/Sep/2026:15:14:04 -0500] "GET /wp-json/elementor/v1/user-data/current-user?context=edit HTTP/1.1" 200 3022 "https://anempanama.com/wp-admin/post.php?post=7594&action=elementor" "Mozilla/5.0 (Macintosh; Intel Mac OS X 10_15_7) AppleWebKit/537.36 (KHTML, like Gecko) Chrome/152.0.0.0 Safari/537.36"
186.124.2.63 - - [01/Sep/2026:15:14:09 -0500] "POST /wp-admin/admin-ajax.php HTTP/1.1" 200 47 "https://anempanama.com/wp-admin/post.php?post=7594&action=edit" "Mozilla/5.0 (Macintosh; Intel Mac OS X 10_15_7) AppleWebKit/537.36 (KHTML, like Gecko) Chrome/152.0.0.0 Safari/537.36"
186.124.2.63 - - [01/Sep/2026:15:14:06 -0500] "GET /wp-admin/admin-ajax.php?keyword=empresas%20de%20aguas%20residuales%20y%20saneamiento%20panama&action=rank_math_is_keyword_new&security=e66d58f766&objectID=7594&objectType=post HTTP/1.1" 200 29 "https://anempanama.com/wp-admin/post.php?post=7594&action=elementor" "Mozilla/5.0 (Macintosh; Intel Mac OS X 10_15_7) AppleWebKit/537.36 (KHTML, like Gecko) Chrome/152.0.0.0 Safari/537.36"
186.124.2.63 - - [01/Sep/2026:15:14:25 -0500] "GET /wp-json/elementor/v1/global-classes?context=preview HTTP/1.1" 200 21 "https://anempanama.com/wp-admin/post.php?post=7594&action=elementor" "Mozilla/5.0 (Macintosh; Intel Mac OS X 10_15_7) AppleWebKit/537.36 (KHTML, like Gecko) Chrome/152.0.0.0 Safari/537.36"
186.124.2.63 - - [01/Sep/2026:15:14:25 -0500] "GET /wp-json/elementor/v1/global-classes?context=frontend HTTP/1.1" 200 21 "https://anempanama.com/wp-admin/post.php?post=7594&action=elementor" "Mozilla/5.0 (Macintosh; Intel Mac OS X 10_15_7) AppleWebKit/537.36 (KHTML, like Gecko) Chrome/152.0.0.0 Safari/537.36"
186.124.2.63 - - [01/Sep/2026:15:14:26 -0500] "GET /wp-json/elementor/v1/global-classes/post?context=preview&post_id=7594 HTTP/1.1" 200 232 "https://anempanama.com/wp-admin/post.php?post=7594&action=elementor" "Mozilla/5.0 (Macintosh; Intel Mac OS X 10_15_7) AppleWebKit/537.36 (KHTML, like Gecko) Chrome/152.0.0.0 Safari/537.36"
91.92.243.243 - - [01/Sep/2026:15:14:29 -0500] "POST /wp-login.php HTTP/1.1" 200 10898 "-" "Mozilla/5.0"
186.124.2.63 - - [01/Sep/2026:15:14:26 -0500] "GET /wp-json/elementor/v1/global-classes/post?context=frontend&post_id=7594 HTTP/1.1" 200 232 "https://anempanama.com/wp-admin/post.php?post=7594&action=elementor" "Mozilla/5.0 (Macintosh; Intel Mac OS X 10_15_7) AppleWebKit/537.36 (KHTML, like Gecko) Chrome/152.0.0.0 Safari/537.36"
186.124.2.63 - - [01/Sep/2026:15:14:30 -0500] "POST /wp-admin/admin-ajax.php HTTP/1.1" 200 77 "https://anempanama.com/wp-admin/post.php?post=7594&action=elementor" "Mozilla/5.0 (Macintosh; Intel Mac OS X 10_15_7) AppleWebKit/537.36 (KHTML, like Gecko) Chrome/152.0.0.0 Safari/537.36"
186.124.2.63 - - [01/Sep/2026:15:14:33 -0500] "GET /wp-json/elementor/v1/global-classes/post?context=preview&post_id=7594 HTTP/1.1" 200 232 "https://anempanama.com/wp-admin/post.php?post=7594&action=elementor" "Mozilla/5.0 (Macintosh; Intel Mac OS X 10_15_7) AppleWebKit/537.36 (KHTML, like Gecko) Chrome/152.0.0.0 Safari/537.36"
186.124.2.63 - - [01/Sep/2026:15:14:34 -0500] "GET /wp-json/elementor/v1/global-classes/post?context=frontend&post_id=7594 HTTP/1.1" 200 232 "https://anempanama.com/wp-admin/post.php?post=7594&action=elementor" "Mozilla/5.0 (Macintosh; Intel Mac OS X 10_15_7) AppleWebKit/537.36 (KHTML, like Gecko) Chrome/152.0.0.0 Safari/537.36"
186.124.2.63 - - [01/Sep/2026:15:14:46 -0500] "POST /wp-admin/admin-ajax.php HTTP/1.1" 200 77 "https://anempanama.com/wp-admin/post.php?post=7594&action=elementor" "Mozilla/5.0 (Macintosh; Intel Mac OS X 10_15_7) AppleWebKit/537.36 (KHTML, like Gecko) Chrome/152.0.0.0 Safari/537.36"
157.90.185.123 - - [01/Sep/2026:15:15:06 -0500] "POST /wp-cron.php?doing_wp_cron=1788293706.7975790500640869140625 HTTP/1.1" 200 - "-" "WordPress/7.1; https://anempanama.com"
186.124.2.63 - - [01/Sep/2026:15:15:04 -0500] "POST /wp-admin/admin-ajax.php HTTP/1.1" 200 77 "https://anempanama.com/wp-admin/post.php?post=7594&action=elementor" "Mozilla/5.0 (Macintosh; Intel Mac OS X 10_15_7) AppleWebKit/537.36 (KHTML, like Gecko) Chrome/152.0.0.0 Safari/537.36"
186.124.2.63 - - [01/Sep/2026:15:15:22 -0500] "POST /wp-admin/admin-ajax.php HTTP/1.1" 200 77 "https://anempanama.com/wp-admin/post.php?post=7594&action=elementor" "Mozilla/5.0 (Macintosh; Intel Mac OS X 10_15_7) AppleWebKit/537.36 (KHTML, like Gecko) Chrome/152.0.0.0 Safari/537.36"
91.92.243.250 - - [01/Sep/2026:15:15:25 -0500] "POST /wp-login.php HTTP/1.1" 200 10934 "-" "Mozilla/5.0"
186.124.2.63 - - [01/Sep/2026:15:15:39 -0500] "POST /wp-admin/admin-ajax.php HTTP/1.1" 200 77 "https://anempanama.com/wp-admin/post.php?post=7594&action=elementor" "Mozilla/5.0 (Macintosh; Intel Mac OS X 10_15_7) AppleWebKit/537.36 (KHTML, like Gecko) Chrome/152.0.0.0 Safari/537.36"
186.124.2.63 - - [01/Sep/2026:15:15:47 -0500] "POST /wp-admin/admin-ajax.php HTTP/1.1" 200 47 "https://anempanama.com/wp-admin/post.php?post=7594&action=edit" "Mozilla/5.0 (Macintosh; Intel Mac OS X 10_15_7) AppleWebKit/537.36 (KHTML, like Gecko) Chrome/152.0.0.0 Safari/537.36"
186.124.2.63 - - [01/Sep/2026:15:15:47 -0500] "PUT /wp-json/elementor/v1/global-classes?context=frontend HTTP/1.1" 204 - "https://anempanama.com/wp-admin/post.php?post=7594&action=elementor" "Mozilla/5.0 (Macintosh; Intel Mac OS X 10_15_7) AppleWebKit/537.36 (KHTML, like Gecko) Chrome/152.0.0.0 Safari/537.36"
186.124.2.63 - - [01/Sep/2026:15:15:47 -0500] "GET /wp-json/elementor/v1/checklist/user-progress HTTP/1.1" 200 534 "https://anempanama.com/wp-admin/post.php?post=7594&action=elementor" "Mozilla/5.0 (Macintosh; Intel Mac OS X 10_15_7) AppleWebKit/537.36 (KHTML, like Gecko) Chrome/152.0.0.0 Safari/537.36"
186.124.2.63 - - [01/Sep/2026:15:15:47 -0500] "POST /wp-json/rankmath/v1/updateMeta?_locale=user HTTP/1.1" 200 40 "https://anempanama.com/wp-admin/post.php?post=7594&action=elementor" "Mozilla/5.0 (Macintosh; Intel Mac OS X 10_15_7) AppleWebKit/537.36 (KHTML, like Gecko) Chrome/152.0.0.0 Safari/537.36"
186.124.2.63 - - [01/Sep/2026:15:15:54 -0500] "POST /wp-json/elementor/v1/design-system-sync/stylesheet HTTP/1.1" 204 - "https://anempanama.com/wp-admin/post.php?post=7594&action=elementor" "Mozilla/5.0 (Macintosh; Intel Mac OS X 10_15_7) AppleWebKit/537.36 (KHTML, like Gecko) Chrome/152.0.0.0 Safari/537.36"
157.90.185.123 - - [01/Sep/2026:15:15:58 -0500] "POST /wp-cron.php?doing_wp_cron=1788293758.3293309211730957031250 HTTP/1.1" 200 - "-" "WordPress/7.1; https://anempanama.com"
186.124.2.63 - - [01/Sep/2026:15:15:48 -0500] "POST /wp-admin/admin-ajax.php HTTP/1.1" 200 1859 "https://anempanama.com/wp-admin/post.php?post=7594&action=elementor" "Mozilla/5.0 (Macintosh; Intel Mac OS X 10_15_7) AppleWebKit/537.36 (KHTML, like Gecko) Chrome/152.0.0.0 Safari/537.36"
186.124.2.63 - - [01/Sep/2026:15:15:54 -0500] "POST /wp-admin/admin-ajax.php HTTP/1.1" 200 77 "https://anempanama.com/wp-admin/post.php?post=7594&action=elementor" "Mozilla/5.0 (Macintosh; Intel Mac OS X 10_15_7) AppleWebKit/537.36 (KHTML, like Gecko) Chrome/152.0.0.0 Safari/537.36"
186.124.2.63 - - [01/Sep/2026:15:15:59 -0500] "GET /wp-json/elementor/v1/checklist/user-progress HTTP/1.1" 200 534 "https://anempanama.com/wp-admin/post.php?post=7594&action=elementor" "Mozilla/5.0 (Macintosh; Intel Mac OS X 10_15_7) AppleWebKit/537.36 (KHTML, like Gecko) Chrome/152.0.0.0 Safari/537.36"
186.124.2.63 - - [01/Sep/2026:15:16:01 -0500] "POST /wp-admin/admin-ajax.php HTTP/1.1" 200 28361 "https://anempanama.com/wp-admin/post.php?post=7594&action=elementor" "Mozilla/5.0 (Macintosh; Intel Mac OS X 10_15_7) AppleWebKit/537.36 (KHTML, like Gecko) Chrome/152.0.0.0 Safari/537.36"
186.124.2.63 - - [01/Sep/2026:15:16:06 -0500] "GET /wp-content/plugins/wp-fastest-cache/css/toolbar.css?ver=1788293765 HTTP/1.1" 200 6109 "https://anempanama.com/?elementor-preview=7594&ver=1788293620" "Mozilla/5.0 (Macintosh; Intel Mac OS X 10_15_7) AppleWebKit/537.36 (KHTML, like Gecko) Chrome/152.0.0.0 Safari/537.36"
186.124.2.63 - - [01/Sep/2026:15:16:06 -0500] "GET /wp-content/uploads/elementor/css/local-7594-preview-desktop.css?ver=6a973285b939e HTTP/1.1" 200 596 "https://anempanama.com/?elementor-preview=7594&ver=1788293620" "Mozilla/5.0 (Macintosh; Intel Mac OS X 10_15_7) AppleWebKit/537.36 (KHTML, like Gecko) Chrome/152.0.0.0 Safari/537.36"
186.124.2.63 - - [01/Sep/2026:15:15:59 -0500] "GET /?elementor-preview=7594&ver=1788293620 HTTP/1.1" 200 190784 "https://anempanama.com/wp-admin/post.php?post=7594&action=elementor" "Mozilla/5.0 (Macintosh; Intel Mac OS X 10_15_7) AppleWebKit/537.36 (KHTML, like Gecko) Chrome/152.0.0.0 Safari/537.36"
186.124.2.63 - - [01/Sep/2026:15:16:07 -0500] "GET /wp-content/uploads/elementor/css/local-7594-preview-mobile.css?ver=6a973285b939e HTTP/1.1" 200 378 "https://anempanama.com/?elementor-preview=7594&ver=1788293620" "Mozilla/5.0 (Macintosh; Intel Mac OS X 10_15_7) AppleWebKit/537.36 (KHTML, like Gecko) Chrome/152.0.0.0 Safari/537.36"
186.124.2.63 - - [01/Sep/2026:15:16:07 -0500] "GET /wp-content/plugins/wp-fastest-cache/js/toolbar.js?ver=1788293765 HTTP/1.1" 200 3514 "https://anempanama.com/?elementor-preview=7594&ver=1788293620" "Mozilla/5.0 (Macintosh; Intel Mac OS X 10_15_7) AppleWebKit/537.36 (KHTML, like Gecko) Chrome/152.0.0.0 Safari/537.36"
186.124.2.63 - - [01/Sep/2026:15:16:07 -0500] "GET /wp-json/contact-form-7/v1/contact-forms/14/feedback/schema HTTP/1.1" 200 1347 "https://anempanama.com/?elementor-preview=7594&ver=1788293620" "Mozilla/5.0 (Macintosh; Intel Mac OS X 10_15_7) AppleWebKit/537.36 (KHTML, like Gecko) Chrome/152.0.0.0 Safari/537.36"
186.124.2.63 - - [01/Sep/2026:15:16:08 -0500] "POST /wp-admin/admin-ajax.php HTTP/1.1" 200 259 "https://anempanama.com/wp-admin/post.php?post=7594&action=elementor" "Mozilla/5.0 (Macintosh; Intel Mac OS X 10_15_7) AppleWebKit/537.36 (KHTML, like Gecko) Chrome/152.0.0.0 Safari/537.36"
186.124.2.63 - - [01/Sep/2026:15:16:08 -0500] "POST /wp-admin/admin-ajax.php HTTP/1.1" 200 612 "https://anempanama.com/wp-admin/post.php?post=7594&action=elementor" "Mozilla/5.0 (Macintosh; Intel Mac OS X 10_15_7) AppleWebKit/537.36 (KHTML, like Gecko) Chrome/152.0.0.0 Safari/537.36"
186.124.2.63 - - [01/Sep/2026:15:16:09 -0500] "POST /wp-admin/admin-ajax.php HTTP/1.1" 200 1942 "https://anempanama.com/wp-admin/post.php?post=7594&action=elementor" "Mozilla/5.0 (Macintosh; Intel Mac OS X 10_15_7) AppleWebKit/537.36 (KHTML, like Gecko) Chrome/152.0.0.0 Safari/537.36"
186.124.2.63 - - [01/Sep/2026:15:16:09 -0500] "POST /wp-admin/admin-ajax.php HTTP/1.1" 200 876 "https://anempanama.com/wp-admin/post.php?post=7594&action=elementor" "Mozilla/5.0 (Macintosh; Intel Mac OS X 10_15_7) AppleWebKit/537.36 (KHTML, like Gecko) Chrome/152.0.0.0 Safari/537.36"
186.124.2.63 - - [01/Sep/2026:15:16:09 -0500] "POST /wp-admin/admin-ajax.php HTTP/1.1" 200 1163 "https://anempanama.com/wp-admin/post.php?post=7594&action=elementor" "Mozilla/5.0 (Macintosh; Intel Mac OS X 10_15_7) AppleWebKit/537.36 (KHTML, like Gecko) Chrome/152.0.0.0 Safari/537.36"
186.124.2.63 - - [01/Sep/2026:15:16:11 -0500] "POST /wp-admin/admin-ajax.php HTTP/1.1" 200 265 "https://anempanama.com/wp-admin/post.php?post=7594&action=elementor" "Mozilla/5.0 (Macintosh; Intel Mac OS X 10_15_7) AppleWebKit/537.36 (KHTML, like Gecko) Chrome/152.0.0.0 Safari/537.36"
186.124.2.63 - - [01/Sep/2026:15:16:13 -0500] "POST /wp-admin/admin-ajax.php HTTP/1.1" 200 1085 "https://anempanama.com/wp-admin/post.php?post=7594&action=elementor" "Mozilla/5.0 (Macintosh; Intel Mac OS X 10_15_7) AppleWebKit/537.36 (KHTML, like Gecko) Chrome/152.0.0.0 Safari/537.36"
186.124.2.63 - - [01/Sep/2026:15:16:15 -0500] "POST /wp-admin/admin-ajax.php HTTP/1.1" 200 780 "https://anempanama.com/wp-admin/post.php?post=7594&action=elementor" "Mozilla/5.0 (Macintosh; Intel Mac OS X 10_15_7) AppleWebKit/537.36 (KHTML, like Gecko) Chrome/152.0.0.0 Safari/537.36"
186.124.2.63 - - [01/Sep/2026:15:16:17 -0500] "POST /wp-admin/admin-ajax.php HTTP/1.1" 200 727 "https://anempanama.com/wp-admin/post.php?post=7594&action=elementor" "Mozilla/5.0 (Macintosh; Intel Mac OS X 10_15_7) AppleWebKit/537.36 (KHTML, like Gecko) Chrome/152.0.0.0 Safari/537.36"
186.124.2.63 - - [01/Sep/2026:15:16:18 -0500] "POST /wp-admin/admin-ajax.php HTTP/1.1" 200 495 "https://anempanama.com/wp-admin/post.php?post=7594&action=elementor" "Mozilla/5.0 (Macintosh; Intel Mac OS X 10_15_7) AppleWebKit/537.36 (KHTML, like Gecko) Chrome/152.0.0.0 Safari/537.36"
186.124.2.63 - - [01/Sep/2026:15:16:19 -0500] "POST /wp-admin/admin-ajax.php HTTP/1.1" 200 263 "https://anempanama.com/wp-admin/post.php?post=7594&action=elementor" "Mozilla/5.0 (Macintosh; Intel Mac OS X 10_15_7) AppleWebKit/537.36 (KHTML, like Gecko) Chrome/152.0.0.0 Safari/537.36"
186.124.2.63 - - [01/Sep/2026:15:16:21 -0500] "POST /wp-admin/admin-ajax.php HTTP/1.1" 200 973 "https://anempanama.com/wp-admin/post.php?post=7594&action=elementor" "Mozilla/5.0 (Macintosh; Intel Mac OS X 10_15_7) AppleWebKit/537.36 (KHTML, like Gecko) Chrome/152.0.0.0 Safari/537.36"
186.124.2.63 - - [01/Sep/2026:15:16:22 -0500] "POST /wp-admin/admin-ajax.php HTTP/1.1" 200 7664 "https://anempanama.com/wp-admin/post.php?post=7594&action=elementor" "Mozilla/5.0 (Macintosh; Intel Mac OS X 10_15_7) AppleWebKit/537.36 (KHTML, like Gecko) Chrome/152.0.0.0 Safari/537.36"
186.124.2.63 - - [01/Sep/2026:15:16:24 -0500] "POST /wp-admin/admin-ajax.php HTTP/1.1" 200 1636 "https://anempanama.com/wp-admin/post.php?post=7594&action=elementor" "Mozilla/5.0 (Macintosh; Intel Mac OS X 10_15_7) AppleWebKit/537.36 (KHTML, like Gecko) Chrome/152.0.0.0 Safari/537.36"
186.124.2.63 - - [01/Sep/2026:15:16:26 -0500] "POST /wp-admin/admin-ajax.php HTTP/1.1" 200 1618 "https://anempanama.com/wp-admin/post.php?post=7594&action=elementor" "Mozilla/5.0 (Macintosh; Intel Mac OS X 10_15_7) AppleWebKit/537.36 (KHTML, like Gecko) Chrome/152.0.0.0 Safari/537.36"
186.124.2.63 - - [01/Sep/2026:15:16:28 -0500] "POST /wp-admin/admin-ajax.php HTTP/1.1" 200 1607 "https://anempanama.com/wp-admin/post.php?post=7594&action=elementor" "Mozilla/5.0 (Macintosh; Intel Mac OS X 10_15_7) AppleWebKit/537.36 (KHTML, like Gecko) Chrome/152.0.0.0 Safari/537.36"
186.124.2.63 - - [01/Sep/2026:15:16:30 -0500] "POST /wp-admin/admin-ajax.php HTTP/1.1" 200 1582 "https://anempanama.com/wp-admin/post.php?post=7594&action=elementor" "Mozilla/5.0 (Macintosh; Intel Mac OS X 10_15_7) AppleWebKit/537.36 (KHTML, like Gecko) Chrome/152.0.0.0 Safari/537.36"
186.124.2.63 - - [01/Sep/2026:15:16:30 -0500] "POST /wp-admin/admin-ajax.php HTTP/1.1" 200 1583 "https://anempanama.com/wp-admin/post.php?post=7594&action=elementor" "Mozilla/5.0 (Macintosh; Intel Mac OS X 10_15_7) AppleWebKit/537.36 (KHTML, like Gecko) Chrome/152.0.0.0 Safari/537.36"
186.124.2.63 - - [01/Sep/2026:15:16:32 -0500] "POST /wp-admin/admin-ajax.php HTTP/1.1" 200 1568 "https://anempanama.com/wp-admin/post.php?post=7594&action=elementor" "Mozilla/5.0 (Macintosh; Intel Mac OS X 10_15_7) AppleWebKit/537.36 (KHTML, like Gecko) Chrome/152.0.0.0 Safari/537.36"
186.124.2.63 - - [01/Sep/2026:15:16:34 -0500] "POST /wp-admin/admin-ajax.php HTTP/1.1" 200 261 "https://anempanama.com/wp-admin/post.php?post=7594&action=elementor" "Mozilla/5.0 (Macintosh; Intel Mac OS X 10_15_7) AppleWebKit/537.36 (KHTML, like Gecko) Chrome/152.0.0.0 Safari/537.36"
186.124.2.63 - - [01/Sep/2026:15:16:35 -0500] "POST /wp-admin/admin-ajax.php HTTP/1.1" 200 1193 "https://anempanama.com/wp-admin/post.php?post=7594&action=elementor" "Mozilla/5.0 (Macintosh; Intel Mac OS X 10_15_7) AppleWebKit/537.36 (KHTML, like Gecko) Chrome/152.0.0.0 Safari/537.36"
186.124.2.63 - - [01/Sep/2026:15:16:38 -0500] "POST /wp-admin/admin-ajax.php HTTP/1.1" 200 786 "https://anempanama.com/wp-admin/post.php?post=7594&action=elementor" "Mozilla/5.0 (Macintosh; Intel Mac OS X 10_15_7) AppleWebKit/537.36 (KHTML, like Gecko) Chrome/152.0.0.0 Safari/537.36"
186.124.2.63 - - [01/Sep/2026:15:16:39 -0500] "POST /wp-admin/admin-ajax.php HTTP/1.1" 200 1342 "https://anempanama.com/wp-admin/post.php?post=7594&action=elementor" "Mozilla/5.0 (Macintosh; Intel Mac OS X 10_15_7) AppleWebKit/537.36 (KHTML, like Gecko) Chrome/152.0.0.0 Safari/537.36"
186.124.2.63 - - [01/Sep/2026:15:16:42 -0500] "POST /wp-admin/admin-ajax.php HTTP/1.1" 200 263 "https://anempanama.com/wp-admin/post.php?post=7594&action=elementor" "Mozilla/5.0 (Macintosh; Intel Mac OS X 10_15_7) AppleWebKit/537.36 (KHTML, like Gecko) Chrome/152.0.0.0 Safari/537.36"
186.124.2.63 - - [01/Sep/2026:15:16:44 -0500] "POST /wp-admin/admin-ajax.php HTTP/1.1" 200 1014 "https://anempanama.com/wp-admin/post.php?post=7594&action=elementor" "Mozilla/5.0 (Macintosh; Intel Mac OS X 10_15_7) AppleWebKit/537.36 (KHTML, like Gecko) Chrome/152.0.0.0 Safari/537.36"
186.124.2.63 - - [01/Sep/2026:15:16:44 -0500] "POST /wp-admin/admin-ajax.php HTTP/1.1" 200 1192 "https://anempanama.com/wp-admin/post.php?post=7594&action=elementor" "Mozilla/5.0 (Macintosh; Intel Mac OS X 10_15_7) AppleWebKit/537.36 (KHTML, like Gecko) Chrome/152.0.0.0 Safari/537.36"
186.124.2.63 - - [01/Sep/2026:15:16:47 -0500] "POST /wp-admin/admin-ajax.php HTTP/1.1" 200 1200 "https://anempanama.com/wp-admin/post.php?post=7594&action=elementor" "Mozilla/5.0 (Macintosh; Intel Mac OS X 10_15_7) AppleWebKit/537.36 (KHTML, like Gecko) Chrome/152.0.0.0 Safari/537.36"
186.124.2.63 - - [01/Sep/2026:15:16:48 -0500] "POST /wp-admin/admin-ajax.php HTTP/1.1" 200 1200 "https://anempanama.com/wp-admin/post.php?post=7594&action=elementor" "Mozilla/5.0 (Macintosh; Intel Mac OS X 10_15_7) AppleWebKit/537.36 (KHTML, like Gecko) Chrome/152.0.0.0 Safari/537.36"
186.124.2.63 - - [01/Sep/2026:15:16:49 -0500] "POST /wp-admin/admin-ajax.php HTTP/1.1" 200 1190 "https://anempanama.com/wp-admin/post.php?post=7594&action=elementor" "Mozilla/5.0 (Macintosh; Intel Mac OS X 10_15_7) AppleWebKit/537.36 (KHTML, like Gecko) Chrome/152.0.0.0 Safari/537.36"
52.167.144.204 - - [01/Sep/2026:15:16:16 -0500] "GET / HTTP/1.1" 200 229884 "-" "Mozilla/5.0 AppleWebKit/537.36 (KHTML, like Gecko; compatible; bingbot/2.0; +http://www.bing.com/bingbot.htm) Chrome/116.0.1938.76 Safari/537.36"
186.124.2.63 - - [01/Sep/2026:15:16:53 -0500] "POST /wp-admin/admin-ajax.php HTTP/1.1" 200 259 "https://anempanama.com/wp-admin/post.php?post=7594&action=elementor" "Mozilla/5.0 (Macintosh; Intel Mac OS X 10_15_7) AppleWebKit/537.36 (KHTML, like Gecko) Chrome/152.0.0.0 Safari/537.36"
157.90.185.123 - - [01/Sep/2026:15:16:57 -0500] "POST /wp-cron.php?doing_wp_cron=1788293817.3026759624481201171875 HTTP/1.1" 200 - "-" "WordPress/7.1; https://anempanama.com"
186.124.2.63 - - [01/Sep/2026:15:16:56 -0500] "POST /wp-admin/admin-ajax.php HTTP/1.1" 200 784 "https://anempanama.com/wp-admin/post.php?post=7594&action=elementor" "Mozilla/5.0 (Macintosh; Intel Mac OS X 10_15_7) AppleWebKit/537.36 (KHTML, like Gecko) Chrome/152.0.0.0 Safari/537.36"
186.124.2.63 - - [01/Sep/2026:15:16:56 -0500] "POST /wp-admin/admin-ajax.php HTTP/1.1" 200 22639 "https://anempanama.com/wp-admin/post.php?post=7594&action=elementor" "Mozilla/5.0 (Macintosh; Intel Mac OS X 10_15_7) AppleWebKit/537.36 (KHTML, like Gecko) Chrome/152.0.0.0 Safari/537.36"
186.124.2.63 - - [01/Sep/2026:15:16:58 -0500] "POST /wp-admin/admin-ajax.php HTTP/1.1" 200 264 "https://anempanama.com/wp-admin/post.php?post=7594&action=elementor" "Mozilla/5.0 (Macintosh; Intel Mac OS X 10_15_7) AppleWebKit/537.36 (KHTML, like Gecko) Chrome/152.0.0.0 Safari/537.36"
186.124.2.63 - - [01/Sep/2026:15:16:59 -0500] "POST /wp-admin/admin-ajax.php HTTP/1.1" 200 787 "https://anempanama.com/wp-admin/post.php?post=7594&action=elementor" "Mozilla/5.0 (Macintosh; Intel Mac OS X 10_15_7) AppleWebKit/537.36 (KHTML, like Gecko) Chrome/152.0.0.0 Safari/537.36"
186.124.2.63 - - [01/Sep/2026:15:17:04 -0500] "POST /wp-admin/admin-ajax.php HTTP/1.1" 200 3343 "https://anempanama.com/wp-admin/post.php?post=7594&action=elementor" "Mozilla/5.0 (Macintosh; Intel Mac OS X 10_15_7) AppleWebKit/537.36 (KHTML, like Gecko) Chrome/152.0.0.0 Safari/537.36"
186.124.2.63 - - [01/Sep/2026:15:17:05 -0500] "POST /wp-admin/admin-ajax.php HTTP/1.1" 200 895 "https://anempanama.com/wp-admin/post.php?post=7594&action=elementor" "Mozilla/5.0 (Macintosh; Intel Mac OS X 10_15_7) AppleWebKit/537.36 (KHTML, like Gecko) Chrome/152.0.0.0 Safari/537.36"
186.124.2.63 - - [01/Sep/2026:15:17:09 -0500] "POST /wp-admin/admin-ajax.php HTTP/1.1" 200 905 "https://anempanama.com/wp-admin/post.php?post=7594&action=elementor" "Mozilla/5.0 (Macintosh; Intel Mac OS X 10_15_7) AppleWebKit/537.36 (KHTML, like Gecko) Chrome/152.0.0.0 Safari/537.36"
186.124.2.63 - - [01/Sep/2026:15:17:06 -0500] "POST /wp-admin/admin-ajax.php HTTP/1.1" 200 612 "https://anempanama.com/wp-admin/post.php?post=7594&action=elementor" "Mozilla/5.0 (Macintosh; Intel Mac OS X 10_15_7) AppleWebKit/537.36 (KHTML, like Gecko) Chrome/152.0.0.0 Safari/537.36"
186.124.2.63 - - [01/Sep/2026:15:17:10 -0500] "POST /wp-admin/admin-ajax.php HTTP/1.1" 200 625 "https://anempanama.com/wp-admin/post.php?post=7594&action=elementor" "Mozilla/5.0 (Macintosh; Intel Mac OS X 10_15_7) AppleWebKit/537.36 (KHTML, like Gecko) Chrome/152.0.0.0 Safari/537.36"
186.124.2.63 - - [01/Sep/2026:15:17:13 -0500] "POST /wp-admin/admin-ajax.php HTTP/1.1" 200 617 "https://anempanama.com/wp-admin/post.php?post=7594&action=elementor" "Mozilla/5.0 (Macintosh; Intel Mac OS X 10_15_7) AppleWebKit/537.36 (KHTML, like Gecko) Chrome/152.0.0.0 Safari/537.36"
186.124.2.63 - - [01/Sep/2026:15:17:14 -0500] "POST /wp-admin/admin-ajax.php HTTP/1.1" 200 885 "https://anempanama.com/wp-admin/post.php?post=7594&action=elementor" "Mozilla/5.0 (Macintosh; Intel Mac OS X 10_15_7) AppleWebKit/537.36 (KHTML, like Gecko) Chrome/152.0.0.0 Safari/537.36"
186.124.2.63 - - [01/Sep/2026:15:17:00 -0500] "POST /wp-admin/admin-ajax.php HTTP/1.1" 200 6745 "https://anempanama.com/wp-admin/post.php?post=7594&action=elementor" "Mozilla/5.0 (Macintosh; Intel Mac OS X 10_15_7) AppleWebKit/537.36 (KHTML, like Gecko) Chrome/152.0.0.0 Safari/537.36"
186.124.2.63 - - [01/Sep/2026:15:17:17 -0500] "POST /wp-admin/admin-ajax.php HTTP/1.1" 200 605 "https://anempanama.com/wp-admin/post.php?post=7594&action=elementor" "Mozilla/5.0 (Macintosh; Intel Mac OS X 10_15_7) AppleWebKit/537.36 (KHTML, like Gecko) Chrome/152.0.0.0 Safari/537.36"
186.124.2.63 - - [01/Sep/2026:15:17:17 -0500] "POST /wp-admin/admin-ajax.php HTTP/1.1" 200 905 "https://anempanama.com/wp-admin/post.php?post=7594&action=elementor" "Mozilla/5.0 (Macintosh; Intel Mac OS X 10_15_7) AppleWebKit/537.36 (KHTML, like Gecko) Chrome/152.0.0.0 Safari/537.36"
52.167.144.204 - - [01/Sep/2026:15:17:25 -0500] "GET /wp-content/uploads/elementor/css/local-7594-frontend-desktop.css?ver=6a9732bae6ea0 HTTP/1.1" 200 596 "https://anempanama.com/" "Mozilla/5.0 AppleWebKit/537.36 (KHTML, like Gecko; compatible; bingbot/2.0; +http://www.bing.com/bingbot.htm) Chrome/136.0.0.0 Safari/537.36 AppleWebKit/537.36 (KHTML, like Gecko; compatible; bingbot/2.0; +http://www.bing.com/bingbot.htm) Chrome/116.0.1938.76 Safari/537.36"
52.167.144.204 - - [01/Sep/2026:15:17:25 -0500] "GET /wp-includes/js/dist/i18n.min.js?ver=1dfe7db3940c23ea9216 HTTP/1.1" 200 5791 "https://anempanama.com/" "Mozilla/5.0 AppleWebKit/537.36 (KHTML, like Gecko; compatible; bingbot/2.0; +http://www.bing.com/bingbot.htm) Chrome/136.0.0.0 Safari/537.36 AppleWebKit/537.36 (KHTML, like Gecko; compatible; bingbot/2.0; +http://www.bing.com/bingbot.htm) Chrome/116.0.1938.76 Safari/537.36"
52.167.144.204 - - [01/Sep/2026:15:17:25 -0500] "GET /wp-content/plugins/elementor/assets/js/frontend-modules.min.js?ver=4.2.2 HTTP/1.1" 200 50602 "https://anempanama.com/" "Mozilla/5.0 AppleWebKit/537.36 (KHTML, like Gecko; compatible; bingbot/2.0; +http://www.bing.com/bingbot.htm) Chrome/136.0.0.0 Safari/537.36 AppleWebKit/537.36 (KHTML, like Gecko; compatible; bingbot/2.0; +http://www.bing.com/bingbot.htm) Chrome/116.0.1938.76 Safari/537.36"
52.167.144.204 - - [01/Sep/2026:15:17:26 -0500] "GET /wp-content/plugins/elementor/assets/js/frontend.min.js?ver=4.2.2 HTTP/1.1" 200 32098 "https://anempanama.com/" "Mozilla/5.0 AppleWebKit/537.36 (KHTML, like Gecko; compatible; bingbot/2.0; +http://www.bing.com/bingbot.htm) Chrome/136.0.0.0 Safari/537.36 AppleWebKit/537.36 (KHTML, like Gecko; compatible; bingbot/2.0; +http://www.bing.com/bingbot.htm) Chrome/116.0.1938.76 Safari/537.36"
52.167.144.204 - - [01/Sep/2026:15:17:26 -0500] "GET /wp-includes/js/dist/hooks.min.js?ver=f0f188028580e8dc1255 HTTP/1.1" 200 5107 "https://anempanama.com/" "Mozilla/5.0 AppleWebKit/537.36 (KHTML, like Gecko; compatible; bingbot/2.0; +http://www.bing.com/bingbot.htm) Chrome/136.0.0.0 Safari/537.36 AppleWebKit/537.36 (KHTML, like Gecko; compatible; bingbot/2.0; +http://www.bing.com/bingbot.htm) Chrome/116.0.1938.76 Safari/537.36"
186.124.2.63 - - [01/Sep/2026:15:17:18 -0500] "POST /wp-admin/admin-ajax.php HTTP/1.1" 200 605 "https://anempanama.com/wp-admin/post.php?post=7594&action=elementor" "Mozilla/5.0 (Macintosh; Intel Mac OS X 10_15_7) AppleWebKit/537.36 (KHTML, like Gecko) Chrome/152.0.0.0 Safari/537.36"
185.191.171.6 - - [01/Sep/2026:15:17:19 -0500] "GET /robots.txt HTTP/1.1" 200 320 "-" "Mozilla/5.0 (compatible; SemrushBot/7~bl; +http://www.semrush.com/bot.html)"
186.124.2.63 - - [01/Sep/2026:15:17:21 -0500] "POST /wp-admin/admin-ajax.php HTTP/1.1" 200 890 "https://anempanama.com/wp-admin/post.php?post=7594&action=elementor" "Mozilla/5.0 (Macintosh; Intel Mac OS X 10_15_7) AppleWebKit/537.36 (KHTML, like Gecko) Chrome/152.0.0.0 Safari/537.36"
186.124.2.63 - - [01/Sep/2026:15:17:21 -0500] "POST /wp-admin/admin-ajax.php HTTP/1.1" 200 603 "https://anempanama.com/wp-admin/post.php?post=7594&action=elementor" "Mozilla/5.0 (Macintosh; Intel Mac OS X 10_15_7) AppleWebKit/537.36 (KHTML, like Gecko) Chrome/152.0.0.0 Safari/537.36"
52.167.144.25 - - [01/Sep/2026:15:17:30 -0500] "GET /wp-content/uploads/elementor/css/local-7594-frontend-mobile.css?ver=6a9732bae6ea0 HTTP/1.1" 200 378 "https://anempanama.com/" "Mozilla/5.0 AppleWebKit/537.36 (KHTML, like Gecko; compatible; bingbot/2.0; +http://www.bing.com/bingbot.htm) Chrome/136.0.0.0 Safari/537.36 AppleWebKit/537.36 (KHTML, like Gecko; compatible; bingbot/2.0; +http://www.bing.com/bingbot.htm) Chrome/116.0.1938.76 Safari/537.36"
186.124.2.63 - - [01/Sep/2026:15:17:21 -0500] "POST /wp-admin/admin-ajax.php HTTP/1.1" 200 915 "https://anempanama.com/wp-admin/post.php?post=7594&action=elementor" "Mozilla/5.0 (Macintosh; Intel Mac OS X 10_15_7) AppleWebKit/537.36 (KHTML, like Gecko) Chrome/152.0.0.0 Safari/537.36"
186.124.2.63 - - [01/Sep/2026:15:17:25 -0500] "POST /wp-admin/admin-ajax.php HTTP/1.1" 200 77 "https://anempanama.com/wp-admin/post.php?post=7594&action=elementor" "Mozilla/5.0 (Macintosh; Intel Mac OS X 10_15_7) AppleWebKit/537.36 (KHTML, like Gecko) Chrome/152.0.0.0 Safari/537.36"
186.124.2.63 - - [01/Sep/2026:15:17:25 -0500] "GET /wp-json/elementor/v1/global-classes?context=preview HTTP/1.1" 200 21 "https://anempanama.com/wp-admin/post.php?post=7594&action=elementor" "Mozilla/5.0 (Macintosh; Intel Mac OS X 10_15_7) AppleWebKit/537.36 (KHTML, like Gecko) Chrome/152.0.0.0 Safari/537.36"
186.124.2.63 - - [01/Sep/2026:15:17:27 -0500] "GET /wp-json/elementor/v1/global-classes?context=frontend HTTP/1.1" 200 21 "https://anempanama.com/wp-admin/post.php?post=7594&action=elementor" "Mozilla/5.0 (Macintosh; Intel Mac OS X 10_15_7) AppleWebKit/537.36 (KHTML, like Gecko) Chrome/152.0.0.0 Safari/537.36"
186.124.2.63 - - [01/Sep/2026:15:17:32 -0500] "POST /wp-admin/admin-ajax.php HTTP/1.1" 200 77 "https://anempanama.com/wp-admin/post.php?post=7594&action=elementor" "Mozilla/5.0 (Macintosh; Intel Mac OS X 10_15_7) AppleWebKit/537.36 (KHTML, like Gecko) Chrome/152.0.0.0 Safari/537.36"
40.77.167.157 - - [01/Sep/2026:15:17:37 -0500] "GET /wp-content/uploads/elementor/css/post-7594.css?ver=1788293818 HTTP/1.1" 200 25447 "https://anempanama.com/" "Mozilla/5.0 AppleWebKit/537.36 (KHTML, like Gecko; compatible; bingbot/2.0; +http://www.bing.com/bingbot.htm) Chrome/136.0.0.0 Safari/537.36 AppleWebKit/537.36 (KHTML, like Gecko; compatible; bingbot/2.0; +http://www.bing.com/bingbot.htm) Chrome/116.0.1938.76 Safari/537.36"
40.77.167.157 - - [01/Sep/2026:15:17:37 -0500] "GET /wp-includes/js/jquery/ui/core.min.js?ver=1.14.2 HTTP/1.1" 200 18674 "https://anempanama.com/" "Mozilla/5.0 AppleWebKit/537.36 (KHTML, like Gecko; compatible; bingbot/2.0; +http://www.bing.com/bingbot.htm) Chrome/136.0.0.0 Safari/537.36 AppleWebKit/537.36 (KHTML, like Gecko; compatible; bingbot/2.0; +http://www.bing.com/bingbot.htm) Chrome/116.0.1938.76 Safari/537.36"
40.77.167.157 - - [01/Sep/2026:15:17:37 -0500] "GET /wp-content/plugins/elementor/assets/js/webpack.runtime.min.js?ver=4.2.2 HTTP/1.1" 200 5819 "https://anempanama.com/" "Mozilla/5.0 AppleWebKit/537.36 (KHTML, like Gecko; compatible; bingbot/2.0; +http://www.bing.com/bingbot.htm) Chrome/136.0.0.0 Safari/537.36 AppleWebKit/537.36 (KHTML, like Gecko; compatible; bingbot/2.0; +http://www.bing.com/bingbot.htm) Chrome/116.0.1938.76 Safari/537.36"
185.191.171.14 - - [01/Sep/2026:15:17:28 -0500] "GET /marca/klober/ HTTP/1.1" 200 216320 "-" "Mozilla/5.0 (compatible; SemrushBot/7~bl; +http://www.semrush.com/bot.html)"
186.124.2.63 - - [01/Sep/2026:15:17:35 -0500] "GET /wp-json/elementor/v1/global-classes/post?context=preview&post_id=7594 HTTP/1.1" 200 232 "https://anempanama.com/wp-admin/post.php?post=7594&action=elementor" "Mozilla/5.0 (Macintosh; Intel Mac OS X 10_15_7) AppleWebKit/537.36 (KHTML, like Gecko) Chrome/152.0.0.0 Safari/537.36"
186.124.2.63 - - [01/Sep/2026:15:17:35 -0500] "GET /wp-json/elementor/v1/global-classes/post?context=frontend&post_id=7594 HTTP/1.1" 200 232 "https://anempanama.com/wp-admin/post.php?post=7594&action=elementor" "Mozilla/5.0 (Macintosh; Intel Mac OS X 10_15_7) AppleWebKit/537.36 (KHTML, like Gecko) Chrome/152.0.0.0 Safari/537.36"
157.90.185.123 - - [01/Sep/2026:15:17:57 -0500] "POST /wp-cron.php?doing_wp_cron=1788293877.7084109783172607421875 HTTP/1.1" 200 - "-" "WordPress/7.1; https://anempanama.com"
186.124.2.63 - - [01/Sep/2026:15:17:55 -0500] "POST /wp-admin/admin-ajax.php HTTP/1.1" 200 77 "https://anempanama.com/wp-admin/post.php?post=7594&action=elementor" "Mozilla/5.0 (Macintosh; Intel Mac OS X 10_15_7) AppleWebKit/537.36 (KHTML, like Gecko) Chrome/152.0.0.0 Safari/537.36"
186.124.2.63 - - [01/Sep/2026:15:18:12 -0500] "POST /wp-admin/admin-ajax.php HTTP/1.1" 200 77 "https://anempanama.com/wp-admin/post.php?post=7594&action=elementor" "Mozilla/5.0 (Macintosh; Intel Mac OS X 10_15_7) AppleWebKit/537.36 (KHTML, like Gecko) Chrome/152.0.0.0 Safari/537.36"
186.124.2.63 - - [01/Sep/2026:15:18:29 -0500] "GET /wp-content/plugins/wp-fastest-cache/css/toolbar.css?ver=1788293908 HTTP/1.1" 200 6109 "https://anempanama.com/?nocache=1" "Mozilla/5.0 (Macintosh; Intel Mac OS X 10_15_7) AppleWebKit/537.36 (KHTML, like Gecko) Chrome/152.0.0.0 Safari/537.36"
186.124.2.63 - - [01/Sep/2026:15:18:29 -0500] "GET /wp-content/uploads/elementor/css/post-7594.css?ver=1788293818 HTTP/1.1" 200 25447 "https://anempanama.com/?nocache=1" "Mozilla/5.0 (Macintosh; Intel Mac OS X 10_15_7) AppleWebKit/537.36 (KHTML, like Gecko) Chrome/152.0.0.0 Safari/537.36"
186.124.2.63 - - [01/Sep/2026:15:18:29 -0500] "GET /wp-content/uploads/elementor/css/local-7594-frontend-desktop.css?ver=6a9732bae6ea0 HTTP/1.1" 200 596 "https://anempanama.com/?nocache=1" "Mozilla/5.0 (Macintosh; Intel Mac OS X 10_15_7) AppleWebKit/537.36 (KHTML, like Gecko) Chrome/152.0.0.0 Safari/537.36"
186.124.2.63 - - [01/Sep/2026:15:18:30 -0500] "GET /wp-content/uploads/elementor/css/local-7594-frontend-mobile.css?ver=6a9732bae6ea0 HTTP/1.1" 200 378 "https://anempanama.com/?nocache=1" "Mozilla/5.0 (Macintosh; Intel Mac OS X 10_15_7) AppleWebKit/537.36 (KHTML, like Gecko) Chrome/152.0.0.0 Safari/537.36"
186.124.2.63 - - [01/Sep/2026:15:18:26 -0500] "GET /?nocache=1 HTTP/1.1" 200 288294 "-" "Mozilla/5.0 (Macintosh; Intel Mac OS X 10_15_7) AppleWebKit/537.36 (KHTML, like Gecko) Chrome/152.0.0.0 Safari/537.36"
186.124.2.63 - - [01/Sep/2026:15:18:30 -0500] "GET /wp-content/plugins/wp-fastest-cache/js/toolbar.js?ver=1788293908 HTTP/1.1" 200 3514 "https://anempanama.com/?nocache=1" "Mozilla/5.0 (Macintosh; Intel Mac OS X 10_15_7) AppleWebKit/537.36 (KHTML, like Gecko) Chrome/152.0.0.0 Safari/537.36"
186.124.2.63 - - [01/Sep/2026:15:18:31 -0500] "GET /wp-json/contact-form-7/v1/contact-forms/1572/feedback/schema HTTP/1.1" 200 1286 "https://anempanama.com/?nocache=1" "Mozilla/5.0 (Macintosh; Intel Mac OS X 10_15_7) AppleWebKit/537.36 (KHTML, like Gecko) Chrome/152.0.0.0 Safari/537.36"
186.124.2.63 - - [01/Sep/2026:15:18:31 -0500] "GET /wp-json/contact-form-7/v1/contact-forms/4387/feedback/schema HTTP/1.1" 200 227 "https://anempanama.com/?nocache=1" "Mozilla/5.0 (Macintosh; Intel Mac OS X 10_15_7) AppleWebKit/537.36 (KHTML, like Gecko) Chrome/152.0.0.0 Safari/537.36"
186.124.2.63 - - [01/Sep/2026:15:18:31 -0500] "GET /wp-json/contact-form-7/v1/contact-forms/14/feedback/schema HTTP/1.1" 200 1347 "https://anempanama.com/?nocache=1" "Mozilla/5.0 (Macintosh; Intel Mac OS X 10_15_7) AppleWebKit/537.36 (KHTML, like Gecko) Chrome/152.0.0.0 Safari/537.36"
186.124.2.63 - - [01/Sep/2026:15:18:46 -0500] "POST /wp-admin/admin-ajax.php HTTP/1.1" 200 47 "https://anempanama.com/wp-admin/post.php?post=7594&action=edit" "Mozilla/5.0 (Macintosh; Intel Mac OS X 10_15_7) AppleWebKit/537.36 (KHTML, like Gecko) Chrome/152.0.0.0 Safari/537.36"
186.124.2.63 - - [01/Sep/2026:15:18:55 -0500] "GET /wp-content/uploads/elementor/css/post-7.css?ver=1787952881 HTTP/1.1" 200 1111 "https://anempanama.com/?nocache=1" "Mozilla/5.0 (Macintosh; Intel Mac OS X 10.15; rv:154.0) Gecko/20100101 Firefox/154.0"
186.124.2.63 - - [01/Sep/2026:15:18:55 -0500] "GET /wp-content/uploads/elementor/css/custom-frontend.min.css?ver=1787952880 HTTP/1.1" 200 54819 "https://anempanama.com/?nocache=1" "Mozilla/5.0 (Macintosh; Intel Mac OS X 10.15; rv:154.0) Gecko/20100101 Firefox/154.0"
186.124.2.63 - - [01/Sep/2026:15:18:55 -0500] "GET /wp-content/plugins/elementor/assets/css/widget-image-carousel.min.css?ver=4.2.2 HTTP/1.1" 200 342 "https://anempanama.com/?nocache=1" "Mozilla/5.0 (Macintosh; Intel Mac OS X 10.15; rv:154.0) Gecko/20100101 Firefox/154.0"
186.124.2.63 - - [01/Sep/2026:15:18:55 -0500] "GET /wp-content/plugins/elementor/assets/css/widget-nested-accordion.min.css?ver=4.2.2 HTTP/1.1" 200 5206 "https://anempanama.com/?nocache=1" "Mozilla/5.0 (Macintosh; Intel Mac OS X 10.15; rv:154.0) Gecko/20100101 Firefox/154.0"
186.124.2.63 - - [01/Sep/2026:15:18:55 -0500] "GET /wp-content/plugins/elementor/assets/css/conditionals/e-swiper.min.css?ver=4.2.2 HTTP/1.1" 200 5486 "https://anempanama.com/?nocache=1" "Mozilla/5.0 (Macintosh; Intel Mac OS X 10.15; rv:154.0) Gecko/20100101 Firefox/154.0"
186.124.2.63 - - [01/Sep/2026:15:18:55 -0500] "GET /wp-content/plugins/elementor/assets/lib/swiper/v8/css/swiper.min.css?ver=8.4.5 HTTP/1.1" 200 16471 "https://anempanama.com/?nocache=1" "Mozilla/5.0 (Macintosh; Intel Mac OS X 10.15; rv:154.0) Gecko/20100101 Firefox/154.0"
186.124.2.63 - - [01/Sep/2026:15:18:55 -0500] "GET /wp-content/uploads/elementor/css/post-7594.css?ver=1788293818 HTTP/1.1" 200 25447 "https://anempanama.com/?nocache=1" "Mozilla/5.0 (Macintosh; Intel Mac OS X 10.15; rv:154.0) Gecko/20100101 Firefox/154.0"
186.124.2.63 - - [01/Sep/2026:15:18:52 -0500] "GET /?nocache=1 HTTP/1.1" 200 229620 "-" "Mozilla/5.0 (Macintosh; Intel Mac OS X 10.15; rv:154.0) Gecko/20100101 Firefox/154.0"
186.124.2.63 - - [01/Sep/2026:15:18:55 -0500] "GET /wp-content/uploads/elementor/css/base-desktop.css?ver=6a91fef1d41a2 HTTP/1.1" 200 1975 "https://anempanama.com/?nocache=1" "Mozilla/5.0 (Macintosh; Intel Mac OS X 10.15; rv:154.0) Gecko/20100101 Firefox/154.0"
186.124.2.63 - - [01/Sep/2026:15:18:55 -0500] "GET /wp-content/uploads/elementor/css/local-7594-frontend-desktop.css?ver=6a9732bae6ea0 HTTP/1.1" 200 596 "https://anempanama.com/?nocache=1" "Mozilla/5.0 (Macintosh; Intel Mac OS X 10.15; rv:154.0) Gecko/20100101 Firefox/154.0"
186.124.2.63 - - [01/Sep/2026:15:18:55 -0500] "GET /wp-content/themes/woodmart/css/parts/base.css?ver=8.5.1 HTTP/1.1" 200 32754 "https://anempanama.com/?nocache=1" "Mozilla/5.0 (Macintosh; Intel Mac OS X 10.15; rv:154.0) Gecko/20100101 Firefox/154.0"
186.124.2.63 - - [01/Sep/2026:15:18:56 -0500] "GET /wp-content/plugins/woocommerce/assets/js/js-cookie/js.cookie.min.js?ver=2.1.4-wc.11.0.1 HTTP/1.1" 200 1720 "https://anempanama.com/?nocache=1" "Mozilla/5.0 (Macintosh; Intel Mac OS X 10.15; rv:154.0) Gecko/20100101 Firefox/154.0"
186.124.2.63 - - [01/Sep/2026:15:18:56 -0500] "GET /wp-includes/js/jquery/jquery-migrate.min.js?ver=3.4.1 HTTP/1.1" 200 13577 "https://anempanama.com/?nocache=1" "Mozilla/5.0 (Macintosh; Intel Mac OS X 10.15; rv:154.0) Gecko/20100101 Firefox/154.0"
186.124.2.63 - - [01/Sep/2026:15:18:56 -0500] "GET /wp-content/plugins/woocommerce/assets/js/frontend/add-to-cart.min.js?ver=11.0.1 HTTP/1.1" 200 4350 "https://anempanama.com/?nocache=1" "Mozilla/5.0 (Macintosh; Intel Mac OS X 10.15; rv:154.0) Gecko/20100101 Firefox/154.0"
186.124.2.63 - - [01/Sep/2026:15:18:56 -0500] "GET /wp-includes/js/jquery/jquery.min.js?ver=3.7.1 HTTP/1.1" 200 87553 "https://anempanama.com/?nocache=1" "Mozilla/5.0 (Macintosh; Intel Mac OS X 10.15; rv:154.0) Gecko/20100101 Firefox/154.0"
186.124.2.63 - - [01/Sep/2026:15:18:56 -0500] "GET /wp-content/plugins/woocommerce/assets/js/jquery-blockui/jquery.blockUI.min.js?ver=2.7.0-wc.11.0.1 HTTP/1.1" 200 9636 "https://anempanama.com/?nocache=1" "Mozilla/5.0 (Macintosh; Intel Mac OS X 10.15; rv:154.0) Gecko/20100101 Firefox/154.0"
